[INFO] fetching crate pina_codama_renderer 0.23.0...
[INFO] testing pina_codama_renderer-0.23.0 against 1.99.0-beta.8+cargoflags=--release for beta-release-1.100-2
[INFO] extracting crate pina_codama_renderer 0.23.0 into /workspace/builds/worker-5-tc1/source
[INFO] started tweaking crates.io crate pina_codama_renderer 0.23.0
[INFO] removed 0 missing tests
[INFO] finished tweaking crates.io crate pina_codama_renderer 0.23.0
[INFO] tweaked toml for crates.io crate pina_codama_renderer 0.23.0 written to /workspace/builds/worker-5-tc1/source/Cargo.toml
[INFO] validating manifest of crates.io crate pina_codama_renderer 0.23.0 on toolchain 1.99.0-beta.8
[INFO] running `Command { std: CARGO_HOME="/workspace/cargo-home" RUSTUP_HOME="/workspace/rustup-home" "/workspace/cargo-home/bin/cargo" "+1.99.0-beta.8" "metadata" "--manifest-path" "Cargo.toml" "--no-deps", kill_on_drop: false }`
[INFO] crate crates.io crate pina_codama_renderer 0.23.0 already has a lockfile, it will not be regenerated
[INFO] running `Command { std: CARGO_HOME="/workspace/cargo-home" RUSTUP_HOME="/workspace/rustup-home" "/workspace/cargo-home/bin/cargo" "+1.99.0-beta.8" "fetch" "--manifest-path" "Cargo.toml", kill_on_drop: false }`
[INFO] [stderr] warning: Cargo.toml: `lints.clippy.tabs-in-doc-comments` is deprecated in favor of `lints.clippy.tabs_in_doc_comments` and will not work in a future edition
[INFO] [stderr] warning: `pina_codama_renderer` (manifest) generated 1 warning
[INFO] [stderr]     Updating crates.io index
[INFO] [stderr]     Blocking waiting for file lock on package cache
[INFO] [stderr]  Downloading crates ...
[INFO] [stderr]   Downloaded solana-address v2.6.1
[INFO] [stderr]   Downloaded codama-nodes v0.13.2
[INFO] [stderr]   Downloaded solana-pubkey v4.2.1
[INFO] [stderr]   Downloaded wincode-derive v0.4.6
[INFO] [stderr]   Downloaded codama-nodes-derive v0.13.2
[INFO] [stderr]   Downloaded codama-errors v0.13.2
[INFO] [stderr]   Downloaded wincode v0.5.5
[INFO] [stderr]   Downloaded codama-syn-helpers v0.13.2
[INFO] [stderr]   Downloaded cargo_toml v0.20.5
[INFO] running `Command { std: "docker" "create" "-v" "/var/lib/crater-agent-workspace/builds/worker-5-tc1/source:/opt/rustwide/workdir:ro,Z" "-v" "/var/lib/crater-agent-workspace/builds/worker-5-tc1/target:/opt/rustwide/target:rw,Z" "-v" "/var/lib/crater-agent-workspace/cargo-home:/opt/rustwide/cargo-home:ro,Z" "-v" "/var/lib/crater-agent-workspace/rustup-home:/opt/rustwide/rustup-home:ro,Z" "-m" "1610612736" "--network" "none" "ghcr.io/rust-lang/crates-build-env/linux@sha256:77db811e55d90add9212f6832c23229e3de5f1c1f9905e8cb07319ea15df73ac" "sleep" "infinity", kill_on_drop: false }`
[INFO] [stdout] fa2b0151312b54a5f84c35cb394de337352a50e7e7ccf196cef3430660191da0
[INFO] running `Command { std: "docker" "start" "fa2b0151312b54a5f84c35cb394de337352a50e7e7ccf196cef3430660191da0", kill_on_drop: false }`
[INFO] running `Command { std: "docker" "inspect" "fa2b0151312b54a5f84c35cb394de337352a50e7e7ccf196cef3430660191da0", kill_on_drop: false }`
[INFO] running `Command { std: "docker" "exec" "-e" "SOURCE_DIR=/opt/rustwide/workdir" "-e" "CARGO_HOME=/opt/rustwide/cargo-home" "-e" "RUSTUP_HOME=/opt/rustwide/rustup-home" "-e" "CARGO_TARGET_DIR=/opt/rustwide/target" "-w" "/opt/rustwide/workdir" "--user" "0:0" "fa2b0151312b54a5f84c35cb394de337352a50e7e7ccf196cef3430660191da0" "/opt/rustwide/cargo-home/bin/cargo" "+1.99.0-beta.8" "metadata" "--no-deps" "--format-version=1", kill_on_drop: false }`
[INFO] running `Command { std: "docker" "inspect" "fa2b0151312b54a5f84c35cb394de337352a50e7e7ccf196cef3430660191da0", kill_on_drop: false }`
[INFO] running `Command { std: "docker" "exec" "-e" "SOURCE_DIR=/opt/rustwide/workdir" "-e" "CARGO_HOME=/opt/rustwide/cargo-home" "-e" "RUSTUP_HOME=/opt/rustwide/rustup-home" "-e" "CARGO_TARGET_DIR=/opt/rustwide/target" "-e" "CARGO_INCREMENTAL=0" "-e" "RUST_BACKTRACE=full" "-e" "RUSTFLAGS=--cap-lints=warn" "-e" "RUSTDOCFLAGS=--cap-lints=warn" "-w" "/opt/rustwide/workdir" "--user" "0:0" "fa2b0151312b54a5f84c35cb394de337352a50e7e7ccf196cef3430660191da0" "/opt/rustwide/cargo-home/bin/cargo" "+1.99.0-beta.8" "build" "--frozen" "--message-format=json" "--release", kill_on_drop: false }`
[INFO] [stderr] warning: Cargo.toml: `lints.clippy.tabs-in-doc-comments` is deprecated in favor of `lints.clippy.tabs_in_doc_comments` and will not work in a future edition
[INFO] [stderr] warning: `pina_codama_renderer` (manifest) generated 1 warning
[INFO] [stderr]    Compiling serde v1.0.229
[INFO] [stderr]    Compiling thiserror-impl v2.0.21
[INFO] [stderr]    Compiling syn v2.0.119
[INFO] [stderr]    Compiling winnow v0.7.15
[INFO] [stderr]    Compiling proc-macro2 v1.0.107
[INFO] [stderr]    Compiling unicode-ident v1.0.26
[INFO] [stderr]    Compiling thiserror v2.0.21
[INFO] [stderr]    Compiling serde_json v1.0.151
[INFO] [stderr]    Compiling quote v1.0.47
[INFO] [stderr]    Compiling serde_spanned v0.6.9
[INFO] [stderr]    Compiling toml_datetime v0.6.11
[INFO] [stderr]    Compiling five8_core v1.0.0
[INFO] [stderr]    Compiling clap_lex v1.1.1
[INFO] [stderr]    Compiling solana-sanitize v3.0.1
[INFO] [stderr]    Compiling solana-program-error v3.0.1
[INFO] [stderr]    Compiling solana-atomic-u64 v3.0.1
[INFO] [stderr]    Compiling clap_derive v4.6.7
[INFO] [stderr]    Compiling heck v0.5.0
[INFO] [stderr]    Compiling five8_const v1.0.0
[INFO] [stderr]    Compiling five8 v1.0.0
[INFO] [stderr]    Compiling clap_builder v4.6.7
[INFO] [stderr]    Compiling solana-address v2.6.1
[INFO] [stderr]    Compiling toml_edit v0.22.27
[INFO] [stderr]    Compiling solana-pubkey v4.2.1
[INFO] [stderr]    Compiling syn v3.0.6
[INFO] [stderr]    Compiling toml v0.8.23
[INFO] [stderr]    Compiling clap v4.6.7
[INFO] [stderr]    Compiling cargo_toml v0.20.5
[INFO] [stderr]    Compiling derive_more-impl v1.0.0
[INFO] [stderr]    Compiling derive_more v1.0.0
[INFO] [stderr]    Compiling codama-errors v0.13.2
[INFO] [stderr]    Compiling codama-syn-helpers v0.13.2
[INFO] [stderr]    Compiling codama-nodes-derive v0.13.2
[INFO] [stderr]    Compiling codama-nodes v0.13.2
[INFO] [stderr]    Compiling pina_codama_renderer v0.23.0 (/opt/rustwide/workdir)
[INFO] [stderr]     Finished `release` profile [optimized] target(s) in 1m 23s
[INFO] running `Command { std: "docker" "inspect" "fa2b0151312b54a5f84c35cb394de337352a50e7e7ccf196cef3430660191da0", kill_on_drop: false }`
[INFO] running `Command { std: "docker" "exec" "-e" "SOURCE_DIR=/opt/rustwide/workdir" "-e" "CARGO_HOME=/opt/rustwide/cargo-home" "-e" "RUSTUP_HOME=/opt/rustwide/rustup-home" "-e" "CARGO_TARGET_DIR=/opt/rustwide/target" "-e" "CARGO_INCREMENTAL=0" "-e" "RUST_BACKTRACE=full" "-e" "RUSTFLAGS=--cap-lints=warn" "-e" "RUSTDOCFLAGS=--cap-lints=warn" "-w" "/opt/rustwide/workdir" "--user" "0:0" "fa2b0151312b54a5f84c35cb394de337352a50e7e7ccf196cef3430660191da0" "/opt/rustwide/cargo-home/bin/cargo" "+1.99.0-beta.8" "test" "--frozen" "--no-run" "--message-format=json" "--release", kill_on_drop: false }`
[INFO] [stderr] warning: Cargo.toml: `lints.clippy.tabs-in-doc-comments` is deprecated in favor of `lints.clippy.tabs_in_doc_comments` and will not work in a future edition
[INFO] [stderr] warning: `pina_codama_renderer` (manifest) generated 1 warning
[INFO] [stderr]    Compiling rustix v1.1.5
[INFO] [stderr]    Compiling getrandom v0.4.3
[INFO] [stderr]    Compiling console v0.16.6
[INFO] [stderr]    Compiling tempfile v3.27.0
[INFO] [stderr]    Compiling insta v1.48.0
[INFO] [stderr]    Compiling pina_codama_renderer v0.23.0 (/opt/rustwide/workdir)
[INFO] [stdout] warning: missing documentation for the crate
[INFO] [stdout]   --> tests/cli.rs:1:1
[INFO] [stdout]    |
[INFO] [stdout]  1 | / use std::path::Path;
[INFO] [stdout]  2 | | use std::process::Command;
[INFO] [stdout]  3 | |
[INFO] [stdout]  4 | | #[test]
[INFO] [stdout] ...  |
[INFO] [stdout] 39 | |         .unwrap_or_else(|error| panic!("failed to clean generated client: {error}"));
[INFO] [stdout] 40 | | }
[INFO] [stdout]    | |_^
[INFO] [stdout]    |
[INFO] [stdout]    = note: requested on the command line with `-W missing-docs`
[INFO] [stdout] 
[INFO] [stdout] 
[INFO] [stdout] warning: unused import: `codama_nodes::SizeDiscriminatorNode`
[INFO] [stdout]    --> src/render/events.rs:414:6
[INFO] [stdout]     |
[INFO] [stdout] 414 |     use codama_nodes::SizeDiscriminatorNode;
[INFO] [stdout]     |         ^^^^^^^^^^^^^^^^^^^^^^^^^^^^^^^^^^^
[INFO] [stdout]     |
[INFO] [stdout]     = note: `#[warn(unused_imports)]` (part of `#[warn(unused)]`) on by default
[INFO] [stdout] 
[INFO] [stdout] 
[INFO] [stdout] warning: unused import: `codama_nodes::StringTypeNode`
[INFO] [stdout]    --> src/render/events.rs:415:6
[INFO] [stdout]     |
[INFO] [stdout] 415 |     use codama_nodes::StringTypeNode;
[INFO] [stdout]     |         ^^^^^^^^^^^^^^^^^^^^^^^^^^^^
[INFO] [stdout] 
[INFO] [stdout] 
[INFO] [stdout] warning: unnecessary qualification
[INFO] [stdout]     --> src/__tests.rs:1583:2
[INFO] [stdout]      |
[INFO] [stdout] 1583 |     crate::generation_manifest::write(
[INFO] [stdout]      |     ^^^^^^^^^^^^^^^^^^^^^^^^^^^^^^^^^
[INFO] [stdout]      |
[INFO] [stdout]      = note: requested on the command line with `-W unused-qualifications`
[INFO] [stdout] help: remove the unnecessary path segments
[INFO] [stdout]      |
[INFO] [stdout] 1583 -     crate::generation_manifest::write(
[INFO] [stdout] 1583 +     generation_manifest::write(
[INFO] [stdout]      |
[INFO] [stdout] 
[INFO] [stdout] 
[INFO] [stdout] warning: unnecessary qualification
[INFO] [stdout]     --> src/__tests.rs:1591:4
[INFO] [stdout]      |
[INFO] [stdout] 1591 |             crate::generation_manifest::GenerationManifest::load(&git_tree).as_ref()
[INFO] [stdout]      |             ^^^^^^^^^^^^^^^^^^^^^^^^^^^^^^^^^^^^^^^^^^^^^^^^^^^^
[INFO] [stdout]      |
[INFO] [stdout] help: remove the unnecessary path segments
[INFO] [stdout]      |
[INFO] [stdout] 1591 -             crate::generation_manifest::GenerationManifest::load(&git_tree).as_ref()
[INFO] [stdout] 1591 +             generation_manifest::GenerationManifest::load(&git_tree).as_ref()
[INFO] [stdout]      |
[INFO] [stdout] 
[INFO] [stdout] 
[INFO] [stdout] warning: unnecessary qualification
[INFO] [stdout]     --> src/__tests.rs:1601:2
[INFO] [stdout]      |
[INFO] [stdout] 1601 |     crate::generation_manifest::write(
[INFO] [stdout]      |     ^^^^^^^^^^^^^^^^^^^^^^^^^^^^^^^^^
[INFO] [stdout]      |
[INFO] [stdout] help: remove the unnecessary path segments
[INFO] [stdout]      |
[INFO] [stdout] 1601 -     crate::generation_manifest::write(
[INFO] [stdout] 1601 +     generation_manifest::write(
[INFO] [stdout]      |
[INFO] [stdout] 
[INFO] [stdout] 
[INFO] [stdout] warning: unnecessary qualification
[INFO] [stdout]     --> src/__tests.rs:1609:4
[INFO] [stdout]      |
[INFO] [stdout] 1609 |             crate::generation_manifest::GenerationManifest::load(&linked_tree).as_ref()
[INFO] [stdout]      |             ^^^^^^^^^^^^^^^^^^^^^^^^^^^^^^^^^^^^^^^^^^^^^^^^^^^^
[INFO] [stdout]      |
[INFO] [stdout] help: remove the unnecessary path segments
[INFO] [stdout]      |
[INFO] [stdout] 1609 -             crate::generation_manifest::GenerationManifest::load(&linked_tree).as_ref()
[INFO] [stdout] 1609 +             generation_manifest::GenerationManifest::load(&linked_tree).as_ref()
[INFO] [stdout]      |
[INFO] [stdout] 
[INFO] [stdout] 
[INFO] [stderr]     Finished `release` profile [optimized] target(s) in 30.10s
[INFO] running `Command { std: "docker" "inspect" "fa2b0151312b54a5f84c35cb394de337352a50e7e7ccf196cef3430660191da0", kill_on_drop: false }`
[INFO] running `Command { std: "docker" "exec" "-e" "SOURCE_DIR=/opt/rustwide/workdir" "-e" "CARGO_HOME=/opt/rustwide/cargo-home" "-e" "RUSTUP_HOME=/opt/rustwide/rustup-home" "-e" "CARGO_TARGET_DIR=/opt/rustwide/target" "-e" "CARGO_INCREMENTAL=0" "-e" "RUST_BACKTRACE=full" "-e" "RUSTFLAGS=--cap-lints=warn" "-e" "RUSTDOCFLAGS=--cap-lints=warn" "-w" "/opt/rustwide/workdir" "--user" "0:0" "fa2b0151312b54a5f84c35cb394de337352a50e7e7ccf196cef3430660191da0" "/opt/rustwide/cargo-home/bin/cargo" "+1.99.0-beta.8" "test" "--frozen" "--release", kill_on_drop: false }`
[INFO] [stderr] warning: Cargo.toml: `lints.clippy.tabs-in-doc-comments` is deprecated in favor of `lints.clippy.tabs_in_doc_comments` and will not work in a future edition
[INFO] [stderr] warning: `pina_codama_renderer` (manifest) generated 1 warning
[INFO] [stderr] warning: missing documentation for the crate
[INFO] [stderr]   --> tests/cli.rs:1:1
[INFO] [stderr]    |
[INFO] [stderr]  1 | / use std::path::Path;
[INFO] [stderr]  2 | | use std::process::Command;
[INFO] [stderr]  3 | |
[INFO] [stderr]  4 | | #[test]
[INFO] [stderr] ...  |
[INFO] [stderr] 39 | |         .unwrap_or_else(|error| panic!("failed to clean generated client: {error}"));
[INFO] [stderr] 40 | | }
[INFO] [stderr]    | |_^
[INFO] [stderr]    |
[INFO] [stderr]    = note: requested on the command line with `-W missing-docs`
[INFO] [stderr] 
[INFO] [stderr] warning: unused import: `codama_nodes::SizeDiscriminatorNode`
[INFO] [stderr]    --> src/render/events.rs:414:6
[INFO] [stderr]     |
[INFO] [stderr] 414 |     use codama_nodes::SizeDiscriminatorNode;
[INFO] [stderr]     |         ^^^^^^^^^^^^^^^^^^^^^^^^^^^^^^^^^^^
[INFO] [stderr]     |
[INFO] [stderr]     = note: `#[warn(unused_imports)]` (part of `#[warn(unused)]`) on by default
[INFO] [stderr] 
[INFO] [stderr] warning: unused import: `codama_nodes::StringTypeNode`
[INFO] [stderr]    --> src/render/events.rs:415:6
[INFO] [stderr]     |
[INFO] [stderr] 415 |     use codama_nodes::StringTypeNode;
[INFO] [stderr]     |         ^^^^^^^^^^^^^^^^^^^^^^^^^^^^
[INFO] [stderr] 
[INFO] [stderr] warning: unnecessary qualification
[INFO] [stderr]     --> src/__tests.rs:1583:2
[INFO] [stderr]      |
[INFO] [stderr] 1583 |     crate::generation_manifest::write(
[INFO] [stderr]      |     ^^^^^^^^^^^^^^^^^^^^^^^^^^^^^^^^^
[INFO] [stderr]      |
[INFO] [stderr]      = note: requested on the command line with `-W unused-qualifications`
[INFO] [stderr] help: remove the unnecessary path segments
[INFO] [stderr]      |
[INFO] [stderr] 1583 -     crate::generation_manifest::write(
[INFO] [stderr] 1583 +     generation_manifest::write(
[INFO] [stderr]      |
[INFO] [stderr] 
[INFO] [stderr] warning: unnecessary qualification
[INFO] [stderr]     --> src/__tests.rs:1591:4
[INFO] [stderr]      |
[INFO] [stderr] 1591 |             crate::generation_manifest::GenerationManifest::load(&git_tree).as_ref()
[INFO] [stderr]      |             ^^^^^^^^^^^^^^^^^^^^^^^^^^^^^^^^^^^^^^^^^^^^^^^^^^^^
[INFO] [stderr]      |
[INFO] [stderr] help: remove the unnecessary path segments
[INFO] [stderr]      |
[INFO] [stderr] 1591 -             crate::generation_manifest::GenerationManifest::load(&git_tree).as_ref()
[INFO] [stderr] 1591 +             generation_manifest::GenerationManifest::load(&git_tree).as_ref()
[INFO] [stderr]      |
[INFO] [stderr] 
[INFO] [stderr] warning: unnecessary qualification
[INFO] [stderr]     --> src/__tests.rs:1601:2
[INFO] [stderr]      |
[INFO] [stderr] 1601 |     crate::generation_manifest::write(
[INFO] [stderr]      |     ^^^^^^^^^^^^^^^^^^^^^^^^^^^^^^^^^
[INFO] [stderr]      |
[INFO] [stderr] help: remove the unnecessary path segments
[INFO] [stderr]      |
[INFO] [stderr] 1601 -     crate::generation_manifest::write(
[INFO] [stderr] 1601 +     generation_manifest::write(
[INFO] [stderr]      |
[INFO] [stderr] 
[INFO] [stderr] warning: unnecessary qualification
[INFO] [stderr]     --> src/__tests.rs:1609:4
[INFO] [stderr]      |
[INFO] [stderr] 1609 |             crate::generation_manifest::GenerationManifest::load(&linked_tree).as_ref()
[INFO] [stderr]      |             ^^^^^^^^^^^^^^^^^^^^^^^^^^^^^^^^^^^^^^^^^^^^^^^^^^^^
[INFO] [stderr]      |
[INFO] [stderr] help: remove the unnecessary path segments
[INFO] [stderr]      |
[INFO] [stderr] 1609 -             crate::generation_manifest::GenerationManifest::load(&linked_tree).as_ref()
[INFO] [stderr] 1609 +             generation_manifest::GenerationManifest::load(&linked_tree).as_ref()
[INFO] [stderr]      |
[INFO] [stderr] 
[INFO] [stderr] warning: `pina_codama_renderer` (test "cli") generated 1 warning
[INFO] [stderr] warning: `pina_codama_renderer` (lib test) generated 6 warnings (run `cargo fix --lib -p pina_codama_renderer --tests` to apply 6 suggestions)
[INFO] [stderr]     Finished `release` profile [optimized] target(s) in 0.16s
[INFO] [stderr]      Running unittests src/lib.rs (/opt/rustwide/target/release/deps/pina_codama_renderer-2772cb2c797c4a3a)
[INFO] [stdout] 
[INFO] [stdout] running 80 tests
[INFO] [stdout] test generation_manifest::tests::entries_are_recorded_with_forward_slashes_on_every_platform ... ok
[INFO] [stdout] test generation_manifest::tests::removal_is_scoped_to_the_prefix_and_skips_links_and_missing_paths ... ok
[INFO] [stdout] test generation_manifest::tests::a_directory_entry_never_removes_the_files_inside_it ... ok
[INFO] [stdout] test generation_manifest::tests::round_trip_through_disk_keeps_entries_sorted ... ok
[INFO] [stdout] test render::events::tests::event_envelopes_require_numeric_unsigned_defaults ... ok
[INFO] [stdout] test generation_manifest::tests::a_manifest_that_cannot_be_written_names_its_path ... ok
[INFO] [stdout] test render::errors::tests::escapes_thiserror_format_braces ... ok
[INFO] [stdout] test render::discriminator::tests::omitted_constants_require_numeric_defaults ... ok
[INFO] [stdout] test compute_units::tests::rejects_malformed_payloads ... ok
[INFO] [stdout] test render::events::tests::dropping_omitted_strategy_leaves_non_struct_events_alone ... ok
[INFO] [stdout] test compute_units::tests::round_trips_through_the_plugin_node ... ok
[INFO] [stdout] test render::tests::events_barrel_reexports_and_lists_events_in_order ... ok
[INFO] [stdout] test render::events::tests::events_without_an_envelope_document_a_single_layout ... ok
[INFO] [stdout] test render::events::tests::render_event_page_rejects_non_struct_events ... ok
[INFO] [stdout] test compute_units::tests::an_instruction_without_the_plugin_has_no_budget ... ok
[INFO] [stdout] test generation_manifest::tests::malformed_or_absent_manifests_do_not_load ... ok
[INFO] [stdout] test render::events::tests::maximal_events_omit_the_impossible_future_arm ... ok
[INFO] [stdout] test render::events::tests::renders_event_docs_on_the_struct_and_its_fields ... ok
[INFO] [stdout] test render::events::tests::renders_a_historical_event_version_as_its_own_module ... ok
[INFO] [stdout] test render::events::tests::renders_event_pages_with_every_envelope_width ... ok
[INFO] [stdout] test render::events::tests::version_zero_events_omit_the_impossible_stale_arm ... ok
[INFO] [stdout] test render::events::tests::event_discriminator_bytes_require_a_constant_node ... FAILED
[INFO] [stdout] test render::events::tests::renders_event_modules_without_history_as_current_only_decoders ... FAILED
[INFO] [stdout] test tests::generation_mode_labels_and_error_helpers_cover_the_public_policy ... ok
[INFO] [stdout] test render::scaffold::tests::scaffold_writes_formatted_cargo_toml ... ok
[INFO] [stdout] test tests::generation_modes_preserve_or_replace_scaffolds ... FAILED
[INFO] [stdout] test render::events::tests::renders_event_modules_with_their_envelope ... FAILED
[INFO] [stdout] test generation_manifest::tests::untrusted_entries_are_ignored_but_sane_entries_still_remove ... ok
[INFO] [stdout] test tests::framework_owned_migration_versions_are_written_and_validated ... FAILED
[INFO] [stdout] test tests::defaults_optional_accounts_to_program_fallback_strategy ... ok
[INFO] [stdout] test tests::generation_modes_reject_unsafe_destination_trees_and_unreadable_paths ... FAILED
[INFO] [stdout] test tests::consumes_machine_readable_capacity_and_omits_marker_artifacts ... ok
[INFO] [stdout] test generation_manifest::tests::only_recorded_paths_that_are_still_files_are_tracked ... ok
[INFO] [stdout] test tests::refuses_to_delete_an_unmanaged_directory ... FAILED
[INFO] [stdout] test tests::refuses_to_delete_unmanaged_files_inside_a_generated_directory ... FAILED
[INFO] [stdout] test tests::hand_written_scaffold_files_are_never_tracked_or_overwritten ... FAILED
[INFO] [stdout] test tests::only_top_level_root_owned_links_are_trusted ... ok
[INFO] [stdout] test tests::rejects_missing_or_malformed_capacity_markers_instead_of_reading_docs ... ok
[INFO] [stdout] test tests::rejects_non_utf8_compact_strings ... ok
[INFO] [stdout] test tests::rejects_non_pinapod_option_layouts ... ok
[INFO] [stdout] test tests::rejects_non_compact_tail_nodes ... ok
[INFO] [stdout] test tests::renders_compact_tail_through_a_post_offset_wrapper ... ok
[INFO] [stdout] test tests::renders_compact_string_tails_with_default_and_explicit_prefixes ... ok
[INFO] [stdout] test tests::rejects_output_path_escape_without_mutating_files ... FAILED
[INFO] [stdout] test tests::render_failure_preserves_last_known_good_output ... FAILED
[INFO] [stdout] test tests::rejects_malformed_compute_unit_budgets ... FAILED
[INFO] [stdout] test tests::renders_compact_account_fixture_with_dynamic_helpers ... FAILED
[INFO] [stdout] test tests::renders_defined_structs_with_the_pinapod_crate_path ... ok
[INFO] [stdout] test tests::renders_counter_account_with_pod_types ... FAILED
[INFO] [stdout] test tests::rejects_compact_tail_capacity_beyond_prefix_maximum ... ok
[INFO] [stdout] test tests::rejects_symlinked_generated_directory ... FAILED
[INFO] [stdout] test tests::rejects_dangling_symlinked_generated_directory ... FAILED
[INFO] [stdout] test tests::renders_every_compact_collection_prefix ... ok
[INFO] [stdout] test tests::renders_every_supported_compact_tail_shape ... ok
[INFO] [stdout] test tests::renders_instruction_account_metas_using_self_fields ... FAILED
[INFO] [stdout] test tests::renders_instruction_data_with_discriminator_prefix ... FAILED
[INFO] [stdout] test tests::renders_recorded_compute_unit_budgets_and_the_limit_helper ... FAILED
[INFO] [stdout] test tests::renders_root_mod_with_unused_program_reexport_allowance ... FAILED
[INFO] [stdout] test tests::renders_semantic_pod_collection_types ... ok
[INFO] [stdout] test tests::renders_optional_accounts_with_omitted_strategy ... ok
[INFO] [stdout] test tests::renders_pinapod_enum_defined_type ... ok
[INFO] [stdout] test tests::renders_semantic_pod_option_types ... ok
[INFO] [stdout] test tests::renders_typed_fixed_array_fields_as_native_arrays ... ok
[INFO] [stdout] test tests::snapshots_escrow_take_instruction ... FAILED
[INFO] [stdout] test tests::renders_untrusted_multiline_text_as_valid_rust ... FAILED
[INFO] [stdout] test tests::trees_without_a_manifest_keep_whole_directory_replacement ... FAILED
[INFO] [stdout] test tests::source_only_generation_and_strict_update_are_explicit ... FAILED
[INFO] [stdout] test tests::renders_version_zero_migrations_without_impossible_comparisons ... ok
[INFO] [stdout] test tests::tracked_manifests_bound_update_cleanup_to_generated_files ... FAILED
[INFO] [stdout] test tests::unmeasured_programs_render_no_compute_budget_module ... FAILED
[INFO] [stdout] test tests::writes_scaffold_with_pinapod_dependency ... FAILED
[INFO] [stdout] test tests::system_aliases_below_the_filesystem_root_are_trusted ... ok
[INFO] [stdout] test tests::rejects_big_endian_numbers ... ok
[INFO] [stdout] test tests::rejects_missing_instruction_discriminators ... ok
[INFO] [stdout] test tests::rejects_variable_size_strings ... ok
[INFO] [stdout] test tests::renders_defined_type_aliases_with_pod_wrappers ... ok
[INFO] [stdout] test tests::renders_instruction_account_default_from_pda ... ok
[INFO] [stdout] test tests::renders_optional_accounts_with_program_fallback_strategy ... ok
[INFO] [stdout] test tests::validates_boolean_encoding_for_pda_variable_seed ... ok
[INFO] [stdout] test tests::renders_pda_helpers_for_linked_account ... ok
[INFO] [stdout] 
[INFO] [stdout] failures:
[INFO] [stdout] 
[INFO] [stdout] ---- render::events::tests::event_discriminator_bytes_require_a_constant_node stdout ----
[INFO] [stdout] 
[INFO] [stdout] thread 'render::events::tests::event_discriminator_bytes_require_a_constant_node' (1168) panicked at src/render/events.rs:429:37:
[INFO] [stdout] read /opt/rustwide/workdir/../../codama/idls/events_program.json: No such file or directory (os error 2)
[INFO] [stdout] stack backtrace:
[INFO] [stdout]    0:     0x64b52d1f14a1 - <<std[70759c8f55707aa4]::sys::backtrace::BacktraceLock>::print::DisplayBacktrace as core[df12db4294e9bfd3]::fmt::Display>::fmt
[INFO] [stdout]    1:     0x64b52d20a00a - core[df12db4294e9bfd3]::fmt::write
[INFO] [stdout]    2:     0x64b52d1f5efc - <alloc[2182bb758b4b3781]::vec::Vec<u8> as core[df12db4294e9bfd3]::io::write::Write>::write_fmt
[INFO] [stdout]    3:     0x64b52d1c9856 - std[70759c8f55707aa4]::panicking::default_hook::{closure#0}
[INFO] [stdout]    4:     0x64b52d1e7ba9 - std[70759c8f55707aa4]::panicking::default_hook
[INFO] [stdout]    5:     0x64b52d15ac70 - test[9d35eded1c95d3be]::test_main_inner::<test[9d35eded1c95d3be]::test_main_static::{closure#0}>::{closure#0}
[INFO] [stdout]    6:     0x64b52d1e7ed2 - std[70759c8f55707aa4]::panicking::panic_with_hook
[INFO] [stdout]    7:     0x64b52d1c9902 - std[70759c8f55707aa4]::panicking::panic_handler::{closure#0}
[INFO] [stdout]    8:     0x64b52d1c2149 - std[70759c8f55707aa4]::sys::backtrace::__rust_end_short_backtrace::<std[70759c8f55707aa4]::panicking::panic_handler::{closure#0}, !>
[INFO] [stdout]    9:     0x64b52d1ca74d - __rustc[8fa7c3cbc660c2b3]::rust_begin_unwind
[INFO] [stdout]   10:     0x64b52d20a76c - core[df12db4294e9bfd3]::panicking::panic_fmt
[INFO] [stdout]   11:     0x64b52cfc9199 - pina_codama_renderer[3dbe96022a0f0dd0]::render::events::tests::load_fixture_root::{closure#0}
[INFO] [stdout]   12:     0x64b52cfccf88 - pina_codama_renderer[3dbe96022a0f0dd0]::render::events::tests::load_fixture_root
[INFO] [stdout]   13:     0x64b52cfceaaa - pina_codama_renderer[3dbe96022a0f0dd0]::render::events::tests::event_discriminator_bytes_require_a_constant_node
[INFO] [stdout]   14:     0x64b52cf66b69 - <pina_codama_renderer[3dbe96022a0f0dd0]::render::events::tests::event_discriminator_bytes_require_a_constant_node::{closure#0} as core[df12db4294e9bfd3]::ops::function::FnOnce<()>>::call_once
[INFO] [stdout]   15:     0x64b52d14df5b - test[9d35eded1c95d3be]::__rust_begin_short_backtrace::<core[df12db4294e9bfd3]::result::Result<(), alloc[2182bb758b4b3781]::string::String>, fn() -> core[df12db4294e9bfd3]::result::Result<(), alloc[2182bb758b4b3781]::string::String>>
[INFO] [stdout]   16:     0x64b52d15b5c5 - test[9d35eded1c95d3be]::run_test::{closure#0}
[INFO] [stdout]   17:     0x64b52d154e84 - std[70759c8f55707aa4]::sys::backtrace::__rust_begin_short_backtrace::<test[9d35eded1c95d3be]::run_test::{closure#1}, ()>
[INFO] [stdout]   18:     0x64b52d15e722 - <std[70759c8f55707aa4]::thread::lifecycle::spawn_unchecked<test[9d35eded1c95d3be]::run_test::{closure#1}, ()>::{closure#1} as core[df12db4294e9bfd3]::ops::function::FnOnce<()>>::call_once::{shim:vtable#0}
[INFO] [stdout]   19:     0x64b52d1f04b9 - <std[70759c8f55707aa4]::sys::thread::unix::Thread>::new::thread_start
[INFO] [stdout]   20:     0x7b36deb01dfa - <unknown>
[INFO] [stdout]   21:     0x7b36deb953d4 - clone
[INFO] [stdout]   22:                0x0 - <unknown>
[INFO] [stdout] 
[INFO] [stdout] ---- render::events::tests::renders_event_modules_without_history_as_current_only_decoders stdout ----
[INFO] [stdout] 
[INFO] [stdout] thread 'render::events::tests::renders_event_modules_without_history_as_current_only_decoders' (1176) panicked at src/render/events.rs:429:37:
[INFO] [stdout] read /opt/rustwide/workdir/../../codama/idls/events_program.json: No such file or directory (os error 2)
[INFO] [stdout] stack backtrace:
[INFO] [stdout]    0:     0x64b52d1f14a1 - <<std[70759c8f55707aa4]::sys::backtrace::BacktraceLock>::print::DisplayBacktrace as core[df12db4294e9bfd3]::fmt::Display>::fmt
[INFO] [stdout]    1:     0x64b52d20a00a - core[df12db4294e9bfd3]::fmt::write
[INFO] [stdout]    2:     0x64b52d1f5efc - <alloc[2182bb758b4b3781]::vec::Vec<u8> as core[df12db4294e9bfd3]::io::write::Write>::write_fmt
[INFO] [stdout]    3:     0x64b52d1c9856 - std[70759c8f55707aa4]::panicking::default_hook::{closure#0}
[INFO] [stdout]    4:     0x64b52d1e7ba9 - std[70759c8f55707aa4]::panicking::default_hook
[INFO] [stdout]    5:     0x64b52d15ac70 - test[9d35eded1c95d3be]::test_main_inner::<test[9d35eded1c95d3be]::test_main_static::{closure#0}>::{closure#0}
[INFO] [stdout]    6:     0x64b52d1e7ed2 - std[70759c8f55707aa4]::panicking::panic_with_hook
[INFO] [stdout]    7:     0x64b52d1c9902 - std[70759c8f55707aa4]::panicking::panic_handler::{closure#0}
[INFO] [stdout]    8:     0x64b52d1c2149 - std[70759c8f55707aa4]::sys::backtrace::__rust_end_short_backtrace::<std[70759c8f55707aa4]::panicking::panic_handler::{closure#0}, !>
[INFO] [stdout]    9:     0x64b52d1ca74d - __rustc[8fa7c3cbc660c2b3]::rust_begin_unwind
[INFO] [stdout]   10:     0x64b52d20a76c - core[df12db4294e9bfd3]::panicking::panic_fmt
[INFO] [stdout]   11:     0x64b52cfc9199 - pina_codama_renderer[3dbe96022a0f0dd0]::render::events::tests::load_fixture_root::{closure#0}
[INFO] [stdout]   12:     0x64b52cfccf88 - pina_codama_renderer[3dbe96022a0f0dd0]::render::events::tests::load_fixture_root
[INFO] [stdout]   13:     0x64b52cfd0ead - pina_codama_renderer[3dbe96022a0f0dd0]::render::events::tests::renders_event_modules_without_history_as_current_only_decoders
[INFO] [stdout]   14:     0x64b52cf66c29 - <pina_codama_renderer[3dbe96022a0f0dd0]::render::events::tests::renders_event_modules_without_history_as_current_only_decoders::{closure#0} as core[df12db4294e9bfd3]::ops::function::FnOnce<()>>::call_once
[INFO] [stdout]   15:     0x64b52d14df5b - test[9d35eded1c95d3be]::__rust_begin_short_backtrace::<core[df12db4294e9bfd3]::result::Result<(), alloc[2182bb758b4b3781]::string::String>, fn() -> core[df12db4294e9bfd3]::result::Result<(), alloc[2182bb758b4b3781]::string::String>>
[INFO] [stdout]   16:     0x64b52d15b5c5 - test[9d35eded1c95d3be]::run_test::{closure#0}
[INFO] [stdout]   17:     0x64b52d154e84 - std[70759c8f55707aa4]::sys::backtrace::__rust_begin_short_backtrace::<test[9d35eded1c95d3be]::run_test::{closure#1}, ()>
[INFO] [stdout]   18:     0x64b52d15e722 - <std[70759c8f55707aa4]::thread::lifecycle::spawn_unchecked<test[9d35eded1c95d3be]::run_test::{closure#1}, ()>::{closure#1} as core[df12db4294e9bfd3]::ops::function::FnOnce<()>>::call_once::{shim:vtable#0}
[INFO] [stdout]   19:     0x64b52d1f04b9 - <std[70759c8f55707aa4]::sys::thread::unix::Thread>::new::thread_start
[INFO] [stdout]   20:     0x7b36deb01dfa - <unknown>
[INFO] [stdout]   21:     0x7b36deb953d4 - clone
[INFO] [stdout]   22:                0x0 - <unknown>
[INFO] [stdout] 
[INFO] [stdout] ---- tests::generation_modes_preserve_or_replace_scaffolds stdout ----
[INFO] [stdout] 
[INFO] [stdout] thread 'tests::generation_modes_preserve_or_replace_scaffolds' (1185) panicked at src/__tests.rs:86:29:
[INFO] [stdout] failed to load fixture /opt/codama/idls/hello_solana_program.json: failed to read `/opt/codama/idls/hello_solana_program.json`: No such file or directory (os error 2)
[INFO] [stdout] stack backtrace:
[INFO] [stdout]    0:     0x64b52d1f14a1 - <<std[70759c8f55707aa4]::sys::backtrace::BacktraceLock>::print::DisplayBacktrace as core[df12db4294e9bfd3]::fmt::Display>::fmt
[INFO] [stdout]    1:     0x64b52d20a00a - core[df12db4294e9bfd3]::fmt::write
[INFO] [stdout]    2:     0x64b52d1f5efc - <alloc[2182bb758b4b3781]::vec::Vec<u8> as core[df12db4294e9bfd3]::io::write::Write>::write_fmt
[INFO] [stdout]    3:     0x64b52d1c9856 - std[70759c8f55707aa4]::panicking::default_hook::{closure#0}
[INFO] [stdout]    4:     0x64b52d1e7ba9 - std[70759c8f55707aa4]::panicking::default_hook
[INFO] [stdout]    5:     0x64b52d15ac70 - test[9d35eded1c95d3be]::test_main_inner::<test[9d35eded1c95d3be]::test_main_static::{closure#0}>::{closure#0}
[INFO] [stdout]    6:     0x64b52d1e7ed2 - std[70759c8f55707aa4]::panicking::panic_with_hook
[INFO] [stdout]    7:     0x64b52d1c9902 - std[70759c8f55707aa4]::panicking::panic_handler::{closure#0}
[INFO] [stdout]    8:     0x64b52d1c2149 - std[70759c8f55707aa4]::sys::backtrace::__rust_end_short_backtrace::<std[70759c8f55707aa4]::panicking::panic_handler::{closure#0}, !>
[INFO] [stdout]    9:     0x64b52d1ca74d - __rustc[8fa7c3cbc660c2b3]::rust_begin_unwind
[INFO] [stdout]   10:     0x64b52d20a76c - core[df12db4294e9bfd3]::panicking::panic_fmt
[INFO] [stdout]   11:     0x64b52cf1e4b4 - pina_codama_renderer[3dbe96022a0f0dd0]::tests::load_fixture_root::{closure#0}
[INFO] [stdout]   12:     0x64b52cf21b76 - pina_codama_renderer[3dbe96022a0f0dd0]::tests::load_fixture_root
[INFO] [stdout]   13:     0x64b52cf2d81a - pina_codama_renderer[3dbe96022a0f0dd0]::tests::generation_modes_preserve_or_replace_scaffolds
[INFO] [stdout]   14:     0x64b52cf632a9 - <pina_codama_renderer[3dbe96022a0f0dd0]::tests::generation_modes_preserve_or_replace_scaffolds::{closure#0} as core[df12db4294e9bfd3]::ops::function::FnOnce<()>>::call_once
[INFO] [stdout]   15:     0x64b52d14df5b - test[9d35eded1c95d3be]::__rust_begin_short_backtrace::<core[df12db4294e9bfd3]::result::Result<(), alloc[2182bb758b4b3781]::string::String>, fn() -> core[df12db4294e9bfd3]::result::Result<(), alloc[2182bb758b4b3781]::string::String>>
[INFO] [stdout]   16:     0x64b52d15b5c5 - test[9d35eded1c95d3be]::run_test::{closure#0}
[INFO] [stdout]   17:     0x64b52d154e84 - std[70759c8f55707aa4]::sys::backtrace::__rust_begin_short_backtrace::<test[9d35eded1c95d3be]::run_test::{closure#1}, ()>
[INFO] [stdout]   18:     0x64b52d15e722 - <std[70759c8f55707aa4]::thread::lifecycle::spawn_unchecked<test[9d35eded1c95d3be]::run_test::{closure#1}, ()>::{closure#1} as core[df12db4294e9bfd3]::ops::function::FnOnce<()>>::call_once::{shim:vtable#0}
[INFO] [stdout]   19:     0x64b52d1f04b9 - <std[70759c8f55707aa4]::sys::thread::unix::Thread>::new::thread_start
[INFO] [stdout]   20:     0x7b36deb01dfa - <unknown>
[INFO] [stderr] error: test failed, to rerun pass `--lib`
[INFO] [stdout]   21:     0x7b36deb953d4 - clone
[INFO] [stdout]   22:                0x0 - <unknown>
[INFO] [stdout] 
[INFO] [stdout] ---- render::events::tests::renders_event_modules_with_their_envelope stdout ----
[INFO] [stdout] 
[INFO] [stdout] thread 'render::events::tests::renders_event_modules_with_their_envelope' (1175) panicked at src/render/events.rs:429:37:
[INFO] [stdout] read /opt/rustwide/workdir/../../codama/idls/migrations_program.json: No such file or directory (os error 2)
[INFO] [stdout] stack backtrace:
[INFO] [stdout]    0:     0x64b52d1f14a1 - <<std[70759c8f55707aa4]::sys::backtrace::BacktraceLock>::print::DisplayBacktrace as core[df12db4294e9bfd3]::fmt::Display>::fmt
[INFO] [stdout]    1:     0x64b52d20a00a - core[df12db4294e9bfd3]::fmt::write
[INFO] [stdout]    2:     0x64b52d1f5efc - <alloc[2182bb758b4b3781]::vec::Vec<u8> as core[df12db4294e9bfd3]::io::write::Write>::write_fmt
[INFO] [stdout]    3:     0x64b52d1c9856 - std[70759c8f55707aa4]::panicking::default_hook::{closure#0}
[INFO] [stdout]    4:     0x64b52d1e7ba9 - std[70759c8f55707aa4]::panicking::default_hook
[INFO] [stdout]    5:     0x64b52d15ac70 - test[9d35eded1c95d3be]::test_main_inner::<test[9d35eded1c95d3be]::test_main_static::{closure#0}>::{closure#0}
[INFO] [stdout]    6:     0x64b52d1e7ed2 - std[70759c8f55707aa4]::panicking::panic_with_hook
[INFO] [stdout]    7:     0x64b52d1c9902 - std[70759c8f55707aa4]::panicking::panic_handler::{closure#0}
[INFO] [stdout]    8:     0x64b52d1c2149 - std[70759c8f55707aa4]::sys::backtrace::__rust_end_short_backtrace::<std[70759c8f55707aa4]::panicking::panic_handler::{closure#0}, !>
[INFO] [stdout]    9:     0x64b52d1ca74d - __rustc[8fa7c3cbc660c2b3]::rust_begin_unwind
[INFO] [stdout]   10:     0x64b52d20a76c - core[df12db4294e9bfd3]::panicking::panic_fmt
[INFO] [stdout]   11:     0x64b52cfc9199 - pina_codama_renderer[3dbe96022a0f0dd0]::render::events::tests::load_fixture_root::{closure#0}
[INFO] [stdout]   12:     0x64b52cfccf88 - pina_codama_renderer[3dbe96022a0f0dd0]::render::events::tests::load_fixture_root
[INFO] [stdout]   13:     0x64b52cfcd22d - pina_codama_renderer[3dbe96022a0f0dd0]::render::events::tests::renders_event_modules_with_their_envelope
[INFO] [stdout]   14:     0x64b52cf66ac9 - <pina_codama_renderer[3dbe96022a0f0dd0]::render::events::tests::renders_event_modules_with_their_envelope::{closure#0} as core[df12db4294e9bfd3]::ops::function::FnOnce<()>>::call_once
[INFO] [stdout]   15:     0x64b52d14df5b - test[9d35eded1c95d3be]::__rust_begin_short_backtrace::<core[df12db4294e9bfd3]::result::Result<(), alloc[2182bb758b4b3781]::string::String>, fn() -> core[df12db4294e9bfd3]::result::Result<(), alloc[2182bb758b4b3781]::string::String>>
[INFO] [stdout]   16:     0x64b52d15b5c5 - test[9d35eded1c95d3be]::run_test::{closure#0}
[INFO] [stdout]   17:     0x64b52d154e84 - std[70759c8f55707aa4]::sys::backtrace::__rust_begin_short_backtrace::<test[9d35eded1c95d3be]::run_test::{closure#1}, ()>
[INFO] [stdout]   18:     0x64b52d15e722 - <std[70759c8f55707aa4]::thread::lifecycle::spawn_unchecked<test[9d35eded1c95d3be]::run_test::{closure#1}, ()>::{closure#1} as core[df12db4294e9bfd3]::ops::function::FnOnce<()>>::call_once::{shim:vtable#0}
[INFO] [stdout]   19:     0x64b52d1f04b9 - <std[70759c8f55707aa4]::sys::thread::unix::Thread>::new::thread_start
[INFO] [stdout]   20:     0x7b36deb01dfa - <unknown>
[INFO] [stdout]   21:     0x7b36deb953d4 - clone
[INFO] [stdout]   22:                0x0 - <unknown>
[INFO] [stdout] 
[INFO] [stdout] ---- tests::framework_owned_migration_versions_are_written_and_validated stdout ----
[INFO] [stdout] 
[INFO] [stdout] thread 'tests::framework_owned_migration_versions_are_written_and_validated' (1183) panicked at src/__tests.rs:86:29:
[INFO] [stdout] failed to load fixture /opt/codama/idls/migrations_program.json: failed to read `/opt/codama/idls/migrations_program.json`: No such file or directory (os error 2)
[INFO] [stdout] stack backtrace:
[INFO] [stdout]    0:     0x64b52d1f14a1 - <<std[70759c8f55707aa4]::sys::backtrace::BacktraceLock>::print::DisplayBacktrace as core[df12db4294e9bfd3]::fmt::Display>::fmt
[INFO] [stdout]    1:     0x64b52d20a00a - core[df12db4294e9bfd3]::fmt::write
[INFO] [stdout]    2:     0x64b52d1f5efc - <alloc[2182bb758b4b3781]::vec::Vec<u8> as core[df12db4294e9bfd3]::io::write::Write>::write_fmt
[INFO] [stdout]    3:     0x64b52d1c9856 - std[70759c8f55707aa4]::panicking::default_hook::{closure#0}
[INFO] [stdout]    4:     0x64b52d1e7ba9 - std[70759c8f55707aa4]::panicking::default_hook
[INFO] [stdout]    5:     0x64b52d15ac70 - test[9d35eded1c95d3be]::test_main_inner::<test[9d35eded1c95d3be]::test_main_static::{closure#0}>::{closure#0}
[INFO] [stdout]    6:     0x64b52d1e7ed2 - std[70759c8f55707aa4]::panicking::panic_with_hook
[INFO] [stdout]    7:     0x64b52d1c9902 - std[70759c8f55707aa4]::panicking::panic_handler::{closure#0}
[INFO] [stdout]    8:     0x64b52d1c2149 - std[70759c8f55707aa4]::sys::backtrace::__rust_end_short_backtrace::<std[70759c8f55707aa4]::panicking::panic_handler::{closure#0}, !>
[INFO] [stdout]    9:     0x64b52d1ca74d - __rustc[8fa7c3cbc660c2b3]::rust_begin_unwind
[INFO] [stdout]   10:     0x64b52d20a76c - core[df12db4294e9bfd3]::panicking::panic_fmt
[INFO] [stdout]   11:     0x64b52cf1e4b4 - pina_codama_renderer[3dbe96022a0f0dd0]::tests::load_fixture_root::{closure#0}
[INFO] [stdout]   12:     0x64b52cf21b76 - pina_codama_renderer[3dbe96022a0f0dd0]::tests::load_fixture_root
[INFO] [stdout]   13:     0x64b52cf358ad - pina_codama_renderer[3dbe96022a0f0dd0]::tests::framework_owned_migration_versions_are_written_and_validated
[INFO] [stdout]   14:     0x64b52cf637a9 - <pina_codama_renderer[3dbe96022a0f0dd0]::tests::framework_owned_migration_versions_are_written_and_validated::{closure#0} as core[df12db4294e9bfd3]::ops::function::FnOnce<()>>::call_once
[INFO] [stdout]   15:     0x64b52d14df5b - test[9d35eded1c95d3be]::__rust_begin_short_backtrace::<core[df12db4294e9bfd3]::result::Result<(), alloc[2182bb758b4b3781]::string::String>, fn() -> core[df12db4294e9bfd3]::result::Result<(), alloc[2182bb758b4b3781]::string::String>>
[INFO] [stdout]   16:     0x64b52d15b5c5 - test[9d35eded1c95d3be]::run_test::{closure#0}
[INFO] [stdout]   17:     0x64b52d154e84 - std[70759c8f55707aa4]::sys::backtrace::__rust_begin_short_backtrace::<test[9d35eded1c95d3be]::run_test::{closure#1}, ()>
[INFO] [stdout]   18:     0x64b52d15e722 - <std[70759c8f55707aa4]::thread::lifecycle::spawn_unchecked<test[9d35eded1c95d3be]::run_test::{closure#1}, ()>::{closure#1} as core[df12db4294e9bfd3]::ops::function::FnOnce<()>>::call_once::{shim:vtable#0}
[INFO] [stdout]   19:     0x64b52d1f04b9 - <std[70759c8f55707aa4]::sys::thread::unix::Thread>::new::thread_start
[INFO] [stdout]   20:     0x7b36deb01dfa - <unknown>
[INFO] [stdout]   21:     0x7b36deb953d4 - clone
[INFO] [stdout]   22:                0x0 - <unknown>
[INFO] [stdout] 
[INFO] [stdout] ---- tests::generation_modes_reject_unsafe_destination_trees_and_unreadable_paths stdout ----
[INFO] [stdout] 
[INFO] [stdout] thread 'tests::generation_modes_reject_unsafe_destination_trees_and_unreadable_paths' (1186) panicked at src/__tests.rs:86:29:
[INFO] [stdout] failed to load fixture /opt/codama/idls/hello_solana_program.json: failed to read `/opt/codama/idls/hello_solana_program.json`: No such file or directory (os error 2)
[INFO] [stdout] stack backtrace:
[INFO] [stdout]    0:     0x64b52d1f14a1 - <<std[70759c8f55707aa4]::sys::backtrace::BacktraceLock>::print::DisplayBacktrace as core[df12db4294e9bfd3]::fmt::Display>::fmt
[INFO] [stdout]    1:     0x64b52d20a00a - core[df12db4294e9bfd3]::fmt::write
[INFO] [stdout]    2:     0x64b52d1f5efc - <alloc[2182bb758b4b3781]::vec::Vec<u8> as core[df12db4294e9bfd3]::io::write::Write>::write_fmt
[INFO] [stdout]    3:     0x64b52d1c9856 - std[70759c8f55707aa4]::panicking::default_hook::{closure#0}
[INFO] [stdout]    4:     0x64b52d1e7ba9 - std[70759c8f55707aa4]::panicking::default_hook
[INFO] [stdout]    5:     0x64b52d15ac70 - test[9d35eded1c95d3be]::test_main_inner::<test[9d35eded1c95d3be]::test_main_static::{closure#0}>::{closure#0}
[INFO] [stdout]    6:     0x64b52d1e7ed2 - std[70759c8f55707aa4]::panicking::panic_with_hook
[INFO] [stdout]    7:     0x64b52d1c9902 - std[70759c8f55707aa4]::panicking::panic_handler::{closure#0}
[INFO] [stdout]    8:     0x64b52d1c2149 - std[70759c8f55707aa4]::sys::backtrace::__rust_end_short_backtrace::<std[70759c8f55707aa4]::panicking::panic_handler::{closure#0}, !>
[INFO] [stdout]    9:     0x64b52d1ca74d - __rustc[8fa7c3cbc660c2b3]::rust_begin_unwind
[INFO] [stdout]   10:     0x64b52d20a76c - core[df12db4294e9bfd3]::panicking::panic_fmt
[INFO] [stdout]   11:     0x64b52cf1e4b4 - pina_codama_renderer[3dbe96022a0f0dd0]::tests::load_fixture_root::{closure#0}
[INFO] [stdout]   12:     0x64b52cf21b76 - pina_codama_renderer[3dbe96022a0f0dd0]::tests::load_fixture_root
[INFO] [stdout]   13:     0x64b52cf387fa - pina_codama_renderer[3dbe96022a0f0dd0]::tests::generation_modes_reject_unsafe_destination_trees_and_unreadable_paths
[INFO] [stdout]   14:     0x64b52cf63889 - <pina_codama_renderer[3dbe96022a0f0dd0]::tests::generation_modes_reject_unsafe_destination_trees_and_unreadable_paths::{closure#0} as core[df12db4294e9bfd3]::ops::function::FnOnce<()>>::call_once
[INFO] [stdout]   15:     0x64b52d14df5b - test[9d35eded1c95d3be]::__rust_begin_short_backtrace::<core[df12db4294e9bfd3]::result::Result<(), alloc[2182bb758b4b3781]::string::String>, fn() -> core[df12db4294e9bfd3]::result::Result<(), alloc[2182bb758b4b3781]::string::String>>
[INFO] [stdout]   16:     0x64b52d15b5c5 - test[9d35eded1c95d3be]::run_test::{closure#0}
[INFO] [stdout]   17:     0x64b52d154e84 - std[70759c8f55707aa4]::sys::backtrace::__rust_begin_short_backtrace::<test[9d35eded1c95d3be]::run_test::{closure#1}, ()>
[INFO] [stdout]   18:     0x64b52d15e722 - <std[70759c8f55707aa4]::thread::lifecycle::spawn_unchecked<test[9d35eded1c95d3be]::run_test::{closure#1}, ()>::{closure#1} as core[df12db4294e9bfd3]::ops::function::FnOnce<()>>::call_once::{shim:vtable#0}
[INFO] [stdout]   19:     0x64b52d1f04b9 - <std[70759c8f55707aa4]::sys::thread::unix::Thread>::new::thread_start
[INFO] [stdout]   20:     0x7b36deb01dfa - <unknown>
[INFO] [stdout]   21:     0x7b36deb953d4 - clone
[INFO] [stdout]   22:                0x0 - <unknown>
[INFO] [stdout] 
[INFO] [stdout] ---- tests::refuses_to_delete_an_unmanaged_directory stdout ----
[INFO] [stdout] 
[INFO] [stdout] thread 'tests::refuses_to_delete_an_unmanaged_directory' (1189) panicked at src/__tests.rs:86:29:
[INFO] [stdout] failed to load fixture /opt/codama/idls/counter_program.json: failed to read `/opt/codama/idls/counter_program.json`: No such file or directory (os error 2)
[INFO] [stdout] stack backtrace:
[INFO] [stdout]    0:     0x64b52d1f14a1 - <<std[70759c8f55707aa4]::sys::backtrace::BacktraceLock>::print::DisplayBacktrace as core[df12db4294e9bfd3]::fmt::Display>::fmt
[INFO] [stdout]    1:     0x64b52d20a00a - core[df12db4294e9bfd3]::fmt::write
[INFO] [stdout]    2:     0x64b52d1f5efc - <alloc[2182bb758b4b3781]::vec::Vec<u8> as core[df12db4294e9bfd3]::io::write::Write>::write_fmt
[INFO] [stdout]    3:     0x64b52d1c9856 - std[70759c8f55707aa4]::panicking::default_hook::{closure#0}
[INFO] [stdout]    4:     0x64b52d1e7ba9 - std[70759c8f55707aa4]::panicking::default_hook
[INFO] [stdout]    5:     0x64b52d15ac70 - test[9d35eded1c95d3be]::test_main_inner::<test[9d35eded1c95d3be]::test_main_static::{closure#0}>::{closure#0}
[INFO] [stdout]    6:     0x64b52d1e7ed2 - std[70759c8f55707aa4]::panicking::panic_with_hook
[INFO] [stdout]    7:     0x64b52d1c9902 - std[70759c8f55707aa4]::panicking::panic_handler::{closure#0}
[INFO] [stdout]    8:     0x64b52d1c2149 - std[70759c8f55707aa4]::sys::backtrace::__rust_end_short_backtrace::<std[70759c8f55707aa4]::panicking::panic_handler::{closure#0}, !>
[INFO] [stdout]    9:     0x64b52d1ca74d - __rustc[8fa7c3cbc660c2b3]::rust_begin_unwind
[INFO] [stdout]   10:     0x64b52d20a76c - core[df12db4294e9bfd3]::panicking::panic_fmt
[INFO] [stdout]   11:     0x64b52cf1e4b4 - pina_codama_renderer[3dbe96022a0f0dd0]::tests::load_fixture_root::{closure#0}
[INFO] [stdout]   12:     0x64b52cf21b76 - pina_codama_renderer[3dbe96022a0f0dd0]::tests::load_fixture_root
[INFO] [stdout]   13:     0x64b52cf2af7a - pina_codama_renderer[3dbe96022a0f0dd0]::tests::refuses_to_delete_an_unmanaged_directory
[INFO] [stdout]   14:     0x64b52cf63209 - <pina_codama_renderer[3dbe96022a0f0dd0]::tests::refuses_to_delete_an_unmanaged_directory::{closure#0} as core[df12db4294e9bfd3]::ops::function::FnOnce<()>>::call_once
[INFO] [stdout]   15:     0x64b52d14df5b - test[9d35eded1c95d3be]::__rust_begin_short_backtrace::<core[df12db4294e9bfd3]::result::Result<(), alloc[2182bb758b4b3781]::string::String>, fn() -> core[df12db4294e9bfd3]::result::Result<(), alloc[2182bb758b4b3781]::string::String>>
[INFO] [stdout]   16:     0x64b52d15b5c5 - test[9d35eded1c95d3be]::run_test::{closure#0}
[INFO] [stdout]   17:     0x64b52d154e84 - std[70759c8f55707aa4]::sys::backtrace::__rust_begin_short_backtrace::<test[9d35eded1c95d3be]::run_test::{closure#1}, ()>
[INFO] [stdout]   18:     0x64b52d15e722 - <std[70759c8f55707aa4]::thread::lifecycle::spawn_unchecked<test[9d35eded1c95d3be]::run_test::{closure#1}, ()>::{closure#1} as core[df12db4294e9bfd3]::ops::function::FnOnce<()>>::call_once::{shim:vtable#0}
[INFO] [stdout]   19:     0x64b52d1f04b9 - <std[70759c8f55707aa4]::sys::thread::unix::Thread>::new::thread_start
[INFO] [stdout]   20:     0x7b36deb01dfa - <unknown>
[INFO] [stdout]   21:     0x7b36deb953d4 - clone
[INFO] [stdout]   22:                0x0 - <unknown>
[INFO] [stdout] 
[INFO] [stdout] ---- tests::refuses_to_delete_unmanaged_files_inside_a_generated_directory stdout ----
[INFO] [stdout] 
[INFO] [stdout] thread 'tests::refuses_to_delete_unmanaged_files_inside_a_generated_directory' (1190) panicked at src/__tests.rs:86:29:
[INFO] [stdout] failed to load fixture /opt/codama/idls/counter_program.json: failed to read `/opt/codama/idls/counter_program.json`: No such file or directory (os error 2)
[INFO] [stdout] stack backtrace:
[INFO] [stdout]    0:     0x64b52d1f14a1 - <<std[70759c8f55707aa4]::sys::backtrace::BacktraceLock>::print::DisplayBacktrace as core[df12db4294e9bfd3]::fmt::Display>::fmt
[INFO] [stdout]    1:     0x64b52d20a00a - core[df12db4294e9bfd3]::fmt::write
[INFO] [stdout]    2:     0x64b52d1f5efc - <alloc[2182bb758b4b3781]::vec::Vec<u8> as core[df12db4294e9bfd3]::io::write::Write>::write_fmt
[INFO] [stdout]    3:     0x64b52d1c9856 - std[70759c8f55707aa4]::panicking::default_hook::{closure#0}
[INFO] [stdout]    4:     0x64b52d1e7ba9 - std[70759c8f55707aa4]::panicking::default_hook
[INFO] [stdout]    5:     0x64b52d15ac70 - test[9d35eded1c95d3be]::test_main_inner::<test[9d35eded1c95d3be]::test_main_static::{closure#0}>::{closure#0}
[INFO] [stdout]    6:     0x64b52d1e7ed2 - std[70759c8f55707aa4]::panicking::panic_with_hook
[INFO] [stdout]    7:     0x64b52d1c9902 - std[70759c8f55707aa4]::panicking::panic_handler::{closure#0}
[INFO] [stdout]    8:     0x64b52d1c2149 - std[70759c8f55707aa4]::sys::backtrace::__rust_end_short_backtrace::<std[70759c8f55707aa4]::panicking::panic_handler::{closure#0}, !>
[INFO] [stdout]    9:     0x64b52d1ca74d - __rustc[8fa7c3cbc660c2b3]::rust_begin_unwind
[INFO] [stdout]   10:     0x64b52d20a76c - core[df12db4294e9bfd3]::panicking::panic_fmt
[INFO] [stdout]   11:     0x64b52cf1e4b4 - pina_codama_renderer[3dbe96022a0f0dd0]::tests::load_fixture_root::{closure#0}
[INFO] [stdout]   12:     0x64b52cf21b76 - pina_codama_renderer[3dbe96022a0f0dd0]::tests::load_fixture_root
[INFO] [stdout]   13:     0x64b52cf36f4a - pina_codama_renderer[3dbe96022a0f0dd0]::tests::refuses_to_delete_unmanaged_files_inside_a_generated_directory
[INFO] [stdout]   14:     0x64b52cf63809 - <pina_codama_renderer[3dbe96022a0f0dd0]::tests::refuses_to_delete_unmanaged_files_inside_a_generated_directory::{closure#0} as core[df12db4294e9bfd3]::ops::function::FnOnce<()>>::call_once
[INFO] [stdout]   15:     0x64b52d14df5b - test[9d35eded1c95d3be]::__rust_begin_short_backtrace::<core[df12db4294e9bfd3]::result::Result<(), alloc[2182bb758b4b3781]::string::String>, fn() -> core[df12db4294e9bfd3]::result::Result<(), alloc[2182bb758b4b3781]::string::String>>
[INFO] [stdout]   16:     0x64b52d15b5c5 - test[9d35eded1c95d3be]::run_test::{closure#0}
[INFO] [stdout]   17:     0x64b52d154e84 - std[70759c8f55707aa4]::sys::backtrace::__rust_begin_short_backtrace::<test[9d35eded1c95d3be]::run_test::{closure#1}, ()>
[INFO] [stdout]   18:     0x64b52d15e722 - <std[70759c8f55707aa4]::thread::lifecycle::spawn_unchecked<test[9d35eded1c95d3be]::run_test::{closure#1}, ()>::{closure#1} as core[df12db4294e9bfd3]::ops::function::FnOnce<()>>::call_once::{shim:vtable#0}
[INFO] [stdout]   19:     0x64b52d1f04b9 - <std[70759c8f55707aa4]::sys::thread::unix::Thread>::new::thread_start
[INFO] [stdout]   20:     0x7b36deb01dfa - <unknown>
[INFO] [stdout]   21:     0x7b36deb953d4 - clone
[INFO] [stdout]   22:                0x0 - <unknown>
[INFO] [stdout] 
[INFO] [stdout] ---- tests::hand_written_scaffold_files_are_never_tracked_or_overwritten stdout ----
[INFO] [stdout] 
[INFO] [stdout] thread 'tests::hand_written_scaffold_files_are_never_tracked_or_overwritten' (1187) panicked at src/__tests.rs:86:29:
[INFO] [stdout] failed to load fixture /opt/codama/idls/hello_solana_program.json: failed to read `/opt/codama/idls/hello_solana_program.json`: No such file or directory (os error 2)
[INFO] [stdout] stack backtrace:
[INFO] [stdout]    0:     0x64b52d1f14a1 - <<std[70759c8f55707aa4]::sys::backtrace::BacktraceLock>::print::DisplayBacktrace as core[df12db4294e9bfd3]::fmt::Display>::fmt
[INFO] [stdout]    1:     0x64b52d20a00a - core[df12db4294e9bfd3]::fmt::write
[INFO] [stdout]    2:     0x64b52d1f5efc - <alloc[2182bb758b4b3781]::vec::Vec<u8> as core[df12db4294e9bfd3]::io::write::Write>::write_fmt
[INFO] [stdout]    3:     0x64b52d1c9856 - std[70759c8f55707aa4]::panicking::default_hook::{closure#0}
[INFO] [stdout]    4:     0x64b52d1e7ba9 - std[70759c8f55707aa4]::panicking::default_hook
[INFO] [stdout]    5:     0x64b52d15ac70 - test[9d35eded1c95d3be]::test_main_inner::<test[9d35eded1c95d3be]::test_main_static::{closure#0}>::{closure#0}
[INFO] [stdout]    6:     0x64b52d1e7ed2 - std[70759c8f55707aa4]::panicking::panic_with_hook
[INFO] [stdout]    7:     0x64b52d1c9902 - std[70759c8f55707aa4]::panicking::panic_handler::{closure#0}
[INFO] [stdout]    8:     0x64b52d1c2149 - std[70759c8f55707aa4]::sys::backtrace::__rust_end_short_backtrace::<std[70759c8f55707aa4]::panicking::panic_handler::{closure#0}, !>
[INFO] [stdout]    9:     0x64b52d1ca74d - __rustc[8fa7c3cbc660c2b3]::rust_begin_unwind
[INFO] [stdout]   10:     0x64b52d20a76c - core[df12db4294e9bfd3]::panicking::panic_fmt
[INFO] [stdout]   11:     0x64b52cf1e4b4 - pina_codama_renderer[3dbe96022a0f0dd0]::tests::load_fixture_root::{closure#0}
[INFO] [stdout]   12:     0x64b52cf21b76 - pina_codama_renderer[3dbe96022a0f0dd0]::tests::load_fixture_root
[INFO] [stdout]   13:     0x64b52cf360aa - pina_codama_renderer[3dbe96022a0f0dd0]::tests::hand_written_scaffold_files_are_never_tracked_or_overwritten
[INFO] [stdout]   14:     0x64b52cf637c9 - <pina_codama_renderer[3dbe96022a0f0dd0]::tests::hand_written_scaffold_files_are_never_tracked_or_overwritten::{closure#0} as core[df12db4294e9bfd3]::ops::function::FnOnce<()>>::call_once
[INFO] [stdout]   15:     0x64b52d14df5b - test[9d35eded1c95d3be]::__rust_begin_short_backtrace::<core[df12db4294e9bfd3]::result::Result<(), alloc[2182bb758b4b3781]::string::String>, fn() -> core[df12db4294e9bfd3]::result::Result<(), alloc[2182bb758b4b3781]::string::String>>
[INFO] [stdout]   16:     0x64b52d15b5c5 - test[9d35eded1c95d3be]::run_test::{closure#0}
[INFO] [stdout]   17:     0x64b52d154e84 - std[70759c8f55707aa4]::sys::backtrace::__rust_begin_short_backtrace::<test[9d35eded1c95d3be]::run_test::{closure#1}, ()>
[INFO] [stdout]   18:     0x64b52d15e722 - <std[70759c8f55707aa4]::thread::lifecycle::spawn_unchecked<test[9d35eded1c95d3be]::run_test::{closure#1}, ()>::{closure#1} as core[df12db4294e9bfd3]::ops::function::FnOnce<()>>::call_once::{shim:vtable#0}
[INFO] [stdout]   19:     0x64b52d1f04b9 - <std[70759c8f55707aa4]::sys::thread::unix::Thread>::new::thread_start
[INFO] [stdout]   20:     0x7b36deb01dfa - <unknown>
[INFO] [stdout]   21:     0x7b36deb953d4 - clone
[INFO] [stdout]   22:                0x0 - <unknown>
[INFO] [stdout] 
[INFO] [stdout] ---- tests::rejects_output_path_escape_without_mutating_files stdout ----
[INFO] [stdout] 
[INFO] [stdout] thread 'tests::rejects_output_path_escape_without_mutating_files' (1201) panicked at src/__tests.rs:86:29:
[INFO] [stdout] failed to load fixture /opt/codama/idls/counter_program.json: failed to read `/opt/codama/idls/counter_program.json`: No such file or directory (os error 2)
[INFO] [stdout] stack backtrace:
[INFO] [stdout]    0:     0x64b52d1f14a1 - <<std[70759c8f55707aa4]::sys::backtrace::BacktraceLock>::print::DisplayBacktrace as core[df12db4294e9bfd3]::fmt::Display>::fmt
[INFO] [stdout]    1:     0x64b52d20a00a - core[df12db4294e9bfd3]::fmt::write
[INFO] [stdout]    2:     0x64b52d1f5efc - <alloc[2182bb758b4b3781]::vec::Vec<u8> as core[df12db4294e9bfd3]::io::write::Write>::write_fmt
[INFO] [stdout]    3:     0x64b52d1c9856 - std[70759c8f55707aa4]::panicking::default_hook::{closure#0}
[INFO] [stdout]    4:     0x64b52d1e7ba9 - std[70759c8f55707aa4]::panicking::default_hook
[INFO] [stdout]    5:     0x64b52d15ac70 - test[9d35eded1c95d3be]::test_main_inner::<test[9d35eded1c95d3be]::test_main_static::{closure#0}>::{closure#0}
[INFO] [stdout]    6:     0x64b52d1e7ed2 - std[70759c8f55707aa4]::panicking::panic_with_hook
[INFO] [stdout]    7:     0x64b52d1c9902 - std[70759c8f55707aa4]::panicking::panic_handler::{closure#0}
[INFO] [stdout]    8:     0x64b52d1c2149 - std[70759c8f55707aa4]::sys::backtrace::__rust_end_short_backtrace::<std[70759c8f55707aa4]::panicking::panic_handler::{closure#0}, !>
[INFO] [stdout]    9:     0x64b52d1ca74d - __rustc[8fa7c3cbc660c2b3]::rust_begin_unwind
[INFO] [stdout]   10:     0x64b52d20a76c - core[df12db4294e9bfd3]::panicking::panic_fmt
[INFO] [stdout]   11:     0x64b52cf1e4b4 - pina_codama_renderer[3dbe96022a0f0dd0]::tests::load_fixture_root::{closure#0}
[INFO] [stdout]   12:     0x64b52cf21b76 - pina_codama_renderer[3dbe96022a0f0dd0]::tests::load_fixture_root
[INFO] [stdout]   13:     0x64b52cf3063a - pina_codama_renderer[3dbe96022a0f0dd0]::tests::rejects_output_path_escape_without_mutating_files
[INFO] [stdout]   14:     0x64b52cf633e9 - <pina_codama_renderer[3dbe96022a0f0dd0]::tests::rejects_output_path_escape_without_mutating_files::{closure#0} as core[df12db4294e9bfd3]::ops::function::FnOnce<()>>::call_once
[INFO] [stdout]   15:     0x64b52d14df5b - test[9d35eded1c95d3be]::__rust_begin_short_backtrace::<core[df12db4294e9bfd3]::result::Result<(), alloc[2182bb758b4b3781]::string::String>, fn() -> core[df12db4294e9bfd3]::result::Result<(), alloc[2182bb758b4b3781]::string::String>>
[INFO] [stdout]   16:     0x64b52d15b5c5 - test[9d35eded1c95d3be]::run_test::{closure#0}
[INFO] [stdout]   17:     0x64b52d154e84 - std[70759c8f55707aa4]::sys::backtrace::__rust_begin_short_backtrace::<test[9d35eded1c95d3be]::run_test::{closure#1}, ()>
[INFO] [stdout]   18:     0x64b52d15e722 - <std[70759c8f55707aa4]::thread::lifecycle::spawn_unchecked<test[9d35eded1c95d3be]::run_test::{closure#1}, ()>::{closure#1} as core[df12db4294e9bfd3]::ops::function::FnOnce<()>>::call_once::{shim:vtable#0}
[INFO] [stdout]   19:     0x64b52d1f04b9 - <std[70759c8f55707aa4]::sys::thread::unix::Thread>::new::thread_start
[INFO] [stdout]   20:     0x7b36deb01dfa - <unknown>
[INFO] [stdout]   21:     0x7b36deb953d4 - clone
[INFO] [stdout]   22:                0x0 - <unknown>
[INFO] [stdout] 
[INFO] [stdout] ---- tests::render_failure_preserves_last_known_good_output stdout ----
[INFO] [stdout] 
[INFO] [stdout] thread 'tests::render_failure_preserves_last_known_good_output' (1204) panicked at src/__tests.rs:86:29:
[INFO] [stdout] failed to load fixture /opt/codama/idls/counter_program.json: failed to read `/opt/codama/idls/counter_program.json`: No such file or directory (os error 2)
[INFO] [stdout] stack backtrace:
[INFO] [stdout]    0:     0x64b52d1f14a1 - <<std[70759c8f55707aa4]::sys::backtrace::BacktraceLock>::print::DisplayBacktrace as core[df12db4294e9bfd3]::fmt::Display>::fmt
[INFO] [stdout]    1:     0x64b52d20a00a - core[df12db4294e9bfd3]::fmt::write
[INFO] [stdout]    2:     0x64b52d1f5efc - <alloc[2182bb758b4b3781]::vec::Vec<u8> as core[df12db4294e9bfd3]::io::write::Write>::write_fmt
[INFO] [stdout]    3:     0x64b52d1c9856 - std[70759c8f55707aa4]::panicking::default_hook::{closure#0}
[INFO] [stdout]    4:     0x64b52d1e7ba9 - std[70759c8f55707aa4]::panicking::default_hook
[INFO] [stdout]    5:     0x64b52d15ac70 - test[9d35eded1c95d3be]::test_main_inner::<test[9d35eded1c95d3be]::test_main_static::{closure#0}>::{closure#0}
[INFO] [stdout]    6:     0x64b52d1e7ed2 - std[70759c8f55707aa4]::panicking::panic_with_hook
[INFO] [stdout]    7:     0x64b52d1c9902 - std[70759c8f55707aa4]::panicking::panic_handler::{closure#0}
[INFO] [stdout]    8:     0x64b52d1c2149 - std[70759c8f55707aa4]::sys::backtrace::__rust_end_short_backtrace::<std[70759c8f55707aa4]::panicking::panic_handler::{closure#0}, !>
[INFO] [stdout]    9:     0x64b52d1ca74d - __rustc[8fa7c3cbc660c2b3]::rust_begin_unwind
[INFO] [stdout]   10:     0x64b52d20a76c - core[df12db4294e9bfd3]::panicking::panic_fmt
[INFO] [stdout]   11:     0x64b52cf1e4b4 - pina_codama_renderer[3dbe96022a0f0dd0]::tests::load_fixture_root::{closure#0}
[INFO] [stdout]   12:     0x64b52cf21b76 - pina_codama_renderer[3dbe96022a0f0dd0]::tests::load_fixture_root
[INFO] [stdout]   13:     0x64b52cf2fada - pina_codama_renderer[3dbe96022a0f0dd0]::tests::render_failure_preserves_last_known_good_output
[INFO] [stdout]   14:     0x64b52cf63329 - <pina_codama_renderer[3dbe96022a0f0dd0]::tests::render_failure_preserves_last_known_good_output::{closure#0} as core[df12db4294e9bfd3]::ops::function::FnOnce<()>>::call_once
[INFO] [stdout]   15:     0x64b52d14df5b - test[9d35eded1c95d3be]::__rust_begin_short_backtrace::<core[df12db4294e9bfd3]::result::Result<(), alloc[2182bb758b4b3781]::string::String>, fn() -> core[df12db4294e9bfd3]::result::Result<(), alloc[2182bb758b4b3781]::string::String>>
[INFO] [stdout]   16:     0x64b52d15b5c5 - test[9d35eded1c95d3be]::run_test::{closure#0}
[INFO] [stdout]   17:     0x64b52d154e84 - std[70759c8f55707aa4]::sys::backtrace::__rust_begin_short_backtrace::<test[9d35eded1c95d3be]::run_test::{closure#1}, ()>
[INFO] [stdout]   18:     0x64b52d15e722 - <std[70759c8f55707aa4]::thread::lifecycle::spawn_unchecked<test[9d35eded1c95d3be]::run_test::{closure#1}, ()>::{closure#1} as core[df12db4294e9bfd3]::ops::function::FnOnce<()>>::call_once::{shim:vtable#0}
[INFO] [stdout]   19:     0x64b52d1f04b9 - <std[70759c8f55707aa4]::sys::thread::unix::Thread>::new::thread_start
[INFO] [stdout]   20:     0x7b36deb01dfa - <unknown>
[INFO] [stdout]   21:     0x7b36deb953d4 - clone
[INFO] [stdout]   22:                0x0 - <unknown>
[INFO] [stdout] 
[INFO] [stdout] ---- tests::rejects_malformed_compute_unit_budgets stdout ----
[INFO] [stdout] 
[INFO] [stdout] thread 'tests::rejects_malformed_compute_unit_budgets' (1195) panicked at src/__tests.rs:86:29:
[INFO] [stdout] failed to load fixture /opt/codama/idls/counter_program.json: failed to read `/opt/codama/idls/counter_program.json`: No such file or directory (os error 2)
[INFO] [stdout] stack backtrace:
[INFO] [stdout]    0:     0x64b52d1f14a1 - <<std[70759c8f55707aa4]::sys::backtrace::BacktraceLock>::print::DisplayBacktrace as core[df12db4294e9bfd3]::fmt::Display>::fmt
[INFO] [stdout]    1:     0x64b52d20a00a - core[df12db4294e9bfd3]::fmt::write
[INFO] [stdout]    2:     0x64b52d1f5efc - <alloc[2182bb758b4b3781]::vec::Vec<u8> as core[df12db4294e9bfd3]::io::write::Write>::write_fmt
[INFO] [stdout]    3:     0x64b52d1c9856 - std[70759c8f55707aa4]::panicking::default_hook::{closure#0}
[INFO] [stdout]    4:     0x64b52d1e7ba9 - std[70759c8f55707aa4]::panicking::default_hook
[INFO] [stdout]    5:     0x64b52d15ac70 - test[9d35eded1c95d3be]::test_main_inner::<test[9d35eded1c95d3be]::test_main_static::{closure#0}>::{closure#0}
[INFO] [stdout]    6:     0x64b52d1e7ed2 - std[70759c8f55707aa4]::panicking::panic_with_hook
[INFO] [stdout]    7:     0x64b52d1c9902 - std[70759c8f55707aa4]::panicking::panic_handler::{closure#0}
[INFO] [stdout]    8:     0x64b52d1c2149 - std[70759c8f55707aa4]::sys::backtrace::__rust_end_short_backtrace::<std[70759c8f55707aa4]::panicking::panic_handler::{closure#0}, !>
[INFO] [stdout]    9:     0x64b52d1ca74d - __rustc[8fa7c3cbc660c2b3]::rust_begin_unwind
[INFO] [stdout]   10:     0x64b52d20a76c - core[df12db4294e9bfd3]::panicking::panic_fmt
[INFO] [stdout]   11:     0x64b52cf1e4b4 - pina_codama_renderer[3dbe96022a0f0dd0]::tests::load_fixture_root::{closure#0}
[INFO] [stdout]   12:     0x64b52cf21b76 - pina_codama_renderer[3dbe96022a0f0dd0]::tests::load_fixture_root
[INFO] [stdout]   13:     0x64b52cf22ff4 - pina_codama_renderer[3dbe96022a0f0dd0]::tests::counter_with_increment_plugins
[INFO] [stdout]   14:     0x64b52cf293f8 - pina_codama_renderer[3dbe96022a0f0dd0]::tests::rejects_malformed_compute_unit_budgets
[INFO] [stdout]   15:     0x64b52cf63169 - <pina_codama_renderer[3dbe96022a0f0dd0]::tests::rejects_malformed_compute_unit_budgets::{closure#0} as core[df12db4294e9bfd3]::ops::function::FnOnce<()>>::call_once
[INFO] [stdout]   16:     0x64b52d14df5b - test[9d35eded1c95d3be]::__rust_begin_short_backtrace::<core[df12db4294e9bfd3]::result::Result<(), alloc[2182bb758b4b3781]::string::String>, fn() -> core[df12db4294e9bfd3]::result::Result<(), alloc[2182bb758b4b3781]::string::String>>
[INFO] [stdout]   17:     0x64b52d15b5c5 - test[9d35eded1c95d3be]::run_test::{closure#0}
[INFO] [stdout]   18:     0x64b52d154e84 - std[70759c8f55707aa4]::sys::backtrace::__rust_begin_short_backtrace::<test[9d35eded1c95d3be]::run_test::{closure#1}, ()>
[INFO] [stdout]   19:     0x64b52d15e722 - <std[70759c8f55707aa4]::thread::lifecycle::spawn_unchecked<test[9d35eded1c95d3be]::run_test::{closure#1}, ()>::{closure#1} as core[df12db4294e9bfd3]::ops::function::FnOnce<()>>::call_once::{shim:vtable#0}
[INFO] [stdout]   20:     0x64b52d1f04b9 - <std[70759c8f55707aa4]::sys::thread::unix::Thread>::new::thread_start
[INFO] [stdout]   21:     0x7b36deb01dfa - <unknown>
[INFO] [stdout]   22:     0x7b36deb953d4 - clone
[INFO] [stdout]   23:                0x0 - <unknown>
[INFO] [stdout] 
[INFO] [stdout] ---- tests::renders_compact_account_fixture_with_dynamic_helpers stdout ----
[INFO] [stdout] 
[INFO] [stdout] thread 'tests::renders_compact_account_fixture_with_dynamic_helpers' (1205) panicked at src/__tests.rs:86:29:
[INFO] [stdout] failed to load fixture /opt/codama/idls/compact_accounts_program.json: failed to read `/opt/codama/idls/compact_accounts_program.json`: No such file or directory (os error 2)
[INFO] [stdout] stack backtrace:
[INFO] [stdout]    0:     0x64b52d1f14a1 - <<std[70759c8f55707aa4]::sys::backtrace::BacktraceLock>::print::DisplayBacktrace as core[df12db4294e9bfd3]::fmt::Display>::fmt
[INFO] [stdout]    1:     0x64b52d20a00a - core[df12db4294e9bfd3]::fmt::write
[INFO] [stdout]    2:     0x64b52d1f5efc - <alloc[2182bb758b4b3781]::vec::Vec<u8> as core[df12db4294e9bfd3]::io::write::Write>::write_fmt
[INFO] [stdout]    3:     0x64b52d1c9856 - std[70759c8f55707aa4]::panicking::default_hook::{closure#0}
[INFO] [stdout]    4:     0x64b52d1e7ba9 - std[70759c8f55707aa4]::panicking::default_hook
[INFO] [stdout]    5:     0x64b52d15ac70 - test[9d35eded1c95d3be]::test_main_inner::<test[9d35eded1c95d3be]::test_main_static::{closure#0}>::{closure#0}
[INFO] [stdout]    6:     0x64b52d1e7ed2 - std[70759c8f55707aa4]::panicking::panic_with_hook
[INFO] [stdout]    7:     0x64b52d1c9902 - std[70759c8f55707aa4]::panicking::panic_handler::{closure#0}
[INFO] [stdout]    8:     0x64b52d1c2149 - std[70759c8f55707aa4]::sys::backtrace::__rust_end_short_backtrace::<std[70759c8f55707aa4]::panicking::panic_handler::{closure#0}, !>
[INFO] [stdout]    9:     0x64b52d1ca74d - __rustc[8fa7c3cbc660c2b3]::rust_begin_unwind
[INFO] [stdout]   10:     0x64b52d20a76c - core[df12db4294e9bfd3]::panicking::panic_fmt
[INFO] [stdout]   11:     0x64b52cf1e4b4 - pina_codama_renderer[3dbe96022a0f0dd0]::tests::load_fixture_root::{closure#0}
[INFO] [stdout]   12:     0x64b52cf21b76 - pina_codama_renderer[3dbe96022a0f0dd0]::tests::load_fixture_root
[INFO] [stdout]   13:     0x64b52cf223b6 - pina_codama_renderer[3dbe96022a0f0dd0]::tests::render_fixture_program
[INFO] [stdout]   14:     0x64b52cf32927 - pina_codama_renderer[3dbe96022a0f0dd0]::tests::renders_compact_account_fixture_with_dynamic_helpers
[INFO] [stdout]   15:     0x64b52cf635b9 - <pina_codama_renderer[3dbe96022a0f0dd0]::tests::renders_compact_account_fixture_with_dynamic_helpers::{closure#0} as core[df12db4294e9bfd3]::ops::function::FnOnce<()>>::call_once
[INFO] [stdout]   16:     0x64b52d14df5b - test[9d35eded1c95d3be]::__rust_begin_short_backtrace::<core[df12db4294e9bfd3]::result::Result<(), alloc[2182bb758b4b3781]::string::String>, fn() -> core[df12db4294e9bfd3]::result::Result<(), alloc[2182bb758b4b3781]::string::String>>
[INFO] [stdout]   17:     0x64b52d15b5c5 - test[9d35eded1c95d3be]::run_test::{closure#0}
[INFO] [stdout]   18:     0x64b52d154e84 - std[70759c8f55707aa4]::sys::backtrace::__rust_begin_short_backtrace::<test[9d35eded1c95d3be]::run_test::{closure#1}, ()>
[INFO] [stdout]   19:     0x64b52d15e722 - <std[70759c8f55707aa4]::thread::lifecycle::spawn_unchecked<test[9d35eded1c95d3be]::run_test::{closure#1}, ()>::{closure#1} as core[df12db4294e9bfd3]::ops::function::FnOnce<()>>::call_once::{shim:vtable#0}
[INFO] [stdout]   20:     0x64b52d1f04b9 - <std[70759c8f55707aa4]::sys::thread::unix::Thread>::new::thread_start
[INFO] [stdout]   21:     0x7b36deb01dfa - <unknown>
[INFO] [stdout]   22:     0x7b36deb953d4 - clone
[INFO] [stdout]   23:                0x0 - <unknown>
[INFO] [stdout] 
[INFO] [stdout] ---- tests::renders_counter_account_with_pod_types stdout ----
[INFO] [stdout] 
[INFO] [stdout] thread 'tests::renders_counter_account_with_pod_types' (1208) panicked at src/__tests.rs:86:29:
[INFO] [stdout] failed to load fixture /opt/codama/idls/counter_program.json: failed to read `/opt/codama/idls/counter_program.json`: No such file or directory (os error 2)
[INFO] [stdout] stack backtrace:
[INFO] [stdout]    0:     0x64b52d1f14a1 - <<std[70759c8f55707aa4]::sys::backtrace::BacktraceLock>::print::DisplayBacktrace as core[df12db4294e9bfd3]::fmt::Display>::fmt
[INFO] [stdout]    1:     0x64b52d20a00a - core[df12db4294e9bfd3]::fmt::write
[INFO] [stdout]    2:     0x64b52d1f5efc - <alloc[2182bb758b4b3781]::vec::Vec<u8> as core[df12db4294e9bfd3]::io::write::Write>::write_fmt
[INFO] [stdout]    3:     0x64b52d1c9856 - std[70759c8f55707aa4]::panicking::default_hook::{closure#0}
[INFO] [stdout]    4:     0x64b52d1e7ba9 - std[70759c8f55707aa4]::panicking::default_hook
[INFO] [stdout]    5:     0x64b52d15ac70 - test[9d35eded1c95d3be]::test_main_inner::<test[9d35eded1c95d3be]::test_main_static::{closure#0}>::{closure#0}
[INFO] [stdout]    6:     0x64b52d1e7ed2 - std[70759c8f55707aa4]::panicking::panic_with_hook
[INFO] [stdout]    7:     0x64b52d1c9902 - std[70759c8f55707aa4]::panicking::panic_handler::{closure#0}
[INFO] [stdout]    8:     0x64b52d1c2149 - std[70759c8f55707aa4]::sys::backtrace::__rust_end_short_backtrace::<std[70759c8f55707aa4]::panicking::panic_handler::{closure#0}, !>
[INFO] [stdout]    9:     0x64b52d1ca74d - __rustc[8fa7c3cbc660c2b3]::rust_begin_unwind
[INFO] [stdout]   10:     0x64b52d20a76c - core[df12db4294e9bfd3]::panicking::panic_fmt
[INFO] [stdout]   11:     0x64b52cf1e4b4 - pina_codama_renderer[3dbe96022a0f0dd0]::tests::load_fixture_root::{closure#0}
[INFO] [stdout]   12:     0x64b52cf21b76 - pina_codama_renderer[3dbe96022a0f0dd0]::tests::load_fixture_root
[INFO] [stdout]   13:     0x64b52cf223b6 - pina_codama_renderer[3dbe96022a0f0dd0]::tests::render_fixture_program
[INFO] [stdout]   14:     0x64b52cf29771 - pina_codama_renderer[3dbe96022a0f0dd0]::tests::renders_counter_account_with_pod_types
[INFO] [stdout]   15:     0x64b52cf63189 - <pina_codama_renderer[3dbe96022a0f0dd0]::tests::renders_counter_account_with_pod_types::{closure#0} as core[df12db4294e9bfd3]::ops::function::FnOnce<()>>::call_once
[INFO] [stdout]   16:     0x64b52d14df5b - test[9d35eded1c95d3be]::__rust_begin_short_backtrace::<core[df12db4294e9bfd3]::result::Result<(), alloc[2182bb758b4b3781]::string::String>, fn() -> core[df12db4294e9bfd3]::result::Result<(), alloc[2182bb758b4b3781]::string::String>>
[INFO] [stdout]   17:     0x64b52d15b5c5 - test[9d35eded1c95d3be]::run_test::{closure#0}
[INFO] [stdout]   18:     0x64b52d154e84 - std[70759c8f55707aa4]::sys::backtrace::__rust_begin_short_backtrace::<test[9d35eded1c95d3be]::run_test::{closure#1}, ()>
[INFO] [stdout]   19:     0x64b52d15e722 - <std[70759c8f55707aa4]::thread::lifecycle::spawn_unchecked<test[9d35eded1c95d3be]::run_test::{closure#1}, ()>::{closure#1} as core[df12db4294e9bfd3]::ops::function::FnOnce<()>>::call_once::{shim:vtable#0}
[INFO] [stdout]   20:     0x64b52d1f04b9 - <std[70759c8f55707aa4]::sys::thread::unix::Thread>::new::thread_start
[INFO] [stdout]   21:     0x7b36deb01dfa - <unknown>
[INFO] [stdout]   22:     0x7b36deb953d4 - clone
[INFO] [stdout]   23:                0x0 - <unknown>
[INFO] [stdout] 
[INFO] [stdout] ---- tests::rejects_symlinked_generated_directory stdout ----
[INFO] [stdout] 
[INFO] [stdout] thread 'tests::rejects_symlinked_generated_directory' (1202) panicked at src/__tests.rs:86:29:
[INFO] [stdout] failed to load fixture /opt/codama/idls/counter_program.json: failed to read `/opt/codama/idls/counter_program.json`: No such file or directory (os error 2)
[INFO] [stdout] stack backtrace:
[INFO] [stdout]    0:     0x64b52d1f14a1 - <<std[70759c8f55707aa4]::sys::backtrace::BacktraceLock>::print::DisplayBacktrace as core[df12db4294e9bfd3]::fmt::Display>::fmt
[INFO] [stdout]    1:     0x64b52d20a00a - core[df12db4294e9bfd3]::fmt::write
[INFO] [stdout]    2:     0x64b52d1f5efc - <alloc[2182bb758b4b3781]::vec::Vec<u8> as core[df12db4294e9bfd3]::io::write::Write>::write_fmt
[INFO] [stdout]    3:     0x64b52d1c9856 - std[70759c8f55707aa4]::panicking::default_hook::{closure#0}
[INFO] [stdout]    4:     0x64b52d1e7ba9 - std[70759c8f55707aa4]::panicking::default_hook
[INFO] [stdout]    5:     0x64b52d15ac70 - test[9d35eded1c95d3be]::test_main_inner::<test[9d35eded1c95d3be]::test_main_static::{closure#0}>::{closure#0}
[INFO] [stdout]    6:     0x64b52d1e7ed2 - std[70759c8f55707aa4]::panicking::panic_with_hook
[INFO] [stdout]    7:     0x64b52d1c9902 - std[70759c8f55707aa4]::panicking::panic_handler::{closure#0}
[INFO] [stdout]    8:     0x64b52d1c2149 - std[70759c8f55707aa4]::sys::backtrace::__rust_end_short_backtrace::<std[70759c8f55707aa4]::panicking::panic_handler::{closure#0}, !>
[INFO] [stdout]    9:     0x64b52d1ca74d - __rustc[8fa7c3cbc660c2b3]::rust_begin_unwind
[INFO] [stdout]   10:     0x64b52d20a76c - core[df12db4294e9bfd3]::panicking::panic_fmt
[INFO] [stdout]   11:     0x64b52cf1e4b4 - pina_codama_renderer[3dbe96022a0f0dd0]::tests::load_fixture_root::{closure#0}
[INFO] [stdout]   12:     0x64b52cf21b76 - pina_codama_renderer[3dbe96022a0f0dd0]::tests::load_fixture_root
[INFO] [stdout]   13:     0x64b52cf286aa - pina_codama_renderer[3dbe96022a0f0dd0]::tests::rejects_symlinked_generated_directory
[INFO] [stdout]   14:     0x64b52cf63129 - <pina_codama_renderer[3dbe96022a0f0dd0]::tests::rejects_symlinked_generated_directory::{closure#0} as core[df12db4294e9bfd3]::ops::function::FnOnce<()>>::call_once
[INFO] [stdout]   15:     0x64b52d14df5b - test[9d35eded1c95d3be]::__rust_begin_short_backtrace::<core[df12db4294e9bfd3]::result::Result<(), alloc[2182bb758b4b3781]::string::String>, fn() -> core[df12db4294e9bfd3]::result::Result<(), alloc[2182bb758b4b3781]::string::String>>
[INFO] [stdout]   16:     0x64b52d15b5c5 - test[9d35eded1c95d3be]::run_test::{closure#0}
[INFO] [stdout]   17:     0x64b52d154e84 - std[70759c8f55707aa4]::sys::backtrace::__rust_begin_short_backtrace::<test[9d35eded1c95d3be]::run_test::{closure#1}, ()>
[INFO] [stdout]   18:     0x64b52d15e722 - <std[70759c8f55707aa4]::thread::lifecycle::spawn_unchecked<test[9d35eded1c95d3be]::run_test::{closure#1}, ()>::{closure#1} as core[df12db4294e9bfd3]::ops::function::FnOnce<()>>::call_once::{shim:vtable#0}
[INFO] [stdout]   19:     0x64b52d1f04b9 - <std[70759c8f55707aa4]::sys::thread::unix::Thread>::new::thread_start
[INFO] [stdout]   20:     0x7b36deb01dfa - <unknown>
[INFO] [stdout]   21:     0x7b36deb953d4 - clone
[INFO] [stdout]   22:                0x0 - <unknown>
[INFO] [stdout] 
[INFO] [stdout] ---- tests::rejects_dangling_symlinked_generated_directory stdout ----
[INFO] [stdout] 
[INFO] [stdout] thread 'tests::rejects_dangling_symlinked_generated_directory' (1194) panicked at src/__tests.rs:86:29:
[INFO] [stdout] failed to load fixture /opt/codama/idls/counter_program.json: failed to read `/opt/codama/idls/counter_program.json`: No such file or directory (os error 2)
[INFO] [stdout] stack backtrace:
[INFO] [stdout]    0:     0x64b52d1f14a1 - <<std[70759c8f55707aa4]::sys::backtrace::BacktraceLock>::print::DisplayBacktrace as core[df12db4294e9bfd3]::fmt::Display>::fmt
[INFO] [stdout]    1:     0x64b52d20a00a - core[df12db4294e9bfd3]::fmt::write
[INFO] [stdout]    2:     0x64b52d1f5efc - <alloc[2182bb758b4b3781]::vec::Vec<u8> as core[df12db4294e9bfd3]::io::write::Write>::write_fmt
[INFO] [stdout]    3:     0x64b52d1c9856 - std[70759c8f55707aa4]::panicking::default_hook::{closure#0}
[INFO] [stdout]    4:     0x64b52d1e7ba9 - std[70759c8f55707aa4]::panicking::default_hook
[INFO] [stdout]    5:     0x64b52d15ac70 - test[9d35eded1c95d3be]::test_main_inner::<test[9d35eded1c95d3be]::test_main_static::{closure#0}>::{closure#0}
[INFO] [stdout]    6:     0x64b52d1e7ed2 - std[70759c8f55707aa4]::panicking::panic_with_hook
[INFO] [stdout]    7:     0x64b52d1c9902 - std[70759c8f55707aa4]::panicking::panic_handler::{closure#0}
[INFO] [stdout]    8:     0x64b52d1c2149 - std[70759c8f55707aa4]::sys::backtrace::__rust_end_short_backtrace::<std[70759c8f55707aa4]::panicking::panic_handler::{closure#0}, !>
[INFO] [stdout]    9:     0x64b52d1ca74d - __rustc[8fa7c3cbc660c2b3]::rust_begin_unwind
[INFO] [stdout]   10:     0x64b52d20a76c - core[df12db4294e9bfd3]::panicking::panic_fmt
[INFO] [stdout]   11:     0x64b52cf1e4b4 - pina_codama_renderer[3dbe96022a0f0dd0]::tests::load_fixture_root::{closure#0}
[INFO] [stdout]   12:     0x64b52cf21b76 - pina_codama_renderer[3dbe96022a0f0dd0]::tests::load_fixture_root
[INFO] [stdout]   13:     0x64b52cf2e31a - pina_codama_renderer[3dbe96022a0f0dd0]::tests::rejects_dangling_symlinked_generated_directory
[INFO] [stdout]   14:     0x64b52cf632c9 - <pina_codama_renderer[3dbe96022a0f0dd0]::tests::rejects_dangling_symlinked_generated_directory::{closure#0} as core[df12db4294e9bfd3]::ops::function::FnOnce<()>>::call_once
[INFO] [stdout]   15:     0x64b52d14df5b - test[9d35eded1c95d3be]::__rust_begin_short_backtrace::<core[df12db4294e9bfd3]::result::Result<(), alloc[2182bb758b4b3781]::string::String>, fn() -> core[df12db4294e9bfd3]::result::Result<(), alloc[2182bb758b4b3781]::string::String>>
[INFO] [stdout]   16:     0x64b52d15b5c5 - test[9d35eded1c95d3be]::run_test::{closure#0}
[INFO] [stdout]   17:     0x64b52d154e84 - std[70759c8f55707aa4]::sys::backtrace::__rust_begin_short_backtrace::<test[9d35eded1c95d3be]::run_test::{closure#1}, ()>
[INFO] [stdout]   18:     0x64b52d15e722 - <std[70759c8f55707aa4]::thread::lifecycle::spawn_unchecked<test[9d35eded1c95d3be]::run_test::{closure#1}, ()>::{closure#1} as core[df12db4294e9bfd3]::ops::function::FnOnce<()>>::call_once::{shim:vtable#0}
[INFO] [stdout]   19:     0x64b52d1f04b9 - <std[70759c8f55707aa4]::sys::thread::unix::Thread>::new::thread_start
[INFO] [stdout]   20:     0x7b36deb01dfa - <unknown>
[INFO] [stdout]   21:     0x7b36deb953d4 - clone
[INFO] [stdout]   22:                0x0 - <unknown>
[INFO] [stdout] 
[INFO] [stdout] ---- tests::renders_instruction_account_metas_using_self_fields stdout ----
[INFO] [stdout] 
[INFO] [stdout] thread 'tests::renders_instruction_account_metas_using_self_fields' (1214) panicked at src/__tests.rs:86:29:
[INFO] [stdout] failed to load fixture /opt/codama/idls/counter_program.json: failed to read `/opt/codama/idls/counter_program.json`: No such file or directory (os error 2)
[INFO] [stdout] stack backtrace:
[INFO] [stdout]    0:     0x64b52d1f14a1 - <<std[70759c8f55707aa4]::sys::backtrace::BacktraceLock>::print::DisplayBacktrace as core[df12db4294e9bfd3]::fmt::Display>::fmt
[INFO] [stdout]    1:     0x64b52d20a00a - core[df12db4294e9bfd3]::fmt::write
[INFO] [stdout]    2:     0x64b52d1f5efc - <alloc[2182bb758b4b3781]::vec::Vec<u8> as core[df12db4294e9bfd3]::io::write::Write>::write_fmt
[INFO] [stdout]    3:     0x64b52d1c9856 - std[70759c8f55707aa4]::panicking::default_hook::{closure#0}
[INFO] [stdout]    4:     0x64b52d1e7ba9 - std[70759c8f55707aa4]::panicking::default_hook
[INFO] [stdout]    5:     0x64b52d15ac70 - test[9d35eded1c95d3be]::test_main_inner::<test[9d35eded1c95d3be]::test_main_static::{closure#0}>::{closure#0}
[INFO] [stdout]    6:     0x64b52d1e7ed2 - std[70759c8f55707aa4]::panicking::panic_with_hook
[INFO] [stdout]    7:     0x64b52d1c9902 - std[70759c8f55707aa4]::panicking::panic_handler::{closure#0}
[INFO] [stdout]    8:     0x64b52d1c2149 - std[70759c8f55707aa4]::sys::backtrace::__rust_end_short_backtrace::<std[70759c8f55707aa4]::panicking::panic_handler::{closure#0}, !>
[INFO] [stdout]    9:     0x64b52d1ca74d - __rustc[8fa7c3cbc660c2b3]::rust_begin_unwind
[INFO] [stdout]   10:     0x64b52d20a76c - core[df12db4294e9bfd3]::panicking::panic_fmt
[INFO] [stdout]   11:     0x64b52cf1e4b4 - pina_codama_renderer[3dbe96022a0f0dd0]::tests::load_fixture_root::{closure#0}
[INFO] [stdout]   12:     0x64b52cf21b76 - pina_codama_renderer[3dbe96022a0f0dd0]::tests::load_fixture_root
[INFO] [stdout]   13:     0x64b52cf223b6 - pina_codama_renderer[3dbe96022a0f0dd0]::tests::render_fixture_program
[INFO] [stdout]   14:     0x64b52cf32104 - pina_codama_renderer[3dbe96022a0f0dd0]::tests::renders_instruction_account_metas_using_self_fields
[INFO] [stdout]   15:     0x64b52cf634a9 - <pina_codama_renderer[3dbe96022a0f0dd0]::tests::renders_instruction_account_metas_using_self_fields::{closure#0} as core[df12db4294e9bfd3]::ops::function::FnOnce<()>>::call_once
[INFO] [stdout]   16:     0x64b52d14df5b - test[9d35eded1c95d3be]::__rust_begin_short_backtrace::<core[df12db4294e9bfd3]::result::Result<(), alloc[2182bb758b4b3781]::string::String>, fn() -> core[df12db4294e9bfd3]::result::Result<(), alloc[2182bb758b4b3781]::string::String>>
[INFO] [stdout]   17:     0x64b52d15b5c5 - test[9d35eded1c95d3be]::run_test::{closure#0}
[INFO] [stdout]   18:     0x64b52d154e84 - std[70759c8f55707aa4]::sys::backtrace::__rust_begin_short_backtrace::<test[9d35eded1c95d3be]::run_test::{closure#1}, ()>
[INFO] [stdout]   19:     0x64b52d15e722 - <std[70759c8f55707aa4]::thread::lifecycle::spawn_unchecked<test[9d35eded1c95d3be]::run_test::{closure#1}, ()>::{closure#1} as core[df12db4294e9bfd3]::ops::function::FnOnce<()>>::call_once::{shim:vtable#0}
[INFO] [stdout]   20:     0x64b52d1f04b9 - <std[70759c8f55707aa4]::sys::thread::unix::Thread>::new::thread_start
[INFO] [stdout]   21:     0x7b36deb01dfa - <unknown>
[INFO] [stdout]   22:     0x7b36deb953d4 - clone
[INFO] [stdout]   23:                0x0 - <unknown>
[INFO] [stdout] 
[INFO] [stdout] ---- tests::renders_instruction_data_with_discriminator_prefix stdout ----
[INFO] [stdout] 
[INFO] [stdout] thread 'tests::renders_instruction_data_with_discriminator_prefix' (1215) panicked at src/__tests.rs:86:29:
[INFO] [stdout] failed to load fixture /opt/codama/idls/todo_program.json: failed to read `/opt/codama/idls/todo_program.json`: No such file or directory (os error 2)
[INFO] [stdout] stack backtrace:
[INFO] [stdout]    0:     0x64b52d1f14a1 - <<std[70759c8f55707aa4]::sys::backtrace::BacktraceLock>::print::DisplayBacktrace as core[df12db4294e9bfd3]::fmt::Display>::fmt
[INFO] [stdout]    1:     0x64b52d20a00a - core[df12db4294e9bfd3]::fmt::write
[INFO] [stdout]    2:     0x64b52d1f5efc - <alloc[2182bb758b4b3781]::vec::Vec<u8> as core[df12db4294e9bfd3]::io::write::Write>::write_fmt
[INFO] [stdout]    3:     0x64b52d1c9856 - std[70759c8f55707aa4]::panicking::default_hook::{closure#0}
[INFO] [stdout]    4:     0x64b52d1e7ba9 - std[70759c8f55707aa4]::panicking::default_hook
[INFO] [stdout]    5:     0x64b52d15ac70 - test[9d35eded1c95d3be]::test_main_inner::<test[9d35eded1c95d3be]::test_main_static::{closure#0}>::{closure#0}
[INFO] [stdout]    6:     0x64b52d1e7ed2 - std[70759c8f55707aa4]::panicking::panic_with_hook
[INFO] [stdout]    7:     0x64b52d1c9902 - std[70759c8f55707aa4]::panicking::panic_handler::{closure#0}
[INFO] [stdout]    8:     0x64b52d1c2149 - std[70759c8f55707aa4]::sys::backtrace::__rust_end_short_backtrace::<std[70759c8f55707aa4]::panicking::panic_handler::{closure#0}, !>
[INFO] [stdout]    9:     0x64b52d1ca74d - __rustc[8fa7c3cbc660c2b3]::rust_begin_unwind
[INFO] [stdout]   10:     0x64b52d20a76c - core[df12db4294e9bfd3]::panicking::panic_fmt
[INFO] [stdout]   11:     0x64b52cf1e4b4 - pina_codama_renderer[3dbe96022a0f0dd0]::tests::load_fixture_root::{closure#0}
[INFO] [stdout]   12:     0x64b52cf21b76 - pina_codama_renderer[3dbe96022a0f0dd0]::tests::load_fixture_root
[INFO] [stdout]   13:     0x64b52cf223b6 - pina_codama_renderer[3dbe96022a0f0dd0]::tests::render_fixture_program
[INFO] [stdout]   14:     0x64b52cf316d1 - pina_codama_renderer[3dbe96022a0f0dd0]::tests::renders_instruction_data_with_discriminator_prefix
[INFO] [stdout]   15:     0x64b52cf63449 - <pina_codama_renderer[3dbe96022a0f0dd0]::tests::renders_instruction_data_with_discriminator_prefix::{closure#0} as core[df12db4294e9bfd3]::ops::function::FnOnce<()>>::call_once
[INFO] [stdout]   16:     0x64b52d14df5b - test[9d35eded1c95d3be]::__rust_begin_short_backtrace::<core[df12db4294e9bfd3]::result::Result<(), alloc[2182bb758b4b3781]::string::String>, fn() -> core[df12db4294e9bfd3]::result::Result<(), alloc[2182bb758b4b3781]::string::String>>
[INFO] [stdout]   17:     0x64b52d15b5c5 - test[9d35eded1c95d3be]::run_test::{closure#0}
[INFO] [stdout]   18:     0x64b52d154e84 - std[70759c8f55707aa4]::sys::backtrace::__rust_begin_short_backtrace::<test[9d35eded1c95d3be]::run_test::{closure#1}, ()>
[INFO] [stdout]   19:     0x64b52d15e722 - <std[70759c8f55707aa4]::thread::lifecycle::spawn_unchecked<test[9d35eded1c95d3be]::run_test::{closure#1}, ()>::{closure#1} as core[df12db4294e9bfd3]::ops::function::FnOnce<()>>::call_once::{shim:vtable#0}
[INFO] [stdout]   20:     0x64b52d1f04b9 - <std[70759c8f55707aa4]::sys::thread::unix::Thread>::new::thread_start
[INFO] [stdout]   21:     0x7b36deb01dfa - <unknown>
[INFO] [stdout]   22:     0x7b36deb953d4 - clone
[INFO] [stdout]   23:                0x0 - <unknown>
[INFO] [stdout] 
[INFO] [stdout] ---- tests::renders_recorded_compute_unit_budgets_and_the_limit_helper stdout ----
[INFO] [stdout] 
[INFO] [stdout] thread 'tests::renders_recorded_compute_unit_budgets_and_the_limit_helper' (1220) panicked at src/__tests.rs:86:29:
[INFO] [stdout] failed to load fixture /opt/codama/idls/counter_program.json: failed to read `/opt/codama/idls/counter_program.json`: No such file or directory (os error 2)
[INFO] [stdout] stack backtrace:
[INFO] [stdout]    0:     0x64b52d1f14a1 - <<std[70759c8f55707aa4]::sys::backtrace::BacktraceLock>::print::DisplayBacktrace as core[df12db4294e9bfd3]::fmt::Display>::fmt
[INFO] [stdout]    1:     0x64b52d20a00a - core[df12db4294e9bfd3]::fmt::write
[INFO] [stdout]    2:     0x64b52d1f5efc - <alloc[2182bb758b4b3781]::vec::Vec<u8> as core[df12db4294e9bfd3]::io::write::Write>::write_fmt
[INFO] [stdout]    3:     0x64b52d1c9856 - std[70759c8f55707aa4]::panicking::default_hook::{closure#0}
[INFO] [stdout]    4:     0x64b52d1e7ba9 - std[70759c8f55707aa4]::panicking::default_hook
[INFO] [stdout]    5:     0x64b52d15ac70 - test[9d35eded1c95d3be]::test_main_inner::<test[9d35eded1c95d3be]::test_main_static::{closure#0}>::{closure#0}
[INFO] [stdout]    6:     0x64b52d1e7ed2 - std[70759c8f55707aa4]::panicking::panic_with_hook
[INFO] [stdout]    7:     0x64b52d1c9902 - std[70759c8f55707aa4]::panicking::panic_handler::{closure#0}
[INFO] [stdout]    8:     0x64b52d1c2149 - std[70759c8f55707aa4]::sys::backtrace::__rust_end_short_backtrace::<std[70759c8f55707aa4]::panicking::panic_handler::{closure#0}, !>
[INFO] [stdout]    9:     0x64b52d1ca74d - __rustc[8fa7c3cbc660c2b3]::rust_begin_unwind
[INFO] [stdout]   10:     0x64b52d20a76c - core[df12db4294e9bfd3]::panicking::panic_fmt
[INFO] [stdout]   11:     0x64b52cf1e4b4 - pina_codama_renderer[3dbe96022a0f0dd0]::tests::load_fixture_root::{closure#0}
[INFO] [stdout]   12:     0x64b52cf21b76 - pina_codama_renderer[3dbe96022a0f0dd0]::tests::load_fixture_root
[INFO] [stdout]   13:     0x64b52cf22ff4 - pina_codama_renderer[3dbe96022a0f0dd0]::tests::counter_with_increment_plugins
[INFO] [stdout]   14:     0x64b52cf35225 - pina_codama_renderer[3dbe96022a0f0dd0]::tests::renders_recorded_compute_unit_budgets_and_the_limit_helper
[INFO] [stdout]   15:     0x64b52cf636c7 - <pina_codama_renderer[3dbe96022a0f0dd0]::tests::renders_recorded_compute_unit_budgets_and_the_limit_helper::{closure#0} as core[df12db4294e9bfd3]::ops::function::FnOnce<()>>::call_once
[INFO] [stdout]   16:     0x64b52d14df5b - test[9d35eded1c95d3be]::__rust_begin_short_backtrace::<core[df12db4294e9bfd3]::result::Result<(), alloc[2182bb758b4b3781]::string::String>, fn() -> core[df12db4294e9bfd3]::result::Result<(), alloc[2182bb758b4b3781]::string::String>>
[INFO] [stdout]   17:     0x64b52d15b5c5 - test[9d35eded1c95d3be]::run_test::{closure#0}
[INFO] [stdout]   18:     0x64b52d154e84 - std[70759c8f55707aa4]::sys::backtrace::__rust_begin_short_backtrace::<test[9d35eded1c95d3be]::run_test::{closure#1}, ()>
[INFO] [stdout]   19:     0x64b52d15e722 - <std[70759c8f55707aa4]::thread::lifecycle::spawn_unchecked<test[9d35eded1c95d3be]::run_test::{closure#1}, ()>::{closure#1} as core[df12db4294e9bfd3]::ops::function::FnOnce<()>>::call_once::{shim:vtable#0}
[INFO] [stdout]   20:     0x64b52d1f04b9 - <std[70759c8f55707aa4]::sys::thread::unix::Thread>::new::thread_start
[INFO] [stdout]   21:     0x7b36deb01dfa - <unknown>
[INFO] [stdout]   22:     0x7b36deb953d4 - clone
[INFO] [stdout]   23:                0x0 - <unknown>
[INFO] [stdout] 
[INFO] [stdout] ---- tests::renders_root_mod_with_unused_program_reexport_allowance stdout ----
[INFO] [stdout] 
[INFO] [stdout] thread 'tests::renders_root_mod_with_unused_program_reexport_allowance' (1221) panicked at src/__tests.rs:86:29:
[INFO] [stdout] failed to load fixture /opt/codama/idls/declare_id_program.json: failed to read `/opt/codama/idls/declare_id_program.json`: No such file or directory (os error 2)
[INFO] [stdout] stack backtrace:
[INFO] [stdout]    0:     0x64b52d1f14a1 - <<std[70759c8f55707aa4]::sys::backtrace::BacktraceLock>::print::DisplayBacktrace as core[df12db4294e9bfd3]::fmt::Display>::fmt
[INFO] [stdout]    1:     0x64b52d20a00a - core[df12db4294e9bfd3]::fmt::write
[INFO] [stdout]    2:     0x64b52d1f5efc - <alloc[2182bb758b4b3781]::vec::Vec<u8> as core[df12db4294e9bfd3]::io::write::Write>::write_fmt
[INFO] [stdout]    3:     0x64b52d1c9856 - std[70759c8f55707aa4]::panicking::default_hook::{closure#0}
[INFO] [stdout]    4:     0x64b52d1e7ba9 - std[70759c8f55707aa4]::panicking::default_hook
[INFO] [stdout]    5:     0x64b52d15ac70 - test[9d35eded1c95d3be]::test_main_inner::<test[9d35eded1c95d3be]::test_main_static::{closure#0}>::{closure#0}
[INFO] [stdout]    6:     0x64b52d1e7ed2 - std[70759c8f55707aa4]::panicking::panic_with_hook
[INFO] [stdout]    7:     0x64b52d1c9902 - std[70759c8f55707aa4]::panicking::panic_handler::{closure#0}
[INFO] [stdout]    8:     0x64b52d1c2149 - std[70759c8f55707aa4]::sys::backtrace::__rust_end_short_backtrace::<std[70759c8f55707aa4]::panicking::panic_handler::{closure#0}, !>
[INFO] [stdout]    9:     0x64b52d1ca74d - __rustc[8fa7c3cbc660c2b3]::rust_begin_unwind
[INFO] [stdout]   10:     0x64b52d20a76c - core[df12db4294e9bfd3]::panicking::panic_fmt
[INFO] [stdout]   11:     0x64b52cf1e4b4 - pina_codama_renderer[3dbe96022a0f0dd0]::tests::load_fixture_root::{closure#0}
[INFO] [stdout]   12:     0x64b52cf21b76 - pina_codama_renderer[3dbe96022a0f0dd0]::tests::load_fixture_root
[INFO] [stdout]   13:     0x64b52cf223b6 - pina_codama_renderer[3dbe96022a0f0dd0]::tests::render_fixture_program
[INFO] [stdout]   14:     0x64b52cf33911 - pina_codama_renderer[3dbe96022a0f0dd0]::tests::renders_root_mod_with_unused_program_reexport_allowance
[INFO] [stdout]   15:     0x64b52cf63639 - <pina_codama_renderer[3dbe96022a0f0dd0]::tests::renders_root_mod_with_unused_program_reexport_allowance::{closure#0} as core[df12db4294e9bfd3]::ops::function::FnOnce<()>>::call_once
[INFO] [stdout]   16:     0x64b52d14df5b - test[9d35eded1c95d3be]::__rust_begin_short_backtrace::<core[df12db4294e9bfd3]::result::Result<(), alloc[2182bb758b4b3781]::string::String>, fn() -> core[df12db4294e9bfd3]::result::Result<(), alloc[2182bb758b4b3781]::string::String>>
[INFO] [stdout]   17:     0x64b52d15b5c5 - test[9d35eded1c95d3be]::run_test::{closure#0}
[INFO] [stdout]   18:     0x64b52d154e84 - std[70759c8f55707aa4]::sys::backtrace::__rust_begin_short_backtrace::<test[9d35eded1c95d3be]::run_test::{closure#1}, ()>
[INFO] [stdout]   19:     0x64b52d15e722 - <std[70759c8f55707aa4]::thread::lifecycle::spawn_unchecked<test[9d35eded1c95d3be]::run_test::{closure#1}, ()>::{closure#1} as core[df12db4294e9bfd3]::ops::function::FnOnce<()>>::call_once::{shim:vtable#0}
[INFO] [stdout]   20:     0x64b52d1f04b9 - <std[70759c8f55707aa4]::sys::thread::unix::Thread>::new::thread_start
[INFO] [stdout]   21:     0x7b36deb01dfa - <unknown>
[INFO] [stdout]   22:     0x7b36deb953d4 - clone
[INFO] [stdout]   23:                0x0 - <unknown>
[INFO] [stdout] 
[INFO] [stdout] ---- tests::snapshots_escrow_take_instruction stdout ----
[INFO] [stdout] 
[INFO] [stdout] thread 'tests::snapshots_escrow_take_instruction' (1227) panicked at src/__tests.rs:86:29:
[INFO] [stdout] failed to load fixture /opt/codama/idls/escrow_program.json: failed to read `/opt/codama/idls/escrow_program.json`: No such file or directory (os error 2)
[INFO] [stdout] stack backtrace:
[INFO] [stdout]    0:     0x64b52d1f14a1 - <<std[70759c8f55707aa4]::sys::backtrace::BacktraceLock>::print::DisplayBacktrace as core[df12db4294e9bfd3]::fmt::Display>::fmt
[INFO] [stdout]    1:     0x64b52d20a00a - core[df12db4294e9bfd3]::fmt::write
[INFO] [stdout]    2:     0x64b52d1f5efc - <alloc[2182bb758b4b3781]::vec::Vec<u8> as core[df12db4294e9bfd3]::io::write::Write>::write_fmt
[INFO] [stdout]    3:     0x64b52d1c9856 - std[70759c8f55707aa4]::panicking::default_hook::{closure#0}
[INFO] [stdout]    4:     0x64b52d1e7ba9 - std[70759c8f55707aa4]::panicking::default_hook
[INFO] [stdout]    5:     0x64b52d15ac70 - test[9d35eded1c95d3be]::test_main_inner::<test[9d35eded1c95d3be]::test_main_static::{closure#0}>::{closure#0}
[INFO] [stdout]    6:     0x64b52d1e7ed2 - std[70759c8f55707aa4]::panicking::panic_with_hook
[INFO] [stdout]    7:     0x64b52d1c9902 - std[70759c8f55707aa4]::panicking::panic_handler::{closure#0}
[INFO] [stdout]    8:     0x64b52d1c2149 - std[70759c8f55707aa4]::sys::backtrace::__rust_end_short_backtrace::<std[70759c8f55707aa4]::panicking::panic_handler::{closure#0}, !>
[INFO] [stdout]    9:     0x64b52d1ca74d - __rustc[8fa7c3cbc660c2b3]::rust_begin_unwind
[INFO] [stdout]   10:     0x64b52d20a76c - core[df12db4294e9bfd3]::panicking::panic_fmt
[INFO] [stdout]   11:     0x64b52cf1e4b4 - pina_codama_renderer[3dbe96022a0f0dd0]::tests::load_fixture_root::{closure#0}
[INFO] [stdout]   12:     0x64b52cf21b76 - pina_codama_renderer[3dbe96022a0f0dd0]::tests::load_fixture_root
[INFO] [stdout]   13:     0x64b52cf223b6 - pina_codama_renderer[3dbe96022a0f0dd0]::tests::render_fixture_program
[INFO] [stdout]   14:     0x64b52cf27701 - pina_codama_renderer[3dbe96022a0f0dd0]::tests::snapshots_escrow_take_instruction
[INFO] [stdout]   15:     0x64b52cf630e9 - <pina_codama_renderer[3dbe96022a0f0dd0]::tests::snapshots_escrow_take_instruction::{closure#0} as core[df12db4294e9bfd3]::ops::function::FnOnce<()>>::call_once
[INFO] [stdout]   16:     0x64b52d14df5b - test[9d35eded1c95d3be]::__rust_begin_short_backtrace::<core[df12db4294e9bfd3]::result::Result<(), alloc[2182bb758b4b3781]::string::String>, fn() -> core[df12db4294e9bfd3]::result::Result<(), alloc[2182bb758b4b3781]::string::String>>
[INFO] [stdout]   17:     0x64b52d15b5c5 - test[9d35eded1c95d3be]::run_test::{closure#0}
[INFO] [stdout]   18:     0x64b52d154e84 - std[70759c8f55707aa4]::sys::backtrace::__rust_begin_short_backtrace::<test[9d35eded1c95d3be]::run_test::{closure#1}, ()>
[INFO] [stdout]   19:     0x64b52d15e722 - <std[70759c8f55707aa4]::thread::lifecycle::spawn_unchecked<test[9d35eded1c95d3be]::run_test::{closure#1}, ()>::{closure#1} as core[df12db4294e9bfd3]::ops::function::FnOnce<()>>::call_once::{shim:vtable#0}
[INFO] [stdout]   20:     0x64b52d1f04b9 - <std[70759c8f55707aa4]::sys::thread::unix::Thread>::new::thread_start
[INFO] [stdout]   21:     0x7b36deb01dfa - <unknown>
[INFO] [stdout]   22:     0x7b36deb953d4 - clone
[INFO] [stdout]   23:                0x0 - <unknown>
[INFO] [stdout] 
[INFO] [stdout] ---- tests::renders_untrusted_multiline_text_as_valid_rust stdout ----
[INFO] [stdout] 
[INFO] [stdout] thread 'tests::renders_untrusted_multiline_text_as_valid_rust' (1225) panicked at src/__tests.rs:86:29:
[INFO] [stdout] failed to load fixture /opt/codama/idls/counter_program.json: failed to read `/opt/codama/idls/counter_program.json`: No such file or directory (os error 2)
[INFO] [stdout] stack backtrace:
[INFO] [stdout]    0:     0x64b52d1f14a1 - <<std[70759c8f55707aa4]::sys::backtrace::BacktraceLock>::print::DisplayBacktrace as core[df12db4294e9bfd3]::fmt::Display>::fmt
[INFO] [stdout]    1:     0x64b52d20a00a - core[df12db4294e9bfd3]::fmt::write
[INFO] [stdout]    2:     0x64b52d1f5efc - <alloc[2182bb758b4b3781]::vec::Vec<u8> as core[df12db4294e9bfd3]::io::write::Write>::write_fmt
[INFO] [stdout]    3:     0x64b52d1c9856 - std[70759c8f55707aa4]::panicking::default_hook::{closure#0}
[INFO] [stdout]    4:     0x64b52d1e7ba9 - std[70759c8f55707aa4]::panicking::default_hook
[INFO] [stdout]    5:     0x64b52d15ac70 - test[9d35eded1c95d3be]::test_main_inner::<test[9d35eded1c95d3be]::test_main_static::{closure#0}>::{closure#0}
[INFO] [stdout]    6:     0x64b52d1e7ed2 - std[70759c8f55707aa4]::panicking::panic_with_hook
[INFO] [stdout]    7:     0x64b52d1c9902 - std[70759c8f55707aa4]::panicking::panic_handler::{closure#0}
[INFO] [stdout]    8:     0x64b52d1c2149 - std[70759c8f55707aa4]::sys::backtrace::__rust_end_short_backtrace::<std[70759c8f55707aa4]::panicking::panic_handler::{closure#0}, !>
[INFO] [stdout]    9:     0x64b52d1ca74d - __rustc[8fa7c3cbc660c2b3]::rust_begin_unwind
[INFO] [stdout]   10:     0x64b52d20a76c - core[df12db4294e9bfd3]::panicking::panic_fmt
[INFO] [stdout]   11:     0x64b52cf1e4b4 - pina_codama_renderer[3dbe96022a0f0dd0]::tests::load_fixture_root::{closure#0}
[INFO] [stdout]   12:     0x64b52cf21b76 - pina_codama_renderer[3dbe96022a0f0dd0]::tests::load_fixture_root
[INFO] [stdout]   13:     0x64b52cf2f01a - pina_codama_renderer[3dbe96022a0f0dd0]::tests::renders_untrusted_multiline_text_as_valid_rust
[INFO] [stdout]   14:     0x64b52cf63309 - <pina_codama_renderer[3dbe96022a0f0dd0]::tests::renders_untrusted_multiline_text_as_valid_rust::{closure#0} as core[df12db4294e9bfd3]::ops::function::FnOnce<()>>::call_once
[INFO] [stdout]   15:     0x64b52d14df5b - test[9d35eded1c95d3be]::__rust_begin_short_backtrace::<core[df12db4294e9bfd3]::result::Result<(), alloc[2182bb758b4b3781]::string::String>, fn() -> core[df12db4294e9bfd3]::result::Result<(), alloc[2182bb758b4b3781]::string::String>>
[INFO] [stdout]   16:     0x64b52d15b5c5 - test[9d35eded1c95d3be]::run_test::{closure#0}
[INFO] [stdout]   17:     0x64b52d154e84 - std[70759c8f55707aa4]::sys::backtrace::__rust_begin_short_backtrace::<test[9d35eded1c95d3be]::run_test::{closure#1}, ()>
[INFO] [stdout]   18:     0x64b52d15e722 - <std[70759c8f55707aa4]::thread::lifecycle::spawn_unchecked<test[9d35eded1c95d3be]::run_test::{closure#1}, ()>::{closure#1} as core[df12db4294e9bfd3]::ops::function::FnOnce<()>>::call_once::{shim:vtable#0}
[INFO] [stdout]   19:     0x64b52d1f04b9 - <std[70759c8f55707aa4]::sys::thread::unix::Thread>::new::thread_start
[INFO] [stdout]   20:     0x7b36deb01dfa - <unknown>
[INFO] [stdout]   21:     0x7b36deb953d4 - clone
[INFO] [stdout]   22:                0x0 - <unknown>
[INFO] [stdout] 
[INFO] [stdout] ---- tests::trees_without_a_manifest_keep_whole_directory_replacement stdout ----
[INFO] [stdout] 
[INFO] [stdout] thread 'tests::trees_without_a_manifest_keep_whole_directory_replacement' (1231) panicked at src/__tests.rs:86:29:
[INFO] [stdout] failed to load fixture /opt/codama/idls/hello_solana_program.json: failed to read `/opt/codama/idls/hello_solana_program.json`: No such file or directory (os error 2)
[INFO] [stdout] stack backtrace:
[INFO] [stdout]    0:     0x64b52d1f14a1 - <<std[70759c8f55707aa4]::sys::backtrace::BacktraceLock>::print::DisplayBacktrace as core[df12db4294e9bfd3]::fmt::Display>::fmt
[INFO] [stdout]    1:     0x64b52d20a00a - core[df12db4294e9bfd3]::fmt::write
[INFO] [stdout]    2:     0x64b52d1f5efc - <alloc[2182bb758b4b3781]::vec::Vec<u8> as core[df12db4294e9bfd3]::io::write::Write>::write_fmt
[INFO] [stdout]    3:     0x64b52d1c9856 - std[70759c8f55707aa4]::panicking::default_hook::{closure#0}
[INFO] [stdout]    4:     0x64b52d1e7ba9 - std[70759c8f55707aa4]::panicking::default_hook
[INFO] [stdout]    5:     0x64b52d15ac70 - test[9d35eded1c95d3be]::test_main_inner::<test[9d35eded1c95d3be]::test_main_static::{closure#0}>::{closure#0}
[INFO] [stdout]    6:     0x64b52d1e7ed2 - std[70759c8f55707aa4]::panicking::panic_with_hook
[INFO] [stdout]    7:     0x64b52d1c9902 - std[70759c8f55707aa4]::panicking::panic_handler::{closure#0}
[INFO] [stdout]    8:     0x64b52d1c2149 - std[70759c8f55707aa4]::sys::backtrace::__rust_end_short_backtrace::<std[70759c8f55707aa4]::panicking::panic_handler::{closure#0}, !>
[INFO] [stdout]    9:     0x64b52d1ca74d - __rustc[8fa7c3cbc660c2b3]::rust_begin_unwind
[INFO] [stdout]   10:     0x64b52d20a76c - core[df12db4294e9bfd3]::panicking::panic_fmt
[INFO] [stdout]   11:     0x64b52cf1e4b4 - pina_codama_renderer[3dbe96022a0f0dd0]::tests::load_fixture_root::{closure#0}
[INFO] [stdout]   12:     0x64b52cf21b76 - pina_codama_renderer[3dbe96022a0f0dd0]::tests::load_fixture_root
[INFO] [stdout]   13:     0x64b52cf34cda - pina_codama_renderer[3dbe96022a0f0dd0]::tests::trees_without_a_manifest_keep_whole_directory_replacement
[INFO] [stdout]   14:     0x64b52cf63699 - <pina_codama_renderer[3dbe96022a0f0dd0]::tests::trees_without_a_manifest_keep_whole_directory_replacement::{closure#0} as core[df12db4294e9bfd3]::ops::function::FnOnce<()>>::call_once
[INFO] [stdout]   15:     0x64b52d14df5b - test[9d35eded1c95d3be]::__rust_begin_short_backtrace::<core[df12db4294e9bfd3]::result::Result<(), alloc[2182bb758b4b3781]::string::String>, fn() -> core[df12db4294e9bfd3]::result::Result<(), alloc[2182bb758b4b3781]::string::String>>
[INFO] [stdout]   16:     0x64b52d15b5c5 - test[9d35eded1c95d3be]::run_test::{closure#0}
[INFO] [stdout]   17:     0x64b52d154e84 - std[70759c8f55707aa4]::sys::backtrace::__rust_begin_short_backtrace::<test[9d35eded1c95d3be]::run_test::{closure#1}, ()>
[INFO] [stdout]   18:     0x64b52d15e722 - <std[70759c8f55707aa4]::thread::lifecycle::spawn_unchecked<test[9d35eded1c95d3be]::run_test::{closure#1}, ()>::{closure#1} as core[df12db4294e9bfd3]::ops::function::FnOnce<()>>::call_once::{shim:vtable#0}
[INFO] [stdout]   19:     0x64b52d1f04b9 - <std[70759c8f55707aa4]::sys::thread::unix::Thread>::new::thread_start
[INFO] [stdout]   20:     0x7b36deb01dfa - <unknown>
[INFO] [stdout]   21:     0x7b36deb953d4 - clone
[INFO] [stdout]   22:                0x0 - <unknown>
[INFO] [stdout] 
[INFO] [stdout] ---- tests::source_only_generation_and_strict_update_are_explicit stdout ----
[INFO] [stdout] 
[INFO] [stdout] thread 'tests::source_only_generation_and_strict_update_are_explicit' (1228) panicked at src/__tests.rs:86:29:
[INFO] [stdout] failed to load fixture /opt/codama/idls/hello_solana_program.json: failed to read `/opt/codama/idls/hello_solana_program.json`: No such file or directory (os error 2)
[INFO] [stdout] stack backtrace:
[INFO] [stdout]    0:     0x64b52d1f14a1 - <<std[70759c8f55707aa4]::sys::backtrace::BacktraceLock>::print::DisplayBacktrace as core[df12db4294e9bfd3]::fmt::Display>::fmt
[INFO] [stdout]    1:     0x64b52d20a00a - core[df12db4294e9bfd3]::fmt::write
[INFO] [stdout]    2:     0x64b52d1f5efc - <alloc[2182bb758b4b3781]::vec::Vec<u8> as core[df12db4294e9bfd3]::io::write::Write>::write_fmt
[INFO] [stdout]    3:     0x64b52d1c9856 - std[70759c8f55707aa4]::panicking::default_hook::{closure#0}
[INFO] [stdout]    4:     0x64b52d1e7ba9 - std[70759c8f55707aa4]::panicking::default_hook
[INFO] [stdout]    5:     0x64b52d15ac70 - test[9d35eded1c95d3be]::test_main_inner::<test[9d35eded1c95d3be]::test_main_static::{closure#0}>::{closure#0}
[INFO] [stdout]    6:     0x64b52d1e7ed2 - std[70759c8f55707aa4]::panicking::panic_with_hook
[INFO] [stdout]    7:     0x64b52d1c9902 - std[70759c8f55707aa4]::panicking::panic_handler::{closure#0}
[INFO] [stdout]    8:     0x64b52d1c2149 - std[70759c8f55707aa4]::sys::backtrace::__rust_end_short_backtrace::<std[70759c8f55707aa4]::panicking::panic_handler::{closure#0}, !>
[INFO] [stdout]    9:     0x64b52d1ca74d - __rustc[8fa7c3cbc660c2b3]::rust_begin_unwind
[INFO] [stdout]   10:     0x64b52d20a76c - core[df12db4294e9bfd3]::panicking::panic_fmt
[INFO] [stdout]   11:     0x64b52cf1e4b4 - pina_codama_renderer[3dbe96022a0f0dd0]::tests::load_fixture_root::{closure#0}
[INFO] [stdout]   12:     0x64b52cf21b76 - pina_codama_renderer[3dbe96022a0f0dd0]::tests::load_fixture_root
[INFO] [stdout]   13:     0x64b52cf331aa - pina_codama_renderer[3dbe96022a0f0dd0]::tests::source_only_generation_and_strict_update_are_explicit
[INFO] [stdout]   14:     0x64b52cf635f9 - <pina_codama_renderer[3dbe96022a0f0dd0]::tests::source_only_generation_and_strict_update_are_explicit::{closure#0} as core[df12db4294e9bfd3]::ops::function::FnOnce<()>>::call_once
[INFO] [stdout]   15:     0x64b52d14df5b - test[9d35eded1c95d3be]::__rust_begin_short_backtrace::<core[df12db4294e9bfd3]::result::Result<(), alloc[2182bb758b4b3781]::string::String>, fn() -> core[df12db4294e9bfd3]::result::Result<(), alloc[2182bb758b4b3781]::string::String>>
[INFO] [stdout]   16:     0x64b52d15b5c5 - test[9d35eded1c95d3be]::run_test::{closure#0}
[INFO] [stdout]   17:     0x64b52d154e84 - std[70759c8f55707aa4]::sys::backtrace::__rust_begin_short_backtrace::<test[9d35eded1c95d3be]::run_test::{closure#1}, ()>
[INFO] [stdout]   18:     0x64b52d15e722 - <std[70759c8f55707aa4]::thread::lifecycle::spawn_unchecked<test[9d35eded1c95d3be]::run_test::{closure#1}, ()>::{closure#1} as core[df12db4294e9bfd3]::ops::function::FnOnce<()>>::call_once::{shim:vtable#0}
[INFO] [stdout]   19:     0x64b52d1f04b9 - <std[70759c8f55707aa4]::sys::thread::unix::Thread>::new::thread_start
[INFO] [stdout]   20:     0x7b36deb01dfa - <unknown>
[INFO] [stdout]   21:     0x7b36deb953d4 - clone
[INFO] [stdout]   22:                0x0 - <unknown>
[INFO] [stdout] 
[INFO] [stdout] ---- tests::tracked_manifests_bound_update_cleanup_to_generated_files stdout ----
[INFO] [stdout] 
[INFO] [stdout] thread 'tests::tracked_manifests_bound_update_cleanup_to_generated_files' (1230) panicked at src/__tests.rs:86:29:
[INFO] [stdout] failed to load fixture /opt/codama/idls/hello_solana_program.json: failed to read `/opt/codama/idls/hello_solana_program.json`: No such file or directory (os error 2)
[INFO] [stdout] stack backtrace:
[INFO] [stdout]    0:     0x64b52d1f14a1 - <<std[70759c8f55707aa4]::sys::backtrace::BacktraceLock>::print::DisplayBacktrace as core[df12db4294e9bfd3]::fmt::Display>::fmt
[INFO] [stdout]    1:     0x64b52d20a00a - core[df12db4294e9bfd3]::fmt::write
[INFO] [stdout]    2:     0x64b52d1f5efc - <alloc[2182bb758b4b3781]::vec::Vec<u8> as core[df12db4294e9bfd3]::io::write::Write>::write_fmt
[INFO] [stdout]    3:     0x64b52d1c9856 - std[70759c8f55707aa4]::panicking::default_hook::{closure#0}
[INFO] [stdout]    4:     0x64b52d1e7ba9 - std[70759c8f55707aa4]::panicking::default_hook
[INFO] [stdout]    5:     0x64b52d15ac70 - test[9d35eded1c95d3be]::test_main_inner::<test[9d35eded1c95d3be]::test_main_static::{closure#0}>::{closure#0}
[INFO] [stdout]    6:     0x64b52d1e7ed2 - std[70759c8f55707aa4]::panicking::panic_with_hook
[INFO] [stdout]    7:     0x64b52d1c9902 - std[70759c8f55707aa4]::panicking::panic_handler::{closure#0}
[INFO] [stdout]    8:     0x64b52d1c2149 - std[70759c8f55707aa4]::sys::backtrace::__rust_end_short_backtrace::<std[70759c8f55707aa4]::panicking::panic_handler::{closure#0}, !>
[INFO] [stdout]    9:     0x64b52d1ca74d - __rustc[8fa7c3cbc660c2b3]::rust_begin_unwind
[INFO] [stdout]   10:     0x64b52d20a76c - core[df12db4294e9bfd3]::panicking::panic_fmt
[INFO] [stdout]   11:     0x64b52cf1e4b4 - pina_codama_renderer[3dbe96022a0f0dd0]::tests::load_fixture_root::{closure#0}
[INFO] [stdout]   12:     0x64b52cf21b76 - pina_codama_renderer[3dbe96022a0f0dd0]::tests::load_fixture_root
[INFO] [stdout]   13:     0x64b52cf33daa - pina_codama_renderer[3dbe96022a0f0dd0]::tests::tracked_manifests_bound_update_cleanup_to_generated_files
[INFO] [stdout]   14:     0x64b52cf63679 - <pina_codama_renderer[3dbe96022a0f0dd0]::tests::tracked_manifests_bound_update_cleanup_to_generated_files::{closure#0} as core[df12db4294e9bfd3]::ops::function::FnOnce<()>>::call_once
[INFO] [stdout]   15:     0x64b52d14df5b - test[9d35eded1c95d3be]::__rust_begin_short_backtrace::<core[df12db4294e9bfd3]::result::Result<(), alloc[2182bb758b4b3781]::string::String>, fn() -> core[df12db4294e9bfd3]::result::Result<(), alloc[2182bb758b4b3781]::string::String>>
[INFO] [stdout]   16:     0x64b52d15b5c5 - test[9d35eded1c95d3be]::run_test::{closure#0}
[INFO] [stdout]   17:     0x64b52d154e84 - std[70759c8f55707aa4]::sys::backtrace::__rust_begin_short_backtrace::<test[9d35eded1c95d3be]::run_test::{closure#1}, ()>
[INFO] [stdout]   18:     0x64b52d15e722 - <std[70759c8f55707aa4]::thread::lifecycle::spawn_unchecked<test[9d35eded1c95d3be]::run_test::{closure#1}, ()>::{closure#1} as core[df12db4294e9bfd3]::ops::function::FnOnce<()>>::call_once::{shim:vtable#0}
[INFO] [stdout]   19:     0x64b52d1f04b9 - <std[70759c8f55707aa4]::sys::thread::unix::Thread>::new::thread_start
[INFO] [stdout]   20:     0x7b36deb01dfa - <unknown>
[INFO] [stdout]   21:     0x7b36deb953d4 - clone
[INFO] [stdout]   22:                0x0 - <unknown>
[INFO] [stdout] 
[INFO] [stdout] ---- tests::unmeasured_programs_render_no_compute_budget_module stdout ----
[INFO] [stdout] 
[INFO] [stdout] thread 'tests::unmeasured_programs_render_no_compute_budget_module' (1232) panicked at src/__tests.rs:86:29:
[INFO] [stdout] failed to load fixture /opt/codama/idls/counter_program.json: failed to read `/opt/codama/idls/counter_program.json`: No such file or directory (os error 2)
[INFO] [stdout] stack backtrace:
[INFO] [stdout]    0:     0x64b52d1f14a1 - <<std[70759c8f55707aa4]::sys::backtrace::BacktraceLock>::print::DisplayBacktrace as core[df12db4294e9bfd3]::fmt::Display>::fmt
[INFO] [stdout]    1:     0x64b52d20a00a - core[df12db4294e9bfd3]::fmt::write
[INFO] [stdout]    2:     0x64b52d1f5efc - <alloc[2182bb758b4b3781]::vec::Vec<u8> as core[df12db4294e9bfd3]::io::write::Write>::write_fmt
[INFO] [stdout]    3:     0x64b52d1c9856 - std[70759c8f55707aa4]::panicking::default_hook::{closure#0}
[INFO] [stdout]    4:     0x64b52d1e7ba9 - std[70759c8f55707aa4]::panicking::default_hook
[INFO] [stdout]    5:     0x64b52d15ac70 - test[9d35eded1c95d3be]::test_main_inner::<test[9d35eded1c95d3be]::test_main_static::{closure#0}>::{closure#0}
[INFO] [stdout]    6:     0x64b52d1e7ed2 - std[70759c8f55707aa4]::panicking::panic_with_hook
[INFO] [stdout]    7:     0x64b52d1c9902 - std[70759c8f55707aa4]::panicking::panic_handler::{closure#0}
[INFO] [stdout]    8:     0x64b52d1c2149 - std[70759c8f55707aa4]::sys::backtrace::__rust_end_short_backtrace::<std[70759c8f55707aa4]::panicking::panic_handler::{closure#0}, !>
[INFO] [stdout]    9:     0x64b52d1ca74d - __rustc[8fa7c3cbc660c2b3]::rust_begin_unwind
[INFO] [stdout]   10:     0x64b52d20a76c - core[df12db4294e9bfd3]::panicking::panic_fmt
[INFO] [stdout]   11:     0x64b52cf1e4b4 - pina_codama_renderer[3dbe96022a0f0dd0]::tests::load_fixture_root::{closure#0}
[INFO] [stdout]   12:     0x64b52cf21b76 - pina_codama_renderer[3dbe96022a0f0dd0]::tests::load_fixture_root
[INFO] [stdout]   13:     0x64b52cf22ff4 - pina_codama_renderer[3dbe96022a0f0dd0]::tests::counter_with_increment_plugins
[INFO] [stdout]   14:     0x64b52cf324ea - pina_codama_renderer[3dbe96022a0f0dd0]::tests::unmeasured_programs_render_no_compute_budget_module
[INFO] [stdout]   15:     0x64b52cf634d7 - <pina_codama_renderer[3dbe96022a0f0dd0]::tests::unmeasured_programs_render_no_compute_budget_module::{closure#0} as core[df12db4294e9bfd3]::ops::function::FnOnce<()>>::call_once
[INFO] [stdout]   16:     0x64b52d14df5b - test[9d35eded1c95d3be]::__rust_begin_short_backtrace::<core[df12db4294e9bfd3]::result::Result<(), alloc[2182bb758b4b3781]::string::String>, fn() -> core[df12db4294e9bfd3]::result::Result<(), alloc[2182bb758b4b3781]::string::String>>
[INFO] [stdout]   17:     0x64b52d15b5c5 - test[9d35eded1c95d3be]::run_test::{closure#0}
[INFO] [stdout]   18:     0x64b52d154e84 - std[70759c8f55707aa4]::sys::backtrace::__rust_begin_short_backtrace::<test[9d35eded1c95d3be]::run_test::{closure#1}, ()>
[INFO] [stdout]   19:     0x64b52d15e722 - <std[70759c8f55707aa4]::thread::lifecycle::spawn_unchecked<test[9d35eded1c95d3be]::run_test::{closure#1}, ()>::{closure#1} as core[df12db4294e9bfd3]::ops::function::FnOnce<()>>::call_once::{shim:vtable#0}
[INFO] [stdout]   20:     0x64b52d1f04b9 - <std[70759c8f55707aa4]::sys::thread::unix::Thread>::new::thread_start
[INFO] [stdout]   21:     0x7b36deb01dfa - <unknown>
[INFO] [stdout]   22:     0x7b36deb953d4 - clone
[INFO] [stdout]   23:                0x0 - <unknown>
[INFO] [stdout] 
[INFO] [stdout] ---- tests::writes_scaffold_with_pinapod_dependency stdout ----
[INFO] [stdout] 
[INFO] [stdout] thread 'tests::writes_scaffold_with_pinapod_dependency' (1234) panicked at src/__tests.rs:86:29:
[INFO] [stdout] failed to load fixture /opt/codama/idls/hello_solana_program.json: failed to read `/opt/codama/idls/hello_solana_program.json`: No such file or directory (os error 2)
[INFO] [stdout] stack backtrace:
[INFO] [stdout]    0:     0x64b52d1f14a1 - <<std[70759c8f55707aa4]::sys::backtrace::BacktraceLock>::print::DisplayBacktrace as core[df12db4294e9bfd3]::fmt::Display>::fmt
[INFO] [stdout]    1:     0x64b52d20a00a - core[df12db4294e9bfd3]::fmt::write
[INFO] [stdout]    2:     0x64b52d1f5efc - <alloc[2182bb758b4b3781]::vec::Vec<u8> as core[df12db4294e9bfd3]::io::write::Write>::write_fmt
[INFO] [stdout]    3:     0x64b52d1c9856 - std[70759c8f55707aa4]::panicking::default_hook::{closure#0}
[INFO] [stdout]    4:     0x64b52d1e7ba9 - std[70759c8f55707aa4]::panicking::default_hook
[INFO] [stdout]    5:     0x64b52d15ac70 - test[9d35eded1c95d3be]::test_main_inner::<test[9d35eded1c95d3be]::test_main_static::{closure#0}>::{closure#0}
[INFO] [stdout]    6:     0x64b52d1e7ed2 - std[70759c8f55707aa4]::panicking::panic_with_hook
[INFO] [stdout]    7:     0x64b52d1c9902 - std[70759c8f55707aa4]::panicking::panic_handler::{closure#0}
[INFO] [stdout]    8:     0x64b52d1c2149 - std[70759c8f55707aa4]::sys::backtrace::__rust_end_short_backtrace::<std[70759c8f55707aa4]::panicking::panic_handler::{closure#0}, !>
[INFO] [stdout]    9:     0x64b52d1ca74d - __rustc[8fa7c3cbc660c2b3]::rust_begin_unwind
[INFO] [stdout]   10:     0x64b52d20a76c - core[df12db4294e9bfd3]::panicking::panic_fmt
[INFO] [stdout]   11:     0x64b52cf1e4b4 - pina_codama_renderer[3dbe96022a0f0dd0]::tests::load_fixture_root::{closure#0}
[INFO] [stdout]   12:     0x64b52cf21b76 - pina_codama_renderer[3dbe96022a0f0dd0]::tests::load_fixture_root
[INFO] [stdout]   13:     0x64b52cf2aab9 - pina_codama_renderer[3dbe96022a0f0dd0]::tests::writes_scaffold_with_pinapod_dependency
[INFO] [stdout]   14:     0x64b52cf631e9 - <pina_codama_renderer[3dbe96022a0f0dd0]::tests::writes_scaffold_with_pinapod_dependency::{closure#0} as core[df12db4294e9bfd3]::ops::function::FnOnce<()>>::call_once
[INFO] [stdout]   15:     0x64b52d14df5b - test[9d35eded1c95d3be]::__rust_begin_short_backtrace::<core[df12db4294e9bfd3]::result::Result<(), alloc[2182bb758b4b3781]::string::String>, fn() -> core[df12db4294e9bfd3]::result::Result<(), alloc[2182bb758b4b3781]::string::String>>
[INFO] [stdout]   16:     0x64b52d15b5c5 - test[9d35eded1c95d3be]::run_test::{closure#0}
[INFO] [stdout]   17:     0x64b52d154e84 - std[70759c8f55707aa4]::sys::backtrace::__rust_begin_short_backtrace::<test[9d35eded1c95d3be]::run_test::{closure#1}, ()>
[INFO] [stdout]   18:     0x64b52d15e722 - <std[70759c8f55707aa4]::thread::lifecycle::spawn_unchecked<test[9d35eded1c95d3be]::run_test::{closure#1}, ()>::{closure#1} as core[df12db4294e9bfd3]::ops::function::FnOnce<()>>::call_once::{shim:vtable#0}
[INFO] [stdout]   19:     0x64b52d1f04b9 - <std[70759c8f55707aa4]::sys::thread::unix::Thread>::new::thread_start
[INFO] [stdout]   20:     0x7b36deb01dfa - <unknown>
[INFO] [stdout]   21:     0x7b36deb953d4 - clone
[INFO] [stdout]   22:                0x0 - <unknown>
[INFO] [stdout] 
[INFO] [stdout] 
[INFO] [stdout] failures:
[INFO] [stdout]     render::events::tests::event_discriminator_bytes_require_a_constant_node
[INFO] [stdout]     render::events::tests::renders_event_modules_with_their_envelope
[INFO] [stdout]     render::events::tests::renders_event_modules_without_history_as_current_only_decoders
[INFO] [stdout]     tests::framework_owned_migration_versions_are_written_and_validated
[INFO] [stdout]     tests::generation_modes_preserve_or_replace_scaffolds
[INFO] [stdout]     tests::generation_modes_reject_unsafe_destination_trees_and_unreadable_paths
[INFO] [stdout]     tests::hand_written_scaffold_files_are_never_tracked_or_overwritten
[INFO] [stdout]     tests::refuses_to_delete_an_unmanaged_directory
[INFO] [stdout]     tests::refuses_to_delete_unmanaged_files_inside_a_generated_directory
[INFO] [stdout]     tests::rejects_dangling_symlinked_generated_directory
[INFO] [stdout]     tests::rejects_malformed_compute_unit_budgets
[INFO] [stdout]     tests::rejects_output_path_escape_without_mutating_files
[INFO] [stdout]     tests::rejects_symlinked_generated_directory
[INFO] [stdout]     tests::render_failure_preserves_last_known_good_output
[INFO] [stdout]     tests::renders_compact_account_fixture_with_dynamic_helpers
[INFO] [stdout]     tests::renders_counter_account_with_pod_types
[INFO] [stdout]     tests::renders_instruction_account_metas_using_self_fields
[INFO] [stdout]     tests::renders_instruction_data_with_discriminator_prefix
[INFO] [stdout]     tests::renders_recorded_compute_unit_budgets_and_the_limit_helper
[INFO] [stdout]     tests::renders_root_mod_with_unused_program_reexport_allowance
[INFO] [stdout]     tests::renders_untrusted_multiline_text_as_valid_rust
[INFO] [stdout]     tests::snapshots_escrow_take_instruction
[INFO] [stdout]     tests::source_only_generation_and_strict_update_are_explicit
[INFO] [stdout]     tests::tracked_manifests_bound_update_cleanup_to_generated_files
[INFO] [stdout]     tests::trees_without_a_manifest_keep_whole_directory_replacement
[INFO] [stdout]     tests::unmeasured_programs_render_no_compute_budget_module
[INFO] [stdout]     tests::writes_scaffold_with_pinapod_dependency
[INFO] [stdout] 
[INFO] [stdout] test result: FAILED. 53 passed; 27 failed; 0 ignored; 0 measured; 0 filtered out; finished in 0.14s
[INFO] [stdout] 
[INFO] running `Command { std: "docker" "inspect" "fa2b0151312b54a5f84c35cb394de337352a50e7e7ccf196cef3430660191da0", kill_on_drop: false }`
[INFO] running `Command { std: "docker" "rm" "-f" "fa2b0151312b54a5f84c35cb394de337352a50e7e7ccf196cef3430660191da0", kill_on_drop: false }`
[INFO] [stdout] fa2b0151312b54a5f84c35cb394de337352a50e7e7ccf196cef3430660191da0
