[INFO] fetching crate pina_cli_renderer 0.23.0...
[INFO] testing pina_cli_renderer-0.23.0 against 1.99.0-beta.8+cargoflags=--release for beta-release-1.100-2
[INFO] extracting crate pina_cli_renderer 0.23.0 into /workspace/builds/worker-2-tc1/source
[INFO] started tweaking crates.io crate pina_cli_renderer 0.23.0
[INFO] finished tweaking crates.io crate pina_cli_renderer 0.23.0
[INFO] tweaked toml for crates.io crate pina_cli_renderer 0.23.0 written to /workspace/builds/worker-2-tc1/source/Cargo.toml
[INFO] validating manifest of crates.io crate pina_cli_renderer 0.23.0 on toolchain 1.99.0-beta.8
[INFO] running `Command { std: CARGO_HOME="/workspace/cargo-home" RUSTUP_HOME="/workspace/rustup-home" "/workspace/cargo-home/bin/cargo" "+1.99.0-beta.8" "metadata" "--manifest-path" "Cargo.toml" "--no-deps", kill_on_drop: false }`
[INFO] crate crates.io crate pina_cli_renderer 0.23.0 already has a lockfile, it will not be regenerated
[INFO] running `Command { std: CARGO_HOME="/workspace/cargo-home" RUSTUP_HOME="/workspace/rustup-home" "/workspace/cargo-home/bin/cargo" "+1.99.0-beta.8" "fetch" "--manifest-path" "Cargo.toml", kill_on_drop: false }`
[INFO] [stderr] warning: Cargo.toml: `lints.clippy.tabs-in-doc-comments` is deprecated in favor of `lints.clippy.tabs_in_doc_comments` and will not work in a future edition
[INFO] [stderr] warning: `pina_cli_renderer` (manifest) generated 1 warning
[INFO] [stderr]     Updating crates.io index
[INFO] [stderr]  Downloading crates ...
[INFO] [stderr]   Downloaded codama-nodes v0.13.2
[INFO] [stderr]   Downloaded codama-nodes-derive v0.13.2
[INFO] [stderr]   Downloaded codama-errors v0.13.2
[INFO] [stderr]   Downloaded cargo_toml v0.20.5
[INFO] [stderr]   Downloaded codama-syn-helpers v0.13.2
[INFO] running `Command { std: "docker" "create" "-v" "/var/lib/crater-agent-workspace/builds/worker-2-tc1/source:/opt/rustwide/workdir:ro,Z" "-v" "/var/lib/crater-agent-workspace/builds/worker-2-tc1/target:/opt/rustwide/target:rw,Z" "-v" "/var/lib/crater-agent-workspace/cargo-home:/opt/rustwide/cargo-home:ro,Z" "-v" "/var/lib/crater-agent-workspace/rustup-home:/opt/rustwide/rustup-home:ro,Z" "-m" "1610612736" "--network" "none" "ghcr.io/rust-lang/crates-build-env/linux@sha256:77db811e55d90add9212f6832c23229e3de5f1c1f9905e8cb07319ea15df73ac" "sleep" "infinity", kill_on_drop: false }`
[INFO] [stdout] 69142feadc6549af2267db7763c7eb722a7d60a4c22081e31ec35b8ecefc9b3c
[INFO] running `Command { std: "docker" "start" "69142feadc6549af2267db7763c7eb722a7d60a4c22081e31ec35b8ecefc9b3c", kill_on_drop: false }`
[INFO] running `Command { std: "docker" "inspect" "69142feadc6549af2267db7763c7eb722a7d60a4c22081e31ec35b8ecefc9b3c", kill_on_drop: false }`
[INFO] running `Command { std: "docker" "exec" "-e" "SOURCE_DIR=/opt/rustwide/workdir" "-e" "CARGO_HOME=/opt/rustwide/cargo-home" "-e" "RUSTUP_HOME=/opt/rustwide/rustup-home" "-e" "CARGO_TARGET_DIR=/opt/rustwide/target" "-w" "/opt/rustwide/workdir" "--user" "0:0" "69142feadc6549af2267db7763c7eb722a7d60a4c22081e31ec35b8ecefc9b3c" "/opt/rustwide/cargo-home/bin/cargo" "+1.99.0-beta.8" "metadata" "--no-deps" "--format-version=1", kill_on_drop: false }`
[INFO] running `Command { std: "docker" "inspect" "69142feadc6549af2267db7763c7eb722a7d60a4c22081e31ec35b8ecefc9b3c", kill_on_drop: false }`
[INFO] running `Command { std: "docker" "exec" "-e" "SOURCE_DIR=/opt/rustwide/workdir" "-e" "CARGO_HOME=/opt/rustwide/cargo-home" "-e" "RUSTUP_HOME=/opt/rustwide/rustup-home" "-e" "CARGO_TARGET_DIR=/opt/rustwide/target" "-e" "CARGO_INCREMENTAL=0" "-e" "RUST_BACKTRACE=full" "-e" "RUSTFLAGS=--cap-lints=warn" "-e" "RUSTDOCFLAGS=--cap-lints=warn" "-w" "/opt/rustwide/workdir" "--user" "0:0" "69142feadc6549af2267db7763c7eb722a7d60a4c22081e31ec35b8ecefc9b3c" "/opt/rustwide/cargo-home/bin/cargo" "+1.99.0-beta.8" "build" "--frozen" "--message-format=json" "--release", kill_on_drop: false }`
[INFO] [stderr] warning: Cargo.toml: `lints.clippy.tabs-in-doc-comments` is deprecated in favor of `lints.clippy.tabs_in_doc_comments` and will not work in a future edition
[INFO] [stderr] warning: `pina_cli_renderer` (manifest) generated 1 warning
[INFO] [stderr]    Compiling serde v1.0.229
[INFO] [stderr]    Compiling syn v2.0.119
[INFO] [stderr]    Compiling winnow v0.7.15
[INFO] [stderr]    Compiling toml_write v0.1.2
[INFO] [stderr]    Compiling indexmap v2.14.2
[INFO] [stderr]    Compiling zmij v1.0.23
[INFO] [stderr]    Compiling thiserror v2.0.21
[INFO] [stderr]    Compiling serde_json v1.0.151
[INFO] [stderr]    Compiling proc-macro2 v1.0.107
[INFO] [stderr]    Compiling unicode-ident v1.0.26
[INFO] [stderr]    Compiling itoa v1.0.18
[INFO] [stderr]    Compiling clap_derive v4.6.7
[INFO] [stderr]    Compiling serde_spanned v0.6.9
[INFO] [stderr]    Compiling toml_datetime v0.6.11
[INFO] [stderr]    Compiling quote v1.0.47
[INFO] [stderr]    Compiling heck v0.5.0
[INFO] [stderr]    Compiling toml_edit v0.22.27
[INFO] [stderr]    Compiling clap v4.6.7
[INFO] [stderr]    Compiling toml v0.8.23
[INFO] [stderr]    Compiling derive_more-impl v1.0.0
[INFO] [stderr]    Compiling derive_more v1.0.0
[INFO] [stderr]    Compiling cargo_toml v0.20.5
[INFO] [stderr]    Compiling codama-errors v0.13.2
[INFO] [stderr]    Compiling codama-syn-helpers v0.13.2
[INFO] [stderr]    Compiling codama-nodes-derive v0.13.2
[INFO] [stderr]    Compiling codama-nodes v0.13.2
[INFO] [stderr]    Compiling pina_cli_renderer v0.23.0 (/opt/rustwide/workdir)
[INFO] [stderr]     Finished `release` profile [optimized] target(s) in 2m 04s
[INFO] running `Command { std: "docker" "inspect" "69142feadc6549af2267db7763c7eb722a7d60a4c22081e31ec35b8ecefc9b3c", kill_on_drop: false }`
[INFO] running `Command { std: "docker" "exec" "-e" "SOURCE_DIR=/opt/rustwide/workdir" "-e" "CARGO_HOME=/opt/rustwide/cargo-home" "-e" "RUSTUP_HOME=/opt/rustwide/rustup-home" "-e" "CARGO_TARGET_DIR=/opt/rustwide/target" "-e" "CARGO_INCREMENTAL=0" "-e" "RUST_BACKTRACE=full" "-e" "RUSTFLAGS=--cap-lints=warn" "-e" "RUSTDOCFLAGS=--cap-lints=warn" "-w" "/opt/rustwide/workdir" "--user" "0:0" "69142feadc6549af2267db7763c7eb722a7d60a4c22081e31ec35b8ecefc9b3c" "/opt/rustwide/cargo-home/bin/cargo" "+1.99.0-beta.8" "test" "--frozen" "--no-run" "--message-format=json" "--release", kill_on_drop: false }`
[INFO] [stderr] warning: Cargo.toml: `lints.clippy.tabs-in-doc-comments` is deprecated in favor of `lints.clippy.tabs_in_doc_comments` and will not work in a future edition
[INFO] [stderr] warning: `pina_cli_renderer` (manifest) generated 1 warning
[INFO] [stderr]    Compiling getrandom v0.4.3
[INFO] [stderr]    Compiling console v0.16.6
[INFO] [stderr]    Compiling tempfile v3.27.0
[INFO] [stderr]    Compiling insta v1.48.0
[INFO] [stderr]    Compiling pina_cli_renderer v0.23.0 (/opt/rustwide/workdir)
[INFO] [stdout] warning: unused import: `std::os::unix::fs::symlink`
[INFO] [stdout]    --> src/__tests.rs:324:6
[INFO] [stdout]     |
[INFO] [stdout] 324 |     use std::os::unix::fs::symlink;
[INFO] [stdout]     |         ^^^^^^^^^^^^^^^^^^^^^^^^^^
[INFO] [stdout]     |
[INFO] [stdout]     = note: `#[warn(unused_imports)]` (part of `#[warn(unused)]`) on by default
[INFO] [stdout] 
[INFO] [stdout] 
[INFO] [stdout] warning: unnecessary qualification
[INFO] [stdout]    --> src/__tests.rs:338:38
[INFO] [stdout]     |
[INFO] [stdout] 338 |         &std::collections::BTreeSet::from([std::path::PathBuf::from("src/main.rs")]),
[INFO] [stdout]     |                                            ^^^^^^^^^^^^^^^^^^^^^^^^
[INFO] [stdout]     |
[INFO] [stdout]     = note: requested on the command line with `-W unused-qualifications`
[INFO] [stdout] help: remove the unnecessary path segments
[INFO] [stdout]     |
[INFO] [stdout] 338 -         &std::collections::BTreeSet::from([std::path::PathBuf::from("src/main.rs")]),
[INFO] [stdout] 338 +         &std::collections::BTreeSet::from([PathBuf::from("src/main.rs")]),
[INFO] [stdout]     |
[INFO] [stdout] 
[INFO] [stdout] 
[INFO] [stderr]     Finished `release` profile [optimized] target(s) in 42.55s
[INFO] running `Command { std: "docker" "inspect" "69142feadc6549af2267db7763c7eb722a7d60a4c22081e31ec35b8ecefc9b3c", kill_on_drop: false }`
[INFO] running `Command { std: "docker" "exec" "-e" "SOURCE_DIR=/opt/rustwide/workdir" "-e" "CARGO_HOME=/opt/rustwide/cargo-home" "-e" "RUSTUP_HOME=/opt/rustwide/rustup-home" "-e" "CARGO_TARGET_DIR=/opt/rustwide/target" "-e" "CARGO_INCREMENTAL=0" "-e" "RUST_BACKTRACE=full" "-e" "RUSTFLAGS=--cap-lints=warn" "-e" "RUSTDOCFLAGS=--cap-lints=warn" "-w" "/opt/rustwide/workdir" "--user" "0:0" "69142feadc6549af2267db7763c7eb722a7d60a4c22081e31ec35b8ecefc9b3c" "/opt/rustwide/cargo-home/bin/cargo" "+1.99.0-beta.8" "test" "--frozen" "--release", kill_on_drop: false }`
[INFO] [stderr] warning: Cargo.toml: `lints.clippy.tabs-in-doc-comments` is deprecated in favor of `lints.clippy.tabs_in_doc_comments` and will not work in a future edition
[INFO] [stderr] warning: `pina_cli_renderer` (manifest) generated 1 warning
[INFO] [stderr] warning: unused import: `std::os::unix::fs::symlink`
[INFO] [stderr]    --> src/__tests.rs:324:6
[INFO] [stderr]     |
[INFO] [stderr] 324 |     use std::os::unix::fs::symlink;
[INFO] [stderr]     |         ^^^^^^^^^^^^^^^^^^^^^^^^^^
[INFO] [stderr]     |
[INFO] [stderr]     = note: `#[warn(unused_imports)]` (part of `#[warn(unused)]`) on by default
[INFO] [stderr] 
[INFO] [stderr] warning: unnecessary qualification
[INFO] [stderr]    --> src/__tests.rs:338:38
[INFO] [stderr]     |
[INFO] [stderr] 338 |         &std::collections::BTreeSet::from([std::path::PathBuf::from("src/main.rs")]),
[INFO] [stderr]     |                                            ^^^^^^^^^^^^^^^^^^^^^^^^
[INFO] [stderr]     |
[INFO] [stderr]     = note: requested on the command line with `-W unused-qualifications`
[INFO] [stderr] help: remove the unnecessary path segments
[INFO] [stderr]     |
[INFO] [stderr] 338 -         &std::collections::BTreeSet::from([std::path::PathBuf::from("src/main.rs")]),
[INFO] [stderr] 338 +         &std::collections::BTreeSet::from([PathBuf::from("src/main.rs")]),
[INFO] [stderr]     |
[INFO] [stderr] 
[INFO] [stderr] warning: `pina_cli_renderer` (lib test) generated 2 warnings (run `cargo fix --lib -p pina_cli_renderer --tests` to apply 2 suggestions)
[INFO] [stderr]     Finished `release` profile [optimized] target(s) in 0.12s
[INFO] [stderr]      Running unittests src/lib.rs (/opt/rustwide/target/release/deps/pina_cli_renderer-a621bae7d6a364f3)
[INFO] [stdout] 
[INFO] [stdout] running 25 tests
[INFO] [stdout] test __tests::only_top_level_root_owned_links_are_trusted ... ok
[INFO] [stdout] test __tests::rejects_idl_names_that_break_rust_identifiers ... ok
[INFO] [stdout] test __tests::overwrite_rejects_a_symlinked_destination_ancestor ... FAILED
[INFO] [stdout] test __tests::optional_accounts_program_cli_snapshot ... FAILED
[INFO] [stdout] test __tests::escrow_program_cli_snapshot ... FAILED
[INFO] [stdout] test __tests::counter_program_cli_snapshot ... FAILED
[INFO] [stdout] test __tests::compact_accounts_program_cli_snapshot ... FAILED
[INFO] [stdout] test __tests::custom_errors_program_cli_snapshot ... FAILED
[INFO] [stdout] test __tests::requests_the_client_limit_only_for_measured_instructions ... ok
[INFO] [stdout] test __tests::rendering_without_a_scaffold_writes_and_tracks_sources_only ... FAILED
[INFO] [stdout] test __tests::tracked_overwrite_still_refuses_repository_trees ... FAILED
[INFO] [stdout] test __tests::scaffold_requires_client_configuration ... FAILED
[INFO] [stdout] test __tests::todo_program_cli_snapshot ... FAILED
[INFO] [stdout] test __tests::profile_program_cli_snapshot ... FAILED
[INFO] [stdout] test __tests::render_root_node_enforces_modes_and_safety ... FAILED
[INFO] [stdout] test generation_manifest::tests::removal_is_scoped_to_the_prefix_and_skips_links_and_missing_paths ... ok
[INFO] [stdout] test generation_manifest::tests::a_directory_entry_never_removes_the_files_inside_it ... ok
[INFO] [stdout] test generation_manifest::tests::only_recorded_paths_that_are_still_files_are_tracked ... ok
[INFO] [stdout] test generation_manifest::tests::round_trip_through_disk_keeps_entries_sorted ... ok
[INFO] [stdout] test generation_manifest::tests::a_manifest_that_cannot_be_written_names_its_path ... ok
[INFO] [stdout] test generation_manifest::tests::entries_are_recorded_with_forward_slashes_on_every_platform ... ok
[INFO] [stdout] test model::tests::constant_seed_rejects_unsupported_value_kinds ... ok
[INFO] [stdout] test generation_manifest::tests::malformed_or_absent_manifests_do_not_load ... ok
[INFO] [stdout] test __tests::system_aliases_below_the_filesystem_root_are_trusted ... ok
[INFO] [stderr] error: test failed, to rerun pass `--lib`
[INFO] [stdout] test generation_manifest::tests::untrusted_entries_are_ignored_but_sane_entries_still_remove ... ok
[INFO] [stdout] 
[INFO] [stdout] failures:
[INFO] [stdout] 
[INFO] [stdout] ---- __tests::overwrite_rejects_a_symlinked_destination_ancestor stdout ----
[INFO] [stdout] 
[INFO] [stdout] thread '__tests::overwrite_rejects_a_symlinked_destination_ancestor' (867) panicked at src/__tests.rs:370:33:
[INFO] [stdout] fixture: failed to read `/opt/codama/idls/counter_program.json`: No such file or directory (os error 2)
[INFO] [stdout] stack backtrace:
[INFO] [stdout]    0:     0x5a111e33f3d1 - <<std[70759c8f55707aa4]::sys::backtrace::BacktraceLock>::print::DisplayBacktrace as core[df12db4294e9bfd3]::fmt::Display>::fmt
[INFO] [stdout]    1:     0x5a111e35750a - core[df12db4294e9bfd3]::fmt::write
[INFO] [stdout]    2:     0x5a111e343ddc - <alloc[2182bb758b4b3781]::vec::Vec<u8> as core[df12db4294e9bfd3]::io::write::Write>::write_fmt
[INFO] [stdout]    3:     0x5a111e3179c6 - std[70759c8f55707aa4]::panicking::default_hook::{closure#0}
[INFO] [stdout]    4:     0x5a111e335d99 - std[70759c8f55707aa4]::panicking::default_hook
[INFO] [stdout]    5:     0x5a111e2c2c70 - test[9d35eded1c95d3be]::test_main_inner::<test[9d35eded1c95d3be]::test_main_static::{closure#0}>::{closure#0}
[INFO] [stdout]    6:     0x5a111e335f52 - std[70759c8f55707aa4]::panicking::panic_with_hook
[INFO] [stdout]    7:     0x5a111e317a72 - std[70759c8f55707aa4]::panicking::panic_handler::{closure#0}
[INFO] [stdout]    8:     0x5a111e3102b9 - std[70759c8f55707aa4]::sys::backtrace::__rust_end_short_backtrace::<std[70759c8f55707aa4]::panicking::panic_handler::{closure#0}, !>
[INFO] [stdout]    9:     0x5a111e3187fd - __rustc[8fa7c3cbc660c2b3]::rust_begin_unwind
[INFO] [stdout]   10:     0x5a111e357c6c - core[df12db4294e9bfd3]::panicking::panic_fmt
[INFO] [stdout]   11:     0x5a111e215774 - pina_cli_renderer[1488ead9d862a831]::__tests::overwrite_rejects_a_symlinked_destination_ancestor::{closure#5}
[INFO] [stdout]   12:     0x5a111e21b1f3 - pina_cli_renderer[1488ead9d862a831]::__tests::overwrite_rejects_a_symlinked_destination_ancestor
[INFO] [stdout]   13:     0x5a111e1f09e9 - <pina_cli_renderer[1488ead9d862a831]::__tests::overwrite_rejects_a_symlinked_destination_ancestor::{closure#0} as core[df12db4294e9bfd3]::ops::function::FnOnce<()>>::call_once
[INFO] [stdout]   14:     0x5a111e2b5f5b - test[9d35eded1c95d3be]::__rust_begin_short_backtrace::<core[df12db4294e9bfd3]::result::Result<(), alloc[2182bb758b4b3781]::string::String>, fn() -> core[df12db4294e9bfd3]::result::Result<(), alloc[2182bb758b4b3781]::string::String>>
[INFO] [stdout]   15:     0x5a111e2c35c5 - test[9d35eded1c95d3be]::run_test::{closure#0}
[INFO] [stdout]   16:     0x5a111e2bce84 - std[70759c8f55707aa4]::sys::backtrace::__rust_begin_short_backtrace::<test[9d35eded1c95d3be]::run_test::{closure#1}, ()>
[INFO] [stdout]   17:     0x5a111e2c6722 - <std[70759c8f55707aa4]::thread::lifecycle::spawn_unchecked<test[9d35eded1c95d3be]::run_test::{closure#1}, ()>::{closure#1} as core[df12db4294e9bfd3]::ops::function::FnOnce<()>>::call_once::{shim:vtable#0}
[INFO] [stdout]   18:     0x5a111e33e3f9 - <std[70759c8f55707aa4]::sys::thread::unix::Thread>::new::thread_start
[INFO] [stdout]   19:     0x70cacd5bedfa - <unknown>
[INFO] [stdout]   20:     0x70cacd6523d4 - clone
[INFO] [stdout]   21:                0x0 - <unknown>
[INFO] [stdout] 
[INFO] [stdout] ---- __tests::optional_accounts_program_cli_snapshot stdout ----
[INFO] [stdout] 
[INFO] [stdout] thread '__tests::optional_accounts_program_cli_snapshot' (866) panicked at src/__tests.rs:31:70:
[INFO] [stdout] optional_accounts_program: failed to read `/opt/codama/idls/optional_accounts_program.json`: No such file or directory (os error 2)
[INFO] [stdout] stack backtrace:
[INFO] [stdout]    0:     0x5a111e33f3d1 - <<std[70759c8f55707aa4]::sys::backtrace::BacktraceLock>::print::DisplayBacktrace as core[df12db4294e9bfd3]::fmt::Display>::fmt
[INFO] [stdout]    1:     0x5a111e35750a - core[df12db4294e9bfd3]::fmt::write
[INFO] [stdout]    2:     0x5a111e343ddc - <alloc[2182bb758b4b3781]::vec::Vec<u8> as core[df12db4294e9bfd3]::io::write::Write>::write_fmt
[INFO] [stdout]    3:     0x5a111e3179c6 - std[70759c8f55707aa4]::panicking::default_hook::{closure#0}
[INFO] [stdout]    4:     0x5a111e335d99 - std[70759c8f55707aa4]::panicking::default_hook
[INFO] [stdout]    5:     0x5a111e2c2c70 - test[9d35eded1c95d3be]::test_main_inner::<test[9d35eded1c95d3be]::test_main_static::{closure#0}>::{closure#0}
[INFO] [stdout]    6:     0x5a111e335f52 - std[70759c8f55707aa4]::panicking::panic_with_hook
[INFO] [stdout]    7:     0x5a111e317a72 - std[70759c8f55707aa4]::panicking::panic_handler::{closure#0}
[INFO] [stdout]    8:     0x5a111e3102b9 - std[70759c8f55707aa4]::sys::backtrace::__rust_end_short_backtrace::<std[70759c8f55707aa4]::panicking::panic_handler::{closure#0}, !>
[INFO] [stdout]    9:     0x5a111e3187fd - __rustc[8fa7c3cbc660c2b3]::rust_begin_unwind
[INFO] [stdout]   10:     0x5a111e357c6c - core[df12db4294e9bfd3]::panicking::panic_fmt
[INFO] [stdout]   11:     0x5a111e214a05 - pina_cli_renderer[1488ead9d862a831]::__tests::render_fixture_files::{closure#0}
[INFO] [stdout]   12:     0x5a111e216848 - pina_cli_renderer[1488ead9d862a831]::__tests::render_fixture_files
[INFO] [stdout]   13:     0x5a111e2177e5 - pina_cli_renderer[1488ead9d862a831]::__tests::optional_accounts_program_cli_snapshot
[INFO] [stdout]   14:     0x5a111e1f0929 - <pina_cli_renderer[1488ead9d862a831]::__tests::optional_accounts_program_cli_snapshot::{closure#0} as core[df12db4294e9bfd3]::ops::function::FnOnce<()>>::call_once
[INFO] [stdout]   15:     0x5a111e2b5f5b - test[9d35eded1c95d3be]::__rust_begin_short_backtrace::<core[df12db4294e9bfd3]::result::Result<(), alloc[2182bb758b4b3781]::string::String>, fn() -> core[df12db4294e9bfd3]::result::Result<(), alloc[2182bb758b4b3781]::string::String>>
[INFO] [stdout]   16:     0x5a111e2c35c5 - test[9d35eded1c95d3be]::run_test::{closure#0}
[INFO] [stdout]   17:     0x5a111e2bce84 - std[70759c8f55707aa4]::sys::backtrace::__rust_begin_short_backtrace::<test[9d35eded1c95d3be]::run_test::{closure#1}, ()>
[INFO] [stdout]   18:     0x5a111e2c6722 - <std[70759c8f55707aa4]::thread::lifecycle::spawn_unchecked<test[9d35eded1c95d3be]::run_test::{closure#1}, ()>::{closure#1} as core[df12db4294e9bfd3]::ops::function::FnOnce<()>>::call_once::{shim:vtable#0}
[INFO] [stdout]   19:     0x5a111e33e3f9 - <std[70759c8f55707aa4]::sys::thread::unix::Thread>::new::thread_start
[INFO] [stdout]   20:     0x70cacd5bedfa - <unknown>
[INFO] [stdout]   21:     0x70cacd6523d4 - clone
[INFO] [stdout]   22:                0x0 - <unknown>
[INFO] [stdout] 
[INFO] [stdout] ---- __tests::escrow_program_cli_snapshot stdout ----
[INFO] [stdout] 
[INFO] [stdout] thread '__tests::escrow_program_cli_snapshot' (864) panicked at src/__tests.rs:31:70:
[INFO] [stdout] escrow_program: failed to read `/opt/codama/idls/escrow_program.json`: No such file or directory (os error 2)
[INFO] [stdout] stack backtrace:
[INFO] [stdout]    0:     0x5a111e33f3d1 - <<std[70759c8f55707aa4]::sys::backtrace::BacktraceLock>::print::DisplayBacktrace as core[df12db4294e9bfd3]::fmt::Display>::fmt
[INFO] [stdout]    1:     0x5a111e35750a - core[df12db4294e9bfd3]::fmt::write
[INFO] [stdout]    2:     0x5a111e343ddc - <alloc[2182bb758b4b3781]::vec::Vec<u8> as core[df12db4294e9bfd3]::io::write::Write>::write_fmt
[INFO] [stdout]    3:     0x5a111e3179c6 - std[70759c8f55707aa4]::panicking::default_hook::{closure#0}
[INFO] [stdout]    4:     0x5a111e335d99 - std[70759c8f55707aa4]::panicking::default_hook
[INFO] [stdout]    5:     0x5a111e2c2c70 - test[9d35eded1c95d3be]::test_main_inner::<test[9d35eded1c95d3be]::test_main_static::{closure#0}>::{closure#0}
[INFO] [stdout]    6:     0x5a111e335f52 - std[70759c8f55707aa4]::panicking::panic_with_hook
[INFO] [stdout]    7:     0x5a111e317a72 - std[70759c8f55707aa4]::panicking::panic_handler::{closure#0}
[INFO] [stdout]    8:     0x5a111e3102b9 - std[70759c8f55707aa4]::sys::backtrace::__rust_end_short_backtrace::<std[70759c8f55707aa4]::panicking::panic_handler::{closure#0}, !>
[INFO] [stdout]    9:     0x5a111e3187fd - __rustc[8fa7c3cbc660c2b3]::rust_begin_unwind
[INFO] [stdout]   10:     0x5a111e357c6c - core[df12db4294e9bfd3]::panicking::panic_fmt
[INFO] [stdout]   11:     0x5a111e214a05 - pina_cli_renderer[1488ead9d862a831]::__tests::render_fixture_files::{closure#0}
[INFO] [stdout]   12:     0x5a111e216848 - pina_cli_renderer[1488ead9d862a831]::__tests::render_fixture_files
[INFO] [stdout]   13:     0x5a111e216de5 - pina_cli_renderer[1488ead9d862a831]::__tests::escrow_program_cli_snapshot
[INFO] [stdout]   14:     0x5a111e1f0889 - <pina_cli_renderer[1488ead9d862a831]::__tests::escrow_program_cli_snapshot::{closure#0} as core[df12db4294e9bfd3]::ops::function::FnOnce<()>>::call_once
[INFO] [stdout]   15:     0x5a111e2b5f5b - test[9d35eded1c95d3be]::__rust_begin_short_backtrace::<core[df12db4294e9bfd3]::result::Result<(), alloc[2182bb758b4b3781]::string::String>, fn() -> core[df12db4294e9bfd3]::result::Result<(), alloc[2182bb758b4b3781]::string::String>>
[INFO] [stdout]   16:     0x5a111e2c35c5 - test[9d35eded1c95d3be]::run_test::{closure#0}
[INFO] [stdout]   17:     0x5a111e2bce84 - std[70759c8f55707aa4]::sys::backtrace::__rust_begin_short_backtrace::<test[9d35eded1c95d3be]::run_test::{closure#1}, ()>
[INFO] [stdout]   18:     0x5a111e2c6722 - <std[70759c8f55707aa4]::thread::lifecycle::spawn_unchecked<test[9d35eded1c95d3be]::run_test::{closure#1}, ()>::{closure#1} as core[df12db4294e9bfd3]::ops::function::FnOnce<()>>::call_once::{shim:vtable#0}
[INFO] [stdout]   19:     0x5a111e33e3f9 - <std[70759c8f55707aa4]::sys::thread::unix::Thread>::new::thread_start
[INFO] [stdout]   20:     0x70cacd5bedfa - <unknown>
[INFO] [stdout]   21:     0x70cacd6523d4 - clone
[INFO] [stdout]   22:                0x0 - <unknown>
[INFO] [stdout] 
[INFO] [stdout] ---- __tests::counter_program_cli_snapshot stdout ----
[INFO] [stdout] 
[INFO] [stdout] thread '__tests::counter_program_cli_snapshot' (862) panicked at src/__tests.rs:31:70:
[INFO] [stdout] counter_program: failed to read `/opt/codama/idls/counter_program.json`: No such file or directory (os error 2)
[INFO] [stdout] stack backtrace:
[INFO] [stdout]    0:     0x5a111e33f3d1 - <<std[70759c8f55707aa4]::sys::backtrace::BacktraceLock>::print::DisplayBacktrace as core[df12db4294e9bfd3]::fmt::Display>::fmt
[INFO] [stdout]    1:     0x5a111e35750a - core[df12db4294e9bfd3]::fmt::write
[INFO] [stdout]    2:     0x5a111e343ddc - <alloc[2182bb758b4b3781]::vec::Vec<u8> as core[df12db4294e9bfd3]::io::write::Write>::write_fmt
[INFO] [stdout]    3:     0x5a111e3179c6 - std[70759c8f55707aa4]::panicking::default_hook::{closure#0}
[INFO] [stdout]    4:     0x5a111e335d99 - std[70759c8f55707aa4]::panicking::default_hook
[INFO] [stdout]    5:     0x5a111e2c2c70 - test[9d35eded1c95d3be]::test_main_inner::<test[9d35eded1c95d3be]::test_main_static::{closure#0}>::{closure#0}
[INFO] [stdout]    6:     0x5a111e335f52 - std[70759c8f55707aa4]::panicking::panic_with_hook
[INFO] [stdout]    7:     0x5a111e317a72 - std[70759c8f55707aa4]::panicking::panic_handler::{closure#0}
[INFO] [stdout]    8:     0x5a111e3102b9 - std[70759c8f55707aa4]::sys::backtrace::__rust_end_short_backtrace::<std[70759c8f55707aa4]::panicking::panic_handler::{closure#0}, !>
[INFO] [stdout]    9:     0x5a111e3187fd - __rustc[8fa7c3cbc660c2b3]::rust_begin_unwind
[INFO] [stdout]   10:     0x5a111e357c6c - core[df12db4294e9bfd3]::panicking::panic_fmt
[INFO] [stdout]   11:     0x5a111e214a05 - pina_cli_renderer[1488ead9d862a831]::__tests::render_fixture_files::{closure#0}
[INFO] [stdout]   12:     0x5a111e216848 - pina_cli_renderer[1488ead9d862a831]::__tests::render_fixture_files
[INFO] [stdout]   13:     0x5a111e216fe5 - pina_cli_renderer[1488ead9d862a831]::__tests::counter_program_cli_snapshot
[INFO] [stdout]   14:     0x5a111e1f08a9 - <pina_cli_renderer[1488ead9d862a831]::__tests::counter_program_cli_snapshot::{closure#0} as core[df12db4294e9bfd3]::ops::function::FnOnce<()>>::call_once
[INFO] [stdout]   15:     0x5a111e2b5f5b - test[9d35eded1c95d3be]::__rust_begin_short_backtrace::<core[df12db4294e9bfd3]::result::Result<(), alloc[2182bb758b4b3781]::string::String>, fn() -> core[df12db4294e9bfd3]::result::Result<(), alloc[2182bb758b4b3781]::string::String>>
[INFO] [stdout]   16:     0x5a111e2c35c5 - test[9d35eded1c95d3be]::run_test::{closure#0}
[INFO] [stdout]   17:     0x5a111e2bce84 - std[70759c8f55707aa4]::sys::backtrace::__rust_begin_short_backtrace::<test[9d35eded1c95d3be]::run_test::{closure#1}, ()>
[INFO] [stdout]   18:     0x5a111e2c6722 - <std[70759c8f55707aa4]::thread::lifecycle::spawn_unchecked<test[9d35eded1c95d3be]::run_test::{closure#1}, ()>::{closure#1} as core[df12db4294e9bfd3]::ops::function::FnOnce<()>>::call_once::{shim:vtable#0}
[INFO] [stdout]   19:     0x5a111e33e3f9 - <std[70759c8f55707aa4]::sys::thread::unix::Thread>::new::thread_start
[INFO] [stdout]   20:     0x70cacd5bedfa - <unknown>
[INFO] [stdout]   21:     0x70cacd6523d4 - clone
[INFO] [stdout]   22:                0x0 - <unknown>
[INFO] [stdout] 
[INFO] [stdout] ---- __tests::compact_accounts_program_cli_snapshot stdout ----
[INFO] [stdout] 
[INFO] [stdout] thread '__tests::compact_accounts_program_cli_snapshot' (861) panicked at src/__tests.rs:31:70:
[INFO] [stdout] compact_accounts_program: failed to read `/opt/codama/idls/compact_accounts_program.json`: No such file or directory (os error 2)
[INFO] [stdout] stack backtrace:
[INFO] [stdout]    0:     0x5a111e33f3d1 - <<std[70759c8f55707aa4]::sys::backtrace::BacktraceLock>::print::DisplayBacktrace as core[df12db4294e9bfd3]::fmt::Display>::fmt
[INFO] [stdout]    1:     0x5a111e35750a - core[df12db4294e9bfd3]::fmt::write
[INFO] [stdout]    2:     0x5a111e343ddc - <alloc[2182bb758b4b3781]::vec::Vec<u8> as core[df12db4294e9bfd3]::io::write::Write>::write_fmt
[INFO] [stdout]    3:     0x5a111e3179c6 - std[70759c8f55707aa4]::panicking::default_hook::{closure#0}
[INFO] [stdout]    4:     0x5a111e335d99 - std[70759c8f55707aa4]::panicking::default_hook
[INFO] [stdout]    5:     0x5a111e2c2c70 - test[9d35eded1c95d3be]::test_main_inner::<test[9d35eded1c95d3be]::test_main_static::{closure#0}>::{closure#0}
[INFO] [stdout]    6:     0x5a111e335f52 - std[70759c8f55707aa4]::panicking::panic_with_hook
[INFO] [stdout]    7:     0x5a111e317a72 - std[70759c8f55707aa4]::panicking::panic_handler::{closure#0}
[INFO] [stdout]    8:     0x5a111e3102b9 - std[70759c8f55707aa4]::sys::backtrace::__rust_end_short_backtrace::<std[70759c8f55707aa4]::panicking::panic_handler::{closure#0}, !>
[INFO] [stdout]    9:     0x5a111e3187fd - __rustc[8fa7c3cbc660c2b3]::rust_begin_unwind
[INFO] [stdout]   10:     0x5a111e357c6c - core[df12db4294e9bfd3]::panicking::panic_fmt
[INFO] [stdout]   11:     0x5a111e214a05 - pina_cli_renderer[1488ead9d862a831]::__tests::render_fixture_files::{closure#0}
[INFO] [stdout]   12:     0x5a111e216848 - pina_cli_renderer[1488ead9d862a831]::__tests::render_fixture_files
[INFO] [stdout]   13:     0x5a111e2175e5 - pina_cli_renderer[1488ead9d862a831]::__tests::compact_accounts_program_cli_snapshot
[INFO] [stdout]   14:     0x5a111e1f0909 - <pina_cli_renderer[1488ead9d862a831]::__tests::compact_accounts_program_cli_snapshot::{closure#0} as core[df12db4294e9bfd3]::ops::function::FnOnce<()>>::call_once
[INFO] [stdout]   15:     0x5a111e2b5f5b - test[9d35eded1c95d3be]::__rust_begin_short_backtrace::<core[df12db4294e9bfd3]::result::Result<(), alloc[2182bb758b4b3781]::string::String>, fn() -> core[df12db4294e9bfd3]::result::Result<(), alloc[2182bb758b4b3781]::string::String>>
[INFO] [stdout]   16:     0x5a111e2c35c5 - test[9d35eded1c95d3be]::run_test::{closure#0}
[INFO] [stdout]   17:     0x5a111e2bce84 - std[70759c8f55707aa4]::sys::backtrace::__rust_begin_short_backtrace::<test[9d35eded1c95d3be]::run_test::{closure#1}, ()>
[INFO] [stdout]   18:     0x5a111e2c6722 - <std[70759c8f55707aa4]::thread::lifecycle::spawn_unchecked<test[9d35eded1c95d3be]::run_test::{closure#1}, ()>::{closure#1} as core[df12db4294e9bfd3]::ops::function::FnOnce<()>>::call_once::{shim:vtable#0}
[INFO] [stdout]   19:     0x5a111e33e3f9 - <std[70759c8f55707aa4]::sys::thread::unix::Thread>::new::thread_start
[INFO] [stdout]   20:     0x70cacd5bedfa - <unknown>
[INFO] [stdout]   21:     0x70cacd6523d4 - clone
[INFO] [stdout]   22:                0x0 - <unknown>
[INFO] [stdout] 
[INFO] [stdout] ---- __tests::custom_errors_program_cli_snapshot stdout ----
[INFO] [stdout] 
[INFO] [stdout] thread '__tests::custom_errors_program_cli_snapshot' (863) panicked at src/__tests.rs:31:70:
[INFO] [stdout] custom_errors_program: failed to read `/opt/codama/idls/custom_errors_program.json`: No such file or directory (os error 2)
[INFO] [stdout] stack backtrace:
[INFO] [stdout]    0:     0x5a111e33f3d1 - <<std[70759c8f55707aa4]::sys::backtrace::BacktraceLock>::print::DisplayBacktrace as core[df12db4294e9bfd3]::fmt::Display>::fmt
[INFO] [stdout]    1:     0x5a111e35750a - core[df12db4294e9bfd3]::fmt::write
[INFO] [stdout]    2:     0x5a111e343ddc - <alloc[2182bb758b4b3781]::vec::Vec<u8> as core[df12db4294e9bfd3]::io::write::Write>::write_fmt
[INFO] [stdout]    3:     0x5a111e3179c6 - std[70759c8f55707aa4]::panicking::default_hook::{closure#0}
[INFO] [stdout]    4:     0x5a111e335d99 - std[70759c8f55707aa4]::panicking::default_hook
[INFO] [stdout]    5:     0x5a111e2c2c70 - test[9d35eded1c95d3be]::test_main_inner::<test[9d35eded1c95d3be]::test_main_static::{closure#0}>::{closure#0}
[INFO] [stdout]    6:     0x5a111e335f52 - std[70759c8f55707aa4]::panicking::panic_with_hook
[INFO] [stdout]    7:     0x5a111e317a72 - std[70759c8f55707aa4]::panicking::panic_handler::{closure#0}
[INFO] [stdout]    8:     0x5a111e3102b9 - std[70759c8f55707aa4]::sys::backtrace::__rust_end_short_backtrace::<std[70759c8f55707aa4]::panicking::panic_handler::{closure#0}, !>
[INFO] [stdout]    9:     0x5a111e3187fd - __rustc[8fa7c3cbc660c2b3]::rust_begin_unwind
[INFO] [stdout]   10:     0x5a111e357c6c - core[df12db4294e9bfd3]::panicking::panic_fmt
[INFO] [stdout]   11:     0x5a111e214a05 - pina_cli_renderer[1488ead9d862a831]::__tests::render_fixture_files::{closure#0}
[INFO] [stdout]   12:     0x5a111e216848 - pina_cli_renderer[1488ead9d862a831]::__tests::render_fixture_files
[INFO] [stdout]   13:     0x5a111e2173e5 - pina_cli_renderer[1488ead9d862a831]::__tests::custom_errors_program_cli_snapshot
[INFO] [stdout]   14:     0x5a111e1f08e9 - <pina_cli_renderer[1488ead9d862a831]::__tests::custom_errors_program_cli_snapshot::{closure#0} as core[df12db4294e9bfd3]::ops::function::FnOnce<()>>::call_once
[INFO] [stdout]   15:     0x5a111e2b5f5b - test[9d35eded1c95d3be]::__rust_begin_short_backtrace::<core[df12db4294e9bfd3]::result::Result<(), alloc[2182bb758b4b3781]::string::String>, fn() -> core[df12db4294e9bfd3]::result::Result<(), alloc[2182bb758b4b3781]::string::String>>
[INFO] [stdout]   16:     0x5a111e2c35c5 - test[9d35eded1c95d3be]::run_test::{closure#0}
[INFO] [stdout]   17:     0x5a111e2bce84 - std[70759c8f55707aa4]::sys::backtrace::__rust_begin_short_backtrace::<test[9d35eded1c95d3be]::run_test::{closure#1}, ()>
[INFO] [stdout]   18:     0x5a111e2c6722 - <std[70759c8f55707aa4]::thread::lifecycle::spawn_unchecked<test[9d35eded1c95d3be]::run_test::{closure#1}, ()>::{closure#1} as core[df12db4294e9bfd3]::ops::function::FnOnce<()>>::call_once::{shim:vtable#0}
[INFO] [stdout]   19:     0x5a111e33e3f9 - <std[70759c8f55707aa4]::sys::thread::unix::Thread>::new::thread_start
[INFO] [stdout]   20:     0x70cacd5bedfa - <unknown>
[INFO] [stdout]   21:     0x70cacd6523d4 - clone
[INFO] [stdout]   22:                0x0 - <unknown>
[INFO] [stdout] 
[INFO] [stdout] ---- __tests::rendering_without_a_scaffold_writes_and_tracks_sources_only stdout ----
[INFO] [stdout] 
[INFO] [stdout] thread '__tests::rendering_without_a_scaffold_writes_and_tracks_sources_only' (871) panicked at src/__tests.rs:156:33:
[INFO] [stdout] fixture: failed to read `/opt/codama/idls/counter_program.json`: No such file or directory (os error 2)
[INFO] [stdout] stack backtrace:
[INFO] [stdout]    0:     0x5a111e33f3d1 - <<std[70759c8f55707aa4]::sys::backtrace::BacktraceLock>::print::DisplayBacktrace as core[df12db4294e9bfd3]::fmt::Display>::fmt
[INFO] [stdout]    1:     0x5a111e35750a - core[df12db4294e9bfd3]::fmt::write
[INFO] [stdout]    2:     0x5a111e343ddc - <alloc[2182bb758b4b3781]::vec::Vec<u8> as core[df12db4294e9bfd3]::io::write::Write>::write_fmt
[INFO] [stdout]    3:     0x5a111e3179c6 - std[70759c8f55707aa4]::panicking::default_hook::{closure#0}
[INFO] [stdout]    4:     0x5a111e335d99 - std[70759c8f55707aa4]::panicking::default_hook
[INFO] [stdout]    5:     0x5a111e2c2c70 - test[9d35eded1c95d3be]::test_main_inner::<test[9d35eded1c95d3be]::test_main_static::{closure#0}>::{closure#0}
[INFO] [stdout]    6:     0x5a111e335f52 - std[70759c8f55707aa4]::panicking::panic_with_hook
[INFO] [stdout]    7:     0x5a111e317a72 - std[70759c8f55707aa4]::panicking::panic_handler::{closure#0}
[INFO] [stdout]    8:     0x5a111e3102b9 - std[70759c8f55707aa4]::sys::backtrace::__rust_end_short_backtrace::<std[70759c8f55707aa4]::panicking::panic_handler::{closure#0}, !>
[INFO] [stdout]    9:     0x5a111e3187fd - __rustc[8fa7c3cbc660c2b3]::rust_begin_unwind
[INFO] [stdout]   10:     0x5a111e357c6c - core[df12db4294e9bfd3]::panicking::panic_fmt
[INFO] [stdout]   11:     0x5a111e215f74 - pina_cli_renderer[1488ead9d862a831]::__tests::rendering_without_a_scaffold_writes_and_tracks_sources_only::{closure#2}
[INFO] [stdout]   12:     0x5a111e21c207 - pina_cli_renderer[1488ead9d862a831]::__tests::rendering_without_a_scaffold_writes_and_tracks_sources_only
[INFO] [stdout]   13:     0x5a111e1f0a99 - <pina_cli_renderer[1488ead9d862a831]::__tests::rendering_without_a_scaffold_writes_and_tracks_sources_only::{closure#0} as core[df12db4294e9bfd3]::ops::function::FnOnce<()>>::call_once
[INFO] [stdout]   14:     0x5a111e2b5f5b - test[9d35eded1c95d3be]::__rust_begin_short_backtrace::<core[df12db4294e9bfd3]::result::Result<(), alloc[2182bb758b4b3781]::string::String>, fn() -> core[df12db4294e9bfd3]::result::Result<(), alloc[2182bb758b4b3781]::string::String>>
[INFO] [stdout]   15:     0x5a111e2c35c5 - test[9d35eded1c95d3be]::run_test::{closure#0}
[INFO] [stdout]   16:     0x5a111e2bce84 - std[70759c8f55707aa4]::sys::backtrace::__rust_begin_short_backtrace::<test[9d35eded1c95d3be]::run_test::{closure#1}, ()>
[INFO] [stdout]   17:     0x5a111e2c6722 - <std[70759c8f55707aa4]::thread::lifecycle::spawn_unchecked<test[9d35eded1c95d3be]::run_test::{closure#1}, ()>::{closure#1} as core[df12db4294e9bfd3]::ops::function::FnOnce<()>>::call_once::{shim:vtable#0}
[INFO] [stdout]   18:     0x5a111e33e3f9 - <std[70759c8f55707aa4]::sys::thread::unix::Thread>::new::thread_start
[INFO] [stdout]   19:     0x70cacd5bedfa - <unknown>
[INFO] [stdout]   20:     0x70cacd6523d4 - clone
[INFO] [stdout]   21:                0x0 - <unknown>
[INFO] [stdout] 
[INFO] [stdout] ---- __tests::tracked_overwrite_still_refuses_repository_trees stdout ----
[INFO] [stdout] 
[INFO] [stdout] thread '__tests::tracked_overwrite_still_refuses_repository_trees' (876) panicked at src/__tests.rs:330:33:
[INFO] [stdout] fixture: failed to read `/opt/codama/idls/counter_program.json`: No such file or directory (os error 2)
[INFO] [stdout] stack backtrace:
[INFO] [stdout]    0:     0x5a111e33f3d1 - <<std[70759c8f55707aa4]::sys::backtrace::BacktraceLock>::print::DisplayBacktrace as core[df12db4294e9bfd3]::fmt::Display>::fmt
[INFO] [stdout]    1:     0x5a111e35750a - core[df12db4294e9bfd3]::fmt::write
[INFO] [stdout]    2:     0x5a111e343ddc - <alloc[2182bb758b4b3781]::vec::Vec<u8> as core[df12db4294e9bfd3]::io::write::Write>::write_fmt
[INFO] [stdout]    3:     0x5a111e3179c6 - std[70759c8f55707aa4]::panicking::default_hook::{closure#0}
[INFO] [stdout]    4:     0x5a111e335d99 - std[70759c8f55707aa4]::panicking::default_hook
[INFO] [stdout]    5:     0x5a111e2c2c70 - test[9d35eded1c95d3be]::test_main_inner::<test[9d35eded1c95d3be]::test_main_static::{closure#0}>::{closure#0}
[INFO] [stdout]    6:     0x5a111e335f52 - std[70759c8f55707aa4]::panicking::panic_with_hook
[INFO] [stdout]    7:     0x5a111e317a72 - std[70759c8f55707aa4]::panicking::panic_handler::{closure#0}
[INFO] [stdout]    8:     0x5a111e3102b9 - std[70759c8f55707aa4]::sys::backtrace::__rust_end_short_backtrace::<std[70759c8f55707aa4]::panicking::panic_handler::{closure#0}, !>
[INFO] [stdout]    9:     0x5a111e3187fd - __rustc[8fa7c3cbc660c2b3]::rust_begin_unwind
[INFO] [stdout]   10:     0x5a111e357c6c - core[df12db4294e9bfd3]::panicking::panic_fmt
[INFO] [stdout]   11:     0x5a111e2153d4 - pina_cli_renderer[1488ead9d862a831]::__tests::tracked_overwrite_still_refuses_repository_trees::{closure#2}
[INFO] [stdout]   12:     0x5a111e21aa5e - pina_cli_renderer[1488ead9d862a831]::__tests::tracked_overwrite_still_refuses_repository_trees
[INFO] [stdout]   13:     0x5a111e1f09c9 - <pina_cli_renderer[1488ead9d862a831]::__tests::tracked_overwrite_still_refuses_repository_trees::{closure#0} as core[df12db4294e9bfd3]::ops::function::FnOnce<()>>::call_once
[INFO] [stdout]   14:     0x5a111e2b5f5b - test[9d35eded1c95d3be]::__rust_begin_short_backtrace::<core[df12db4294e9bfd3]::result::Result<(), alloc[2182bb758b4b3781]::string::String>, fn() -> core[df12db4294e9bfd3]::result::Result<(), alloc[2182bb758b4b3781]::string::String>>
[INFO] [stdout]   15:     0x5a111e2c35c5 - test[9d35eded1c95d3be]::run_test::{closure#0}
[INFO] [stdout]   16:     0x5a111e2bce84 - std[70759c8f55707aa4]::sys::backtrace::__rust_begin_short_backtrace::<test[9d35eded1c95d3be]::run_test::{closure#1}, ()>
[INFO] [stdout]   17:     0x5a111e2c6722 - <std[70759c8f55707aa4]::thread::lifecycle::spawn_unchecked<test[9d35eded1c95d3be]::run_test::{closure#1}, ()>::{closure#1} as core[df12db4294e9bfd3]::ops::function::FnOnce<()>>::call_once::{shim:vtable#0}
[INFO] [stdout]   18:     0x5a111e33e3f9 - <std[70759c8f55707aa4]::sys::thread::unix::Thread>::new::thread_start
[INFO] [stdout]   19:     0x70cacd5bedfa - <unknown>
[INFO] [stdout]   20:     0x70cacd6523d4 - clone
[INFO] [stdout]   21:                0x0 - <unknown>
[INFO] [stdout] 
[INFO] [stdout] ---- __tests::scaffold_requires_client_configuration stdout ----
[INFO] [stdout] 
[INFO] [stdout] thread '__tests::scaffold_requires_client_configuration' (873) panicked at src/__tests.rs:389:33:
[INFO] [stdout] fixture: failed to read `/opt/codama/idls/counter_program.json`: No such file or directory (os error 2)
[INFO] [stdout] stack backtrace:
[INFO] [stdout]    0:     0x5a111e33f3d1 - <<std[70759c8f55707aa4]::sys::backtrace::BacktraceLock>::print::DisplayBacktrace as core[df12db4294e9bfd3]::fmt::Display>::fmt
[INFO] [stdout]    1:     0x5a111e35750a - core[df12db4294e9bfd3]::fmt::write
[INFO] [stdout]    2:     0x5a111e343ddc - <alloc[2182bb758b4b3781]::vec::Vec<u8> as core[df12db4294e9bfd3]::io::write::Write>::write_fmt
[INFO] [stdout]    3:     0x5a111e3179c6 - std[70759c8f55707aa4]::panicking::default_hook::{closure#0}
[INFO] [stdout]    4:     0x5a111e335d99 - std[70759c8f55707aa4]::panicking::default_hook
[INFO] [stdout]    5:     0x5a111e2c2c70 - test[9d35eded1c95d3be]::test_main_inner::<test[9d35eded1c95d3be]::test_main_static::{closure#0}>::{closure#0}
[INFO] [stdout]    6:     0x5a111e335f52 - std[70759c8f55707aa4]::panicking::panic_with_hook
[INFO] [stdout]    7:     0x5a111e317a72 - std[70759c8f55707aa4]::panicking::panic_handler::{closure#0}
[INFO] [stdout]    8:     0x5a111e3102b9 - std[70759c8f55707aa4]::sys::backtrace::__rust_end_short_backtrace::<std[70759c8f55707aa4]::panicking::panic_handler::{closure#0}, !>
[INFO] [stdout]    9:     0x5a111e3187fd - __rustc[8fa7c3cbc660c2b3]::rust_begin_unwind
[INFO] [stdout]   10:     0x5a111e357c6c - core[df12db4294e9bfd3]::panicking::panic_fmt
[INFO] [stdout]   11:     0x5a111e214b94 - pina_cli_renderer[1488ead9d862a831]::__tests::scaffold_requires_client_configuration::{closure#1}
[INFO] [stdout]   12:     0x5a111e217d22 - pina_cli_renderer[1488ead9d862a831]::__tests::scaffold_requires_client_configuration
[INFO] [stdout]   13:     0x5a111e1f0949 - <pina_cli_renderer[1488ead9d862a831]::__tests::scaffold_requires_client_configuration::{closure#0} as core[df12db4294e9bfd3]::ops::function::FnOnce<()>>::call_once
[INFO] [stdout]   14:     0x5a111e2b5f5b - test[9d35eded1c95d3be]::__rust_begin_short_backtrace::<core[df12db4294e9bfd3]::result::Result<(), alloc[2182bb758b4b3781]::string::String>, fn() -> core[df12db4294e9bfd3]::result::Result<(), alloc[2182bb758b4b3781]::string::String>>
[INFO] [stdout]   15:     0x5a111e2c35c5 - test[9d35eded1c95d3be]::run_test::{closure#0}
[INFO] [stdout]   16:     0x5a111e2bce84 - std[70759c8f55707aa4]::sys::backtrace::__rust_begin_short_backtrace::<test[9d35eded1c95d3be]::run_test::{closure#1}, ()>
[INFO] [stdout]   17:     0x5a111e2c6722 - <std[70759c8f55707aa4]::thread::lifecycle::spawn_unchecked<test[9d35eded1c95d3be]::run_test::{closure#1}, ()>::{closure#1} as core[df12db4294e9bfd3]::ops::function::FnOnce<()>>::call_once::{shim:vtable#0}
[INFO] [stdout]   18:     0x5a111e33e3f9 - <std[70759c8f55707aa4]::sys::thread::unix::Thread>::new::thread_start
[INFO] [stdout]   19:     0x70cacd5bedfa - <unknown>
[INFO] [stdout]   20:     0x70cacd6523d4 - clone
[INFO] [stdout]   21:                0x0 - <unknown>
[INFO] [stdout] 
[INFO] [stdout] ---- __tests::todo_program_cli_snapshot stdout ----
[INFO] [stdout] 
[INFO] [stdout] thread '__tests::todo_program_cli_snapshot' (875) panicked at src/__tests.rs:31:70:
[INFO] [stdout] todo_program: failed to read `/opt/codama/idls/todo_program.json`: No such file or directory (os error 2)
[INFO] [stdout] stack backtrace:
[INFO] [stdout]    0:     0x5a111e33f3d1 - <<std[70759c8f55707aa4]::sys::backtrace::BacktraceLock>::print::DisplayBacktrace as core[df12db4294e9bfd3]::fmt::Display>::fmt
[INFO] [stdout]    1:     0x5a111e35750a - core[df12db4294e9bfd3]::fmt::write
[INFO] [stdout]    2:     0x5a111e343ddc - <alloc[2182bb758b4b3781]::vec::Vec<u8> as core[df12db4294e9bfd3]::io::write::Write>::write_fmt
[INFO] [stdout]    3:     0x5a111e3179c6 - std[70759c8f55707aa4]::panicking::default_hook::{closure#0}
[INFO] [stdout]    4:     0x5a111e335d99 - std[70759c8f55707aa4]::panicking::default_hook
[INFO] [stdout]    5:     0x5a111e2c2c70 - test[9d35eded1c95d3be]::test_main_inner::<test[9d35eded1c95d3be]::test_main_static::{closure#0}>::{closure#0}
[INFO] [stdout]    6:     0x5a111e335f52 - std[70759c8f55707aa4]::panicking::panic_with_hook
[INFO] [stdout]    7:     0x5a111e317a72 - std[70759c8f55707aa4]::panicking::panic_handler::{closure#0}
[INFO] [stdout]    8:     0x5a111e3102b9 - std[70759c8f55707aa4]::sys::backtrace::__rust_end_short_backtrace::<std[70759c8f55707aa4]::panicking::panic_handler::{closure#0}, !>
[INFO] [stdout]    9:     0x5a111e3187fd - __rustc[8fa7c3cbc660c2b3]::rust_begin_unwind
[INFO] [stdout]   10:     0x5a111e357c6c - core[df12db4294e9bfd3]::panicking::panic_fmt
[INFO] [stdout]   11:     0x5a111e214a05 - pina_cli_renderer[1488ead9d862a831]::__tests::render_fixture_files::{closure#0}
[INFO] [stdout]   12:     0x5a111e216848 - pina_cli_renderer[1488ead9d862a831]::__tests::render_fixture_files
[INFO] [stdout]   13:     0x5a111e216be5 - pina_cli_renderer[1488ead9d862a831]::__tests::todo_program_cli_snapshot
[INFO] [stdout]   14:     0x5a111e1f0869 - <pina_cli_renderer[1488ead9d862a831]::__tests::todo_program_cli_snapshot::{closure#0} as core[df12db4294e9bfd3]::ops::function::FnOnce<()>>::call_once
[INFO] [stdout]   15:     0x5a111e2b5f5b - test[9d35eded1c95d3be]::__rust_begin_short_backtrace::<core[df12db4294e9bfd3]::result::Result<(), alloc[2182bb758b4b3781]::string::String>, fn() -> core[df12db4294e9bfd3]::result::Result<(), alloc[2182bb758b4b3781]::string::String>>
[INFO] [stdout]   16:     0x5a111e2c35c5 - test[9d35eded1c95d3be]::run_test::{closure#0}
[INFO] [stdout]   17:     0x5a111e2bce84 - std[70759c8f55707aa4]::sys::backtrace::__rust_begin_short_backtrace::<test[9d35eded1c95d3be]::run_test::{closure#1}, ()>
[INFO] [stdout]   18:     0x5a111e2c6722 - <std[70759c8f55707aa4]::thread::lifecycle::spawn_unchecked<test[9d35eded1c95d3be]::run_test::{closure#1}, ()>::{closure#1} as core[df12db4294e9bfd3]::ops::function::FnOnce<()>>::call_once::{shim:vtable#0}
[INFO] [stdout]   19:     0x5a111e33e3f9 - <std[70759c8f55707aa4]::sys::thread::unix::Thread>::new::thread_start
[INFO] [stdout]   20:     0x70cacd5bedfa - <unknown>
[INFO] [stdout]   21:     0x70cacd6523d4 - clone
[INFO] [stdout]   22:                0x0 - <unknown>
[INFO] [stdout] 
[INFO] [stdout] ---- __tests::profile_program_cli_snapshot stdout ----
[INFO] [stdout] 
[INFO] [stdout] thread '__tests::profile_program_cli_snapshot' (868) panicked at src/__tests.rs:31:70:
[INFO] [stdout] profile_program: failed to read `/opt/codama/idls/profile_program.json`: No such file or directory (os error 2)
[INFO] [stdout] stack backtrace:
[INFO] [stdout]    0:     0x5a111e33f3d1 - <<std[70759c8f55707aa4]::sys::backtrace::BacktraceLock>::print::DisplayBacktrace as core[df12db4294e9bfd3]::fmt::Display>::fmt
[INFO] [stdout]    1:     0x5a111e35750a - core[df12db4294e9bfd3]::fmt::write
[INFO] [stdout]    2:     0x5a111e343ddc - <alloc[2182bb758b4b3781]::vec::Vec<u8> as core[df12db4294e9bfd3]::io::write::Write>::write_fmt
[INFO] [stdout]    3:     0x5a111e3179c6 - std[70759c8f55707aa4]::panicking::default_hook::{closure#0}
[INFO] [stdout]    4:     0x5a111e335d99 - std[70759c8f55707aa4]::panicking::default_hook
[INFO] [stdout]    5:     0x5a111e2c2c70 - test[9d35eded1c95d3be]::test_main_inner::<test[9d35eded1c95d3be]::test_main_static::{closure#0}>::{closure#0}
[INFO] [stdout]    6:     0x5a111e335f52 - std[70759c8f55707aa4]::panicking::panic_with_hook
[INFO] [stdout]    7:     0x5a111e317a72 - std[70759c8f55707aa4]::panicking::panic_handler::{closure#0}
[INFO] [stdout]    8:     0x5a111e3102b9 - std[70759c8f55707aa4]::sys::backtrace::__rust_end_short_backtrace::<std[70759c8f55707aa4]::panicking::panic_handler::{closure#0}, !>
[INFO] [stdout]    9:     0x5a111e3187fd - __rustc[8fa7c3cbc660c2b3]::rust_begin_unwind
[INFO] [stdout]   10:     0x5a111e357c6c - core[df12db4294e9bfd3]::panicking::panic_fmt
[INFO] [stdout]   11:     0x5a111e214a05 - pina_cli_renderer[1488ead9d862a831]::__tests::render_fixture_files::{closure#0}
[INFO] [stdout]   12:     0x5a111e216848 - pina_cli_renderer[1488ead9d862a831]::__tests::render_fixture_files
[INFO] [stdout]   13:     0x5a111e2171e5 - pina_cli_renderer[1488ead9d862a831]::__tests::profile_program_cli_snapshot
[INFO] [stdout]   14:     0x5a111e1f08c9 - <pina_cli_renderer[1488ead9d862a831]::__tests::profile_program_cli_snapshot::{closure#0} as core[df12db4294e9bfd3]::ops::function::FnOnce<()>>::call_once
[INFO] [stdout]   15:     0x5a111e2b5f5b - test[9d35eded1c95d3be]::__rust_begin_short_backtrace::<core[df12db4294e9bfd3]::result::Result<(), alloc[2182bb758b4b3781]::string::String>, fn() -> core[df12db4294e9bfd3]::result::Result<(), alloc[2182bb758b4b3781]::string::String>>
[INFO] [stdout]   16:     0x5a111e2c35c5 - test[9d35eded1c95d3be]::run_test::{closure#0}
[INFO] [stdout]   17:     0x5a111e2bce84 - std[70759c8f55707aa4]::sys::backtrace::__rust_begin_short_backtrace::<test[9d35eded1c95d3be]::run_test::{closure#1}, ()>
[INFO] [stdout]   18:     0x5a111e2c6722 - <std[70759c8f55707aa4]::thread::lifecycle::spawn_unchecked<test[9d35eded1c95d3be]::run_test::{closure#1}, ()>::{closure#1} as core[df12db4294e9bfd3]::ops::function::FnOnce<()>>::call_once::{shim:vtable#0}
[INFO] [stdout]   19:     0x5a111e33e3f9 - <std[70759c8f55707aa4]::sys::thread::unix::Thread>::new::thread_start
[INFO] [stdout]   20:     0x70cacd5bedfa - <unknown>
[INFO] [stdout]   21:     0x70cacd6523d4 - clone
[INFO] [stdout]   22:                0x0 - <unknown>
[INFO] [stdout] 
[INFO] [stdout] ---- __tests::render_root_node_enforces_modes_and_safety stdout ----
[INFO] [stdout] 
[INFO] [stdout] thread '__tests::render_root_node_enforces_modes_and_safety' (870) panicked at src/__tests.rs:244:37:
[INFO] [stdout] fixture: failed to read `/opt/codama/idls/counter_program.json`: No such file or directory (os error 2)
[INFO] [stdout] stack backtrace:
[INFO] [stdout]    0:     0x5a111e33f3d1 - <<std[70759c8f55707aa4]::sys::backtrace::BacktraceLock>::print::DisplayBacktrace as core[df12db4294e9bfd3]::fmt::Display>::fmt
[INFO] [stdout]    1:     0x5a111e35750a - core[df12db4294e9bfd3]::fmt::write
[INFO] [stdout]    2:     0x5a111e343ddc - <alloc[2182bb758b4b3781]::vec::Vec<u8> as core[df12db4294e9bfd3]::io::write::Write>::write_fmt
[INFO] [stdout]    3:     0x5a111e3179c6 - std[70759c8f55707aa4]::panicking::default_hook::{closure#0}
[INFO] [stdout]    4:     0x5a111e335d99 - std[70759c8f55707aa4]::panicking::default_hook
[INFO] [stdout]    5:     0x5a111e2c2c70 - test[9d35eded1c95d3be]::test_main_inner::<test[9d35eded1c95d3be]::test_main_static::{closure#0}>::{closure#0}
[INFO] [stdout]    6:     0x5a111e335f52 - std[70759c8f55707aa4]::panicking::panic_with_hook
[INFO] [stdout]    7:     0x5a111e317a72 - std[70759c8f55707aa4]::panicking::panic_handler::{closure#0}
[INFO] [stdout]    8:     0x5a111e3102b9 - std[70759c8f55707aa4]::sys::backtrace::__rust_end_short_backtrace::<std[70759c8f55707aa4]::panicking::panic_handler::{closure#0}, !>
[INFO] [stdout]    9:     0x5a111e3187fd - __rustc[8fa7c3cbc660c2b3]::rust_begin_unwind
[INFO] [stdout]   10:     0x5a111e357c6c - core[df12db4294e9bfd3]::panicking::panic_fmt
[INFO] [stdout]   11:     0x5a111e214944 - pina_cli_renderer[1488ead9d862a831]::__tests::render_root_node_enforces_modes_and_safety::{closure#2}::{closure#0}
[INFO] [stdout]   12:     0x5a111e218cce - pina_cli_renderer[1488ead9d862a831]::__tests::render_root_node_enforces_modes_and_safety
[INFO] [stdout]   13:     0x5a111e1f0969 - <pina_cli_renderer[1488ead9d862a831]::__tests::render_root_node_enforces_modes_and_safety::{closure#0} as core[df12db4294e9bfd3]::ops::function::FnOnce<()>>::call_once
[INFO] [stdout]   14:     0x5a111e2b5f5b - test[9d35eded1c95d3be]::__rust_begin_short_backtrace::<core[df12db4294e9bfd3]::result::Result<(), alloc[2182bb758b4b3781]::string::String>, fn() -> core[df12db4294e9bfd3]::result::Result<(), alloc[2182bb758b4b3781]::string::String>>
[INFO] [stdout]   15:     0x5a111e2c35c5 - test[9d35eded1c95d3be]::run_test::{closure#0}
[INFO] [stdout]   16:     0x5a111e2bce84 - std[70759c8f55707aa4]::sys::backtrace::__rust_begin_short_backtrace::<test[9d35eded1c95d3be]::run_test::{closure#1}, ()>
[INFO] [stdout]   17:     0x5a111e2c6722 - <std[70759c8f55707aa4]::thread::lifecycle::spawn_unchecked<test[9d35eded1c95d3be]::run_test::{closure#1}, ()>::{closure#1} as core[df12db4294e9bfd3]::ops::function::FnOnce<()>>::call_once::{shim:vtable#0}
[INFO] [stdout]   18:     0x5a111e33e3f9 - <std[70759c8f55707aa4]::sys::thread::unix::Thread>::new::thread_start
[INFO] [stdout]   19:     0x70cacd5bedfa - <unknown>
[INFO] [stdout]   20:     0x70cacd6523d4 - clone
[INFO] [stdout]   21:                0x0 - <unknown>
[INFO] [stdout] 
[INFO] [stdout] 
[INFO] [stdout] failures:
[INFO] [stdout]     __tests::compact_accounts_program_cli_snapshot
[INFO] [stdout]     __tests::counter_program_cli_snapshot
[INFO] [stdout]     __tests::custom_errors_program_cli_snapshot
[INFO] [stdout]     __tests::escrow_program_cli_snapshot
[INFO] [stdout]     __tests::optional_accounts_program_cli_snapshot
[INFO] [stdout]     __tests::overwrite_rejects_a_symlinked_destination_ancestor
[INFO] [stdout]     __tests::profile_program_cli_snapshot
[INFO] [stdout]     __tests::render_root_node_enforces_modes_and_safety
[INFO] [stdout]     __tests::rendering_without_a_scaffold_writes_and_tracks_sources_only
[INFO] [stdout]     __tests::scaffold_requires_client_configuration
[INFO] [stdout]     __tests::todo_program_cli_snapshot
[INFO] [stdout]     __tests::tracked_overwrite_still_refuses_repository_trees
[INFO] [stdout] 
[INFO] [stdout] test result: FAILED. 13 passed; 12 failed; 0 ignored; 0 measured; 0 filtered out; finished in 0.02s
[INFO] [stdout] 
[INFO] running `Command { std: "docker" "inspect" "69142feadc6549af2267db7763c7eb722a7d60a4c22081e31ec35b8ecefc9b3c", kill_on_drop: false }`
[INFO] running `Command { std: "docker" "rm" "-f" "69142feadc6549af2267db7763c7eb722a7d60a4c22081e31ec35b8ecefc9b3c", kill_on_drop: false }`
[INFO] [stdout] 69142feadc6549af2267db7763c7eb722a7d60a4c22081e31ec35b8ecefc9b3c
