[INFO] fetching crate pina_abi 0.21.0...
[INFO] testing pina_abi-0.21.0 against 1.100.0-beta.1+cargoflags=--release for beta-release-1.100-2
[INFO] extracting crate pina_abi 0.21.0 into /workspace/builds/worker-1-tc2/source
[INFO] started tweaking crates.io crate pina_abi 0.21.0
[INFO] finished tweaking crates.io crate pina_abi 0.21.0
[INFO] tweaked toml for crates.io crate pina_abi 0.21.0 written to /workspace/builds/worker-1-tc2/source/Cargo.toml
[INFO] validating manifest of crates.io crate pina_abi 0.21.0 on toolchain 1.100.0-beta.1
[INFO] running `Command { std: CARGO_HOME="/workspace/cargo-home" RUSTUP_HOME="/workspace/rustup-home" "/workspace/cargo-home/bin/cargo" "+1.100.0-beta.1" "metadata" "--manifest-path" "Cargo.toml" "--no-deps", kill_on_drop: false }`
[INFO] crate crates.io crate pina_abi 0.21.0 already has a lockfile, it will not be regenerated
[INFO] running `Command { std: CARGO_HOME="/workspace/cargo-home" RUSTUP_HOME="/workspace/rustup-home" "/workspace/cargo-home/bin/cargo" "+1.100.0-beta.1" "fetch" "--manifest-path" "Cargo.toml", kill_on_drop: false }`
[INFO] [stderr] warning: Cargo.toml: `lints.clippy.tabs-in-doc-comments` is deprecated in favor of `lints.clippy.tabs_in_doc_comments` and will not work in a future edition
[INFO] [stderr] warning: `pina_abi` (manifest) generated 1 warning
[INFO] running `Command { std: "docker" "create" "-v" "/var/lib/crater-agent-workspace/builds/worker-1-tc2/source:/opt/rustwide/workdir:ro,Z" "-v" "/var/lib/crater-agent-workspace/builds/worker-1-tc2/target:/opt/rustwide/target:rw,Z" "-v" "/var/lib/crater-agent-workspace/cargo-home:/opt/rustwide/cargo-home:ro,Z" "-v" "/var/lib/crater-agent-workspace/rustup-home:/opt/rustwide/rustup-home:ro,Z" "-m" "1610612736" "--network" "none" "ghcr.io/rust-lang/crates-build-env/linux@sha256:77db811e55d90add9212f6832c23229e3de5f1c1f9905e8cb07319ea15df73ac" "sleep" "infinity", kill_on_drop: false }`
[INFO] [stdout] f851a3d444c0c280ab8d5565a050d5c026b6ae41f8c014da8b3469c27c7ad8f4
[INFO] running `Command { std: "docker" "start" "f851a3d444c0c280ab8d5565a050d5c026b6ae41f8c014da8b3469c27c7ad8f4", kill_on_drop: false }`
[INFO] running `Command { std: "docker" "inspect" "f851a3d444c0c280ab8d5565a050d5c026b6ae41f8c014da8b3469c27c7ad8f4", kill_on_drop: false }`
[INFO] running `Command { std: "docker" "exec" "-e" "SOURCE_DIR=/opt/rustwide/workdir" "-e" "CARGO_HOME=/opt/rustwide/cargo-home" "-e" "RUSTUP_HOME=/opt/rustwide/rustup-home" "-e" "CARGO_TARGET_DIR=/opt/rustwide/target" "-w" "/opt/rustwide/workdir" "--user" "0:0" "f851a3d444c0c280ab8d5565a050d5c026b6ae41f8c014da8b3469c27c7ad8f4" "/opt/rustwide/cargo-home/bin/cargo" "+1.100.0-beta.1" "metadata" "--no-deps" "--format-version=1", kill_on_drop: false }`
[INFO] running `Command { std: "docker" "inspect" "f851a3d444c0c280ab8d5565a050d5c026b6ae41f8c014da8b3469c27c7ad8f4", kill_on_drop: false }`
[INFO] running `Command { std: "docker" "exec" "-e" "SOURCE_DIR=/opt/rustwide/workdir" "-e" "CARGO_HOME=/opt/rustwide/cargo-home" "-e" "RUSTUP_HOME=/opt/rustwide/rustup-home" "-e" "CARGO_TARGET_DIR=/opt/rustwide/target" "-e" "CARGO_INCREMENTAL=0" "-e" "RUST_BACKTRACE=full" "-e" "RUSTFLAGS=--cap-lints=warn" "-e" "RUSTDOCFLAGS=--cap-lints=warn" "-w" "/opt/rustwide/workdir" "--user" "0:0" "f851a3d444c0c280ab8d5565a050d5c026b6ae41f8c014da8b3469c27c7ad8f4" "/opt/rustwide/cargo-home/bin/cargo" "+1.100.0-beta.1" "build" "--frozen" "--message-format=json" "--release", kill_on_drop: false }`
[INFO] [stderr] warning: Cargo.toml: `lints.clippy.tabs-in-doc-comments` is deprecated in favor of `lints.clippy.tabs_in_doc_comments` and will not work in a future edition
[INFO] [stderr] warning: `pina_abi` (manifest) generated 1 warning
[INFO] [stderr]    Compiling unicode-ident v1.0.26
[INFO] [stderr]    Compiling serde_json v1.0.151
[INFO] [stderr]    Compiling semver v1.0.28
[INFO] [stderr]    Compiling ref-cast-impl v1.0.27
[INFO] [stderr]    Compiling serde_derive_internals v0.30.0
[INFO] [stderr]    Compiling serde v1.0.229
[INFO] [stderr]    Compiling sha2 v0.11.0
[INFO] [stderr]    Compiling proc-macro2 v1.0.107
[INFO] [stderr]    Compiling ref-cast v1.0.27
[INFO] [stderr]    Compiling schemars_derive v1.2.2
[INFO] [stderr]    Compiling quote v1.0.47
[INFO] [stderr]    Compiling syn v3.0.6
[INFO] [stderr]    Compiling schemars v1.2.2
[INFO] [stderr]    Compiling pina_abi v0.21.0 (/opt/rustwide/workdir)
[INFO] [stderr]     Finished `release` profile [optimized] target(s) in 43.08s
[INFO] running `Command { std: "docker" "inspect" "f851a3d444c0c280ab8d5565a050d5c026b6ae41f8c014da8b3469c27c7ad8f4", kill_on_drop: false }`
[INFO] running `Command { std: "docker" "exec" "-e" "SOURCE_DIR=/opt/rustwide/workdir" "-e" "CARGO_HOME=/opt/rustwide/cargo-home" "-e" "RUSTUP_HOME=/opt/rustwide/rustup-home" "-e" "CARGO_TARGET_DIR=/opt/rustwide/target" "-e" "CARGO_INCREMENTAL=0" "-e" "RUST_BACKTRACE=full" "-e" "RUSTFLAGS=--cap-lints=warn" "-e" "RUSTDOCFLAGS=--cap-lints=warn" "-w" "/opt/rustwide/workdir" "--user" "0:0" "f851a3d444c0c280ab8d5565a050d5c026b6ae41f8c014da8b3469c27c7ad8f4" "/opt/rustwide/cargo-home/bin/cargo" "+1.100.0-beta.1" "test" "--frozen" "--no-run" "--message-format=json" "--release", kill_on_drop: false }`
[INFO] [stderr] warning: Cargo.toml: `lints.clippy.tabs-in-doc-comments` is deprecated in favor of `lints.clippy.tabs_in_doc_comments` and will not work in a future edition
[INFO] [stderr] warning: `pina_abi` (manifest) generated 1 warning
[INFO] [stderr]    Compiling pina_abi v0.21.0 (/opt/rustwide/workdir)
[INFO] [stdout] warning: unused variable: `table`
[INFO] [stdout]    --> src/consts.rs:739:7
[INFO] [stdout]     |
[INFO] [stdout] 739 |         let table = SchemaConsts::empty();
[INFO] [stdout]     |             ^^^^^ help: if this is intentional, prefix it with an underscore: `_table`
[INFO] [stdout]     |
[INFO] [stdout]     = note: `#[warn(unused_variables)]` (part of `#[warn(unused)]`) on by default
[INFO] [stdout] 
[INFO] [stdout] 
[INFO] [stderr]     Finished `release` profile [optimized] target(s) in 21.06s
[INFO] running `Command { std: "docker" "inspect" "f851a3d444c0c280ab8d5565a050d5c026b6ae41f8c014da8b3469c27c7ad8f4", kill_on_drop: false }`
[INFO] running `Command { std: "docker" "exec" "-e" "SOURCE_DIR=/opt/rustwide/workdir" "-e" "CARGO_HOME=/opt/rustwide/cargo-home" "-e" "RUSTUP_HOME=/opt/rustwide/rustup-home" "-e" "CARGO_TARGET_DIR=/opt/rustwide/target" "-e" "CARGO_INCREMENTAL=0" "-e" "RUST_BACKTRACE=full" "-e" "RUSTFLAGS=--cap-lints=warn" "-e" "RUSTDOCFLAGS=--cap-lints=warn" "-w" "/opt/rustwide/workdir" "--user" "0:0" "f851a3d444c0c280ab8d5565a050d5c026b6ae41f8c014da8b3469c27c7ad8f4" "/opt/rustwide/cargo-home/bin/cargo" "+1.100.0-beta.1" "test" "--frozen" "--release", kill_on_drop: false }`
[INFO] [stderr] warning: Cargo.toml: `lints.clippy.tabs-in-doc-comments` is deprecated in favor of `lints.clippy.tabs_in_doc_comments` and will not work in a future edition
[INFO] [stderr] warning: `pina_abi` (manifest) generated 1 warning
[INFO] [stderr] warning: unused variable: `table`
[INFO] [stderr]    --> src/consts.rs:739:7
[INFO] [stderr]     |
[INFO] [stderr] 739 |         let table = SchemaConsts::empty();
[INFO] [stderr]     |             ^^^^^ help: if this is intentional, prefix it with an underscore: `_table`
[INFO] [stderr]     |
[INFO] [stderr]     = note: `#[warn(unused_variables)]` (part of `#[warn(unused)]`) on by default
[INFO] [stderr] 
[INFO] [stderr] warning: `pina_abi` (lib test) generated 1 warning (run `cargo fix --lib -p pina_abi --tests` to apply 1 suggestion)
[INFO] [stderr]     Finished `release` profile [optimized] target(s) in 0.06s
[INFO] [stderr]      Running unittests src/lib.rs (/opt/rustwide/target/release/build/pina_abi/c0fd32e4fdfd9bbe/out/pina_abi-c0fd32e4fdfd9bbe)
[INFO] [stdout] 
[INFO] [stdout] running 160 tests
[INFO] [stdout] test consts::tests::a_literal_beyond_i128_does_not_resolve ... ok
[INFO] [stdout] test consts::tests::a_repeated_name_at_the_root_does_not_resolve ... ok
[INFO] [stdout] test consts::tests::a_braced_capacity_that_is_not_a_name_yields_no_path ... ok
[INFO] [stdout] test consts::tests::a_capacity_expression_that_is_neither_a_path_nor_a_block_yields_no_path ... ok
[INFO] [stdout] test consts::tests::a_narrowing_cast_truncates_like_rust ... ok
[INFO] [stdout] test consts::tests::a_cast_through_a_qualified_type_does_not_resolve ... ok
[INFO] [stdout] test consts::tests::a_crate_qualified_path_resolves_like_a_bare_one ... ok
[INFO] [stdout] test consts::tests::a_negative_cast_wraps_to_its_unsigned_bits ... ok
[INFO] [stdout] test consts::tests::a_block_capacity_without_a_final_expression_yields_no_path ... ok
[INFO] [stdout] test consts::tests::a_negative_shift_amount_does_not_resolve ... ok
[INFO] [stdout] test consts::tests::a_capacity_expression_naming_a_non_path_does_not_resolve ... ok
[INFO] [stdout] test consts::tests::a_signed_cast_reinterprets_the_sign_bit ... ok
[INFO] [stdout] test consts::tests::a_missing_source_directory_resolves_nothing ... ok
[INFO] [stdout] test consts::tests::a_name_declared_in_two_modules_does_not_resolve ... ok
[INFO] [stdout] test consts::tests::a_cast_to_an_unknown_type_does_not_resolve ... ok
[INFO] [stdout] test consts::tests::a_cast_to_a_non_path_type_does_not_resolve ... ok
[INFO] [stdout] test consts::tests::a_non_integer_cast_does_not_resolve ... ok
[INFO] [stdout] test consts::tests::a_self_referential_constant_does_not_resolve ... ok
[INFO] [stdout] test consts::tests::a_unique_qualified_name_still_resolves ... ok
[INFO] [stdout] test consts::tests::a_value_outside_usize_does_not_resolve_as_a_capacity ... ok
[INFO] [stdout] test consts::tests::a_widening_cast_keeps_the_value ... ok
[INFO] [stdout] test consts::tests::an_arbitrary_expression_does_not_resolve ... ok
[INFO] [stdout] test consts::tests::an_arithmetic_capacity_references_every_constant_it_reads ... ok
[INFO] [stdout] test consts::tests::an_arithmetic_capacity_resolves_through_a_cast ... ok
[INFO] [stdout] test consts::tests::collection_walks_every_expression_shape ... ok
[INFO] [stdout] test consts::tests::collect_items_ignores_a_module_without_an_inline_body ... ok
[INFO] [stdout] test consts::tests::evaluates_block_expressions ... ok
[INFO] [stdout] test consts::tests::collect_items_skips_a_file_level_module_without_a_body ... ok
[INFO] [stdout] test consts::tests::collection_stops_at_the_depth_limit ... ok
[INFO] [stdout] test consts::tests::collects_constants_nested_in_inline_modules ... ok
[INFO] [stdout] test consts::tests::evaluates_every_supported_binary_operator ... ok
[INFO] [stdout] test consts::tests::collects_constants_from_source_files ... ok
[INFO] [stdout] test consts::tests::collect_items_ignores_other_item_kinds ... ok
[INFO] [stdout] test consts::tests::evaluates_unary_and_comparison_expressions ... ok
[INFO] [stdout] test consts::tests::extending_a_table_keeps_the_existing_value ... ok
[INFO] [stdout] test consts::tests::extending_can_resolve_a_name_the_first_table_could_not ... ok
[INFO] [stdout] test consts::tests::evaluates_parenthesized_and_cast_expressions ... ok
[INFO] [stdout] test consts::tests::evaluate_handles_a_group_wrapped_expression ... ok
[INFO] [stdout] test consts::tests::every_integer_cast_width_truncates ... ok
[INFO] [stdout] test consts::tests::an_unreadable_source_file_is_skipped ... FAILED
[INFO] [stdout] test consts::tests::normalize_ignores_a_generic_without_capacity_arguments ... ok
[INFO] [stdout] test consts::tests::leaves_prefix_widths_alone ... ok
[INFO] [stdout] test consts::tests::leaves_an_unknown_capacity_in_place ... ok
[INFO] [stdout] test consts::tests::normalize_descends_through_a_collection_of_collections ... ok
[INFO] [stdout] test consts::tests::normalize_descends_through_parenthesized_types ... ok
[INFO] [stdout] test consts::tests::leaves_cyclic_constants_unresolved ... ok
[INFO] [stdout] test consts::tests::normalize_descends_through_grouped_types ... ok
[INFO] [stdout] test consts::tests::normalize_ignores_an_unresolvable_const_argument ... ok
[INFO] [stdout] test consts::tests::normalize_file_walks_a_nested_module ... ok
[INFO] [stdout] test consts::tests::normalize_ignores_items_that_are_not_structs ... ok
[INFO] [stdout] test consts::tests::normalize_ignores_a_qualified_capacity_type ... ok
[INFO] [stdout] test consts::tests::leaves_the_element_type_alone ... ok
[INFO] [stdout] test consts::tests::normalize_leaves_types_outside_the_capacity_grammar_alone ... ok
[INFO] [stdout] test consts::tests::ignores_non_integer_constants ... ok
[INFO] [stdout] test consts::tests::normalize_file_finishes_a_module_whose_last_item_is_a_struct ... ok
[INFO] [stdout] test consts::tests::normalize_file_skips_a_file_module_without_a_body ... ok
[INFO] [stdout] test consts::tests::normalize_resolves_a_const_argument_in_a_generic ... ok
[INFO] [stdout] test consts::tests::normalize_replaces_a_braced_capacity_expression ... ok
[INFO] [stdout] test consts::tests::normalize_resolves_a_string_capacity ... ok
[INFO] [stdout] test consts::tests::normalizes_a_bare_constant_capacity_in_a_vector ... ok
[INFO] [stdout] test consts::tests::reference_proofs_ignore_a_lifetime_argument ... ok
[INFO] [stdout] test consts::tests::normalizes_a_constant_array_length ... ok
[INFO] [stdout] test consts::tests::reference_proofs_are_empty_for_a_literal_schema ... ok
[INFO] [stdout] test consts::tests::reference_proofs_ignore_a_qualified_capacity_type ... ok
[INFO] [stdout] test consts::tests::normalizes_structs_nested_in_inline_modules ... ok
[INFO] [stdout] test consts::tests::reference_assertion_is_empty_for_an_unknown_name ... ok
[INFO] [stdout] test consts::tests::reference_assertion_is_empty_for_a_name_the_table_does_not_know ... ok
[INFO] [stdout] test consts::tests::reference_proofs_ignore_a_non_generic_field_type ... ok
[INFO] [stdout] test consts::tests::reference_proofs_are_emitted_for_a_bare_capacity_name ... ok
[INFO] [stdout] test consts::tests::reference_proofs_descend_through_grouped_types ... ok
[INFO] [stdout] test consts::tests::reference_proofs_descend_through_options_and_elements ... ok
[INFO] [stdout] test consts::tests::reference_proofs_descend_through_parenthesized_types ... ok
[INFO] [stdout] test consts::tests::reference_proofs_ignore_a_non_path_capacity_position ... ok
[INFO] [stdout] test consts::tests::reference_proofs_skip_a_grouped_expression ... ok
[INFO] [stdout] test consts::tests::resolves_a_constant_through_a_module_path ... ok
[INFO] [stdout] test consts::tests::resolves_constants_declared_in_any_order ... ok
[INFO] [stdout] test consts::tests::structs_skips_items_that_are_not_structs ... ok
[INFO] [stdout] test convert::tests::the_ledger_step_without_pending_keeps_its_receipts ... ok
[INFO] [stdout] test convert::tests::the_manifest_step_rejects_facts_it_cannot_prove ... ok
[INFO] [stdout] test consts::tests::reference_proofs_are_emitted_for_a_string_capacity ... ok
[INFO] [stdout] test consts::tests::the_empty_table_resolves_nothing ... ok
[INFO] [stdout] test convert::tests::the_ledger_step_keeps_only_facts_nothing_else_records ... ok
[INFO] [stdout] test consts::tests::normalizes_an_expression_capacity ... ok
[INFO] [stdout] test consts::tests::resolves_constants_nested_in_modules ... ok
[INFO] [stdout] test convert::tests::the_manifest_step_drops_identity_codec_and_event_transitions ... ok
[INFO] [stdout] test consts::tests::normalizes_nested_compact_tails ... ok
[INFO] [stdout] test consts::tests::reference_proofs_ignore_a_braced_block_without_a_name ... ok
[INFO] [stdout] test tests::a_decoded_manifest_derives_every_identity_from_its_key ... ok
[INFO] [stdout] test tests::a_plain_identifier_rust_name_passes_validation ... ok
[INFO] [stdout] test consts::tests::reference_proofs_are_emitted_for_a_const_argument ... ok
[INFO] [stdout] test tests::a_document_below_the_baseline_names_the_remedy ... ok
[INFO] [stdout] test tests::a_non_identifier_rust_name_fails_validation_with_a_typed_error ... ok
[INFO] [stdout] test tests::abi_version_does_not_lag_the_crate_and_ahead_requires_a_changeset ... ok
[INFO] [stdout] test tests::a_hole_in_the_step_table_leaves_the_walk_unreachable ... ok
[INFO] [stdout] test consts::tests::reference_proofs_skip_a_qualified_associated_path ... ok
[INFO] [stdout] test consts::tests::reference_proofs_skip_an_unknown_name ... ok
[INFO] [stdout] test consts::tests::resolution_stops_at_the_reference_depth_limit ... ok
[INFO] [stdout] test tests::derived_hashes_and_process_lookups_cover_an_instruction_history ... ok
[INFO] [stdout] test consts::tests::resolves_a_bare_constant ... ok
[INFO] [stdout] test tests::an_unenveloped_instruction_serializes_its_envelope_flag ... ok
[INFO] [stdout] test tests::auto_policy_serializes_the_config_spelling_and_rejects_unknown_kinds ... ok
[INFO] [stdout] test consts::tests::resolves_arithmetic_over_constants ... ok
[INFO] [stdout] test tests::auto_schema_enumerates_the_kinds_the_reader_accepts ... ok
[INFO] [stdout] test tests::both_documents_encode_and_decode_through_the_same_model ... ok
[INFO] [stdout] test tests::events_reject_a_process_and_accounts_reject_a_compact_instruction ... ok
[INFO] [stdout] test tests::an_identity_step_preserves_the_document ... ok
[INFO] [stdout] test tests::contract_keys_round_trip_through_identities ... ok
[INFO] [stdout] test tests::converter_chain_is_gapless_and_reaches_current ... ok
[INFO] [stdout] test tests::a_rename_into_an_unknown_destination_field_is_rejected ... ok
[INFO] [stdout] test convert::tests::the_ledger_step_refuses_facts_it_cannot_prove ... ok
[INFO] [stdout] test tests::current_manifest_rejects_unknown_fields ... ok
[INFO] [stdout] test tests::deep_type_strings_are_bounded ... ok
[INFO] [stdout] test tests::distinct_field_names_pass_schema_validation ... ok
[INFO] [stdout] test tests::document_decoder_rejects_missing_and_future_versions ... ok
[INFO] [stdout] test tests::document_version_accepts_minor_and_rejects_patch ... ok
[INFO] [stdout] test tests::checked_in_schema_artifacts_match_the_generated_schema ... ok
[INFO] [stdout] test tests::duplicate_field_names_fail_schema_validation ... ok
[INFO] [stdout] test tests::encoding_rejects_an_invalid_document ... ok
[INFO] [stdout] test tests::events_are_versioned_without_transitions ... ok
[INFO] [stdout] test tests::fixed_point_types_reject_invalid_arity ... ok
[INFO] [stdout] test tests::float_types_size_by_backing_width ... ok
[INFO] [stdout] test tests::document_schemas_cover_both_documents_and_name_themselves ... ok
[INFO] [stdout] test tests::fixed_point_types_size_by_backing_width ... ok
[INFO] [stdout] test tests::identity_uses_exact_little_endian_discriminator ... ok
[INFO] [stdout] test tests::legacy_pins_come_from_the_manifest ... ok
[INFO] [stdout] test tests::manifest_rejects_noncanonical_contract_keys ... ok
[INFO] [stdout] test tests::manifest_version_zero_cannot_carry_a_transition ... ok
[INFO] [stdout] test tests::manifest_requires_a_transition_for_every_later_version ... ok
[INFO] [stdout] test tests::manifest_round_trips_and_stores_no_derivations ... ok
[INFO] [stdout] test tests::process_compatibility_accepts_only_an_unchanged_prefix_and_optional_suffix ... ok
[INFO] [stdout] test tests::only_an_instruction_may_omit_the_envelope ... ok
[INFO] [stdout] test tests::manifest_rejects_contract_key_width_mismatches ... ok
[INFO] [stdout] test tests::process_compatibility_ignores_client_hints ... ok
[INFO] [stdout] test tests::process_proof_is_derived_for_an_appended_optional_slot ... ok
[INFO] [stdout] test tests::publication_ledger_rejects_version_regression ... ok
[INFO] [stdout] test tests::schema_required_fields_match_a_written_document ... ok
[INFO] [stdout] test tests::manifest_rejects_path_traversal_in_contract_keys ... ok
[INFO] [stdout] test tests::manifest_contract_keys_must_match_their_identity ... ok
[INFO] [stdout] test tests::instruction_and_event_histories_reject_compact_layouts ... ok
[INFO] [stdout] test tests::instruction_process_transition_rejects_a_breaking_change ... ok
[INFO] [stdout] test tests::instruction_versions_require_a_process_contract ... ok
[INFO] [stdout] test tests::physical_layout_freezes_compact_headers_tails_and_alignment ... ok
[INFO] [stdout] test tests::frozen_fixture_schemas_match_their_recorded_version ... ok
[INFO] [stdout] test tests::every_frozen_fixture_decodes_to_the_current_model ... ok
[INFO] [stdout] test tests::physical_layout_rejects_shapes_the_compact_macro_cannot_generate ... ok
[INFO] [stdout] test tests::the_walk_applies_each_step_once_and_stops_at_the_target ... ok
[INFO] [stdout] test tests::policies_parse_the_spellings_they_display ... ok
[INFO] [stdout] test tests::source_schema_is_stable_across_type_qualification ... ok
[INFO] [stdout] test tests::typed_arrays_size_by_element_composition ... ok
[INFO] [stdout] test tests::validation_reports_every_structural_violation ... ok
[INFO] [stdout] test tests::transition_validates_renames_against_neighbouring_fields ... ok
[INFO] [stdout] test tests::publication_records_must_be_well_formed ... ok
[INFO] [stdout] test tests::walk_cannot_reach_a_version_below_the_baseline ... ok
[INFO] [stdout] test tests::publication_ledger_tracks_published_versions ... ok
[INFO] [stdout] test tests::walk_rejects_a_document_from_the_future ... ok
[INFO] [stdout] test tests::walk_is_identity_at_the_current_version ... ok
[INFO] [stdout] test tests::wire_types_collapse_only_true_respellings ... ok
[INFO] [stdout] test tests::schema_hashes_keep_the_codec_in_their_preimage ... ok
[INFO] [stdout] test tests::version_numbers_are_positions_and_hashes_are_derived ... ok
[INFO] [stdout] test tests::the_0_20_fixtures_convert_to_the_0_21_fixtures ... ok
[INFO] [stdout] 
[INFO] [stdout] failures:
[INFO] [stdout] 
[INFO] [stdout] ---- consts::tests::an_unreadable_source_file_is_skipped stdout ----
[INFO] [stdout] 
[INFO] [stdout] thread 'consts::tests::an_unreadable_source_file_is_skipped' (506) panicked at src/consts.rs:1556:9:
[INFO] [stdout] assertion failed: table.resolve_path(&syn::parse_quote!(HEIGHT)).is_none()
[INFO] [stdout] stack backtrace:
[INFO] [stdout]    0:     0x5ce5740d6a11 - <<std[617be2ca0a6fd877]::sys::backtrace::BacktraceLock>::print::DisplayBacktrace as core[a373ad73a504971]::fmt::Display>::fmt
[INFO] [stdout]    1:     0x5ce5740ec52a - core[a373ad73a504971]::fmt::write
[INFO] [stdout]    2:     0x5ce5740daf6c - <alloc[2e1b2a31b91974c5]::vec::Vec<u8> as core[a373ad73a504971]::io::write::Write>::write_fmt
[INFO] [stdout]    3:     0x5ce5740b08d6 - std[617be2ca0a6fd877]::panicking::default_hook::{closure#0}
[INFO] [stdout]    4:     0x5ce5740cdc69 - std[617be2ca0a6fd877]::panicking::default_hook
[INFO] [stdout]    5:     0x5ce573f2bd00 - test[aada8e7e76ba119b]::test_main_inner::{closure#0}
[INFO] [stdout]    6:     0x5ce5740cdf92 - std[617be2ca0a6fd877]::panicking::panic_with_hook
[INFO] [stdout]    7:     0x5ce5740b09b4 - std[617be2ca0a6fd877]::panicking::panic_handler::{closure#0}
[INFO] [stdout]    8:     0x5ce5740a9349 - std[617be2ca0a6fd877]::sys::backtrace::__rust_end_short_backtrace::<std[617be2ca0a6fd877]::panicking::panic_handler::{closure#0}, !>
[INFO] [stdout]    9:     0x5ce5740b164d - __rustc[ea4f61d10b84890b]::rust_begin_unwind
[INFO] [stdout]   10:     0x5ce5740ecc8c - core[a373ad73a504971]::panicking::panic_fmt
[INFO] [stdout]   11:     0x5ce5740ecc52 - core[a373ad73a504971]::panicking::panic
[INFO] [stdout]   12:     0x5ce573e93304 - <pina_abi[29be3d19c1823db8]::consts::tests::an_unreadable_source_file_is_skipped::{closure#0} as core[a373ad73a504971]::ops::function::FnOnce<()>>::call_once
[INFO] [stdout]   13:     0x5ce573f1f14b - test[aada8e7e76ba119b]::__rust_begin_short_backtrace::<core[a373ad73a504971]::result::Result<(), alloc[2e1b2a31b91974c5]::string::String>, fn() -> core[a373ad73a504971]::result::Result<(), alloc[2e1b2a31b91974c5]::string::String>>
[INFO] [stdout]   14:     0x5ce573f2c325 - test[aada8e7e76ba119b]::run_test::{closure#0}
[INFO] [stdout]   15:     0x5ce573f25c14 - std[617be2ca0a6fd877]::sys::backtrace::__rust_begin_short_backtrace::<test[aada8e7e76ba119b]::run_test::{closure#1}, ()>
[INFO] [stdout]   16:     0x5ce573f2f3b2 - <std[617be2ca0a6fd877]::thread::lifecycle::spawn_unchecked<test[aada8e7e76ba119b]::run_test::{closure#1}, ()>::{closure#1} as core[a373ad73a504971]::ops::function::FnOnce<()>>::call_once::{shim:vtable#0}
[INFO] [stdout]   17:     0x5ce5740d5a0f - <std[617be2ca0a6fd877]::sys::thread::unix::Thread>::new::thread_start
[INFO] [stdout]   18:     0x7afbde0e5dfa - <unknown>
[INFO] [stdout]   19:     0x7afbde1793d4 - clone
[INFO] [stdout]   20:                0x0 - <unknown>
[INFO] [stdout] 
[INFO] [stdout] 
[INFO] [stdout] failures:
[INFO] [stdout]     consts::tests::an_unreadable_source_file_is_skipped
[INFO] [stdout] 
[INFO] [stdout] test result: FAILED. 159 passed; 1 failed; 0 ignored; 0 measured; 0 filtered out; finished in 0.05s
[INFO] [stdout] 
[INFO] [stderr] error: test failed, to rerun pass `--lib`
[INFO] running `Command { std: "docker" "inspect" "f851a3d444c0c280ab8d5565a050d5c026b6ae41f8c014da8b3469c27c7ad8f4", kill_on_drop: false }`
[INFO] running `Command { std: "docker" "rm" "-f" "f851a3d444c0c280ab8d5565a050d5c026b6ae41f8c014da8b3469c27c7ad8f4", kill_on_drop: false }`
[INFO] [stdout] f851a3d444c0c280ab8d5565a050d5c026b6ae41f8c014da8b3469c27c7ad8f4
