[INFO] fetching crate pilota-thrift-fieldmask 0.2.1...
[INFO] testing pilota-thrift-fieldmask-0.2.1 against 1.100.0-beta.1+cargoflags=--release for beta-release-1.100-2
[INFO] extracting crate pilota-thrift-fieldmask 0.2.1 into /workspace/builds/worker-7-tc2/source
[INFO] started tweaking crates.io crate pilota-thrift-fieldmask 0.2.1
[INFO] finished tweaking crates.io crate pilota-thrift-fieldmask 0.2.1
[INFO] tweaked toml for crates.io crate pilota-thrift-fieldmask 0.2.1 written to /workspace/builds/worker-7-tc2/source/Cargo.toml
[INFO] validating manifest of crates.io crate pilota-thrift-fieldmask 0.2.1 on toolchain 1.100.0-beta.1
[INFO] running `Command { std: CARGO_HOME="/workspace/cargo-home" RUSTUP_HOME="/workspace/rustup-home" "/workspace/cargo-home/bin/cargo" "+1.100.0-beta.1" "metadata" "--manifest-path" "Cargo.toml" "--no-deps", kill_on_drop: false }`
[INFO] crate crates.io crate pilota-thrift-fieldmask 0.2.1 already has a lockfile, it will not be regenerated
[INFO] running `Command { std: CARGO_HOME="/workspace/cargo-home" RUSTUP_HOME="/workspace/rustup-home" "/workspace/cargo-home/bin/cargo" "+1.100.0-beta.1" "fetch" "--manifest-path" "Cargo.toml", kill_on_drop: false }`
[INFO] running `Command { std: "docker" "create" "-v" "/var/lib/crater-agent-workspace/builds/worker-7-tc2/source:/opt/rustwide/workdir:ro,Z" "-v" "/var/lib/crater-agent-workspace/builds/worker-7-tc2/target:/opt/rustwide/target:rw,Z" "-v" "/var/lib/crater-agent-workspace/cargo-home:/opt/rustwide/cargo-home:ro,Z" "-v" "/var/lib/crater-agent-workspace/rustup-home:/opt/rustwide/rustup-home:ro,Z" "-m" "1610612736" "--network" "none" "ghcr.io/rust-lang/crates-build-env/linux@sha256:77db811e55d90add9212f6832c23229e3de5f1c1f9905e8cb07319ea15df73ac" "sleep" "infinity", kill_on_drop: false }`
[INFO] [stdout] 9fe0abc82c53e67903c1ab392b852d95915d3ca6c48c891e41e1601b2b5bc7d0
[INFO] running `Command { std: "docker" "start" "9fe0abc82c53e67903c1ab392b852d95915d3ca6c48c891e41e1601b2b5bc7d0", kill_on_drop: false }`
[INFO] running `Command { std: "docker" "inspect" "9fe0abc82c53e67903c1ab392b852d95915d3ca6c48c891e41e1601b2b5bc7d0", kill_on_drop: false }`
[INFO] running `Command { std: "docker" "exec" "-e" "SOURCE_DIR=/opt/rustwide/workdir" "-e" "CARGO_HOME=/opt/rustwide/cargo-home" "-e" "RUSTUP_HOME=/opt/rustwide/rustup-home" "-e" "CARGO_TARGET_DIR=/opt/rustwide/target" "-w" "/opt/rustwide/workdir" "--user" "0:0" "9fe0abc82c53e67903c1ab392b852d95915d3ca6c48c891e41e1601b2b5bc7d0" "/opt/rustwide/cargo-home/bin/cargo" "+1.100.0-beta.1" "metadata" "--no-deps" "--format-version=1", kill_on_drop: false }`
[INFO] running `Command { std: "docker" "inspect" "9fe0abc82c53e67903c1ab392b852d95915d3ca6c48c891e41e1601b2b5bc7d0", kill_on_drop: false }`
[INFO] running `Command { std: "docker" "exec" "-e" "SOURCE_DIR=/opt/rustwide/workdir" "-e" "CARGO_HOME=/opt/rustwide/cargo-home" "-e" "RUSTUP_HOME=/opt/rustwide/rustup-home" "-e" "CARGO_TARGET_DIR=/opt/rustwide/target" "-e" "CARGO_INCREMENTAL=0" "-e" "RUST_BACKTRACE=full" "-e" "RUSTFLAGS=--cap-lints=warn" "-e" "RUSTDOCFLAGS=--cap-lints=warn" "-w" "/opt/rustwide/workdir" "--user" "0:0" "9fe0abc82c53e67903c1ab392b852d95915d3ca6c48c891e41e1601b2b5bc7d0" "/opt/rustwide/cargo-home/bin/cargo" "+1.100.0-beta.1" "build" "--frozen" "--message-format=json" "--release", kill_on_drop: false }`
[INFO] [stderr]    Compiling object v0.37.3
[INFO] [stderr]    Compiling memchr v2.8.0
[INFO] [stderr]    Compiling pin-project-lite v0.2.16
[INFO] [stderr]    Compiling cc v1.2.56
[INFO] [stderr]    Compiling zerocopy v0.8.39
[INFO] [stderr]    Compiling simdutf8 v0.1.5
[INFO] [stderr]    Compiling syn v2.0.117
[INFO] [stderr]    Compiling is-terminal v0.4.17
[INFO] [stderr]    Compiling concolor-query v0.3.3
[INFO] [stderr]    Compiling chumsky v0.10.1
[INFO] [stderr]    Compiling protobuf v3.7.2
[INFO] [stderr]    Compiling hashbrown v0.15.5
[INFO] [stderr]    Compiling getrandom v0.3.4
[INFO] [stderr]    Compiling unicode-segmentation v1.12.0
[INFO] [stderr]    Compiling unicode-width v0.1.14
[INFO] [stderr]    Compiling parking_lot_core v0.9.12
[INFO] [stderr]    Compiling pilota-thrift-reflect v0.2.0
[INFO] [stderr]    Compiling concolor v0.1.1
[INFO] [stderr]    Compiling ariadne v0.5.1
[INFO] [stderr]    Compiling dashmap v6.1.0
[INFO] [stderr]    Compiling stacker v0.1.23
[INFO] [stderr]    Compiling serde_derive v1.0.228
[INFO] [stderr]    Compiling thiserror-impl v1.0.69
[INFO] [stderr]    Compiling thiserror-impl v2.0.18
[INFO] [stderr]    Compiling async-trait v0.1.89
[INFO] [stderr]    Compiling async-recursion v1.1.1
[INFO] [stderr]    Compiling thiserror v1.0.69
[INFO] [stderr]    Compiling protobuf-support v3.7.2
[INFO] [stderr]    Compiling thiserror v2.0.18
[INFO] [stderr]    Compiling ar_archive_writer v0.5.1
[INFO] [stderr]    Compiling psm v0.1.30
[INFO] [stderr]    Compiling serde v1.0.228
[INFO] [stderr]    Compiling bytes v1.11.1
[INFO] [stderr]    Compiling ordered-float v5.1.0
[INFO] [stderr]    Compiling ahash v0.8.12
[INFO] [stderr]    Compiling faststr v0.2.34
[INFO] [stderr]    Compiling tokio v1.49.0
[INFO] [stderr]    Compiling linkedbytes v0.1.16
[INFO] [stderr]    Compiling integer-encoding v4.1.0
[INFO] [stderr]    Compiling pilota v0.13.1
[INFO] [stderr]    Compiling pilota-thrift-parser v0.13.4
[INFO] [stderr]    Compiling pilota-thrift-fieldmask v0.2.1 (/opt/rustwide/workdir)
[INFO] [stderr]     Finished `release` profile [optimized] target(s) in 1m 46s
[INFO] running `Command { std: "docker" "inspect" "9fe0abc82c53e67903c1ab392b852d95915d3ca6c48c891e41e1601b2b5bc7d0", kill_on_drop: false }`
[INFO] running `Command { std: "docker" "exec" "-e" "SOURCE_DIR=/opt/rustwide/workdir" "-e" "CARGO_HOME=/opt/rustwide/cargo-home" "-e" "RUSTUP_HOME=/opt/rustwide/rustup-home" "-e" "CARGO_TARGET_DIR=/opt/rustwide/target" "-e" "CARGO_INCREMENTAL=0" "-e" "RUST_BACKTRACE=full" "-e" "RUSTFLAGS=--cap-lints=warn" "-e" "RUSTDOCFLAGS=--cap-lints=warn" "-w" "/opt/rustwide/workdir" "--user" "0:0" "9fe0abc82c53e67903c1ab392b852d95915d3ca6c48c891e41e1601b2b5bc7d0" "/opt/rustwide/cargo-home/bin/cargo" "+1.100.0-beta.1" "test" "--frozen" "--no-run" "--message-format=json" "--release", kill_on_drop: false }`
[INFO] [stderr]    Compiling pilota-thrift-fieldmask v0.2.1 (/opt/rustwide/workdir)
[INFO] [stderr]     Finished `release` profile [optimized] target(s) in 6.75s
[INFO] running `Command { std: "docker" "inspect" "9fe0abc82c53e67903c1ab392b852d95915d3ca6c48c891e41e1601b2b5bc7d0", kill_on_drop: false }`
[INFO] running `Command { std: "docker" "exec" "-e" "SOURCE_DIR=/opt/rustwide/workdir" "-e" "CARGO_HOME=/opt/rustwide/cargo-home" "-e" "RUSTUP_HOME=/opt/rustwide/rustup-home" "-e" "CARGO_TARGET_DIR=/opt/rustwide/target" "-e" "CARGO_INCREMENTAL=0" "-e" "RUST_BACKTRACE=full" "-e" "RUSTFLAGS=--cap-lints=warn" "-e" "RUSTDOCFLAGS=--cap-lints=warn" "-w" "/opt/rustwide/workdir" "--user" "0:0" "9fe0abc82c53e67903c1ab392b852d95915d3ca6c48c891e41e1601b2b5bc7d0" "/opt/rustwide/cargo-home/bin/cargo" "+1.100.0-beta.1" "test" "--frozen" "--release", kill_on_drop: false }`
[INFO] [stderr]     Finished `release` profile [optimized] target(s) in 0.10s
[INFO] [stderr]      Running unittests src/lib.rs (/opt/rustwide/target/release/build/pilota-thrift-fieldmask/0cd7eeee42884ebf/out/pilota_thrift_fieldmask-0cd7eeee42884ebf)
[INFO] [stdout] 
[INFO] [stdout] running 22 tests
[INFO] [stdout] test fieldmask::tests::test_field_mask_builder ... ok
[INFO] [stdout] test fieldmask::tests::test_field_mask_default ... ok
[INFO] [stdout] test fieldmask::tests::test_struct_field_with_scalar_mask ... FAILED
[INFO] [stdout] test path::tests::test_complex_path ... ok
[INFO] [stdout] test fieldmask::tests::test_list_index_multi_path_merge ... FAILED
[INFO] [stdout] test path::tests::test_complex_map_access ... ok
[INFO] [stdout] test path::tests::test_error_handling ... ok
[INFO] [stdout] test path::tests::test_escaped_string ... ok
[INFO] [stdout] test fieldmask::tests::test_field_mask_error_display ... ok
[INFO] [stdout] test path::tests::test_path_iterator_basic ... ok
[INFO] [stdout] test fieldmask::tests::test_for_each_child ... ok
[INFO] [stdout] test path::tests::test_path_iterator_map ... ok
[INFO] [stdout] test path::tests::test_path_iterator_string ... ok
[INFO] [stdout] test fieldmask::tests::test_thiserror_integration ... ok
[INFO] [stdout] test fieldmask::tests::test_field_mask_type_display ... ok
[INFO] [stdout] test fieldmask::tests::test_different_keys_independent ... FAILED
[INFO] [stdout] test fieldmask::tests::test_get_path ... FAILED
[INFO] [stdout] test fieldmask::tests::test_int_map_multi_path_merge ... FAILED
[INFO] [stdout] test fieldmask::tests::test_str_map_multi_path_merge_same_key ... FAILED
[INFO] [stdout] test path::tests::test_path_validation ... ok
[INFO] [stdout] test fieldmask::tests::test_struct_field_with_scalar_mask_black_list_mode ... FAILED
[INFO] [stdout] test path::tests::test_path_error_display ... ok
[INFO] [stdout] 
[INFO] [stdout] failures:
[INFO] [stdout] 
[INFO] [stdout] ---- fieldmask::tests::test_struct_field_with_scalar_mask stdout ----
[INFO] [stdout] 
[INFO] [stdout] thread 'fieldmask::tests::test_struct_field_with_scalar_mask' (1045) panicked at src/fieldmask.rs:1758:83:
[INFO] [stdout] called `Result::unwrap()` on an `Err` value: Os { code: 2, kind: NotFound, message: "No such file or directory" }
[INFO] [stdout] stack backtrace:
[INFO] [stdout]    0:     0x60fae34745d1 - <<std[617be2ca0a6fd877]::sys::backtrace::BacktraceLock>::print::DisplayBacktrace as core[a373ad73a504971]::fmt::Display>::fmt
[INFO] [stdout]    1:     0x60fae3489fda - core[a373ad73a504971]::fmt::write
[INFO] [stdout]    2:     0x60fae3478e0c - <alloc[2e1b2a31b91974c5]::vec::Vec<u8> as core[a373ad73a504971]::io::write::Write>::write_fmt
[INFO] [stdout]    3:     0x60fae344fb86 - std[617be2ca0a6fd877]::panicking::default_hook::{closure#0}
[INFO] [stdout]    4:     0x60fae346c539 - std[617be2ca0a6fd877]::panicking::default_hook
[INFO] [stdout]    5:     0x60fae33081b0 - test[aada8e7e76ba119b]::test_main_inner::{closure#0}
[INFO] [stdout]    6:     0x60fae346c862 - std[617be2ca0a6fd877]::panicking::panic_with_hook
[INFO] [stdout]    7:     0x60fae344fc32 - std[617be2ca0a6fd877]::panicking::panic_handler::{closure#0}
[INFO] [stdout]    8:     0x60fae34481f9 - std[617be2ca0a6fd877]::sys::backtrace::__rust_end_short_backtrace::<std[617be2ca0a6fd877]::panicking::panic_handler::{closure#0}, !>
[INFO] [stdout]    9:     0x60fae345094d - __rustc[ea4f61d10b84890b]::rust_begin_unwind
[INFO] [stdout]   10:     0x60fae348a70c - core[a373ad73a504971]::panicking::panic_fmt
[INFO] [stdout]   11:     0x60fae348a4e2 - core[a373ad73a504971]::result::unwrap_failed
[INFO] [stdout]   12:     0x60fae32e0558 - <pilota_thrift_fieldmask[1a6344cc2fd621a2]::fieldmask::tests::test_struct_field_with_scalar_mask::{closure#0} as core[a373ad73a504971]::ops::function::FnOnce<()>>::call_once
[INFO] [stdout]   13:     0x60fae32fb5fb - test[aada8e7e76ba119b]::__rust_begin_short_backtrace::<core[a373ad73a504971]::result::Result<(), alloc[2e1b2a31b91974c5]::string::String>, fn() -> core[a373ad73a504971]::result::Result<(), alloc[2e1b2a31b91974c5]::string::String>>
[INFO] [stdout]   14:     0x60fae33087d5 - test[aada8e7e76ba119b]::run_test::{closure#0}
[INFO] [stdout]   15:     0x60fae33020c4 - std[617be2ca0a6fd877]::sys::backtrace::__rust_begin_short_backtrace::<test[aada8e7e76ba119b]::run_test::{closure#1}, ()>
[INFO] [stdout]   16:     0x60fae330b862 - <std[617be2ca0a6fd877]::thread::lifecycle::spawn_unchecked<test[aada8e7e76ba119b]::run_test::{closure#1}, ()>::{closure#1} as core[a373ad73a504971]::ops::function::FnOnce<()>>::call_once::{shim:vtable#0}
[INFO] [stdout]   17:     0x60fae3473a8f - <std[617be2ca0a6fd877]::sys::thread::unix::Thread>::new::thread_start
[INFO] [stdout]   18:     0x7539def9ddfa - <unknown>
[INFO] [stdout]   19:     0x7539df0313d4 - clone
[INFO] [stdout]   20:                0x0 - <unknown>
[INFO] [stdout] 
[INFO] [stdout] ---- fieldmask::tests::test_list_index_multi_path_merge stdout ----
[INFO] [stdout] 
[INFO] [stdout] thread 'fieldmask::tests::test_list_index_multi_path_merge' (1043) panicked at src/fieldmask.rs:1896:83:
[INFO] [stdout] called `Result::unwrap()` on an `Err` value: Os { code: 2, kind: NotFound, message: "No such file or directory" }
[INFO] [stdout] stack backtrace:
[INFO] [stdout]    0:     0x60fae34745d1 - <<std[617be2ca0a6fd877]::sys::backtrace::BacktraceLock>::print::DisplayBacktrace as core[a373ad73a504971]::fmt::Display>::fmt
[INFO] [stdout]    1:     0x60fae3489fda - core[a373ad73a504971]::fmt::write
[INFO] [stdout]    2:     0x60fae3478e0c - <alloc[2e1b2a31b91974c5]::vec::Vec<u8> as core[a373ad73a504971]::io::write::Write>::write_fmt
[INFO] [stdout]    3:     0x60fae344fb86 - std[617be2ca0a6fd877]::panicking::default_hook::{closure#0}
[INFO] [stdout]    4:     0x60fae346c539 - std[617be2ca0a6fd877]::panicking::default_hook
[INFO] [stdout]    5:     0x60fae33081b0 - test[aada8e7e76ba119b]::test_main_inner::{closure#0}
[INFO] [stdout]    6:     0x60fae346c862 - std[617be2ca0a6fd877]::panicking::panic_with_hook
[INFO] [stdout]    7:     0x60fae344fc32 - std[617be2ca0a6fd877]::panicking::panic_handler::{closure#0}
[INFO] [stdout]    8:     0x60fae34481f9 - std[617be2ca0a6fd877]::sys::backtrace::__rust_end_short_backtrace::<std[617be2ca0a6fd877]::panicking::panic_handler::{closure#0}, !>
[INFO] [stdout]    9:     0x60fae345094d - __rustc[ea4f61d10b84890b]::rust_begin_unwind
[INFO] [stdout]   10:     0x60fae348a70c - core[a373ad73a504971]::panicking::panic_fmt
[INFO] [stdout]   11:     0x60fae348a4e2 - core[a373ad73a504971]::result::unwrap_failed
[INFO] [stdout]   12:     0x60fae32df68b - <pilota_thrift_fieldmask[1a6344cc2fd621a2]::fieldmask::tests::test_list_index_multi_path_merge::{closure#0} as core[a373ad73a504971]::ops::function::FnOnce<()>>::call_once
[INFO] [stdout]   13:     0x60fae32fb5fb - test[aada8e7e76ba119b]::__rust_begin_short_backtrace::<core[a373ad73a504971]::result::Result<(), alloc[2e1b2a31b91974c5]::string::String>, fn() -> core[a373ad73a504971]::result::Result<(), alloc[2e1b2a31b91974c5]::string::String>>
[INFO] [stdout]   14:     0x60fae33087d5 - test[aada8e7e76ba119b]::run_test::{closure#0}
[INFO] [stdout]   15:     0x60fae33020c4 - std[617be2ca0a6fd877]::sys::backtrace::__rust_begin_short_backtrace::<test[aada8e7e76ba119b]::run_test::{closure#1}, ()>
[INFO] [stdout]   16:     0x60fae330b862 - <std[617be2ca0a6fd877]::thread::lifecycle::spawn_unchecked<test[aada8e7e76ba119b]::run_test::{closure#1}, ()>::{closure#1} as core[a373ad73a504971]::ops::function::FnOnce<()>>::call_once::{shim:vtable#0}
[INFO] [stdout]   17:     0x60fae3473a8f - <std[617be2ca0a6fd877]::sys::thread::unix::Thread>::new::thread_start
[INFO] [stdout]   18:     0x7539def9ddfa - <unknown>
[INFO] [stdout]   19:     0x7539df0313d4 - clone
[INFO] [stdout]   20:                0x0 - <unknown>
[INFO] [stdout] 
[INFO] [stdout] ---- fieldmask::tests::test_different_keys_independent stdout ----
[INFO] [stdout] 
[INFO] [stdout] thread 'fieldmask::tests::test_different_keys_independent' (1035) panicked at src/fieldmask.rs:1988:83:
[INFO] [stdout] called `Result::unwrap()` on an `Err` value: Os { code: 2, kind: NotFound, message: "No such file or directory" }
[INFO] [stdout] stack backtrace:
[INFO] [stdout]    0:     0x60fae34745d1 - <<std[617be2ca0a6fd877]::sys::backtrace::BacktraceLock>::print::DisplayBacktrace as core[a373ad73a504971]::fmt::Display>::fmt
[INFO] [stdout]    1:     0x60fae3489fda - core[a373ad73a504971]::fmt::write
[INFO] [stdout]    2:     0x60fae3478e0c - <alloc[2e1b2a31b91974c5]::vec::Vec<u8> as core[a373ad73a504971]::io::write::Write>::write_fmt
[INFO] [stdout]    3:     0x60fae344fb86 - std[617be2ca0a6fd877]::panicking::default_hook::{closure#0}
[INFO] [stdout]    4:     0x60fae346c539 - std[617be2ca0a6fd877]::panicking::default_hook
[INFO] [stdout]    5:     0x60fae33081b0 - test[aada8e7e76ba119b]::test_main_inner::{closure#0}
[INFO] [stdout]    6:     0x60fae346c862 - std[617be2ca0a6fd877]::panicking::panic_with_hook
[INFO] [stdout]    7:     0x60fae344fc32 - std[617be2ca0a6fd877]::panicking::panic_handler::{closure#0}
[INFO] [stdout]    8:     0x60fae34481f9 - std[617be2ca0a6fd877]::sys::backtrace::__rust_end_short_backtrace::<std[617be2ca0a6fd877]::panicking::panic_handler::{closure#0}, !>
[INFO] [stdout]    9:     0x60fae345094d - __rustc[ea4f61d10b84890b]::rust_begin_unwind
[INFO] [stdout]   10:     0x60fae348a70c - core[a373ad73a504971]::panicking::panic_fmt
[INFO] [stdout]   11:     0x60fae348a4e2 - core[a373ad73a504971]::result::unwrap_failed
[INFO] [stdout]   12:     0x60fae32de6c5 - <pilota_thrift_fieldmask[1a6344cc2fd621a2]::fieldmask::tests::test_different_keys_independent::{closure#0} as core[a373ad73a504971]::ops::function::FnOnce<()>>::call_once
[INFO] [stdout]   13:     0x60fae32fb5fb - test[aada8e7e76ba119b]::__rust_begin_short_backtrace::<core[a373ad73a504971]::result::Result<(), alloc[2e1b2a31b91974c5]::string::String>, fn() -> core[a373ad73a504971]::result::Result<(), alloc[2e1b2a31b91974c5]::string::String>>
[INFO] [stdout]   14:     0x60fae33087d5 - test[aada8e7e76ba119b]::run_test::{closure#0}
[INFO] [stdout]   15:     0x60fae33020c4 - std[617be2ca0a6fd877]::sys::backtrace::__rust_begin_short_backtrace::<test[aada8e7e76ba119b]::run_test::{closure#1}, ()>
[INFO] [stdout]   16:     0x60fae330b862 - <std[617be2ca0a6fd877]::thread::lifecycle::spawn_unchecked<test[aada8e7e76ba119b]::run_test::{closure#1}, ()>::{closure#1} as core[a373ad73a504971]::ops::function::FnOnce<()>>::call_once::{shim:vtable#0}
[INFO] [stdout]   17:     0x60fae3473a8f - <std[617be2ca0a6fd877]::sys::thread::unix::Thread>::new::thread_start
[INFO] [stdout]   18:     0x7539def9ddfa - <unknown>
[INFO] [stdout]   19:     0x7539df0313d4 - clone
[INFO] [stdout]   20:                0x0 - <unknown>
[INFO] [stdout] 
[INFO] [stdout] ---- fieldmask::tests::test_get_path stdout ----
[INFO] [stdout] 
[INFO] [stdout] thread 'fieldmask::tests::test_get_path' (1041) panicked at src/fieldmask.rs:1638:83:
[INFO] [stdout] called `Result::unwrap()` on an `Err` value: Os { code: 2, kind: NotFound, message: "No such file or directory" }
[INFO] [stdout] stack backtrace:
[INFO] [stdout]    0:     0x60fae34745d1 - <<std[617be2ca0a6fd877]::sys::backtrace::BacktraceLock>::print::DisplayBacktrace as core[a373ad73a504971]::fmt::Display>::fmt
[INFO] [stdout]    1:     0x60fae3489fda - core[a373ad73a504971]::fmt::write
[INFO] [stdout]    2:     0x60fae3478e0c - <alloc[2e1b2a31b91974c5]::vec::Vec<u8> as core[a373ad73a504971]::io::write::Write>::write_fmt
[INFO] [stdout]    3:     0x60fae344fb86 - std[617be2ca0a6fd877]::panicking::default_hook::{closure#0}
[INFO] [stdout]    4:     0x60fae346c539 - std[617be2ca0a6fd877]::panicking::default_hook
[INFO] [stdout]    5:     0x60fae33081b0 - test[aada8e7e76ba119b]::test_main_inner::{closure#0}
[INFO] [stdout]    6:     0x60fae346c862 - std[617be2ca0a6fd877]::panicking::panic_with_hook
[INFO] [stdout]    7:     0x60fae344fc32 - std[617be2ca0a6fd877]::panicking::panic_handler::{closure#0}
[INFO] [stdout]    8:     0x60fae34481f9 - std[617be2ca0a6fd877]::sys::backtrace::__rust_end_short_backtrace::<std[617be2ca0a6fd877]::panicking::panic_handler::{closure#0}, !>
[INFO] [stdout]    9:     0x60fae345094d - __rustc[ea4f61d10b84890b]::rust_begin_unwind
[INFO] [stdout]   10:     0x60fae348a70c - core[a373ad73a504971]::panicking::panic_fmt
[INFO] [stdout]   11:     0x60fae348a4e2 - core[a373ad73a504971]::result::unwrap_failed
[INFO] [stdout]   12:     0x60fae32da0be - <pilota_thrift_fieldmask[1a6344cc2fd621a2]::fieldmask::tests::test_get_path::{closure#0} as core[a373ad73a504971]::ops::function::FnOnce<()>>::call_once
[INFO] [stdout]   13:     0x60fae32fb5fb - test[aada8e7e76ba119b]::__rust_begin_short_backtrace::<core[a373ad73a504971]::result::Result<(), alloc[2e1b2a31b91974c5]::string::String>, fn() -> core[a373ad73a504971]::result::Result<(), alloc[2e1b2a31b91974c5]::string::String>>
[INFO] [stdout]   14:     0x60fae33087d5 - test[aada8e7e76ba119b]::run_test::{closure#0}
[INFO] [stdout]   15:     0x60fae33020c4 - std[617be2ca0a6fd877]::sys::backtrace::__rust_begin_short_backtrace::<test[aada8e7e76ba119b]::run_test::{closure#1}, ()>
[INFO] [stdout]   16:     0x60fae330b862 - <std[617be2ca0a6fd877]::thread::lifecycle::spawn_unchecked<test[aada8e7e76ba119b]::run_test::{closure#1}, ()>::{closure#1} as core[a373ad73a504971]::ops::function::FnOnce<()>>::call_once::{shim:vtable#0}
[INFO] [stdout]   17:     0x60fae3473a8f - <std[617be2ca0a6fd877]::sys::thread::unix::Thread>::new::thread_start
[INFO] [stdout]   18:     0x7539def9ddfa - <unknown>
[INFO] [stdout]   19:     0x7539df0313d4 - clone
[INFO] [stdout]   20:                0x0 - <unknown>
[INFO] [stdout] 
[INFO] [stdout] ---- fieldmask::tests::test_int_map_multi_path_merge stdout ----
[INFO] [stdout] 
[INFO] [stdout] thread 'fieldmask::tests::test_int_map_multi_path_merge' (1042) panicked at src/fieldmask.rs:1942:83:
[INFO] [stdout] called `Result::unwrap()` on an `Err` value: Os { code: 2, kind: NotFound, message: "No such file or directory" }
[INFO] [stdout] stack backtrace:
[INFO] [stdout]    0:     0x60fae34745d1 - <<std[617be2ca0a6fd877]::sys::backtrace::BacktraceLock>::print::DisplayBacktrace as core[a373ad73a504971]::fmt::Display>::fmt
[INFO] [stdout]    1:     0x60fae3489fda - core[a373ad73a504971]::fmt::write
[INFO] [stdout]    2:     0x60fae3478e0c - <alloc[2e1b2a31b91974c5]::vec::Vec<u8> as core[a373ad73a504971]::io::write::Write>::write_fmt
[INFO] [stdout]    3:     0x60fae344fb86 - std[617be2ca0a6fd877]::panicking::default_hook::{closure#0}
[INFO] [stdout]    4:     0x60fae346c539 - std[617be2ca0a6fd877]::panicking::default_hook
[INFO] [stdout]    5:     0x60fae33081b0 - test[aada8e7e76ba119b]::test_main_inner::{closure#0}
[INFO] [stdout]    6:     0x60fae346c862 - std[617be2ca0a6fd877]::panicking::panic_with_hook
[INFO] [stdout]    7:     0x60fae344fc32 - std[617be2ca0a6fd877]::panicking::panic_handler::{closure#0}
[INFO] [stdout]    8:     0x60fae34481f9 - std[617be2ca0a6fd877]::sys::backtrace::__rust_end_short_backtrace::<std[617be2ca0a6fd877]::panicking::panic_handler::{closure#0}, !>
[INFO] [stdout]    9:     0x60fae345094d - __rustc[ea4f61d10b84890b]::rust_begin_unwind
[INFO] [stdout]   10:     0x60fae348a70c - core[a373ad73a504971]::panicking::panic_fmt
[INFO] [stdout]   11:     0x60fae348a4e2 - core[a373ad73a504971]::result::unwrap_failed
[INFO] [stdout]   12:     0x60fae32dd71b - <pilota_thrift_fieldmask[1a6344cc2fd621a2]::fieldmask::tests::test_int_map_multi_path_merge::{closure#0} as core[a373ad73a504971]::ops::function::FnOnce<()>>::call_once
[INFO] [stdout]   13:     0x60fae32fb5fb - test[aada8e7e76ba119b]::__rust_begin_short_backtrace::<core[a373ad73a504971]::result::Result<(), alloc[2e1b2a31b91974c5]::string::String>, fn() -> core[a373ad73a504971]::result::Result<(), alloc[2e1b2a31b91974c5]::string::String>>
[INFO] [stdout]   14:     0x60fae33087d5 - test[aada8e7e76ba119b]::run_test::{closure#0}
[INFO] [stdout]   15:     0x60fae33020c4 - std[617be2ca0a6fd877]::sys::backtrace::__rust_begin_short_backtrace::<test[aada8e7e76ba119b]::run_test::{closure#1}, ()>
[INFO] [stdout]   16:     0x60fae330b862 - <std[617be2ca0a6fd877]::thread::lifecycle::spawn_unchecked<test[aada8e7e76ba119b]::run_test::{closure#1}, ()>::{closure#1} as core[a373ad73a504971]::ops::function::FnOnce<()>>::call_once::{shim:vtable#0}
[INFO] [stdout]   17:     0x60fae3473a8f - <std[617be2ca0a6fd877]::sys::thread::unix::Thread>::new::thread_start
[INFO] [stdout]   18:     0x7539def9ddfa - <unknown>
[INFO] [stdout]   19:     0x7539df0313d4 - clone
[INFO] [stdout]   20:                0x0 - <unknown>
[INFO] [stdout] 
[INFO] [stdout] ---- fieldmask::tests::test_str_map_multi_path_merge_same_key stdout ----
[INFO] [stdout] 
[INFO] [stdout] thread 'fieldmask::tests::test_str_map_multi_path_merge_same_key' (1044) panicked at src/fieldmask.rs:1850:83:
[INFO] [stdout] called `Result::unwrap()` on an `Err` value: Os { code: 2, kind: NotFound, message: "No such file or directory" }
[INFO] [stdout] stack backtrace:
[INFO] [stdout]    0:     0x60fae34745d1 - <<std[617be2ca0a6fd877]::sys::backtrace::BacktraceLock>::print::DisplayBacktrace as core[a373ad73a504971]::fmt::Display>::fmt
[INFO] [stdout]    1:     0x60fae3489fda - core[a373ad73a504971]::fmt::write
[INFO] [stdout]    2:     0x60fae3478e0c - <alloc[2e1b2a31b91974c5]::vec::Vec<u8> as core[a373ad73a504971]::io::write::Write>::write_fmt
[INFO] [stdout]    3:     0x60fae344fb86 - std[617be2ca0a6fd877]::panicking::default_hook::{closure#0}
[INFO] [stdout]    4:     0x60fae346c539 - std[617be2ca0a6fd877]::panicking::default_hook
[INFO] [stdout]    5:     0x60fae33081b0 - test[aada8e7e76ba119b]::test_main_inner::{closure#0}
[INFO] [stdout]    6:     0x60fae346c862 - std[617be2ca0a6fd877]::panicking::panic_with_hook
[INFO] [stdout]    7:     0x60fae344fc32 - std[617be2ca0a6fd877]::panicking::panic_handler::{closure#0}
[INFO] [stdout]    8:     0x60fae34481f9 - std[617be2ca0a6fd877]::sys::backtrace::__rust_end_short_backtrace::<std[617be2ca0a6fd877]::panicking::panic_handler::{closure#0}, !>
[INFO] [stdout]    9:     0x60fae345094d - __rustc[ea4f61d10b84890b]::rust_begin_unwind
[INFO] [stdout]   10:     0x60fae348a70c - core[a373ad73a504971]::panicking::panic_fmt
[INFO] [stdout]   11:     0x60fae348a4e2 - core[a373ad73a504971]::result::unwrap_failed
[INFO] [stdout]   12:     0x60fae32e144b - <pilota_thrift_fieldmask[1a6344cc2fd621a2]::fieldmask::tests::test_str_map_multi_path_merge_same_key::{closure#0} as core[a373ad73a504971]::ops::function::FnOnce<()>>::call_once
[INFO] [stdout]   13:     0x60fae32fb5fb - test[aada8e7e76ba119b]::__rust_begin_short_backtrace::<core[a373ad73a504971]::result::Result<(), alloc[2e1b2a31b91974c5]::string::String>, fn() -> core[a373ad73a504971]::result::Result<(), alloc[2e1b2a31b91974c5]::string::String>>
[INFO] [stdout]   14:     0x60fae33087d5 - test[aada8e7e76ba119b]::run_test::{closure#0}
[INFO] [stdout]   15:     0x60fae33020c4 - std[617be2ca0a6fd877]::sys::backtrace::__rust_begin_short_backtrace::<test[aada8e7e76ba119b]::run_test::{closure#1}, ()>
[INFO] [stdout]   16:     0x60fae330b862 - <std[617be2ca0a6fd877]::thread::lifecycle::spawn_unchecked<test[aada8e7e76ba119b]::run_test::{closure#1}, ()>::{closure#1} as core[a373ad73a504971]::ops::function::FnOnce<()>>::call_once::{shim:vtable#0}
[INFO] [stdout]   17:     0x60fae3473a8f - <std[617be2ca0a6fd877]::sys::thread::unix::Thread>::new::thread_start
[INFO] [stdout]   18:     0x7539def9ddfa - <unknown>
[INFO] [stdout]   19:     0x7539df0313d4 - clone
[INFO] [stdout]   20:                0x0 - <unknown>
[INFO] [stdout] 
[INFO] [stdout] ---- fieldmask::tests::test_struct_field_with_scalar_mask_black_list_mode stdout ----
[INFO] [stdout] 
[INFO] [stdout] thread 'fieldmask::tests::test_struct_field_with_scalar_mask_black_list_mode' (1046) panicked at src/fieldmask.rs:1805:83:
[INFO] [stdout] called `Result::unwrap()` on an `Err` value: Os { code: 2, kind: NotFound, message: "No such file or directory" }
[INFO] [stdout] stack backtrace:
[INFO] [stdout]    0:     0x60fae34745d1 - <<std[617be2ca0a6fd877]::sys::backtrace::BacktraceLock>::print::DisplayBacktrace as core[a373ad73a504971]::fmt::Display>::fmt
[INFO] [stdout]    1:     0x60fae3489fda - core[a373ad73a504971]::fmt::write
[INFO] [stdout]    2:     0x60fae3478e0c - <alloc[2e1b2a31b91974c5]::vec::Vec<u8> as core[a373ad73a504971]::io::write::Write>::write_fmt
[INFO] [stdout]    3:     0x60fae344fb86 - std[617be2ca0a6fd877]::panicking::default_hook::{closure#0}
[INFO] [stdout]    4:     0x60fae346c539 - std[617be2ca0a6fd877]::panicking::default_hook
[INFO] [stdout]    5:     0x60fae33081b0 - test[aada8e7e76ba119b]::test_main_inner::{closure#0}
[INFO] [stdout]    6:     0x60fae346c862 - std[617be2ca0a6fd877]::panicking::panic_with_hook
[INFO] [stdout]    7:     0x60fae344fc32 - std[617be2ca0a6fd877]::panicking::panic_handler::{closure#0}
[INFO] [stdout]    8:     0x60fae34481f9 - std[617be2ca0a6fd877]::sys::backtrace::__rust_end_short_backtrace::<std[617be2ca0a6fd877]::panicking::panic_handler::{closure#0}, !>
[INFO] [stdout]    9:     0x60fae345094d - __rustc[ea4f61d10b84890b]::rust_begin_unwind
[INFO] [stdout]   10:     0x60fae348a70c - core[a373ad73a504971]::panicking::panic_fmt
[INFO] [stdout]   11:     0x60fae348a4e2 - core[a373ad73a504971]::result::unwrap_failed
[INFO] [stdout]   12:     0x60fae32e219e - <pilota_thrift_fieldmask[1a6344cc2fd621a2]::fieldmask::tests::test_struct_field_with_scalar_mask_black_list_mode::{closure#0} as core[a373ad73a504971]::ops::function::FnOnce<()>>::call_once
[INFO] [stdout]   13:     0x60fae32fb5fb - test[aada8e7e76ba119b]::__rust_begin_short_backtrace::<core[a373ad73a504971]::result::Result<(), alloc[2e1b2a31b91974c5]::string::String>, fn() -> core[a373ad73a504971]::result::Result<(), alloc[2e1b2a31b91974c5]::string::String>>
[INFO] [stdout]   14:     0x60fae33087d5 - test[aada8e7e76ba119b]::run_test::{closure#0}
[INFO] [stdout]   15:     0x60fae33020c4 - std[617be2ca0a6fd877]::sys::backtrace::__rust_begin_short_backtrace::<test[aada8e7e76ba119b]::run_test::{closure#1}, ()>
[INFO] [stdout]   16:     0x60fae330b862 - <std[617be2ca0a6fd877]::thread::lifecycle::spawn_unchecked<test[aada8e7e76ba119b]::run_test::{closure#1}, ()>::{closure#1} as core[a373ad73a504971]::ops::function::FnOnce<()>>::call_once::{shim:vtable#0}
[INFO] [stdout]   17:     0x60fae3473a8f - <std[617be2ca0a6fd877]::sys::thread::unix::Thread>::new::thread_start
[INFO] [stdout]   18:     0x7539def9ddfa - <unknown>
[INFO] [stdout]   19:     0x7539df0313d4 - clone
[INFO] [stdout]   20:                0x0 - <unknown>
[INFO] [stdout] 
[INFO] [stdout] 
[INFO] [stdout] failures:
[INFO] [stdout]     fieldmask::tests::test_different_keys_independent
[INFO] [stdout]     fieldmask::tests::test_get_path
[INFO] [stdout]     fieldmask::tests::test_int_map_multi_path_merge
[INFO] [stderr] error: test failed, to rerun pass `--lib`
[INFO] [stdout]     fieldmask::tests::test_list_index_multi_path_merge
[INFO] [stdout]     fieldmask::tests::test_str_map_multi_path_merge_same_key
[INFO] [stdout]     fieldmask::tests::test_struct_field_with_scalar_mask
[INFO] [stdout]     fieldmask::tests::test_struct_field_with_scalar_mask_black_list_mode
[INFO] [stdout] 
[INFO] [stdout] test result: FAILED. 15 passed; 7 failed; 0 ignored; 0 measured; 0 filtered out; finished in 0.01s
[INFO] [stdout] 
[INFO] running `Command { std: "docker" "inspect" "9fe0abc82c53e67903c1ab392b852d95915d3ca6c48c891e41e1601b2b5bc7d0", kill_on_drop: false }`
[INFO] running `Command { std: "docker" "rm" "-f" "9fe0abc82c53e67903c1ab392b852d95915d3ca6c48c891e41e1601b2b5bc7d0", kill_on_drop: false }`
[INFO] [stdout] 9fe0abc82c53e67903c1ab392b852d95915d3ca6c48c891e41e1601b2b5bc7d0
