[INFO] fetching crate pillow_macros 0.4.1...
[INFO] testing pillow_macros-0.4.1 against 1.100.0-beta.1+cargoflags=--release for beta-release-1.100-2
[INFO] extracting crate pillow_macros 0.4.1 into /workspace/builds/worker-1-tc2/source
[INFO] started tweaking crates.io crate pillow_macros 0.4.1
[INFO] finished tweaking crates.io crate pillow_macros 0.4.1
[INFO] tweaked toml for crates.io crate pillow_macros 0.4.1 written to /workspace/builds/worker-1-tc2/source/Cargo.toml
[INFO] validating manifest of crates.io crate pillow_macros 0.4.1 on toolchain 1.100.0-beta.1
[INFO] running `Command { std: CARGO_HOME="/workspace/cargo-home" RUSTUP_HOME="/workspace/rustup-home" "/workspace/cargo-home/bin/cargo" "+1.100.0-beta.1" "metadata" "--manifest-path" "Cargo.toml" "--no-deps", kill_on_drop: false }`
[INFO] running `Command { std: CARGO_HOME="/workspace/cargo-home" RUSTUP_HOME="/workspace/rustup-home" "/workspace/cargo-home/bin/cargo" "+1.100.0-beta.1" "generate-lockfile" "--manifest-path" "Cargo.toml", kill_on_drop: false }`
[INFO] [stderr]     Updating crates.io index
[INFO] [stderr]      Locking 4 packages to highest compatible versions
[INFO] [stderr]       Adding syn v1.0.109 (available: v3.0.9)
[INFO] running `Command { std: CARGO_HOME="/workspace/cargo-home" RUSTUP_HOME="/workspace/rustup-home" "/workspace/cargo-home/bin/cargo" "+1.100.0-beta.1" "fetch" "--manifest-path" "Cargo.toml", kill_on_drop: false }`
[INFO] [stderr] warning: `package.homepage` is redundant with `package.repository`
[INFO] [stderr]   --> Cargo.toml:21:12
[INFO] [stderr]    |
[INFO] [stderr] 21 | homepage = "https://github.com/SummaryPuppet/pillow_framework"
[INFO] [stderr]    |            ^^^^^^^^^^^^^^^^^^^^^^^^^^^^^^^^^^^^^^^^^^^^^^^^^^^
[INFO] [stderr] ...
[INFO] [stderr] 25 | repository = "https://github.com/SummaryPuppet/pillow_framework"
[INFO] [stderr]    |              ---------------------------------------------------
[INFO] [stderr]    |
[INFO] [stderr]    = note: `cargo::redundant_homepage` is set to `warn` by default
[INFO] [stderr] help: consider removing `package.homepage`
[INFO] [stderr] warning: `pillow_macros` (manifest) generated 1 warning
[INFO] running `Command { std: "docker" "create" "-v" "/var/lib/crater-agent-workspace/builds/worker-1-tc2/source:/opt/rustwide/workdir:ro,Z" "-v" "/var/lib/crater-agent-workspace/builds/worker-1-tc2/target:/opt/rustwide/target:rw,Z" "-v" "/var/lib/crater-agent-workspace/cargo-home:/opt/rustwide/cargo-home:ro,Z" "-v" "/var/lib/crater-agent-workspace/rustup-home:/opt/rustwide/rustup-home:ro,Z" "-m" "1610612736" "--network" "none" "ghcr.io/rust-lang/crates-build-env/linux@sha256:77db811e55d90add9212f6832c23229e3de5f1c1f9905e8cb07319ea15df73ac" "sleep" "infinity", kill_on_drop: false }`
[INFO] [stdout] 2c12073b0e08ab3ca10f25d7c45e6e162bb8524519de8fdf07d48a7d05051d2f
[INFO] running `Command { std: "docker" "start" "2c12073b0e08ab3ca10f25d7c45e6e162bb8524519de8fdf07d48a7d05051d2f", kill_on_drop: false }`
[INFO] running `Command { std: "docker" "inspect" "2c12073b0e08ab3ca10f25d7c45e6e162bb8524519de8fdf07d48a7d05051d2f", kill_on_drop: false }`
[INFO] running `Command { std: "docker" "exec" "-e" "SOURCE_DIR=/opt/rustwide/workdir" "-e" "CARGO_HOME=/opt/rustwide/cargo-home" "-e" "RUSTUP_HOME=/opt/rustwide/rustup-home" "-e" "CARGO_TARGET_DIR=/opt/rustwide/target" "-w" "/opt/rustwide/workdir" "--user" "0:0" "2c12073b0e08ab3ca10f25d7c45e6e162bb8524519de8fdf07d48a7d05051d2f" "/opt/rustwide/cargo-home/bin/cargo" "+1.100.0-beta.1" "metadata" "--no-deps" "--format-version=1", kill_on_drop: false }`
[INFO] running `Command { std: "docker" "inspect" "2c12073b0e08ab3ca10f25d7c45e6e162bb8524519de8fdf07d48a7d05051d2f", kill_on_drop: false }`
[INFO] running `Command { std: "docker" "exec" "-e" "SOURCE_DIR=/opt/rustwide/workdir" "-e" "CARGO_HOME=/opt/rustwide/cargo-home" "-e" "RUSTUP_HOME=/opt/rustwide/rustup-home" "-e" "CARGO_TARGET_DIR=/opt/rustwide/target" "-e" "CARGO_INCREMENTAL=0" "-e" "RUST_BACKTRACE=full" "-e" "RUSTFLAGS=--cap-lints=warn" "-e" "RUSTDOCFLAGS=--cap-lints=warn" "-w" "/opt/rustwide/workdir" "--user" "0:0" "2c12073b0e08ab3ca10f25d7c45e6e162bb8524519de8fdf07d48a7d05051d2f" "/opt/rustwide/cargo-home/bin/cargo" "+1.100.0-beta.1" "build" "--frozen" "--message-format=json" "--release", kill_on_drop: false }`
[INFO] [stderr] warning: `package.homepage` is redundant with `package.repository`
[INFO] [stderr]   --> Cargo.toml:21:12
[INFO] [stderr]    |
[INFO] [stderr] 21 | homepage = "https://github.com/SummaryPuppet/pillow_framework"
[INFO] [stderr]    |            ^^^^^^^^^^^^^^^^^^^^^^^^^^^^^^^^^^^^^^^^^^^^^^^^^^^
[INFO] [stderr] ...
[INFO] [stderr] 25 | repository = "https://github.com/SummaryPuppet/pillow_framework"
[INFO] [stderr]    |              ---------------------------------------------------
[INFO] [stderr]    |
[INFO] [stderr]    = note: `cargo::redundant_homepage` is set to `warn` by default
[INFO] [stderr] help: consider removing `package.homepage`
[INFO] [stderr] warning: `pillow_macros` (manifest) generated 1 warning
[INFO] [stderr]    Compiling pillow_macros v0.4.1 (/opt/rustwide/workdir)
[INFO] [stderr]     Finished `release` profile [optimized] target(s) in 2.55s
[INFO] running `Command { std: "docker" "inspect" "2c12073b0e08ab3ca10f25d7c45e6e162bb8524519de8fdf07d48a7d05051d2f", kill_on_drop: false }`
[INFO] running `Command { std: "docker" "exec" "-e" "SOURCE_DIR=/opt/rustwide/workdir" "-e" "CARGO_HOME=/opt/rustwide/cargo-home" "-e" "RUSTUP_HOME=/opt/rustwide/rustup-home" "-e" "CARGO_TARGET_DIR=/opt/rustwide/target" "-e" "CARGO_INCREMENTAL=0" "-e" "RUST_BACKTRACE=full" "-e" "RUSTFLAGS=--cap-lints=warn" "-e" "RUSTDOCFLAGS=--cap-lints=warn" "-w" "/opt/rustwide/workdir" "--user" "0:0" "2c12073b0e08ab3ca10f25d7c45e6e162bb8524519de8fdf07d48a7d05051d2f" "/opt/rustwide/cargo-home/bin/cargo" "+1.100.0-beta.1" "test" "--frozen" "--no-run" "--message-format=json" "--release", kill_on_drop: false }`
[INFO] [stderr] warning: `package.homepage` is redundant with `package.repository`
[INFO] [stderr]   --> Cargo.toml:21:12
[INFO] [stderr]    |
[INFO] [stderr] 21 | homepage = "https://github.com/SummaryPuppet/pillow_framework"
[INFO] [stderr]    |            ^^^^^^^^^^^^^^^^^^^^^^^^^^^^^^^^^^^^^^^^^^^^^^^^^^^
[INFO] [stderr] ...
[INFO] [stderr] 25 | repository = "https://github.com/SummaryPuppet/pillow_framework"
[INFO] [stderr]    |              ---------------------------------------------------
[INFO] [stderr]    |
[INFO] [stderr]    = note: `cargo::redundant_homepage` is set to `warn` by default
[INFO] [stderr] help: consider removing `package.homepage`
[INFO] [stderr] warning: `pillow_macros` (manifest) generated 1 warning
[INFO] [stderr]    Compiling pillow_macros v0.4.1 (/opt/rustwide/workdir)
[INFO] [stderr]     Finished `release` profile [optimized] target(s) in 0.47s
[INFO] running `Command { std: "docker" "inspect" "2c12073b0e08ab3ca10f25d7c45e6e162bb8524519de8fdf07d48a7d05051d2f", kill_on_drop: false }`
[INFO] running `Command { std: "docker" "exec" "-e" "SOURCE_DIR=/opt/rustwide/workdir" "-e" "CARGO_HOME=/opt/rustwide/cargo-home" "-e" "RUSTUP_HOME=/opt/rustwide/rustup-home" "-e" "CARGO_TARGET_DIR=/opt/rustwide/target" "-e" "CARGO_INCREMENTAL=0" "-e" "RUST_BACKTRACE=full" "-e" "RUSTFLAGS=--cap-lints=warn" "-e" "RUSTDOCFLAGS=--cap-lints=warn" "-w" "/opt/rustwide/workdir" "--user" "0:0" "2c12073b0e08ab3ca10f25d7c45e6e162bb8524519de8fdf07d48a7d05051d2f" "/opt/rustwide/cargo-home/bin/cargo" "+1.100.0-beta.1" "test" "--frozen" "--release", kill_on_drop: false }`
[INFO] [stderr] warning: `package.homepage` is redundant with `package.repository`
[INFO] [stderr]   --> Cargo.toml:21:12
[INFO] [stderr]    |
[INFO] [stderr] 21 | homepage = "https://github.com/SummaryPuppet/pillow_framework"
[INFO] [stderr]    |            ^^^^^^^^^^^^^^^^^^^^^^^^^^^^^^^^^^^^^^^^^^^^^^^^^^^
[INFO] [stderr] ...
[INFO] [stderr] 25 | repository = "https://github.com/SummaryPuppet/pillow_framework"
[INFO] [stderr]    |              ---------------------------------------------------
[INFO] [stderr]    |
[INFO] [stderr]    = note: `cargo::redundant_homepage` is set to `warn` by default
[INFO] [stderr] help: consider removing `package.homepage`
[INFO] [stderr] warning: `pillow_macros` (manifest) generated 1 warning
[INFO] [stdout] 
[INFO] [stderr]     Finished `release` profile [optimized] target(s) in 0.02s
[INFO] [stdout] running 0 tests
[INFO] [stderr]      Running unittests src/lib.rs (/opt/rustwide/target/release/build/pillow_macros/862cede892c42c7d/out/pillow_macros-862cede892c42c7d)
[INFO] [stdout] 
[INFO] [stdout] test result: ok. 0 passed; 0 failed; 0 ignored; 0 measured; 0 filtered out; finished in 0.00s
[INFO] [stdout] 
[INFO] [stderr]    Doc-tests pillow_macros
[INFO] [stdout] 
[INFO] [stdout] running 2 tests
[INFO] [stdout] test src/lib.rs - route (line 30) ... FAILED
[INFO] [stderr] error: doctest failed, to rerun pass `--doc`
[INFO] [stdout] test src/lib.rs - controller (line 12) ... FAILED
[INFO] [stdout] 
[INFO] [stdout] failures:
[INFO] [stdout] 
[INFO] [stdout] ---- src/lib.rs - route (line 30) stdout ----
[INFO] [stdout] error[E0433]: cannot find module or crate `pillow` in this scope
[INFO] [stdout]   --> src/lib.rs:31:5
[INFO] [stdout]    |
[INFO] [stdout] 31 | use pillow::http::*;
[INFO] [stdout]    |     ^^^^^^ use of unresolved module or unlinked crate `pillow`
[INFO] [stdout]    |
[INFO] [stdout]    = help: if you wanted to use a crate named `pillow`, use `cargo add pillow` to add it to your `Cargo.toml`
[INFO] [stdout] 
[INFO] [stdout] error[E0433]: cannot find module or crate `tokio` in this scope
[INFO] [stdout]   --> src/lib.rs:37:3
[INFO] [stdout]    |
[INFO] [stdout] 37 | #[tokio::main]
[INFO] [stdout]    |   ^^^^^ use of unresolved module or unlinked crate `tokio`
[INFO] [stdout] 
[INFO] [stdout] error: cannot find macro `route` in this scope
[INFO] [stdout]   --> src/lib.rs:40:22
[INFO] [stdout]    |
[INFO] [stdout] 40 |     router.add_route(route!(index {}));
[INFO] [stdout]    |                      ^^^^^
[INFO] [stdout] 
[INFO] [stdout] error: cannot find attribute `controller` in this scope
[INFO] [stdout]   --> src/lib.rs:33:3
[INFO] [stdout]    |
[INFO] [stdout] 33 | #[controller(method = "GET", path = "/")]
[INFO] [stdout]    |   ^^^^^^^^^^
[INFO] [stdout] 
[INFO] [stdout] error[E0425]: cannot find type `Response` in this scope
[INFO] [stdout]   --> src/lib.rs:34:15
[INFO] [stdout]    |
[INFO] [stdout] 34 | fn index() -> Response {
[INFO] [stdout]    |               ^^^^^^^^ not found in this scope
[INFO] [stdout] 
[INFO] [stdout] error[E0433]: cannot find type `MainRouter` in this scope
[INFO] [stdout]   --> src/lib.rs:39:22
[INFO] [stdout]    |
[INFO] [stdout] 39 |     let mut router = MainRouter::new();
[INFO] [stdout]    |                      ^^^^^^^^^^ use of undeclared type `MainRouter`
[INFO] [stdout] 
[INFO] [stdout] error[E0752]: `main` function is not allowed to be `async`
[INFO] [stdout]   --> src/lib.rs:38:1
[INFO] [stdout]    |
[INFO] [stdout] 38 | async fn main() {
[INFO] [stdout]    | ^^^^^^^^^^^^^^^ `main` function is not allowed to be `async`
[INFO] [stdout] 
[INFO] [stdout] error[E0433]: cannot find type `Response` in this scope
[INFO] [stdout]   --> src/lib.rs:35:5
[INFO] [stdout]    |
[INFO] [stdout] 35 |     Response::text("hello")
[INFO] [stdout]    |     ^^^^^^^^ use of undeclared type `Response`
[INFO] [stdout] 
[INFO] [stdout] error: aborting due to 8 previous errors
[INFO] [stdout] 
[INFO] [stdout] Some errors have detailed explanations: E0425, E0433, E0752.
[INFO] [stdout] For more information about an error, try `rustc --explain E0425`.
[INFO] [stdout] Couldn't compile the test.
[INFO] [stdout] ---- src/lib.rs - controller (line 12) stdout ----
[INFO] [stdout] error[E0433]: cannot find module or crate `pillow` in this scope
[INFO] [stdout]   --> src/lib.rs:13:5
[INFO] [stdout]    |
[INFO] [stdout] 13 | use pillow::http::*;
[INFO] [stdout]    |     ^^^^^^ use of unresolved module or unlinked crate `pillow`
[INFO] [stdout]    |
[INFO] [stdout]    = help: if you wanted to use a crate named `pillow`, use `cargo add pillow` to add it to your `Cargo.toml`
[INFO] [stdout] 
[INFO] [stdout] error: cannot find attribute `controller` in this scope
[INFO] [stdout]   --> src/lib.rs:15:3
[INFO] [stdout]    |
[INFO] [stdout] 15 | #[controller(method = "GET", path = "/")]
[INFO] [stdout]    |   ^^^^^^^^^^
[INFO] [stdout] 
[INFO] [stdout] error[E0425]: cannot find type `Response` in this scope
[INFO] [stdout]   --> src/lib.rs:16:15
[INFO] [stdout]    |
[INFO] [stdout] 16 | fn index() -> Response {
[INFO] [stdout]    |               ^^^^^^^^ not found in this scope
[INFO] [stdout] 
[INFO] [stdout] error[E0433]: cannot find type `Response` in this scope
[INFO] [stdout]   --> src/lib.rs:17:5
[INFO] [stdout]    |
[INFO] [stdout] 17 |     Response::text("hello")
[INFO] [stdout]    |     ^^^^^^^^ use of undeclared type `Response`
[INFO] [stdout] 
[INFO] [stdout] error: aborting due to 4 previous errors
[INFO] [stdout] 
[INFO] [stdout] Some errors have detailed explanations: E0425, E0433.
[INFO] [stdout] For more information about an error, try `rustc --explain E0425`.
[INFO] [stdout] Couldn't compile the test.
[INFO] [stdout] 
[INFO] [stdout] failures:
[INFO] [stdout]     src/lib.rs - controller (line 12)
[INFO] [stdout]     src/lib.rs - route (line 30)
[INFO] [stdout] 
[INFO] [stdout] test result: FAILED. 0 passed; 2 failed; 0 ignored; 0 measured; 0 filtered out; finished in 0.11s
[INFO] [stdout] 
[INFO] running `Command { std: "docker" "inspect" "2c12073b0e08ab3ca10f25d7c45e6e162bb8524519de8fdf07d48a7d05051d2f", kill_on_drop: false }`
[INFO] running `Command { std: "docker" "rm" "-f" "2c12073b0e08ab3ca10f25d7c45e6e162bb8524519de8fdf07d48a7d05051d2f", kill_on_drop: false }`
[INFO] [stdout] 2c12073b0e08ab3ca10f25d7c45e6e162bb8524519de8fdf07d48a7d05051d2f
