[INFO] fetching crate pii-vault 0.2.0...
[INFO] testing pii-vault-0.2.0 against 1.100.0-beta.1+cargoflags=--release for beta-release-1.100-2
[INFO] extracting crate pii-vault 0.2.0 into /workspace/builds/worker-7-tc2/source
[INFO] started tweaking crates.io crate pii-vault 0.2.0
[INFO] finished tweaking crates.io crate pii-vault 0.2.0
[INFO] tweaked toml for crates.io crate pii-vault 0.2.0 written to /workspace/builds/worker-7-tc2/source/Cargo.toml
[INFO] validating manifest of crates.io crate pii-vault 0.2.0 on toolchain 1.100.0-beta.1
[INFO] running `Command { std: CARGO_HOME="/workspace/cargo-home" RUSTUP_HOME="/workspace/rustup-home" "/workspace/cargo-home/bin/cargo" "+1.100.0-beta.1" "metadata" "--manifest-path" "Cargo.toml" "--no-deps", kill_on_drop: false }`
[INFO] crate crates.io crate pii-vault 0.2.0 already has a lockfile, it will not be regenerated
[INFO] running `Command { std: CARGO_HOME="/workspace/cargo-home" RUSTUP_HOME="/workspace/rustup-home" "/workspace/cargo-home/bin/cargo" "+1.100.0-beta.1" "fetch" "--manifest-path" "Cargo.toml", kill_on_drop: false }`
[INFO] [stderr] warning: `package.homepage` is redundant with `package.repository`
[INFO] [stderr]   --> Cargo.toml:27:12
[INFO] [stderr]    |
[INFO] [stderr] 27 | homepage = "https://github.com/Jiansen/pii-vault"
[INFO] [stderr]    |            ^^^^^^^^^^^^^^^^^^^^^^^^^^^^^^^^^^^^^^
[INFO] [stderr] ...
[INFO] [stderr] 32 | repository = "https://github.com/Jiansen/pii-vault"
[INFO] [stderr]    |              --------------------------------------
[INFO] [stderr]    |
[INFO] [stderr]    = note: `cargo::redundant_homepage` is set to `warn` by default
[INFO] [stderr] help: consider removing `package.homepage`
[INFO] [stderr] warning: `pii-vault` (manifest) generated 1 warning
[INFO] running `Command { std: "docker" "create" "-v" "/var/lib/crater-agent-workspace/builds/worker-7-tc2/source:/opt/rustwide/workdir:ro,Z" "-v" "/var/lib/crater-agent-workspace/builds/worker-7-tc2/target:/opt/rustwide/target:rw,Z" "-v" "/var/lib/crater-agent-workspace/cargo-home:/opt/rustwide/cargo-home:ro,Z" "-v" "/var/lib/crater-agent-workspace/rustup-home:/opt/rustwide/rustup-home:ro,Z" "-m" "1610612736" "--network" "none" "ghcr.io/rust-lang/crates-build-env/linux@sha256:77db811e55d90add9212f6832c23229e3de5f1c1f9905e8cb07319ea15df73ac" "sleep" "infinity", kill_on_drop: false }`
[INFO] [stdout] a030afffd6bec50e91e118d11f761e5d81bd66824c5b9ea1f3691889c268d17c
[INFO] running `Command { std: "docker" "start" "a030afffd6bec50e91e118d11f761e5d81bd66824c5b9ea1f3691889c268d17c", kill_on_drop: false }`
[INFO] running `Command { std: "docker" "inspect" "a030afffd6bec50e91e118d11f761e5d81bd66824c5b9ea1f3691889c268d17c", kill_on_drop: false }`
[INFO] running `Command { std: "docker" "exec" "-e" "SOURCE_DIR=/opt/rustwide/workdir" "-e" "CARGO_HOME=/opt/rustwide/cargo-home" "-e" "RUSTUP_HOME=/opt/rustwide/rustup-home" "-e" "CARGO_TARGET_DIR=/opt/rustwide/target" "-w" "/opt/rustwide/workdir" "--user" "0:0" "a030afffd6bec50e91e118d11f761e5d81bd66824c5b9ea1f3691889c268d17c" "/opt/rustwide/cargo-home/bin/cargo" "+1.100.0-beta.1" "metadata" "--no-deps" "--format-version=1", kill_on_drop: false }`
[INFO] running `Command { std: "docker" "inspect" "a030afffd6bec50e91e118d11f761e5d81bd66824c5b9ea1f3691889c268d17c", kill_on_drop: false }`
[INFO] running `Command { std: "docker" "exec" "-e" "SOURCE_DIR=/opt/rustwide/workdir" "-e" "CARGO_HOME=/opt/rustwide/cargo-home" "-e" "RUSTUP_HOME=/opt/rustwide/rustup-home" "-e" "CARGO_TARGET_DIR=/opt/rustwide/target" "-e" "CARGO_INCREMENTAL=0" "-e" "RUST_BACKTRACE=full" "-e" "RUSTFLAGS=--cap-lints=warn" "-e" "RUSTDOCFLAGS=--cap-lints=warn" "-w" "/opt/rustwide/workdir" "--user" "0:0" "a030afffd6bec50e91e118d11f761e5d81bd66824c5b9ea1f3691889c268d17c" "/opt/rustwide/cargo-home/bin/cargo" "+1.100.0-beta.1" "build" "--frozen" "--message-format=json" "--release", kill_on_drop: false }`
[INFO] [stderr] warning: `package.homepage` is redundant with `package.repository`
[INFO] [stderr]   --> Cargo.toml:27:12
[INFO] [stderr]    |
[INFO] [stderr] 27 | homepage = "https://github.com/Jiansen/pii-vault"
[INFO] [stderr]    |            ^^^^^^^^^^^^^^^^^^^^^^^^^^^^^^^^^^^^^^
[INFO] [stderr] ...
[INFO] [stderr] 32 | repository = "https://github.com/Jiansen/pii-vault"
[INFO] [stderr]    |              --------------------------------------
[INFO] [stderr]    |
[INFO] [stderr]    = note: `cargo::redundant_homepage` is set to `warn` by default
[INFO] [stderr] help: consider removing `package.homepage`
[INFO] [stderr] warning: `pii-vault` (manifest) generated 1 warning
[INFO] [stderr]    Compiling quote v1.0.45
[INFO] [stderr]    Compiling aho-corasick v1.1.4
[INFO] [stderr]    Compiling serde_json v1.0.149
[INFO] [stderr]    Compiling syn v2.0.117
[INFO] [stderr]    Compiling regex-automata v0.4.14
[INFO] [stderr]    Compiling serde_derive v1.0.228
[INFO] [stderr]    Compiling regex v1.12.3
[INFO] [stderr]    Compiling serde v1.0.228
[INFO] [stderr]    Compiling pii-vault v0.2.0 (/opt/rustwide/workdir)
[INFO] [stderr]     Finished `release` profile [optimized] target(s) in 20.16s
[INFO] running `Command { std: "docker" "inspect" "a030afffd6bec50e91e118d11f761e5d81bd66824c5b9ea1f3691889c268d17c", kill_on_drop: false }`
[INFO] running `Command { std: "docker" "exec" "-e" "SOURCE_DIR=/opt/rustwide/workdir" "-e" "CARGO_HOME=/opt/rustwide/cargo-home" "-e" "RUSTUP_HOME=/opt/rustwide/rustup-home" "-e" "CARGO_TARGET_DIR=/opt/rustwide/target" "-e" "CARGO_INCREMENTAL=0" "-e" "RUST_BACKTRACE=full" "-e" "RUSTFLAGS=--cap-lints=warn" "-e" "RUSTDOCFLAGS=--cap-lints=warn" "-w" "/opt/rustwide/workdir" "--user" "0:0" "a030afffd6bec50e91e118d11f761e5d81bd66824c5b9ea1f3691889c268d17c" "/opt/rustwide/cargo-home/bin/cargo" "+1.100.0-beta.1" "test" "--frozen" "--no-run" "--message-format=json" "--release", kill_on_drop: false }`
[INFO] [stderr] warning: `package.homepage` is redundant with `package.repository`
[INFO] [stderr]   --> Cargo.toml:27:12
[INFO] [stderr]    |
[INFO] [stderr] 27 | homepage = "https://github.com/Jiansen/pii-vault"
[INFO] [stderr]    |            ^^^^^^^^^^^^^^^^^^^^^^^^^^^^^^^^^^^^^^
[INFO] [stderr] ...
[INFO] [stderr] 32 | repository = "https://github.com/Jiansen/pii-vault"
[INFO] [stderr]    |              --------------------------------------
[INFO] [stderr]    |
[INFO] [stderr]    = note: `cargo::redundant_homepage` is set to `warn` by default
[INFO] [stderr] help: consider removing `package.homepage`
[INFO] [stderr] warning: `pii-vault` (manifest) generated 1 warning
[INFO] [stderr]    Compiling pii-vault v0.2.0 (/opt/rustwide/workdir)
[INFO] [stdout] warning: unused import: `crate::recognizer`
[INFO] [stdout]  --> src/integration_tests.rs:5:9
[INFO] [stdout]   |
[INFO] [stdout] 5 |     use crate::recognizer;
[INFO] [stdout]   |         ^^^^^^^^^^^^^^^^^
[INFO] [stdout]   |
[INFO] [stdout]   = note: `#[warn(unused_imports)]` (part of `#[warn(unused)]`) on by default
[INFO] [stdout] 
[INFO] [stdout] 
[INFO] [stderr]     Finished `release` profile [optimized] target(s) in 4.48s
[INFO] running `Command { std: "docker" "inspect" "a030afffd6bec50e91e118d11f761e5d81bd66824c5b9ea1f3691889c268d17c", kill_on_drop: false }`
[INFO] running `Command { std: "docker" "exec" "-e" "SOURCE_DIR=/opt/rustwide/workdir" "-e" "CARGO_HOME=/opt/rustwide/cargo-home" "-e" "RUSTUP_HOME=/opt/rustwide/rustup-home" "-e" "CARGO_TARGET_DIR=/opt/rustwide/target" "-e" "CARGO_INCREMENTAL=0" "-e" "RUST_BACKTRACE=full" "-e" "RUSTFLAGS=--cap-lints=warn" "-e" "RUSTDOCFLAGS=--cap-lints=warn" "-w" "/opt/rustwide/workdir" "--user" "0:0" "a030afffd6bec50e91e118d11f761e5d81bd66824c5b9ea1f3691889c268d17c" "/opt/rustwide/cargo-home/bin/cargo" "+1.100.0-beta.1" "test" "--frozen" "--release", kill_on_drop: false }`
[INFO] [stderr] warning: `package.homepage` is redundant with `package.repository`
[INFO] [stderr]   --> Cargo.toml:27:12
[INFO] [stderr]    |
[INFO] [stderr] 27 | homepage = "https://github.com/Jiansen/pii-vault"
[INFO] [stderr]    |            ^^^^^^^^^^^^^^^^^^^^^^^^^^^^^^^^^^^^^^
[INFO] [stderr] ...
[INFO] [stderr] 32 | repository = "https://github.com/Jiansen/pii-vault"
[INFO] [stderr]    |              --------------------------------------
[INFO] [stderr]    |
[INFO] [stderr]    = note: `cargo::redundant_homepage` is set to `warn` by default
[INFO] [stderr] help: consider removing `package.homepage`
[INFO] [stderr] warning: `pii-vault` (manifest) generated 1 warning
[INFO] [stderr] warning: unused import: `crate::recognizer`
[INFO] [stderr]  --> src/integration_tests.rs:5:9
[INFO] [stderr]   |
[INFO] [stderr] 5 |     use crate::recognizer;
[INFO] [stderr]   |         ^^^^^^^^^^^^^^^^^
[INFO] [stderr]   |
[INFO] [stderr]   = note: `#[warn(unused_imports)]` (part of `#[warn(unused)]`) on by default
[INFO] [stderr] 
[INFO] [stderr] warning: `pii-vault` (lib test) generated 1 warning (run `cargo fix --lib -p pii-vault --tests` to apply 1 suggestion)
[INFO] [stderr]     Finished `release` profile [optimized] target(s) in 0.03s
[INFO] [stderr]      Running unittests src/lib.rs (/opt/rustwide/target/release/build/pii-vault/4a42a532a223c737/out/pii_vault-4a42a532a223c737)
[INFO] [stdout] 
[INFO] [stdout] running 60 tests
[INFO] [stdout] test anonymizer::tests::test_anonymize_multiple_entities ... ok
[INFO] [stdout] test integration_tests::tests::test_au_tfn_detection ... FAILED
[INFO] [stdout] test integration_tests::tests::test_br_cpf_detection ... FAILED
[INFO] [stdout] test integration_tests::tests::test_credit_card_valid ... FAILED
[INFO] [stdout] test anonymizer::tests::test_anonymize_redact ... ok
[INFO] [stdout] test integration_tests::tests::test_cn_id_detection ... FAILED
[INFO] [stdout] test analyzer::tests::test_score_threshold ... ok
[INFO] [stdout] test integration_tests::tests::test_de_tax_id_detection ... FAILED
[INFO] [stdout] test anonymizer::tests::test_anonymize_vault ... ok
[INFO] [stdout] test integration_tests::tests::test_credit_card_invalid_luhn ... ok
[INFO] [stdout] test integration_tests::tests::test_de_passport_detection ... FAILED
[INFO] [stdout] test integration_tests::tests::test_iban_detection ... FAILED
[INFO] [stdout] test integration_tests::tests::test_iban_invalid_checksum ... ok
[INFO] [stdout] test integration_tests::tests::test_ip_address_detection ... FAILED
[INFO] [stdout] test integration_tests::tests::test_in_pan_detection ... FAILED
[INFO] [stdout] test integration_tests::tests::test_au_abn_detection ... FAILED
[INFO] [stdout] test anonymizer::tests::test_anonymize_hash ... ok
[INFO] [stdout] test integration_tests::tests::test_it_fiscal_code_detection ... FAILED
[INFO] [stdout] test integration_tests::tests::test_ip_deny_list ... ok
[INFO] [stdout] test integration_tests::tests::test_kr_rrn_detection ... FAILED
[INFO] [stdout] test integration_tests::tests::test_es_nie_detection ... FAILED
[INFO] [stdout] test integration_tests::tests::test_mixed_language_text ... FAILED
[INFO] [stdout] test analyzer::tests::test_analyzer_multi_entity ... ok
[INFO] [stdout] test anonymizer::tests::test_anonymize_replace_custom ... ok
[INFO] [stdout] test integration_tests::tests::test_no_pii_text ... ok
[INFO] [stdout] test integration_tests::tests::test_multiple_emails ... FAILED
[INFO] [stdout] test anonymizer::tests::test_anonymize_replace_default ... ok
[INFO] [stdout] test integration_tests::tests::test_email_detection ... FAILED
[INFO] [stdout] test integration_tests::tests::test_de_vat_id_detection ... FAILED
[INFO] [stdout] test analyzer::tests::test_analyzer_filter_by_entity ... ok
[INFO] [stdout] test integration_tests::tests::test_uk_driving_licence_invalid_all_nines_surname ... ok
[INFO] [stdout] test integration_tests::tests::test_full_pipeline_vault ... FAILED
[INFO] [stdout] test integration_tests::tests::test_mac_address_detection ... FAILED
[INFO] [stdout] test anonymizer::tests::test_anonymize_mask ... ok
[INFO] [stdout] test integration_tests::tests::test_uk_driving_licence_invalid_padding ... ok
[INFO] [stdout] test integration_tests::tests::test_cn_phone_detection ... FAILED
[INFO] [stdout] test recognizer::tests::test_cn_id_invalid ... ok
[INFO] [stdout] test recognizer::tests::test_cn_id_valid ... ok
[INFO] [stdout] test integration_tests::tests::test_uk_driving_licence_padded_surname ... FAILED
[INFO] [stdout] test integration_tests::tests::test_url_detection ... FAILED
[INFO] [stdout] test recognizer::tests::test_context_boost ... ok
[INFO] [stdout] test recognizer::tests::test_luhn_invalid ... ok
[INFO] [stdout] test integration_tests::tests::test_empty_text ... ok
[INFO] [stdout] test vault::tests::test_detokenize ... ok
[INFO] [stdout] test vault::tests::test_lookup_token ... ok
[INFO] [stdout] test recognizer::tests::test_regex_recognizer_email ... ok
[INFO] [stdout] test recognizer::tests::test_deny_list ... ok
[INFO] [stdout] test recognizer::tests::test_luhn_valid ... ok
[INFO] [stdout] test vault::tests::test_tokenize_deterministic ... ok
[INFO] [stdout] test vault::tests::test_tokenize_different_originals ... ok
[INFO] [stdout] test vault::tests::test_tokenize_with_context ... ok
[INFO] [stdout] test vault::tests::test_roundtrip_json ... ok
[INFO] [stdout] test integration_tests::tests::test_uk_nino_detection ... FAILED
[INFO] [stdout] test vault::tests::test_token_format ... ok
[INFO] [stdout] test integration_tests::tests::test_sg_nric_detection ... FAILED
[INFO] [stdout] test integration_tests::tests::test_spec_recognizers_load ... FAILED
[INFO] [stdout] test integration_tests::tests::test_uuid_detection ... FAILED
[INFO] [stdout] test integration_tests::tests::test_us_ssn_detection ... FAILED
[INFO] [stdout] test integration_tests::tests::test_uk_driving_licence_detection ... FAILED
[INFO] [stdout] test integration_tests::tests::test_uk_driving_licence_female ... FAILED
[INFO] [stdout] 
[INFO] [stdout] failures:
[INFO] [stdout] 
[INFO] [stdout] ---- integration_tests::tests::test_au_tfn_detection stdout ----
[INFO] [stdout] 
[INFO] [stdout] thread 'integration_tests::tests::test_au_tfn_detection' (430) panicked at src/integration_tests.rs:325:9:
[INFO] [stdout] Should detect Australian TFN
[INFO] [stdout] stack backtrace:
[INFO] [stdout]    0:     0x621da0cf3841 - <<std[617be2ca0a6fd877]::sys::backtrace::BacktraceLock>::print::DisplayBacktrace as core[a373ad73a504971]::fmt::Display>::fmt
[INFO] [stdout]    1:     0x621da0d0a73a - core[a373ad73a504971]::fmt::write
[INFO] [stdout]    2:     0x621da0cf7d2c - <alloc[2e1b2a31b91974c5]::vec::Vec<u8> as core[a373ad73a504971]::io::write::Write>::write_fmt
[INFO] [stdout]    3:     0x621da0ccf3b6 - std[617be2ca0a6fd877]::panicking::default_hook::{closure#0}
[INFO] [stdout]    4:     0x621da0ceb969 - std[617be2ca0a6fd877]::panicking::default_hook
[INFO] [stdout]    5:     0x621da0bc4260 - test[aada8e7e76ba119b]::test_main_inner::{closure#0}
[INFO] [stdout]    6:     0x621da0cebb22 - std[617be2ca0a6fd877]::panicking::panic_with_hook
[INFO] [stdout]    7:     0x621da0ccf494 - std[617be2ca0a6fd877]::panicking::panic_handler::{closure#0}
[INFO] [stdout]    8:     0x621da0cc7f49 - std[617be2ca0a6fd877]::sys::backtrace::__rust_end_short_backtrace::<std[617be2ca0a6fd877]::panicking::panic_handler::{closure#0}, !>
[INFO] [stdout]    9:     0x621da0cd006d - __rustc[ea4f61d10b84890b]::rust_begin_unwind
[INFO] [stdout]   10:     0x621da0d0af1c - core[a373ad73a504971]::panicking::panic_fmt
[INFO] [stdout]   11:     0x621da0b994e7 - <pii_vault[74b916376291ea52]::integration_tests::tests::test_au_tfn_detection::{closure#0} as core[a373ad73a504971]::ops::function::FnOnce<()>>::call_once
[INFO] [stdout]   12:     0x621da0bb76ab - test[aada8e7e76ba119b]::__rust_begin_short_backtrace::<core[a373ad73a504971]::result::Result<(), alloc[2e1b2a31b91974c5]::string::String>, fn() -> core[a373ad73a504971]::result::Result<(), alloc[2e1b2a31b91974c5]::string::String>>
[INFO] [stdout]   13:     0x621da0bc4885 - test[aada8e7e76ba119b]::run_test::{closure#0}
[INFO] [stdout]   14:     0x621da0bbe174 - std[617be2ca0a6fd877]::sys::backtrace::__rust_begin_short_backtrace::<test[aada8e7e76ba119b]::run_test::{closure#1}, ()>
[INFO] [stdout]   15:     0x621da0bc7912 - <std[617be2ca0a6fd877]::thread::lifecycle::spawn_unchecked<test[aada8e7e76ba119b]::run_test::{closure#1}, ()>::{closure#1} as core[a373ad73a504971]::ops::function::FnOnce<()>>::call_once::{shim:vtable#0}
[INFO] [stdout]   16:     0x621da0cf2d3f - <std[617be2ca0a6fd877]::sys::thread::unix::Thread>::new::thread_start
[INFO] [stdout]   17:     0x7b599d734dfa - <unknown>
[INFO] [stdout]   18:     0x7b599d7c83d4 - clone
[INFO] [stdout]   19:                0x0 - <unknown>
[INFO] [stdout] 
[INFO] [stdout] ---- integration_tests::tests::test_br_cpf_detection stdout ----
[INFO] [stdout] 
[INFO] [stdout] thread 'integration_tests::tests::test_br_cpf_detection' (431) panicked at src/integration_tests.rs:193:9:
[INFO] [stdout] Should detect Brazilian CPF
[INFO] [stdout] stack backtrace:
[INFO] [stdout]    0:     0x621da0cf3841 - <<std[617be2ca0a6fd877]::sys::backtrace::BacktraceLock>::print::DisplayBacktrace as core[a373ad73a504971]::fmt::Display>::fmt
[INFO] [stdout]    1:     0x621da0d0a73a - core[a373ad73a504971]::fmt::write
[INFO] [stdout]    2:     0x621da0cf7d2c - <alloc[2e1b2a31b91974c5]::vec::Vec<u8> as core[a373ad73a504971]::io::write::Write>::write_fmt
[INFO] [stdout]    3:     0x621da0ccf3b6 - std[617be2ca0a6fd877]::panicking::default_hook::{closure#0}
[INFO] [stdout]    4:     0x621da0ceb969 - std[617be2ca0a6fd877]::panicking::default_hook
[INFO] [stdout]    5:     0x621da0bc4260 - test[aada8e7e76ba119b]::test_main_inner::{closure#0}
[INFO] [stdout]    6:     0x621da0cebb22 - std[617be2ca0a6fd877]::panicking::panic_with_hook
[INFO] [stdout]    7:     0x621da0ccf494 - std[617be2ca0a6fd877]::panicking::panic_handler::{closure#0}
[INFO] [stdout]    8:     0x621da0cc7f49 - std[617be2ca0a6fd877]::sys::backtrace::__rust_end_short_backtrace::<std[617be2ca0a6fd877]::panicking::panic_handler::{closure#0}, !>
[INFO] [stdout]    9:     0x621da0cd006d - __rustc[ea4f61d10b84890b]::rust_begin_unwind
[INFO] [stdout]   10:     0x621da0d0af1c - core[a373ad73a504971]::panicking::panic_fmt
[INFO] [stdout]   11:     0x621da0b996b7 - <pii_vault[74b916376291ea52]::integration_tests::tests::test_br_cpf_detection::{closure#0} as core[a373ad73a504971]::ops::function::FnOnce<()>>::call_once
[INFO] [stdout]   12:     0x621da0bb76ab - test[aada8e7e76ba119b]::__rust_begin_short_backtrace::<core[a373ad73a504971]::result::Result<(), alloc[2e1b2a31b91974c5]::string::String>, fn() -> core[a373ad73a504971]::result::Result<(), alloc[2e1b2a31b91974c5]::string::String>>
[INFO] [stdout]   13:     0x621da0bc4885 - test[aada8e7e76ba119b]::run_test::{closure#0}
[INFO] [stdout]   14:     0x621da0bbe174 - std[617be2ca0a6fd877]::sys::backtrace::__rust_begin_short_backtrace::<test[aada8e7e76ba119b]::run_test::{closure#1}, ()>
[INFO] [stdout]   15:     0x621da0bc7912 - <std[617be2ca0a6fd877]::thread::lifecycle::spawn_unchecked<test[aada8e7e76ba119b]::run_test::{closure#1}, ()>::{closure#1} as core[a373ad73a504971]::ops::function::FnOnce<()>>::call_once::{shim:vtable#0}
[INFO] [stdout]   16:     0x621da0cf2d3f - <std[617be2ca0a6fd877]::sys::thread::unix::Thread>::new::thread_start
[INFO] [stdout]   17:     0x7b599d734dfa - <unknown>
[INFO] [stdout]   18:     0x7b599d7c83d4 - clone
[INFO] [stdout]   19:                0x0 - <unknown>
[INFO] [stdout] 
[INFO] [stdout] ---- integration_tests::tests::test_credit_card_valid stdout ----
[INFO] [stdout] 
[INFO] [stdout] thread 'integration_tests::tests::test_credit_card_valid' (435) panicked at src/integration_tests.rs:83:9:
[INFO] [stdout] Should detect valid credit card
[INFO] [stdout] stack backtrace:
[INFO] [stdout]    0:     0x621da0cf3841 - <<std[617be2ca0a6fd877]::sys::backtrace::BacktraceLock>::print::DisplayBacktrace as core[a373ad73a504971]::fmt::Display>::fmt
[INFO] [stdout]    1:     0x621da0d0a73a - core[a373ad73a504971]::fmt::write
[INFO] [stdout]    2:     0x621da0cf7d2c - <alloc[2e1b2a31b91974c5]::vec::Vec<u8> as core[a373ad73a504971]::io::write::Write>::write_fmt
[INFO] [stdout]    3:     0x621da0ccf3b6 - std[617be2ca0a6fd877]::panicking::default_hook::{closure#0}
[INFO] [stdout]    4:     0x621da0ceb969 - std[617be2ca0a6fd877]::panicking::default_hook
[INFO] [stdout]    5:     0x621da0bc4260 - test[aada8e7e76ba119b]::test_main_inner::{closure#0}
[INFO] [stdout]    6:     0x621da0cebb22 - std[617be2ca0a6fd877]::panicking::panic_with_hook
[INFO] [stdout]    7:     0x621da0ccf494 - std[617be2ca0a6fd877]::panicking::panic_handler::{closure#0}
[INFO] [stdout]    8:     0x621da0cc7f49 - std[617be2ca0a6fd877]::sys::backtrace::__rust_end_short_backtrace::<std[617be2ca0a6fd877]::panicking::panic_handler::{closure#0}, !>
[INFO] [stdout]    9:     0x621da0cd006d - __rustc[ea4f61d10b84890b]::rust_begin_unwind
[INFO] [stdout]   10:     0x621da0d0af1c - core[a373ad73a504971]::panicking::panic_fmt
[INFO] [stdout]   11:     0x621da0b99fc7 - <pii_vault[74b916376291ea52]::integration_tests::tests::test_credit_card_valid::{closure#0} as core[a373ad73a504971]::ops::function::FnOnce<()>>::call_once
[INFO] [stdout]   12:     0x621da0bb76ab - test[aada8e7e76ba119b]::__rust_begin_short_backtrace::<core[a373ad73a504971]::result::Result<(), alloc[2e1b2a31b91974c5]::string::String>, fn() -> core[a373ad73a504971]::result::Result<(), alloc[2e1b2a31b91974c5]::string::String>>
[INFO] [stdout]   13:     0x621da0bc4885 - test[aada8e7e76ba119b]::run_test::{closure#0}
[INFO] [stdout]   14:     0x621da0bbe174 - std[617be2ca0a6fd877]::sys::backtrace::__rust_begin_short_backtrace::<test[aada8e7e76ba119b]::run_test::{closure#1}, ()>
[INFO] [stdout]   15:     0x621da0bc7912 - <std[617be2ca0a6fd877]::thread::lifecycle::spawn_unchecked<test[aada8e7e76ba119b]::run_test::{closure#1}, ()>::{closure#1} as core[a373ad73a504971]::ops::function::FnOnce<()>>::call_once::{shim:vtable#0}
[INFO] [stdout]   16:     0x621da0cf2d3f - <std[617be2ca0a6fd877]::sys::thread::unix::Thread>::new::thread_start
[INFO] [stdout]   17:     0x7b599d734dfa - <unknown>
[INFO] [stdout]   18:     0x7b599d7c83d4 - clone
[INFO] [stdout]   19:                0x0 - <unknown>
[INFO] [stdout] 
[INFO] [stdout] ---- integration_tests::tests::test_cn_id_detection stdout ----
[INFO] [stdout] 
[INFO] [stdout] thread 'integration_tests::tests::test_cn_id_detection' (432) panicked at src/integration_tests.rs:61:9:
[INFO] [stdout] Should detect Chinese ID card
[INFO] [stdout] stack backtrace:
[INFO] [stdout]    0:     0x621da0cf3841 - <<std[617be2ca0a6fd877]::sys::backtrace::BacktraceLock>::print::DisplayBacktrace as core[a373ad73a504971]::fmt::Display>::fmt
[INFO] [stdout]    1:     0x621da0d0a73a - core[a373ad73a504971]::fmt::write
[INFO] [stdout]    2:     0x621da0cf7d2c - <alloc[2e1b2a31b91974c5]::vec::Vec<u8> as core[a373ad73a504971]::io::write::Write>::write_fmt
[INFO] [stdout]    3:     0x621da0ccf3b6 - std[617be2ca0a6fd877]::panicking::default_hook::{closure#0}
[INFO] [stdout]    4:     0x621da0ceb969 - std[617be2ca0a6fd877]::panicking::default_hook
[INFO] [stdout]    5:     0x621da0bc4260 - test[aada8e7e76ba119b]::test_main_inner::{closure#0}
[INFO] [stdout]    6:     0x621da0cebb22 - std[617be2ca0a6fd877]::panicking::panic_with_hook
[INFO] [stdout]    7:     0x621da0ccf494 - std[617be2ca0a6fd877]::panicking::panic_handler::{closure#0}
[INFO] [stdout]    8:     0x621da0cc7f49 - std[617be2ca0a6fd877]::sys::backtrace::__rust_end_short_backtrace::<std[617be2ca0a6fd877]::panicking::panic_handler::{closure#0}, !>
[INFO] [stdout]    9:     0x621da0cd006d - __rustc[ea4f61d10b84890b]::rust_begin_unwind
[INFO] [stdout]   10:     0x621da0d0af1c - core[a373ad73a504971]::panicking::panic_fmt
[INFO] [stdout]   11:     0x621da0b98db7 - <pii_vault[74b916376291ea52]::integration_tests::tests::test_cn_id_detection::{closure#0} as core[a373ad73a504971]::ops::function::FnOnce<()>>::call_once
[INFO] [stdout]   12:     0x621da0bb76ab - test[aada8e7e76ba119b]::__rust_begin_short_backtrace::<core[a373ad73a504971]::result::Result<(), alloc[2e1b2a31b91974c5]::string::String>, fn() -> core[a373ad73a504971]::result::Result<(), alloc[2e1b2a31b91974c5]::string::String>>
[INFO] [stdout]   13:     0x621da0bc4885 - test[aada8e7e76ba119b]::run_test::{closure#0}
[INFO] [stdout]   14:     0x621da0bbe174 - std[617be2ca0a6fd877]::sys::backtrace::__rust_begin_short_backtrace::<test[aada8e7e76ba119b]::run_test::{closure#1}, ()>
[INFO] [stdout]   15:     0x621da0bc7912 - <std[617be2ca0a6fd877]::thread::lifecycle::spawn_unchecked<test[aada8e7e76ba119b]::run_test::{closure#1}, ()>::{closure#1} as core[a373ad73a504971]::ops::function::FnOnce<()>>::call_once::{shim:vtable#0}
[INFO] [stdout]   16:     0x621da0cf2d3f - <std[617be2ca0a6fd877]::sys::thread::unix::Thread>::new::thread_start
[INFO] [stdout]   17:     0x7b599d734dfa - <unknown>
[INFO] [stdout]   18:     0x7b599d7c83d4 - clone
[INFO] [stdout]   19:                0x0 - <unknown>
[INFO] [stdout] 
[INFO] [stdout] ---- integration_tests::tests::test_de_tax_id_detection stdout ----
[INFO] [stdout] 
[INFO] [stdout] thread 'integration_tests::tests::test_de_tax_id_detection' (437) panicked at src/integration_tests.rs:281:9:
[INFO] [stdout] Should detect German Tax ID
[INFO] [stdout] stack backtrace:
[INFO] [stdout]    0:     0x621da0cf3841 - <<std[617be2ca0a6fd877]::sys::backtrace::BacktraceLock>::print::DisplayBacktrace as core[a373ad73a504971]::fmt::Display>::fmt
[INFO] [stdout]    1:     0x621da0d0a73a - core[a373ad73a504971]::fmt::write
[INFO] [stdout]    2:     0x621da0cf7d2c - <alloc[2e1b2a31b91974c5]::vec::Vec<u8> as core[a373ad73a504971]::io::write::Write>::write_fmt
[INFO] [stdout]    3:     0x621da0ccf3b6 - std[617be2ca0a6fd877]::panicking::default_hook::{closure#0}
[INFO] [stdout]    4:     0x621da0ceb969 - std[617be2ca0a6fd877]::panicking::default_hook
[INFO] [stdout]    5:     0x621da0bc4260 - test[aada8e7e76ba119b]::test_main_inner::{closure#0}
[INFO] [stdout]    6:     0x621da0cebb22 - std[617be2ca0a6fd877]::panicking::panic_with_hook
[INFO] [stdout]    7:     0x621da0ccf494 - std[617be2ca0a6fd877]::panicking::panic_handler::{closure#0}
[INFO] [stdout]    8:     0x621da0cc7f49 - std[617be2ca0a6fd877]::sys::backtrace::__rust_end_short_backtrace::<std[617be2ca0a6fd877]::panicking::panic_handler::{closure#0}, !>
[INFO] [stdout]    9:     0x621da0cd006d - __rustc[ea4f61d10b84890b]::rust_begin_unwind
[INFO] [stdout]   10:     0x621da0d0af1c - core[a373ad73a504971]::panicking::panic_fmt
[INFO] [stdout]   11:     0x621da0b9a707 - <pii_vault[74b916376291ea52]::integration_tests::tests::test_de_tax_id_detection::{closure#0} as core[a373ad73a504971]::ops::function::FnOnce<()>>::call_once
[INFO] [stdout]   12:     0x621da0bb76ab - test[aada8e7e76ba119b]::__rust_begin_short_backtrace::<core[a373ad73a504971]::result::Result<(), alloc[2e1b2a31b91974c5]::string::String>, fn() -> core[a373ad73a504971]::result::Result<(), alloc[2e1b2a31b91974c5]::string::String>>
[INFO] [stdout]   13:     0x621da0bc4885 - test[aada8e7e76ba119b]::run_test::{closure#0}
[INFO] [stdout]   14:     0x621da0bbe174 - std[617be2ca0a6fd877]::sys::backtrace::__rust_begin_short_backtrace::<test[aada8e7e76ba119b]::run_test::{closure#1}, ()>
[INFO] [stdout]   15:     0x621da0bc7912 - <std[617be2ca0a6fd877]::thread::lifecycle::spawn_unchecked<test[aada8e7e76ba119b]::run_test::{closure#1}, ()>::{closure#1} as core[a373ad73a504971]::ops::function::FnOnce<()>>::call_once::{shim:vtable#0}
[INFO] [stdout]   16:     0x621da0cf2d3f - <std[617be2ca0a6fd877]::sys::thread::unix::Thread>::new::thread_start
[INFO] [stdout]   17:     0x7b599d734dfa - <unknown>
[INFO] [stdout]   18:     0x7b599d7c83d4 - clone
[INFO] [stdout]   19:                0x0 - <unknown>
[INFO] [stdout] 
[INFO] [stdout] ---- integration_tests::tests::test_de_passport_detection stdout ----
[INFO] [stdout] 
[INFO] [stdout] thread 'integration_tests::tests::test_de_passport_detection' (436) panicked at src/integration_tests.rs:292:9:
[INFO] [stdout] Should detect German passport
[INFO] [stdout] stack backtrace:
[INFO] [stdout]    0:     0x621da0cf3841 - <<std[617be2ca0a6fd877]::sys::backtrace::BacktraceLock>::print::DisplayBacktrace as core[a373ad73a504971]::fmt::Display>::fmt
[INFO] [stdout]    1:     0x621da0d0a73a - core[a373ad73a504971]::fmt::write
[INFO] [stdout]    2:     0x621da0cf7d2c - <alloc[2e1b2a31b91974c5]::vec::Vec<u8> as core[a373ad73a504971]::io::write::Write>::write_fmt
[INFO] [stdout]    3:     0x621da0ccf3b6 - std[617be2ca0a6fd877]::panicking::default_hook::{closure#0}
[INFO] [stdout]    4:     0x621da0ceb969 - std[617be2ca0a6fd877]::panicking::default_hook
[INFO] [stdout]    5:     0x621da0bc4260 - test[aada8e7e76ba119b]::test_main_inner::{closure#0}
[INFO] [stdout]    6:     0x621da0cebb22 - std[617be2ca0a6fd877]::panicking::panic_with_hook
[INFO] [stdout]    7:     0x621da0ccf494 - std[617be2ca0a6fd877]::panicking::panic_handler::{closure#0}
[INFO] [stdout]    8:     0x621da0cc7f49 - std[617be2ca0a6fd877]::sys::backtrace::__rust_end_short_backtrace::<std[617be2ca0a6fd877]::panicking::panic_handler::{closure#0}, !>
[INFO] [stdout]    9:     0x621da0cd006d - __rustc[ea4f61d10b84890b]::rust_begin_unwind
[INFO] [stdout]   10:     0x621da0d0af1c - core[a373ad73a504971]::panicking::panic_fmt
[INFO] [stdout]   11:     0x621da0b9b657 - <pii_vault[74b916376291ea52]::integration_tests::tests::test_de_passport_detection::{closure#0} as core[a373ad73a504971]::ops::function::FnOnce<()>>::call_once
[INFO] [stdout]   12:     0x621da0bb76ab - test[aada8e7e76ba119b]::__rust_begin_short_backtrace::<core[a373ad73a504971]::result::Result<(), alloc[2e1b2a31b91974c5]::string::String>, fn() -> core[a373ad73a504971]::result::Result<(), alloc[2e1b2a31b91974c5]::string::String>>
[INFO] [stdout]   13:     0x621da0bc4885 - test[aada8e7e76ba119b]::run_test::{closure#0}
[INFO] [stdout]   14:     0x621da0bbe174 - std[617be2ca0a6fd877]::sys::backtrace::__rust_begin_short_backtrace::<test[aada8e7e76ba119b]::run_test::{closure#1}, ()>
[INFO] [stdout]   15:     0x621da0bc7912 - <std[617be2ca0a6fd877]::thread::lifecycle::spawn_unchecked<test[aada8e7e76ba119b]::run_test::{closure#1}, ()>::{closure#1} as core[a373ad73a504971]::ops::function::FnOnce<()>>::call_once::{shim:vtable#0}
[INFO] [stdout]   16:     0x621da0cf2d3f - <std[617be2ca0a6fd877]::sys::thread::unix::Thread>::new::thread_start
[INFO] [stdout]   17:     0x7b599d734dfa - <unknown>
[INFO] [stdout]   18:     0x7b599d7c83d4 - clone
[INFO] [stdout]   19:                0x0 - <unknown>
[INFO] [stdout] 
[INFO] [stdout] ---- integration_tests::tests::test_iban_detection stdout ----
[INFO] [stdout] 
[INFO] [stdout] thread 'integration_tests::tests::test_iban_detection' (443) panicked at src/integration_tests.rs:259:9:
[INFO] [stdout] Should detect IBAN
[INFO] [stdout] stack backtrace:
[INFO] [stdout]    0:     0x621da0cf3841 - <<std[617be2ca0a6fd877]::sys::backtrace::BacktraceLock>::print::DisplayBacktrace as core[a373ad73a504971]::fmt::Display>::fmt
[INFO] [stdout]    1:     0x621da0d0a73a - core[a373ad73a504971]::fmt::write
[INFO] [stdout]    2:     0x621da0cf7d2c - <alloc[2e1b2a31b91974c5]::vec::Vec<u8> as core[a373ad73a504971]::io::write::Write>::write_fmt
[INFO] [stdout]    3:     0x621da0ccf3b6 - std[617be2ca0a6fd877]::panicking::default_hook::{closure#0}
[INFO] [stdout]    4:     0x621da0ceb969 - std[617be2ca0a6fd877]::panicking::default_hook
[INFO] [stdout]    5:     0x621da0bc4260 - test[aada8e7e76ba119b]::test_main_inner::{closure#0}
[INFO] [stdout]    6:     0x621da0cebb22 - std[617be2ca0a6fd877]::panicking::panic_with_hook
[INFO] [stdout]    7:     0x621da0ccf494 - std[617be2ca0a6fd877]::panicking::panic_handler::{closure#0}
[INFO] [stdout]    8:     0x621da0cc7f49 - std[617be2ca0a6fd877]::sys::backtrace::__rust_end_short_backtrace::<std[617be2ca0a6fd877]::panicking::panic_handler::{closure#0}, !>
[INFO] [stdout]    9:     0x621da0cd006d - __rustc[ea4f61d10b84890b]::rust_begin_unwind
[INFO] [stdout]   10:     0x621da0d0af1c - core[a373ad73a504971]::panicking::panic_fmt
[INFO] [stdout]   11:     0x621da0b98a17 - <pii_vault[74b916376291ea52]::integration_tests::tests::test_iban_detection::{closure#0} as core[a373ad73a504971]::ops::function::FnOnce<()>>::call_once
[INFO] [stdout]   12:     0x621da0bb76ab - test[aada8e7e76ba119b]::__rust_begin_short_backtrace::<core[a373ad73a504971]::result::Result<(), alloc[2e1b2a31b91974c5]::string::String>, fn() -> core[a373ad73a504971]::result::Result<(), alloc[2e1b2a31b91974c5]::string::String>>
[INFO] [stdout]   13:     0x621da0bc4885 - test[aada8e7e76ba119b]::run_test::{closure#0}
[INFO] [stdout]   14:     0x621da0bbe174 - std[617be2ca0a6fd877]::sys::backtrace::__rust_begin_short_backtrace::<test[aada8e7e76ba119b]::run_test::{closure#1}, ()>
[INFO] [stdout]   15:     0x621da0bc7912 - <std[617be2ca0a6fd877]::thread::lifecycle::spawn_unchecked<test[aada8e7e76ba119b]::run_test::{closure#1}, ()>::{closure#1} as core[a373ad73a504971]::ops::function::FnOnce<()>>::call_once::{shim:vtable#0}
[INFO] [stdout]   16:     0x621da0cf2d3f - <std[617be2ca0a6fd877]::sys::thread::unix::Thread>::new::thread_start
[INFO] [stdout]   17:     0x7b599d734dfa - <unknown>
[INFO] [stdout]   18:     0x7b599d7c83d4 - clone
[INFO] [stdout]   19:                0x0 - <unknown>
[INFO] [stdout] 
[INFO] [stdout] ---- integration_tests::tests::test_ip_address_detection stdout ----
[INFO] [stdout] 
[INFO] [stdout] thread 'integration_tests::tests::test_ip_address_detection' (446) panicked at src/integration_tests.rs:105:9:
[INFO] [stdout] Should detect IP address
[INFO] [stdout] stack backtrace:
[INFO] [stdout]    0:     0x621da0cf3841 - <<std[617be2ca0a6fd877]::sys::backtrace::BacktraceLock>::print::DisplayBacktrace as core[a373ad73a504971]::fmt::Display>::fmt
[INFO] [stdout]    1:     0x621da0d0a73a - core[a373ad73a504971]::fmt::write
[INFO] [stdout]    2:     0x621da0cf7d2c - <alloc[2e1b2a31b91974c5]::vec::Vec<u8> as core[a373ad73a504971]::io::write::Write>::write_fmt
[INFO] [stdout]    3:     0x621da0ccf3b6 - std[617be2ca0a6fd877]::panicking::default_hook::{closure#0}
[INFO] [stdout]    4:     0x621da0ceb969 - std[617be2ca0a6fd877]::panicking::default_hook
[INFO] [stdout]    5:     0x621da0bc4260 - test[aada8e7e76ba119b]::test_main_inner::{closure#0}
[INFO] [stdout]    6:     0x621da0cebb22 - std[617be2ca0a6fd877]::panicking::panic_with_hook
[INFO] [stdout]    7:     0x621da0ccf494 - std[617be2ca0a6fd877]::panicking::panic_handler::{closure#0}
[INFO] [stdout]    8:     0x621da0cc7f49 - std[617be2ca0a6fd877]::sys::backtrace::__rust_end_short_backtrace::<std[617be2ca0a6fd877]::panicking::panic_handler::{closure#0}, !>
[INFO] [stdout]    9:     0x621da0cd006d - __rustc[ea4f61d10b84890b]::rust_begin_unwind
[INFO] [stdout]   10:     0x621da0d0af1c - core[a373ad73a504971]::panicking::panic_fmt
[INFO] [stdout]   11:     0x621da0b9b487 - <pii_vault[74b916376291ea52]::integration_tests::tests::test_ip_address_detection::{closure#0} as core[a373ad73a504971]::ops::function::FnOnce<()>>::call_once
[INFO] [stdout]   12:     0x621da0bb76ab - test[aada8e7e76ba119b]::__rust_begin_short_backtrace::<core[a373ad73a504971]::result::Result<(), alloc[2e1b2a31b91974c5]::string::String>, fn() -> core[a373ad73a504971]::result::Result<(), alloc[2e1b2a31b91974c5]::string::String>>
[INFO] [stdout]   13:     0x621da0bc4885 - test[aada8e7e76ba119b]::run_test::{closure#0}
[INFO] [stdout]   14:     0x621da0bbe174 - std[617be2ca0a6fd877]::sys::backtrace::__rust_begin_short_backtrace::<test[aada8e7e76ba119b]::run_test::{closure#1}, ()>
[INFO] [stdout]   15:     0x621da0bc7912 - <std[617be2ca0a6fd877]::thread::lifecycle::spawn_unchecked<test[aada8e7e76ba119b]::run_test::{closure#1}, ()>::{closure#1} as core[a373ad73a504971]::ops::function::FnOnce<()>>::call_once::{shim:vtable#0}
[INFO] [stdout]   16:     0x621da0cf2d3f - <std[617be2ca0a6fd877]::sys::thread::unix::Thread>::new::thread_start
[INFO] [stdout]   17:     0x7b599d734dfa - <unknown>
[INFO] [stdout]   18:     0x7b599d7c83d4 - clone
[INFO] [stdout]   19:                0x0 - <unknown>
[INFO] [stdout] 
[INFO] [stdout] ---- integration_tests::tests::test_in_pan_detection stdout ----
[INFO] [stdout] 
[INFO] [stdout] thread 'integration_tests::tests::test_in_pan_detection' (445) panicked at src/integration_tests.rs:171:9:
[INFO] [stdout] Should detect Indian PAN
[INFO] [stdout] stack backtrace:
[INFO] [stdout]    0:     0x621da0cf3841 - <<std[617be2ca0a6fd877]::sys::backtrace::BacktraceLock>::print::DisplayBacktrace as core[a373ad73a504971]::fmt::Display>::fmt
[INFO] [stdout]    1:     0x621da0d0a73a - core[a373ad73a504971]::fmt::write
[INFO] [stdout]    2:     0x621da0cf7d2c - <alloc[2e1b2a31b91974c5]::vec::Vec<u8> as core[a373ad73a504971]::io::write::Write>::write_fmt
[INFO] [stdout]    3:     0x621da0ccf3b6 - std[617be2ca0a6fd877]::panicking::default_hook::{closure#0}
[INFO] [stdout]    4:     0x621da0ceb969 - std[617be2ca0a6fd877]::panicking::default_hook
[INFO] [stdout]    5:     0x621da0bc4260 - test[aada8e7e76ba119b]::test_main_inner::{closure#0}
[INFO] [stdout]    6:     0x621da0cebb22 - std[617be2ca0a6fd877]::panicking::panic_with_hook
[INFO] [stdout]    7:     0x621da0ccf494 - std[617be2ca0a6fd877]::panicking::panic_handler::{closure#0}
[INFO] [stdout]    8:     0x621da0cc7f49 - std[617be2ca0a6fd877]::sys::backtrace::__rust_end_short_backtrace::<std[617be2ca0a6fd877]::panicking::panic_handler::{closure#0}, !>
[INFO] [stdout]    9:     0x621da0cd006d - __rustc[ea4f61d10b84890b]::rust_begin_unwind
[INFO] [stdout]   10:     0x621da0d0af1c - core[a373ad73a504971]::panicking::panic_fmt
[INFO] [stdout]   11:     0x621da0b99a57 - <pii_vault[74b916376291ea52]::integration_tests::tests::test_in_pan_detection::{closure#0} as core[a373ad73a504971]::ops::function::FnOnce<()>>::call_once
[INFO] [stdout]   12:     0x621da0bb76ab - test[aada8e7e76ba119b]::__rust_begin_short_backtrace::<core[a373ad73a504971]::result::Result<(), alloc[2e1b2a31b91974c5]::string::String>, fn() -> core[a373ad73a504971]::result::Result<(), alloc[2e1b2a31b91974c5]::string::String>>
[INFO] [stdout]   13:     0x621da0bc4885 - test[aada8e7e76ba119b]::run_test::{closure#0}
[INFO] [stdout]   14:     0x621da0bbe174 - std[617be2ca0a6fd877]::sys::backtrace::__rust_begin_short_backtrace::<test[aada8e7e76ba119b]::run_test::{closure#1}, ()>
[INFO] [stdout]   15:     0x621da0bc7912 - <std[617be2ca0a6fd877]::thread::lifecycle::spawn_unchecked<test[aada8e7e76ba119b]::run_test::{closure#1}, ()>::{closure#1} as core[a373ad73a504971]::ops::function::FnOnce<()>>::call_once::{shim:vtable#0}
[INFO] [stdout]   16:     0x621da0cf2d3f - <std[617be2ca0a6fd877]::sys::thread::unix::Thread>::new::thread_start
[INFO] [stdout]   17:     0x7b599d734dfa - <unknown>
[INFO] [stdout]   18:     0x7b599d7c83d4 - clone
[INFO] [stdout]   19:                0x0 - <unknown>
[INFO] [stdout] 
[INFO] [stdout] ---- integration_tests::tests::test_au_abn_detection stdout ----
[INFO] [stdout] 
[INFO] [stdout] thread 'integration_tests::tests::test_au_abn_detection' (429) panicked at src/integration_tests.rs:314:9:
[INFO] [stdout] Should detect Australian ABN
[INFO] [stdout] stack backtrace:
[INFO] [stdout]    0:     0x621da0cf3841 - <<std[617be2ca0a6fd877]::sys::backtrace::BacktraceLock>::print::DisplayBacktrace as core[a373ad73a504971]::fmt::Display>::fmt
[INFO] [stdout]    1:     0x621da0d0a73a - core[a373ad73a504971]::fmt::write
[INFO] [stdout]    2:     0x621da0cf7d2c - <alloc[2e1b2a31b91974c5]::vec::Vec<u8> as core[a373ad73a504971]::io::write::Write>::write_fmt
[INFO] [stdout]    3:     0x621da0ccf3b6 - std[617be2ca0a6fd877]::panicking::default_hook::{closure#0}
[INFO] [stdout]    4:     0x621da0ceb969 - std[617be2ca0a6fd877]::panicking::default_hook
[INFO] [stdout]    5:     0x621da0bc4260 - test[aada8e7e76ba119b]::test_main_inner::{closure#0}
[INFO] [stdout]    6:     0x621da0cebb22 - std[617be2ca0a6fd877]::panicking::panic_with_hook
[INFO] [stdout]    7:     0x621da0ccf494 - std[617be2ca0a6fd877]::panicking::panic_handler::{closure#0}
[INFO] [stdout]    8:     0x621da0cc7f49 - std[617be2ca0a6fd877]::sys::backtrace::__rust_end_short_backtrace::<std[617be2ca0a6fd877]::panicking::panic_handler::{closure#0}, !>
[INFO] [stdout]    9:     0x621da0cd006d - __rustc[ea4f61d10b84890b]::rust_begin_unwind
[INFO] [stdout]   10:     0x621da0d0af1c - core[a373ad73a504971]::panicking::panic_fmt
[INFO] [stdout]   11:     0x621da0b99317 - <pii_vault[74b916376291ea52]::integration_tests::tests::test_au_abn_detection::{closure#0} as core[a373ad73a504971]::ops::function::FnOnce<()>>::call_once
[INFO] [stdout]   12:     0x621da0bb76ab - test[aada8e7e76ba119b]::__rust_begin_short_backtrace::<core[a373ad73a504971]::result::Result<(), alloc[2e1b2a31b91974c5]::string::String>, fn() -> core[a373ad73a504971]::result::Result<(), alloc[2e1b2a31b91974c5]::string::String>>
[INFO] [stdout]   13:     0x621da0bc4885 - test[aada8e7e76ba119b]::run_test::{closure#0}
[INFO] [stdout]   14:     0x621da0bbe174 - std[617be2ca0a6fd877]::sys::backtrace::__rust_begin_short_backtrace::<test[aada8e7e76ba119b]::run_test::{closure#1}, ()>
[INFO] [stdout]   15:     0x621da0bc7912 - <std[617be2ca0a6fd877]::thread::lifecycle::spawn_unchecked<test[aada8e7e76ba119b]::run_test::{closure#1}, ()>::{closure#1} as core[a373ad73a504971]::ops::function::FnOnce<()>>::call_once::{shim:vtable#0}
[INFO] [stdout]   16:     0x621da0cf2d3f - <std[617be2ca0a6fd877]::sys::thread::unix::Thread>::new::thread_start
[INFO] [stdout]   17:     0x7b599d734dfa - <unknown>
[INFO] [stdout]   18:     0x7b599d7c83d4 - clone
[INFO] [stdout]   19:                0x0 - <unknown>
[INFO] [stdout] 
[INFO] [stdout] ---- integration_tests::tests::test_it_fiscal_code_detection stdout ----
[INFO] [stdout] 
[INFO] [stdout] thread 'integration_tests::tests::test_it_fiscal_code_detection' (448) panicked at src/integration_tests.rs:182:9:
[INFO] [stdout] Should detect Italian fiscal code
[INFO] [stdout] stack backtrace:
[INFO] [stdout]    0:     0x621da0cf3841 - <<std[617be2ca0a6fd877]::sys::backtrace::BacktraceLock>::print::DisplayBacktrace as core[a373ad73a504971]::fmt::Display>::fmt
[INFO] [stdout]    1:     0x621da0d0a73a - core[a373ad73a504971]::fmt::write
[INFO] [stdout]    2:     0x621da0cf7d2c - <alloc[2e1b2a31b91974c5]::vec::Vec<u8> as core[a373ad73a504971]::io::write::Write>::write_fmt
[INFO] [stdout]    3:     0x621da0ccf3b6 - std[617be2ca0a6fd877]::panicking::default_hook::{closure#0}
[INFO] [stdout]    4:     0x621da0ceb969 - std[617be2ca0a6fd877]::panicking::default_hook
[INFO] [stdout]    5:     0x621da0bc4260 - test[aada8e7e76ba119b]::test_main_inner::{closure#0}
[INFO] [stdout]    6:     0x621da0cebb22 - std[617be2ca0a6fd877]::panicking::panic_with_hook
[INFO] [stdout]    7:     0x621da0ccf494 - std[617be2ca0a6fd877]::panicking::panic_handler::{closure#0}
[INFO] [stdout]    8:     0x621da0cc7f49 - std[617be2ca0a6fd877]::sys::backtrace::__rust_end_short_backtrace::<std[617be2ca0a6fd877]::panicking::panic_handler::{closure#0}, !>
[INFO] [stdout]    9:     0x621da0cd006d - __rustc[ea4f61d10b84890b]::rust_begin_unwind
[INFO] [stdout]   10:     0x621da0d0af1c - core[a373ad73a504971]::panicking::panic_fmt
[INFO] [stdout]   11:     0x621da0b9be67 - <pii_vault[74b916376291ea52]::integration_tests::tests::test_it_fiscal_code_detection::{closure#0} as core[a373ad73a504971]::ops::function::FnOnce<()>>::call_once
[INFO] [stdout]   12:     0x621da0bb76ab - test[aada8e7e76ba119b]::__rust_begin_short_backtrace::<core[a373ad73a504971]::result::Result<(), alloc[2e1b2a31b91974c5]::string::String>, fn() -> core[a373ad73a504971]::result::Result<(), alloc[2e1b2a31b91974c5]::string::String>>
[INFO] [stdout]   13:     0x621da0bc4885 - test[aada8e7e76ba119b]::run_test::{closure#0}
[INFO] [stdout]   14:     0x621da0bbe174 - std[617be2ca0a6fd877]::sys::backtrace::__rust_begin_short_backtrace::<test[aada8e7e76ba119b]::run_test::{closure#1}, ()>
[INFO] [stdout]   15:     0x621da0bc7912 - <std[617be2ca0a6fd877]::thread::lifecycle::spawn_unchecked<test[aada8e7e76ba119b]::run_test::{closure#1}, ()>::{closure#1} as core[a373ad73a504971]::ops::function::FnOnce<()>>::call_once::{shim:vtable#0}
[INFO] [stdout]   16:     0x621da0cf2d3f - <std[617be2ca0a6fd877]::sys::thread::unix::Thread>::new::thread_start
[INFO] [stdout]   17:     0x7b599d734dfa - <unknown>
[INFO] [stdout]   18:     0x7b599d7c83d4 - clone
[INFO] [stdout]   19:                0x0 - <unknown>
[INFO] [stdout] 
[INFO] [stdout] ---- integration_tests::tests::test_kr_rrn_detection stdout ----
[INFO] [stdout] 
[INFO] [stdout] thread 'integration_tests::tests::test_kr_rrn_detection' (449) panicked at src/integration_tests.rs:226:9:
[INFO] [stdout] Should detect Korean RRN
[INFO] [stdout] stack backtrace:
[INFO] [stdout]    0:     0x621da0cf3841 - <<std[617be2ca0a6fd877]::sys::backtrace::BacktraceLock>::print::DisplayBacktrace as core[a373ad73a504971]::fmt::Display>::fmt
[INFO] [stdout]    1:     0x621da0d0a73a - core[a373ad73a504971]::fmt::write
[INFO] [stdout]    2:     0x621da0cf7d2c - <alloc[2e1b2a31b91974c5]::vec::Vec<u8> as core[a373ad73a504971]::io::write::Write>::write_fmt
[INFO] [stdout]    3:     0x621da0ccf3b6 - std[617be2ca0a6fd877]::panicking::default_hook::{closure#0}
[INFO] [stdout]    4:     0x621da0ceb969 - std[617be2ca0a6fd877]::panicking::default_hook
[INFO] [stdout]    5:     0x621da0bc4260 - test[aada8e7e76ba119b]::test_main_inner::{closure#0}
[INFO] [stdout]    6:     0x621da0cebb22 - std[617be2ca0a6fd877]::panicking::panic_with_hook
[INFO] [stdout]    7:     0x621da0ccf494 - std[617be2ca0a6fd877]::panicking::panic_handler::{closure#0}
[INFO] [stdout]    8:     0x621da0cc7f49 - std[617be2ca0a6fd877]::sys::backtrace::__rust_end_short_backtrace::<std[617be2ca0a6fd877]::panicking::panic_handler::{closure#0}, !>
[INFO] [stdout]    9:     0x621da0cd006d - __rustc[ea4f61d10b84890b]::rust_begin_unwind
[INFO] [stdout]   10:     0x621da0d0af1c - core[a373ad73a504971]::panicking::panic_fmt
[INFO] [stdout]   11:     0x621da0b99c27 - <pii_vault[74b916376291ea52]::integration_tests::tests::test_kr_rrn_detection::{closure#0} as core[a373ad73a504971]::ops::function::FnOnce<()>>::call_once
[INFO] [stdout]   12:     0x621da0bb76ab - test[aada8e7e76ba119b]::__rust_begin_short_backtrace::<core[a373ad73a504971]::result::Result<(), alloc[2e1b2a31b91974c5]::string::String>, fn() -> core[a373ad73a504971]::result::Result<(), alloc[2e1b2a31b91974c5]::string::String>>
[INFO] [stdout]   13:     0x621da0bc4885 - test[aada8e7e76ba119b]::run_test::{closure#0}
[INFO] [stdout]   14:     0x621da0bbe174 - std[617be2ca0a6fd877]::sys::backtrace::__rust_begin_short_backtrace::<test[aada8e7e76ba119b]::run_test::{closure#1}, ()>
[INFO] [stdout]   15:     0x621da0bc7912 - <std[617be2ca0a6fd877]::thread::lifecycle::spawn_unchecked<test[aada8e7e76ba119b]::run_test::{closure#1}, ()>::{closure#1} as core[a373ad73a504971]::ops::function::FnOnce<()>>::call_once::{shim:vtable#0}
[INFO] [stdout]   16:     0x621da0cf2d3f - <std[617be2ca0a6fd877]::sys::thread::unix::Thread>::new::thread_start
[INFO] [stdout]   17:     0x7b599d734dfa - <unknown>
[INFO] [stdout]   18:     0x7b599d7c83d4 - clone
[INFO] [stdout]   19:                0x0 - <unknown>
[INFO] [stdout] 
[INFO] [stdout] ---- integration_tests::tests::test_es_nie_detection stdout ----
[INFO] [stdout] 
[INFO] [stdout] thread 'integration_tests::tests::test_es_nie_detection' (441) panicked at src/integration_tests.rs:204:9:
[INFO] [stdout] Should detect Spanish NIE
[INFO] [stdout] stack backtrace:
[INFO] [stdout]    0:     0x621da0cf3841 - <<std[617be2ca0a6fd877]::sys::backtrace::BacktraceLock>::print::DisplayBacktrace as core[a373ad73a504971]::fmt::Display>::fmt
[INFO] [stdout]    1:     0x621da0d0a73a - core[a373ad73a504971]::fmt::write
[INFO] [stdout]    2:     0x621da0cf7d2c - <alloc[2e1b2a31b91974c5]::vec::Vec<u8> as core[a373ad73a504971]::io::write::Write>::write_fmt
[INFO] [stdout]    3:     0x621da0ccf3b6 - std[617be2ca0a6fd877]::panicking::default_hook::{closure#0}
[INFO] [stdout]    4:     0x621da0ceb969 - std[617be2ca0a6fd877]::panicking::default_hook
[INFO] [stdout]    5:     0x621da0bc4260 - test[aada8e7e76ba119b]::test_main_inner::{closure#0}
[INFO] [stdout]    6:     0x621da0cebb22 - std[617be2ca0a6fd877]::panicking::panic_with_hook
[INFO] [stdout]    7:     0x621da0ccf494 - std[617be2ca0a6fd877]::panicking::panic_handler::{closure#0}
[INFO] [stdout]    8:     0x621da0cc7f49 - std[617be2ca0a6fd877]::sys::backtrace::__rust_end_short_backtrace::<std[617be2ca0a6fd877]::panicking::panic_handler::{closure#0}, !>
[INFO] [stdout]    9:     0x621da0cd006d - __rustc[ea4f61d10b84890b]::rust_begin_unwind
[INFO] [stdout]   10:     0x621da0d0af1c - core[a373ad73a504971]::panicking::panic_fmt
[INFO] [stdout]   11:     0x621da0b99887 - <pii_vault[74b916376291ea52]::integration_tests::tests::test_es_nie_detection::{closure#0} as core[a373ad73a504971]::ops::function::FnOnce<()>>::call_once
[INFO] [stdout]   12:     0x621da0bb76ab - test[aada8e7e76ba119b]::__rust_begin_short_backtrace::<core[a373ad73a504971]::result::Result<(), alloc[2e1b2a31b91974c5]::string::String>, fn() -> core[a373ad73a504971]::result::Result<(), alloc[2e1b2a31b91974c5]::string::String>>
[INFO] [stdout]   13:     0x621da0bc4885 - test[aada8e7e76ba119b]::run_test::{closure#0}
[INFO] [stdout]   14:     0x621da0bbe174 - std[617be2ca0a6fd877]::sys::backtrace::__rust_begin_short_backtrace::<test[aada8e7e76ba119b]::run_test::{closure#1}, ()>
[INFO] [stdout]   15:     0x621da0bc7912 - <std[617be2ca0a6fd877]::thread::lifecycle::spawn_unchecked<test[aada8e7e76ba119b]::run_test::{closure#1}, ()>::{closure#1} as core[a373ad73a504971]::ops::function::FnOnce<()>>::call_once::{shim:vtable#0}
[INFO] [stdout]   16:     0x621da0cf2d3f - <std[617be2ca0a6fd877]::sys::thread::unix::Thread>::new::thread_start
[INFO] [stdout]   17:     0x7b599d734dfa - <unknown>
[INFO] [stdout]   18:     0x7b599d7c83d4 - clone
[INFO] [stdout]   19:                0x0 - <unknown>
[INFO] [stdout] 
[INFO] [stdout] ---- integration_tests::tests::test_mixed_language_text stdout ----
[INFO] [stdout] 
[INFO] [stdout] thread 'integration_tests::tests::test_mixed_language_text' (451) panicked at src/integration_tests.rs:412:9:
[INFO] [stdout] assertion failed: !emails.is_empty()
[INFO] [stdout] stack backtrace:
[INFO] [stdout]    0:     0x621da0cf3841 - <<std[617be2ca0a6fd877]::sys::backtrace::BacktraceLock>::print::DisplayBacktrace as core[a373ad73a504971]::fmt::Display>::fmt
[INFO] [stdout]    1:     0x621da0d0a73a - core[a373ad73a504971]::fmt::write
[INFO] [stdout]    2:     0x621da0cf7d2c - <alloc[2e1b2a31b91974c5]::vec::Vec<u8> as core[a373ad73a504971]::io::write::Write>::write_fmt
[INFO] [stdout]    3:     0x621da0ccf3b6 - std[617be2ca0a6fd877]::panicking::default_hook::{closure#0}
[INFO] [stdout]    4:     0x621da0ceb969 - std[617be2ca0a6fd877]::panicking::default_hook
[INFO] [stdout]    5:     0x621da0bc4260 - test[aada8e7e76ba119b]::test_main_inner::{closure#0}
[INFO] [stdout]    6:     0x621da0cebb22 - std[617be2ca0a6fd877]::panicking::panic_with_hook
[INFO] [stdout]    7:     0x621da0ccf494 - std[617be2ca0a6fd877]::panicking::panic_handler::{closure#0}
[INFO] [stdout]    8:     0x621da0cc7f49 - std[617be2ca0a6fd877]::sys::backtrace::__rust_end_short_backtrace::<std[617be2ca0a6fd877]::panicking::panic_handler::{closure#0}, !>
[INFO] [stdout]    9:     0x621da0cd006d - __rustc[ea4f61d10b84890b]::rust_begin_unwind
[INFO] [stdout]   10:     0x621da0d0af1c - core[a373ad73a504971]::panicking::panic_fmt
[INFO] [stdout]   11:     0x621da0d0aee2 - core[a373ad73a504971]::panicking::panic
[INFO] [stdout]   12:     0x621da0b9b2b7 - <pii_vault[74b916376291ea52]::integration_tests::tests::test_mixed_language_text::{closure#0} as core[a373ad73a504971]::ops::function::FnOnce<()>>::call_once
[INFO] [stdout]   13:     0x621da0bb76ab - test[aada8e7e76ba119b]::__rust_begin_short_backtrace::<core[a373ad73a504971]::result::Result<(), alloc[2e1b2a31b91974c5]::string::String>, fn() -> core[a373ad73a504971]::result::Result<(), alloc[2e1b2a31b91974c5]::string::String>>
[INFO] [stdout]   14:     0x621da0bc4885 - test[aada8e7e76ba119b]::run_test::{closure#0}
[INFO] [stdout]   15:     0x621da0bbe174 - std[617be2ca0a6fd877]::sys::backtrace::__rust_begin_short_backtrace::<test[aada8e7e76ba119b]::run_test::{closure#1}, ()>
[INFO] [stdout]   16:     0x621da0bc7912 - <std[617be2ca0a6fd877]::thread::lifecycle::spawn_unchecked<test[aada8e7e76ba119b]::run_test::{closure#1}, ()>::{closure#1} as core[a373ad73a504971]::ops::function::FnOnce<()>>::call_once::{shim:vtable#0}
[INFO] [stdout]   17:     0x621da0cf2d3f - <std[617be2ca0a6fd877]::sys::thread::unix::Thread>::new::thread_start
[INFO] [stdout]   18:     0x7b599d734dfa - <unknown>
[INFO] [stdout]   19:     0x7b599d7c83d4 - clone
[INFO] [stdout]   20:                0x0 - <unknown>
[INFO] [stdout] 
[INFO] [stdout] ---- integration_tests::tests::test_multiple_emails stdout ----
[INFO] [stdout] 
[INFO] [stdout] thread 'integration_tests::tests::test_multiple_emails' (452) panicked at src/integration_tests.rs:39:9:
[INFO] [stdout] assertion `left == right` failed
[INFO] [stdout]   left: 0
[INFO] [stdout]  right: 2
[INFO] [stdout] stack backtrace:
[INFO] [stdout]    0:     0x621da0cf3841 - <<std[617be2ca0a6fd877]::sys::backtrace::BacktraceLock>::print::DisplayBacktrace as core[a373ad73a504971]::fmt::Display>::fmt
[INFO] [stdout]    1:     0x621da0d0a73a - core[a373ad73a504971]::fmt::write
[INFO] [stdout]    2:     0x621da0cf7d2c - <alloc[2e1b2a31b91974c5]::vec::Vec<u8> as core[a373ad73a504971]::io::write::Write>::write_fmt
[INFO] [stdout]    3:     0x621da0ccf3b6 - std[617be2ca0a6fd877]::panicking::default_hook::{closure#0}
[INFO] [stdout]    4:     0x621da0ceb969 - std[617be2ca0a6fd877]::panicking::default_hook
[INFO] [stdout]    5:     0x621da0bc4260 - test[aada8e7e76ba119b]::test_main_inner::{closure#0}
[INFO] [stdout]    6:     0x621da0cebb22 - std[617be2ca0a6fd877]::panicking::panic_with_hook
[INFO] [stdout]    7:     0x621da0ccf462 - std[617be2ca0a6fd877]::panicking::panic_handler::{closure#0}
[INFO] [stdout]    8:     0x621da0cc7f49 - std[617be2ca0a6fd877]::sys::backtrace::__rust_end_short_backtrace::<std[617be2ca0a6fd877]::panicking::panic_handler::{closure#0}, !>
[INFO] [stdout]    9:     0x621da0cd006d - __rustc[ea4f61d10b84890b]::rust_begin_unwind
[INFO] [stdout]   10:     0x621da0d0af1c - core[a373ad73a504971]::panicking::panic_fmt
[INFO] [stdout]   11:     0x621da0d0ae33 - core[a373ad73a504971]::panicking::assert_failed_inner
[INFO] [stdout]   12:     0x621da0d0658d - core[a373ad73a504971]::panicking::assert_failed::<usize, usize>
[INFO] [stdout]   13:     0x621da0b99148 - <pii_vault[74b916376291ea52]::integration_tests::tests::test_multiple_emails::{closure#0} as core[a373ad73a504971]::ops::function::FnOnce<()>>::call_once
[INFO] [stdout]   14:     0x621da0bb76ab - test[aada8e7e76ba119b]::__rust_begin_short_backtrace::<core[a373ad73a504971]::result::Result<(), alloc[2e1b2a31b91974c5]::string::String>, fn() -> core[a373ad73a504971]::result::Result<(), alloc[2e1b2a31b91974c5]::string::String>>
[INFO] [stdout]   15:     0x621da0bc4885 - test[aada8e7e76ba119b]::run_test::{closure#0}
[INFO] [stdout]   16:     0x621da0bbe174 - std[617be2ca0a6fd877]::sys::backtrace::__rust_begin_short_backtrace::<test[aada8e7e76ba119b]::run_test::{closure#1}, ()>
[INFO] [stdout]   17:     0x621da0bc7912 - <std[617be2ca0a6fd877]::thread::lifecycle::spawn_unchecked<test[aada8e7e76ba119b]::run_test::{closure#1}, ()>::{closure#1} as core[a373ad73a504971]::ops::function::FnOnce<()>>::call_once::{shim:vtable#0}
[INFO] [stdout]   18:     0x621da0cf2d3f - <std[617be2ca0a6fd877]::sys::thread::unix::Thread>::new::thread_start
[INFO] [stdout]   19:     0x7b599d734dfa - <unknown>
[INFO] [stdout]   20:     0x7b599d7c83d4 - clone
[INFO] [stdout]   21:                0x0 - <unknown>
[INFO] [stdout] 
[INFO] [stdout] ---- integration_tests::tests::test_email_detection stdout ----
[INFO] [stdout] 
[INFO] [stdout] thread 'integration_tests::tests::test_email_detection' (439) panicked at src/integration_tests.rs:27:9:
[INFO] [stdout] assertion `left == right` failed
[INFO] [stdout]   left: 0
[INFO] [stdout]  right: 1
[INFO] [stdout] stack backtrace:
[INFO] [stdout]    0:     0x621da0cf3841 - <<std[617be2ca0a6fd877]::sys::backtrace::BacktraceLock>::print::DisplayBacktrace as core[a373ad73a504971]::fmt::Display>::fmt
[INFO] [stdout]    1:     0x621da0d0a73a - core[a373ad73a504971]::fmt::write
[INFO] [stdout]    2:     0x621da0cf7d2c - <alloc[2e1b2a31b91974c5]::vec::Vec<u8> as core[a373ad73a504971]::io::write::Write>::write_fmt
[INFO] [stdout]    3:     0x621da0ccf3b6 - std[617be2ca0a6fd877]::panicking::default_hook::{closure#0}
[INFO] [stdout]    4:     0x621da0ceb969 - std[617be2ca0a6fd877]::panicking::default_hook
[INFO] [stdout]    5:     0x621da0bc4260 - test[aada8e7e76ba119b]::test_main_inner::{closure#0}
[INFO] [stdout]    6:     0x621da0cebb22 - std[617be2ca0a6fd877]::panicking::panic_with_hook
[INFO] [stdout]    7:     0x621da0ccf462 - std[617be2ca0a6fd877]::panicking::panic_handler::{closure#0}
[INFO] [stdout]    8:     0x621da0cc7f49 - std[617be2ca0a6fd877]::sys::backtrace::__rust_end_short_backtrace::<std[617be2ca0a6fd877]::panicking::panic_handler::{closure#0}, !>
[INFO] [stdout]    9:     0x621da0cd006d - __rustc[ea4f61d10b84890b]::rust_begin_unwind
[INFO] [stdout]   10:     0x621da0d0af1c - core[a373ad73a504971]::panicking::panic_fmt
[INFO] [stdout]   11:     0x621da0d0ae33 - core[a373ad73a504971]::panicking::assert_failed_inner
[INFO] [stdout]   12:     0x621da0d0658d - core[a373ad73a504971]::panicking::assert_failed::<usize, usize>
[INFO] [stdout]   13:     0x621da0b98f8b - <pii_vault[74b916376291ea52]::integration_tests::tests::test_email_detection::{closure#0} as core[a373ad73a504971]::ops::function::FnOnce<()>>::call_once
[INFO] [stdout]   14:     0x621da0bb76ab - test[aada8e7e76ba119b]::__rust_begin_short_backtrace::<core[a373ad73a504971]::result::Result<(), alloc[2e1b2a31b91974c5]::string::String>, fn() -> core[a373ad73a504971]::result::Result<(), alloc[2e1b2a31b91974c5]::string::String>>
[INFO] [stdout]   15:     0x621da0bc4885 - test[aada8e7e76ba119b]::run_test::{closure#0}
[INFO] [stdout]   16:     0x621da0bbe174 - std[617be2ca0a6fd877]::sys::backtrace::__rust_begin_short_backtrace::<test[aada8e7e76ba119b]::run_test::{closure#1}, ()>
[INFO] [stdout]   17:     0x621da0bc7912 - <std[617be2ca0a6fd877]::thread::lifecycle::spawn_unchecked<test[aada8e7e76ba119b]::run_test::{closure#1}, ()>::{closure#1} as core[a373ad73a504971]::ops::function::FnOnce<()>>::call_once::{shim:vtable#0}
[INFO] [stdout]   18:     0x621da0cf2d3f - <std[617be2ca0a6fd877]::sys::thread::unix::Thread>::new::thread_start
[INFO] [stdout]   19:     0x7b599d734dfa - <unknown>
[INFO] [stdout]   20:     0x7b599d7c83d4 - clone
[INFO] [stdout]   21:                0x0 - <unknown>
[INFO] [stdout] 
[INFO] [stdout] ---- integration_tests::tests::test_de_vat_id_detection stdout ----
[INFO] [stdout] 
[INFO] [stdout] thread 'integration_tests::tests::test_de_vat_id_detection' (438) panicked at src/integration_tests.rs:303:9:
[INFO] [stdout] Should detect German VAT ID
[INFO] [stdout] stack backtrace:
[INFO] [stdout]    0:     0x621da0cf3841 - <<std[617be2ca0a6fd877]::sys::backtrace::BacktraceLock>::print::DisplayBacktrace as core[a373ad73a504971]::fmt::Display>::fmt
[INFO] [stdout]    1:     0x621da0d0a73a - core[a373ad73a504971]::fmt::write
[INFO] [stdout]    2:     0x621da0cf7d2c - <alloc[2e1b2a31b91974c5]::vec::Vec<u8> as core[a373ad73a504971]::io::write::Write>::write_fmt
[INFO] [stdout]    3:     0x621da0ccf3b6 - std[617be2ca0a6fd877]::panicking::default_hook::{closure#0}
[INFO] [stdout]    4:     0x621da0ceb969 - std[617be2ca0a6fd877]::panicking::default_hook
[INFO] [stdout]    5:     0x621da0bc4260 - test[aada8e7e76ba119b]::test_main_inner::{closure#0}
[INFO] [stdout]    6:     0x621da0cebb22 - std[617be2ca0a6fd877]::panicking::panic_with_hook
[INFO] [stdout]    7:     0x621da0ccf494 - std[617be2ca0a6fd877]::panicking::panic_handler::{closure#0}
[INFO] [stdout]    8:     0x621da0cc7f49 - std[617be2ca0a6fd877]::sys::backtrace::__rust_end_short_backtrace::<std[617be2ca0a6fd877]::panicking::panic_handler::{closure#0}, !>
[INFO] [stdout]    9:     0x621da0cd006d - __rustc[ea4f61d10b84890b]::rust_begin_unwind
[INFO] [stdout]   10:     0x621da0d0af1c - core[a373ad73a504971]::panicking::panic_fmt
[INFO] [stdout]   11:     0x621da0b9a8d7 - <pii_vault[74b916376291ea52]::integration_tests::tests::test_de_vat_id_detection::{closure#0} as core[a373ad73a504971]::ops::function::FnOnce<()>>::call_once
[INFO] [stdout]   12:     0x621da0bb76ab - test[aada8e7e76ba119b]::__rust_begin_short_backtrace::<core[a373ad73a504971]::result::Result<(), alloc[2e1b2a31b91974c5]::string::String>, fn() -> core[a373ad73a504971]::result::Result<(), alloc[2e1b2a31b91974c5]::string::String>>
[INFO] [stdout]   13:     0x621da0bc4885 - test[aada8e7e76ba119b]::run_test::{closure#0}
[INFO] [stdout]   14:     0x621da0bbe174 - std[617be2ca0a6fd877]::sys::backtrace::__rust_begin_short_backtrace::<test[aada8e7e76ba119b]::run_test::{closure#1}, ()>
[INFO] [stdout]   15:     0x621da0bc7912 - <std[617be2ca0a6fd877]::thread::lifecycle::spawn_unchecked<test[aada8e7e76ba119b]::run_test::{closure#1}, ()>::{closure#1} as core[a373ad73a504971]::ops::function::FnOnce<()>>::call_once::{shim:vtable#0}
[INFO] [stdout]   16:     0x621da0cf2d3f - <std[617be2ca0a6fd877]::sys::thread::unix::Thread>::new::thread_start
[INFO] [stdout]   17:     0x7b599d734dfa - <unknown>
[INFO] [stdout]   18:     0x7b599d7c83d4 - clone
[INFO] [stdout]   19:                0x0 - <unknown>
[INFO] [stdout] 
[INFO] [stdout] ---- integration_tests::tests::test_full_pipeline_vault stdout ----
[INFO] [stdout] 
[INFO] [stdout] thread 'integration_tests::tests::test_full_pipeline_vault' (442) panicked at src/integration_tests.rs:244:9:
[INFO] [stdout] assertion failed: !anon.text.contains("alice@company.com")
[INFO] [stdout] stack backtrace:
[INFO] [stdout]    0:     0x621da0cf3841 - <<std[617be2ca0a6fd877]::sys::backtrace::BacktraceLock>::print::DisplayBacktrace as core[a373ad73a504971]::fmt::Display>::fmt
[INFO] [stdout]    1:     0x621da0d0a73a - core[a373ad73a504971]::fmt::write
[INFO] [stdout]    2:     0x621da0cf7d2c - <alloc[2e1b2a31b91974c5]::vec::Vec<u8> as core[a373ad73a504971]::io::write::Write>::write_fmt
[INFO] [stdout]    3:     0x621da0ccf3b6 - std[617be2ca0a6fd877]::panicking::default_hook::{closure#0}
[INFO] [stdout]    4:     0x621da0ceb969 - std[617be2ca0a6fd877]::panicking::default_hook
[INFO] [stdout]    5:     0x621da0bc4260 - test[aada8e7e76ba119b]::test_main_inner::{closure#0}
[INFO] [stdout]    6:     0x621da0cebb22 - std[617be2ca0a6fd877]::panicking::panic_with_hook
[INFO] [stdout]    7:     0x621da0ccf494 - std[617be2ca0a6fd877]::panicking::panic_handler::{closure#0}
[INFO] [stdout]    8:     0x621da0cc7f49 - std[617be2ca0a6fd877]::sys::backtrace::__rust_end_short_backtrace::<std[617be2ca0a6fd877]::panicking::panic_handler::{closure#0}, !>
[INFO] [stdout]    9:     0x621da0cd006d - __rustc[ea4f61d10b84890b]::rust_begin_unwind
[INFO] [stdout]   10:     0x621da0d0af1c - core[a373ad73a504971]::panicking::panic_fmt
[INFO] [stdout]   11:     0x621da0d0aee2 - core[a373ad73a504971]::panicking::panic
[INFO] [stdout]   12:     0x621da0b9afeb - <pii_vault[74b916376291ea52]::integration_tests::tests::test_full_pipeline_vault::{closure#0} as core[a373ad73a504971]::ops::function::FnOnce<()>>::call_once
[INFO] [stdout]   13:     0x621da0bb76ab - test[aada8e7e76ba119b]::__rust_begin_short_backtrace::<core[a373ad73a504971]::result::Result<(), alloc[2e1b2a31b91974c5]::string::String>, fn() -> core[a373ad73a504971]::result::Result<(), alloc[2e1b2a31b91974c5]::string::String>>
[INFO] [stdout]   14:     0x621da0bc4885 - test[aada8e7e76ba119b]::run_test::{closure#0}
[INFO] [stdout]   15:     0x621da0bbe174 - std[617be2ca0a6fd877]::sys::backtrace::__rust_begin_short_backtrace::<test[aada8e7e76ba119b]::run_test::{closure#1}, ()>
[INFO] [stdout]   16:     0x621da0bc7912 - <std[617be2ca0a6fd877]::thread::lifecycle::spawn_unchecked<test[aada8e7e76ba119b]::run_test::{closure#1}, ()>::{closure#1} as core[a373ad73a504971]::ops::function::FnOnce<()>>::call_once::{shim:vtable#0}
[INFO] [stdout]   17:     0x621da0cf2d3f - <std[617be2ca0a6fd877]::sys::thread::unix::Thread>::new::thread_start
[INFO] [stdout]   18:     0x7b599d734dfa - <unknown>
[INFO] [stdout]   19:     0x7b599d7c83d4 - clone
[INFO] [stdout]   20:                0x0 - <unknown>
[INFO] [stdout] 
[INFO] [stdout] ---- integration_tests::tests::test_mac_address_detection stdout ----
[INFO] [stdout] 
[INFO] [stdout] thread 'integration_tests::tests::test_mac_address_detection' (450) panicked at src/integration_tests.rs:149:9:
[INFO] [stdout] Should detect MAC address
[INFO] [stdout] stack backtrace:
[INFO] [stdout]    0:     0x621da0cf3841 - <<std[617be2ca0a6fd877]::sys::backtrace::BacktraceLock>::print::DisplayBacktrace as core[a373ad73a504971]::fmt::Display>::fmt
[INFO] [stdout]    1:     0x621da0d0a73a - core[a373ad73a504971]::fmt::write
[INFO] [stdout]    2:     0x621da0cf7d2c - <alloc[2e1b2a31b91974c5]::vec::Vec<u8> as core[a373ad73a504971]::io::write::Write>::write_fmt
[INFO] [stdout]    3:     0x621da0ccf3b6 - std[617be2ca0a6fd877]::panicking::default_hook::{closure#0}
[INFO] [stdout]    4:     0x621da0ceb969 - std[617be2ca0a6fd877]::panicking::default_hook
[INFO] [stdout]    5:     0x621da0bc4260 - test[aada8e7e76ba119b]::test_main_inner::{closure#0}
[INFO] [stdout]    6:     0x621da0cebb22 - std[617be2ca0a6fd877]::panicking::panic_with_hook
[INFO] [stdout]    7:     0x621da0ccf494 - std[617be2ca0a6fd877]::panicking::panic_handler::{closure#0}
[INFO] [stdout]    8:     0x621da0cc7f49 - std[617be2ca0a6fd877]::sys::backtrace::__rust_end_short_backtrace::<std[617be2ca0a6fd877]::panicking::panic_handler::{closure#0}, !>
[INFO] [stdout]    9:     0x621da0cd006d - __rustc[ea4f61d10b84890b]::rust_begin_unwind
[INFO] [stdout]   10:     0x621da0d0af1c - core[a373ad73a504971]::panicking::panic_fmt
[INFO] [stdout]   11:     0x621da0b9b9f7 - <pii_vault[74b916376291ea52]::integration_tests::tests::test_mac_address_detection::{closure#0} as core[a373ad73a504971]::ops::function::FnOnce<()>>::call_once
[INFO] [stdout]   12:     0x621da0bb76ab - test[aada8e7e76ba119b]::__rust_begin_short_backtrace::<core[a373ad73a504971]::result::Result<(), alloc[2e1b2a31b91974c5]::string::String>, fn() -> core[a373ad73a504971]::result::Result<(), alloc[2e1b2a31b91974c5]::string::String>>
[INFO] [stdout]   13:     0x621da0bc4885 - test[aada8e7e76ba119b]::run_test::{closure#0}
[INFO] [stdout]   14:     0x621da0bbe174 - std[617be2ca0a6fd877]::sys::backtrace::__rust_begin_short_backtrace::<test[aada8e7e76ba119b]::run_test::{closure#1}, ()>
[INFO] [stdout]   15:     0x621da0bc7912 - <std[617be2ca0a6fd877]::thread::lifecycle::spawn_unchecked<test[aada8e7e76ba119b]::run_test::{closure#1}, ()>::{closure#1} as core[a373ad73a504971]::ops::function::FnOnce<()>>::call_once::{shim:vtable#0}
[INFO] [stdout]   16:     0x621da0cf2d3f - <std[617be2ca0a6fd877]::sys::thread::unix::Thread>::new::thread_start
[INFO] [stdout]   17:     0x7b599d734dfa - <unknown>
[INFO] [stdout]   18:     0x7b599d7c83d4 - clone
[INFO] [stdout]   19:                0x0 - <unknown>
[INFO] [stdout] 
[INFO] [stdout] ---- integration_tests::tests::test_cn_phone_detection stdout ----
[INFO] [stdout] 
[INFO] [stdout] thread 'integration_tests::tests::test_cn_phone_detection' (433) panicked at src/integration_tests.rs:72:9:
[INFO] [stdout] Should detect Chinese phone number
[INFO] [stdout] stack backtrace:
[INFO] [stdout]    0:     0x621da0cf3841 - <<std[617be2ca0a6fd877]::sys::backtrace::BacktraceLock>::print::DisplayBacktrace as core[a373ad73a504971]::fmt::Display>::fmt
[INFO] [stdout]    1:     0x621da0d0a73a - core[a373ad73a504971]::fmt::write
[INFO] [stdout]    2:     0x621da0cf7d2c - <alloc[2e1b2a31b91974c5]::vec::Vec<u8> as core[a373ad73a504971]::io::write::Write>::write_fmt
[INFO] [stdout]    3:     0x621da0ccf3b6 - std[617be2ca0a6fd877]::panicking::default_hook::{closure#0}
[INFO] [stdout]    4:     0x621da0ceb969 - std[617be2ca0a6fd877]::panicking::default_hook
[INFO] [stdout]    5:     0x621da0bc4260 - test[aada8e7e76ba119b]::test_main_inner::{closure#0}
[INFO] [stdout]    6:     0x621da0cebb22 - std[617be2ca0a6fd877]::panicking::panic_with_hook
[INFO] [stdout]    7:     0x621da0ccf494 - std[617be2ca0a6fd877]::panicking::panic_handler::{closure#0}
[INFO] [stdout]    8:     0x621da0cc7f49 - std[617be2ca0a6fd877]::sys::backtrace::__rust_end_short_backtrace::<std[617be2ca0a6fd877]::panicking::panic_handler::{closure#0}, !>
[INFO] [stdout]    9:     0x621da0cd006d - __rustc[ea4f61d10b84890b]::rust_begin_unwind
[INFO] [stdout]   10:     0x621da0d0af1c - core[a373ad73a504971]::panicking::panic_fmt
[INFO] [stdout]   11:     0x621da0b9a537 - <pii_vault[74b916376291ea52]::integration_tests::tests::test_cn_phone_detection::{closure#0} as core[a373ad73a504971]::ops::function::FnOnce<()>>::call_once
[INFO] [stdout]   12:     0x621da0bb76ab - test[aada8e7e76ba119b]::__rust_begin_short_backtrace::<core[a373ad73a504971]::result::Result<(), alloc[2e1b2a31b91974c5]::string::String>, fn() -> core[a373ad73a504971]::result::Result<(), alloc[2e1b2a31b91974c5]::string::String>>
[INFO] [stdout]   13:     0x621da0bc4885 - test[aada8e7e76ba119b]::run_test::{closure#0}
[INFO] [stdout]   14:     0x621da0bbe174 - std[617be2ca0a6fd877]::sys::backtrace::__rust_begin_short_backtrace::<test[aada8e7e76ba119b]::run_test::{closure#1}, ()>
[INFO] [stdout]   15:     0x621da0bc7912 - <std[617be2ca0a6fd877]::thread::lifecycle::spawn_unchecked<test[aada8e7e76ba119b]::run_test::{closure#1}, ()>::{closure#1} as core[a373ad73a504971]::ops::function::FnOnce<()>>::call_once::{shim:vtable#0}
[INFO] [stdout]   16:     0x621da0cf2d3f - <std[617be2ca0a6fd877]::sys::thread::unix::Thread>::new::thread_start
[INFO] [stdout]   17:     0x7b599d734dfa - <unknown>
[INFO] [stdout]   18:     0x7b599d7c83d4 - clone
[INFO] [stdout]   19:                0x0 - <unknown>
[INFO] [stdout] 
[INFO] [stdout] ---- integration_tests::tests::test_uk_driving_licence_padded_surname stdout ----
[INFO] [stdout] 
[INFO] [stdout] thread 'integration_tests::tests::test_uk_driving_licence_padded_surname' (460) panicked at src/integration_tests.rs:361:9:
[INFO] [stdout] Should detect padded surname driving licence
[INFO] [stdout] stack backtrace:
[INFO] [stdout]    0:     0x621da0cf3841 - <<std[617be2ca0a6fd877]::sys::backtrace::BacktraceLock>::print::DisplayBacktrace as core[a373ad73a504971]::fmt::Display>::fmt
[INFO] [stdout]    1:     0x621da0d0a73a - core[a373ad73a504971]::fmt::write
[INFO] [stdout]    2:     0x621da0cf7d2c - <alloc[2e1b2a31b91974c5]::vec::Vec<u8> as core[a373ad73a504971]::io::write::Write>::write_fmt
[INFO] [stdout]    3:     0x621da0ccf3b6 - std[617be2ca0a6fd877]::panicking::default_hook::{closure#0}
[INFO] [stdout]    4:     0x621da0ceb969 - std[617be2ca0a6fd877]::panicking::default_hook
[INFO] [stdout]    5:     0x621da0bc4260 - test[aada8e7e76ba119b]::test_main_inner::{closure#0}
[INFO] [stdout]    6:     0x621da0cebb22 - std[617be2ca0a6fd877]::panicking::panic_with_hook
[INFO] [stdout]    7:     0x621da0ccf494 - std[617be2ca0a6fd877]::panicking::panic_handler::{closure#0}
[INFO] [stdout]    8:     0x621da0cc7f49 - std[617be2ca0a6fd877]::sys::backtrace::__rust_end_short_backtrace::<std[617be2ca0a6fd877]::panicking::panic_handler::{closure#0}, !>
[INFO] [stdout]    9:     0x621da0cd006d - __rustc[ea4f61d10b84890b]::rust_begin_unwind
[INFO] [stdout]   10:     0x621da0d0af1c - core[a373ad73a504971]::panicking::panic_fmt
[INFO] [stdout]   11:     0x621da0b9c3d7 - <pii_vault[74b916376291ea52]::integration_tests::tests::test_uk_driving_licence_padded_surname::{closure#0} as core[a373ad73a504971]::ops::function::FnOnce<()>>::call_once
[INFO] [stdout]   12:     0x621da0bb76ab - test[aada8e7e76ba119b]::__rust_begin_short_backtrace::<core[a373ad73a504971]::result::Result<(), alloc[2e1b2a31b91974c5]::string::String>, fn() -> core[a373ad73a504971]::result::Result<(), alloc[2e1b2a31b91974c5]::string::String>>
[INFO] [stdout]   13:     0x621da0bc4885 - test[aada8e7e76ba119b]::run_test::{closure#0}
[INFO] [stdout]   14:     0x621da0bbe174 - std[617be2ca0a6fd877]::sys::backtrace::__rust_begin_short_backtrace::<test[aada8e7e76ba119b]::run_test::{closure#1}, ()>
[INFO] [stdout]   15:     0x621da0bc7912 - <std[617be2ca0a6fd877]::thread::lifecycle::spawn_unchecked<test[aada8e7e76ba119b]::run_test::{closure#1}, ()>::{closure#1} as core[a373ad73a504971]::ops::function::FnOnce<()>>::call_once::{shim:vtable#0}
[INFO] [stdout]   16:     0x621da0cf2d3f - <std[617be2ca0a6fd877]::sys::thread::unix::Thread>::new::thread_start
[INFO] [stdout]   17:     0x7b599d734dfa - <unknown>
[INFO] [stdout]   18:     0x7b599d7c83d4 - clone
[INFO] [stdout]   19:                0x0 - <unknown>
[INFO] [stdout] 
[INFO] [stdout] ---- integration_tests::tests::test_url_detection stdout ----
[INFO] [stdout] 
[INFO] [stdout] thread 'integration_tests::tests::test_url_detection' (462) panicked at src/integration_tests.rs:127:9:
[INFO] [stdout] Should detect URL
[INFO] [stdout] stack backtrace:
[INFO] [stdout]    0:     0x621da0cf3841 - <<std[617be2ca0a6fd877]::sys::backtrace::BacktraceLock>::print::DisplayBacktrace as core[a373ad73a504971]::fmt::Display>::fmt
[INFO] [stdout]    1:     0x621da0d0a73a - core[a373ad73a504971]::fmt::write
[INFO] [stdout]    2:     0x621da0cf7d2c - <alloc[2e1b2a31b91974c5]::vec::Vec<u8> as core[a373ad73a504971]::io::write::Write>::write_fmt
[INFO] [stdout]    3:     0x621da0ccf3b6 - std[617be2ca0a6fd877]::panicking::default_hook::{closure#0}
[INFO] [stdout]    4:     0x621da0ceb969 - std[617be2ca0a6fd877]::panicking::default_hook
[INFO] [stdout]    5:     0x621da0bc4260 - test[aada8e7e76ba119b]::test_main_inner::{closure#0}
[INFO] [stdout]    6:     0x621da0cebb22 - std[617be2ca0a6fd877]::panicking::panic_with_hook
[INFO] [stdout]    7:     0x621da0ccf494 - std[617be2ca0a6fd877]::panicking::panic_handler::{closure#0}
[INFO] [stdout]    8:     0x621da0cc7f49 - std[617be2ca0a6fd877]::sys::backtrace::__rust_end_short_backtrace::<std[617be2ca0a6fd877]::panicking::panic_handler::{closure#0}, !>
[INFO] [stdout]    9:     0x621da0cd006d - __rustc[ea4f61d10b84890b]::rust_begin_unwind
[INFO] [stdout]   10:     0x621da0d0af1c - core[a373ad73a504971]::panicking::panic_fmt
[INFO] [stdout]   11:     0x621da0b98847 - <pii_vault[74b916376291ea52]::integration_tests::tests::test_url_detection::{closure#0} as core[a373ad73a504971]::ops::function::FnOnce<()>>::call_once
[INFO] [stdout]   12:     0x621da0bb76ab - test[aada8e7e76ba119b]::__rust_begin_short_backtrace::<core[a373ad73a504971]::result::Result<(), alloc[2e1b2a31b91974c5]::string::String>, fn() -> core[a373ad73a504971]::result::Result<(), alloc[2e1b2a31b91974c5]::string::String>>
[INFO] [stdout]   13:     0x621da0bc4885 - test[aada8e7e76ba119b]::run_test::{closure#0}
[INFO] [stdout]   14:     0x621da0bbe174 - std[617be2ca0a6fd877]::sys::backtrace::__rust_begin_short_backtrace::<test[aada8e7e76ba119b]::run_test::{closure#1}, ()>
[INFO] [stdout]   15:     0x621da0bc7912 - <std[617be2ca0a6fd877]::thread::lifecycle::spawn_unchecked<test[aada8e7e76ba119b]::run_test::{closure#1}, ()>::{closure#1} as core[a373ad73a504971]::ops::function::FnOnce<()>>::call_once::{shim:vtable#0}
[INFO] [stdout]   16:     0x621da0cf2d3f - <std[617be2ca0a6fd877]::sys::thread::unix::Thread>::new::thread_start
[INFO] [stdout]   17:     0x7b599d734dfa - <unknown>
[INFO] [stdout]   18:     0x7b599d7c83d4 - clone
[INFO] [stdout]   19:                0x0 - <unknown>
[INFO] [stdout] 
[INFO] [stdout] ---- integration_tests::tests::test_uk_nino_detection stdout ----
[INFO] [stdout] 
[INFO] [stdout] thread 'integration_tests::tests::test_uk_nino_detection' (461) panicked at src/integration_tests.rs:160:9:
[INFO] [stdout] Should detect UK NINO
[INFO] [stdout] stack backtrace:
[INFO] [stdout]    0:     0x621da0cf3841 - <<std[617be2ca0a6fd877]::sys::backtrace::BacktraceLock>::print::DisplayBacktrace as core[a373ad73a504971]::fmt::Display>::fmt
[INFO] [stdout]    1:     0x621da0d0a73a - core[a373ad73a504971]::fmt::write
[INFO] [stdout]    2:     0x621da0cf7d2c - <alloc[2e1b2a31b91974c5]::vec::Vec<u8> as core[a373ad73a504971]::io::write::Write>::write_fmt
[INFO] [stdout]    3:     0x621da0ccf3b6 - std[617be2ca0a6fd877]::panicking::default_hook::{closure#0}
[INFO] [stdout]    4:     0x621da0ceb969 - std[617be2ca0a6fd877]::panicking::default_hook
[INFO] [stdout]    5:     0x621da0bc4260 - test[aada8e7e76ba119b]::test_main_inner::{closure#0}
[INFO] [stdout]    6:     0x621da0cebb22 - std[617be2ca0a6fd877]::panicking::panic_with_hook
[INFO] [stdout]    7:     0x621da0ccf494 - std[617be2ca0a6fd877]::panicking::panic_handler::{closure#0}
[INFO] [stdout]    8:     0x621da0cc7f49 - std[617be2ca0a6fd877]::sys::backtrace::__rust_end_short_backtrace::<std[617be2ca0a6fd877]::panicking::panic_handler::{closure#0}, !>
[INFO] [stdout]    9:     0x621da0cd006d - __rustc[ea4f61d10b84890b]::rust_begin_unwind
[INFO] [stdout]   10:     0x621da0d0af1c - core[a373ad73a504971]::panicking::panic_fmt
[INFO] [stdout]   11:     0x621da0b9a367 - <pii_vault[74b916376291ea52]::integration_tests::tests::test_uk_nino_detection::{closure#0} as core[a373ad73a504971]::ops::function::FnOnce<()>>::call_once
[INFO] [stdout]   12:     0x621da0bb76ab - test[aada8e7e76ba119b]::__rust_begin_short_backtrace::<core[a373ad73a504971]::result::Result<(), alloc[2e1b2a31b91974c5]::string::String>, fn() -> core[a373ad73a504971]::result::Result<(), alloc[2e1b2a31b91974c5]::string::String>>
[INFO] [stdout]   13:     0x621da0bc4885 - test[aada8e7e76ba119b]::run_test::{closure#0}
[INFO] [stdout]   14:     0x621da0bbe174 - std[617be2ca0a6fd877]::sys::backtrace::__rust_begin_short_backtrace::<test[aada8e7e76ba119b]::run_test::{closure#1}, ()>
[INFO] [stdout]   15:     0x621da0bc7912 - <std[617be2ca0a6fd877]::thread::lifecycle::spawn_unchecked<test[aada8e7e76ba119b]::run_test::{closure#1}, ()>::{closure#1} as core[a373ad73a504971]::ops::function::FnOnce<()>>::call_once::{shim:vtable#0}
[INFO] [stdout]   16:     0x621da0cf2d3f - <std[617be2ca0a6fd877]::sys::thread::unix::Thread>::new::thread_start
[INFO] [stdout]   17:     0x7b599d734dfa - <unknown>
[INFO] [stdout]   18:     0x7b599d7c83d4 - clone
[INFO] [stdout]   19:                0x0 - <unknown>
[INFO] [stdout] 
[INFO] [stdout] ---- integration_tests::tests::test_sg_nric_detection stdout ----
[INFO] [stdout] 
[INFO] [stdout] thread 'integration_tests::tests::test_sg_nric_detection' (454) panicked at src/integration_tests.rs:215:9:
[INFO] [stdout] Should detect Singapore NRIC
[INFO] [stdout] stack backtrace:
[INFO] [stdout]    0:     0x621da0cf3841 - <<std[617be2ca0a6fd877]::sys::backtrace::BacktraceLock>::print::DisplayBacktrace as core[a373ad73a504971]::fmt::Display>::fmt
[INFO] [stdout]    1:     0x621da0d0a73a - core[a373ad73a504971]::fmt::write
[INFO] [stdout]    2:     0x621da0cf7d2c - <alloc[2e1b2a31b91974c5]::vec::Vec<u8> as core[a373ad73a504971]::io::write::Write>::write_fmt
[INFO] [stdout]    3:     0x621da0ccf3b6 - std[617be2ca0a6fd877]::panicking::default_hook::{closure#0}
[INFO] [stdout]    4:     0x621da0ceb969 - std[617be2ca0a6fd877]::panicking::default_hook
[INFO] [stdout]    5:     0x621da0bc4260 - test[aada8e7e76ba119b]::test_main_inner::{closure#0}
[INFO] [stdout]    6:     0x621da0cebb22 - std[617be2ca0a6fd877]::panicking::panic_with_hook
[INFO] [stdout]    7:     0x621da0ccf494 - std[617be2ca0a6fd877]::panicking::panic_handler::{closure#0}
[INFO] [stdout]    8:     0x621da0cc7f49 - std[617be2ca0a6fd877]::sys::backtrace::__rust_end_short_backtrace::<std[617be2ca0a6fd877]::panicking::panic_handler::{closure#0}, !>
[INFO] [stdout]    9:     0x621da0cd006d - __rustc[ea4f61d10b84890b]::rust_begin_unwind
[INFO] [stdout]   10:     0x621da0d0af1c - core[a373ad73a504971]::panicking::panic_fmt
[INFO] [stdout]   11:     0x621da0b9a197 - <pii_vault[74b916376291ea52]::integration_tests::tests::test_sg_nric_detection::{closure#0} as core[a373ad73a504971]::ops::function::FnOnce<()>>::call_once
[INFO] [stdout]   12:     0x621da0bb76ab - test[aada8e7e76ba119b]::__rust_begin_short_backtrace::<core[a373ad73a504971]::result::Result<(), alloc[2e1b2a31b91974c5]::string::String>, fn() -> core[a373ad73a504971]::result::Result<(), alloc[2e1b2a31b91974c5]::string::String>>
[INFO] [stdout]   13:     0x621da0bc4885 - test[aada8e7e76ba119b]::run_test::{closure#0}
[INFO] [stdout]   14:     0x621da0bbe174 - std[617be2ca0a6fd877]::sys::backtrace::__rust_begin_short_backtrace::<test[aada8e7e76ba119b]::run_test::{closure#1}, ()>
[INFO] [stdout]   15:     0x621da0bc7912 - <std[617be2ca0a6fd877]::thread::lifecycle::spawn_unchecked<test[aada8e7e76ba119b]::run_test::{closure#1}, ()>::{closure#1} as core[a373ad73a504971]::ops::function::FnOnce<()>>::call_once::{shim:vtable#0}
[INFO] [stdout]   16:     0x621da0cf2d3f - <std[617be2ca0a6fd877]::sys::thread::unix::Thread>::new::thread_start
[INFO] [stdout]   17:     0x7b599d734dfa - <unknown>
[INFO] [stdout]   18:     0x7b599d7c83d4 - clone
[INFO] [stdout]   19:                0x0 - <unknown>
[INFO] [stdout] 
[INFO] [stdout] ---- integration_tests::tests::test_spec_recognizers_load stdout ----
[INFO] [stdout] 
[INFO] [stdout] thread 'integration_tests::tests::test_spec_recognizers_load' (455) panicked at src/integration_tests.rs:19:9:
[INFO] [stdout] Expected at least 25 recognizers, got 0
[INFO] [stdout] stack backtrace:
[INFO] [stdout]    0:     0x621da0cf3841 - <<std[617be2ca0a6fd877]::sys::backtrace::BacktraceLock>::print::DisplayBacktrace as core[a373ad73a504971]::fmt::Display>::fmt
[INFO] [stdout]    1:     0x621da0d0a73a - core[a373ad73a504971]::fmt::write
[INFO] [stdout]    2:     0x621da0cf7d2c - <alloc[2e1b2a31b91974c5]::vec::Vec<u8> as core[a373ad73a504971]::io::write::Write>::write_fmt
[INFO] [stdout]    3:     0x621da0ccf3b6 - std[617be2ca0a6fd877]::panicking::default_hook::{closure#0}
[INFO] [stdout]    4:     0x621da0ceb969 - std[617be2ca0a6fd877]::panicking::default_hook
[INFO] [stdout]    5:     0x621da0bc4260 - test[aada8e7e76ba119b]::test_main_inner::{closure#0}
[INFO] [stdout]    6:     0x621da0cebb22 - std[617be2ca0a6fd877]::panicking::panic_with_hook
[INFO] [stdout]    7:     0x621da0ccf462 - std[617be2ca0a6fd877]::panicking::panic_handler::{closure#0}
[INFO] [stdout]    8:     0x621da0cc7f49 - std[617be2ca0a6fd877]::sys::backtrace::__rust_end_short_backtrace::<std[617be2ca0a6fd877]::panicking::panic_handler::{closure#0}, !>
[INFO] [stdout]    9:     0x621da0cd006d - __rustc[ea4f61d10b84890b]::rust_begin_unwind
[INFO] [stdout]   10:     0x621da0d0af1c - core[a373ad73a504971]::panicking::panic_fmt
[INFO] [stdout]   11:     0x621da0b9baf4 - <pii_vault[74b916376291ea52]::integration_tests::tests::test_spec_recognizers_load::{closure#0} as core[a373ad73a504971]::ops::function::FnOnce<()>>::call_once
[INFO] [stdout]   12:     0x621da0bb76ab - test[aada8e7e76ba119b]::__rust_begin_short_backtrace::<core[a373ad73a504971]::result::Result<(), alloc[2e1b2a31b91974c5]::string::String>, fn() -> core[a373ad73a504971]::result::Result<(), alloc[2e1b2a31b91974c5]::string::String>>
[INFO] [stdout]   13:     0x621da0bc4885 - test[aada8e7e76ba119b]::run_test::{closure#0}
[INFO] [stdout]   14:     0x621da0bbe174 - std[617be2ca0a6fd877]::sys::backtrace::__rust_begin_short_backtrace::<test[aada8e7e76ba119b]::run_test::{closure#1}, ()>
[INFO] [stdout]   15:     0x621da0bc7912 - <std[617be2ca0a6fd877]::thread::lifecycle::spawn_unchecked<test[aada8e7e76ba119b]::run_test::{closure#1}, ()>::{closure#1} as core[a373ad73a504971]::ops::function::FnOnce<()>>::call_once::{shim:vtable#0}
[INFO] [stdout]   16:     0x621da0cf2d3f - <std[617be2ca0a6fd877]::sys::thread::unix::Thread>::new::thread_start
[INFO] [stdout]   17:     0x7b599d734dfa - <unknown>
[INFO] [stdout]   18:     0x7b599d7c83d4 - clone
[INFO] [stdout]   19:                0x0 - <unknown>
[INFO] [stdout] 
[INFO] [stdout] ---- integration_tests::tests::test_uuid_detection stdout ----
[INFO] [stdout] 
[INFO] [stdout] thread 'integration_tests::tests::test_uuid_detection' (464) panicked at src/integration_tests.rs:138:9:
[INFO] [stdout] Should detect UUID
[INFO] [stdout] stack backtrace:
[INFO] [stdout]    0:     0x621da0cf3841 - <<std[617be2ca0a6fd877]::sys::backtrace::BacktraceLock>::print::DisplayBacktrace as core[a373ad73a504971]::fmt::Display>::fmt
[INFO] [stdout]    1:     0x621da0d0a73a - core[a373ad73a504971]::fmt::write
[INFO] [stdout]    2:     0x621da0cf7d2c - <alloc[2e1b2a31b91974c5]::vec::Vec<u8> as core[a373ad73a504971]::io::write::Write>::write_fmt
[INFO] [stdout]    3:     0x621da0ccf3b6 - std[617be2ca0a6fd877]::panicking::default_hook::{closure#0}
[INFO] [stdout]    4:     0x621da0ceb969 - std[617be2ca0a6fd877]::panicking::default_hook
[INFO] [stdout]    5:     0x621da0bc4260 - test[aada8e7e76ba119b]::test_main_inner::{closure#0}
[INFO] [stdout]    6:     0x621da0cebb22 - std[617be2ca0a6fd877]::panicking::panic_with_hook
[INFO] [stdout]    7:     0x621da0ccf494 - std[617be2ca0a6fd877]::panicking::panic_handler::{closure#0}
[INFO] [stdout]    8:     0x621da0cc7f49 - std[617be2ca0a6fd877]::sys::backtrace::__rust_end_short_backtrace::<std[617be2ca0a6fd877]::panicking::panic_handler::{closure#0}, !>
[INFO] [stdout]    9:     0x621da0cd006d - __rustc[ea4f61d10b84890b]::rust_begin_unwind
[INFO] [stdout]   10:     0x621da0d0af1c - core[a373ad73a504971]::panicking::panic_fmt
[INFO] [stdout]   11:     0x621da0b98be7 - <pii_vault[74b916376291ea52]::integration_tests::tests::test_uuid_detection::{closure#0} as core[a373ad73a504971]::ops::function::FnOnce<()>>::call_once
[INFO] [stdout]   12:     0x621da0bb76ab - test[aada8e7e76ba119b]::__rust_begin_short_backtrace::<core[a373ad73a504971]::result::Result<(), alloc[2e1b2a31b91974c5]::string::String>, fn() -> core[a373ad73a504971]::result::Result<(), alloc[2e1b2a31b91974c5]::string::String>>
[INFO] [stdout]   13:     0x621da0bc4885 - test[aada8e7e76ba119b]::run_test::{closure#0}
[INFO] [stdout]   14:     0x621da0bbe174 - std[617be2ca0a6fd877]::sys::backtrace::__rust_begin_short_backtrace::<test[aada8e7e76ba119b]::run_test::{closure#1}, ()>
[INFO] [stdout]   15:     0x621da0bc7912 - <std[617be2ca0a6fd877]::thread::lifecycle::spawn_unchecked<test[aada8e7e76ba119b]::run_test::{closure#1}, ()>::{closure#1} as core[a373ad73a504971]::ops::function::FnOnce<()>>::call_once::{shim:vtable#0}
[INFO] [stdout]   16:     0x621da0cf2d3f - <std[617be2ca0a6fd877]::sys::thread::unix::Thread>::new::thread_start
[INFO] [stdout]   17:     0x7b599d734dfa - <unknown>
[INFO] [stdout]   18:     0x7b599d7c83d4 - clone
[INFO] [stdout]   19:                0x0 - <unknown>
[INFO] [stdout] 
[INFO] [stdout] ---- integration_tests::tests::test_us_ssn_detection stdout ----
[INFO] [stdout] 
[INFO] [stdout] thread 'integration_tests::tests::test_us_ssn_detection' (463) panicked at src/integration_tests.rs:50:9:
[INFO] [stdout] Should detect US SSN
[INFO] [stdout] stack backtrace:
[INFO] [stdout]    0:     0x621da0cf3841 - <<std[617be2ca0a6fd877]::sys::backtrace::BacktraceLock>::print::DisplayBacktrace as core[a373ad73a504971]::fmt::Display>::fmt
[INFO] [stdout]    1:     0x621da0d0a73a - core[a373ad73a504971]::fmt::write
[INFO] [stdout]    2:     0x621da0cf7d2c - <alloc[2e1b2a31b91974c5]::vec::Vec<u8> as core[a373ad73a504971]::io::write::Write>::write_fmt
[INFO] [stdout]    3:     0x621da0ccf3b6 - std[617be2ca0a6fd877]::panicking::default_hook::{closure#0}
[INFO] [stdout]    4:     0x621da0ceb969 - std[617be2ca0a6fd877]::panicking::default_hook
[INFO] [stdout]    5:     0x621da0bc4260 - test[aada8e7e76ba119b]::test_main_inner::{closure#0}
[INFO] [stdout]    6:     0x621da0cebb22 - std[617be2ca0a6fd877]::panicking::panic_with_hook
[INFO] [stdout]    7:     0x621da0ccf494 - std[617be2ca0a6fd877]::panicking::panic_handler::{closure#0}
[INFO] [stdout]    8:     0x621da0cc7f49 - std[617be2ca0a6fd877]::sys::backtrace::__rust_end_short_backtrace::<std[617be2ca0a6fd877]::panicking::panic_handler::{closure#0}, !>
[INFO] [stdout]    9:     0x621da0cd006d - __rustc[ea4f61d10b84890b]::rust_begin_unwind
[INFO] [stdout]   10:     0x621da0d0af1c - core[a373ad73a504971]::panicking::panic_fmt
[INFO] [stdout]   11:     0x621da0b99df7 - <pii_vault[74b916376291ea52]::integration_tests::tests::test_us_ssn_detection::{closure#0} as core[a373ad73a504971]::ops::function::FnOnce<()>>::call_once
[INFO] [stdout]   12:     0x621da0bb76ab - test[aada8e7e76ba119b]::__rust_begin_short_backtrace::<core[a373ad73a504971]::result::Result<(), alloc[2e1b2a31b91974c5]::string::String>, fn() -> core[a373ad73a504971]::result::Result<(), alloc[2e1b2a31b91974c5]::string::String>>
[INFO] [stdout]   13:     0x621da0bc4885 - test[aada8e7e76ba119b]::run_test::{closure#0}
[INFO] [stdout]   14:     0x621da0bbe174 - std[617be2ca0a6fd877]::sys::backtrace::__rust_begin_short_backtrace::<test[aada8e7e76ba119b]::run_test::{closure#1}, ()>
[INFO] [stdout]   15:     0x621da0bc7912 - <std[617be2ca0a6fd877]::thread::lifecycle::spawn_unchecked<test[aada8e7e76ba119b]::run_test::{closure#1}, ()>::{closure#1} as core[a373ad73a504971]::ops::function::FnOnce<()>>::call_once::{shim:vtable#0}
[INFO] [stdout]   16:     0x621da0cf2d3f - <std[617be2ca0a6fd877]::sys::thread::unix::Thread>::new::thread_start
[INFO] [stdout]   17:     0x7b599d734dfa - <unknown>
[INFO] [stdout]   18:     0x7b599d7c83d4 - clone
[INFO] [stdout]   19:                0x0 - <unknown>
[INFO] [stdout] 
[INFO] [stdout] ---- integration_tests::tests::test_uk_driving_licence_detection stdout ----
[INFO] [stdout] 
[INFO] [stdout] thread 'integration_tests::tests::test_uk_driving_licence_detection' (456) panicked at src/integration_tests.rs:337:9:
[INFO] [stdout] Should detect UK driving licence
[INFO] [stdout] stack backtrace:
[INFO] [stdout]    0:     0x621da0cf3841 - <<std[617be2ca0a6fd877]::sys::backtrace::BacktraceLock>::print::DisplayBacktrace as core[a373ad73a504971]::fmt::Display>::fmt
[INFO] [stdout]    1:     0x621da0d0a73a - core[a373ad73a504971]::fmt::write
[INFO] [stdout]    2:     0x621da0cf7d2c - <alloc[2e1b2a31b91974c5]::vec::Vec<u8> as core[a373ad73a504971]::io::write::Write>::write_fmt
[INFO] [stdout]    3:     0x621da0ccf3b6 - std[617be2ca0a6fd877]::panicking::default_hook::{closure#0}
[INFO] [stdout]    4:     0x621da0ceb969 - std[617be2ca0a6fd877]::panicking::default_hook
[INFO] [stdout]    5:     0x621da0bc4260 - test[aada8e7e76ba119b]::test_main_inner::{closure#0}
[INFO] [stdout]    6:     0x621da0cebb22 - std[617be2ca0a6fd877]::panicking::panic_with_hook
[INFO] [stdout]    7:     0x621da0ccf494 - std[617be2ca0a6fd877]::panicking::panic_handler::{closure#0}
[INFO] [stdout]    8:     0x621da0cc7f49 - std[617be2ca0a6fd877]::sys::backtrace::__rust_end_short_backtrace::<std[617be2ca0a6fd877]::panicking::panic_handler::{closure#0}, !>
[INFO] [stdout]    9:     0x621da0cd006d - __rustc[ea4f61d10b84890b]::rust_begin_unwind
[INFO] [stdout]   10:     0x621da0d0af1c - core[a373ad73a504971]::panicking::panic_fmt
[INFO] [stdout]   11:     0x621da0b9c207 - <pii_vault[74b916376291ea52]::integration_tests::tests::test_uk_driving_licence_detection::{closure#0} as core[a373ad73a504971]::ops::function::FnOnce<()>>::call_once
[INFO] [stdout]   12:     0x621da0bb76ab - test[aada8e7e76ba119b]::__rust_begin_short_backtrace::<core[a373ad73a504971]::result::Result<(), alloc[2e1b2a31b91974c5]::string::String>, fn() -> core[a373ad73a504971]::result::Result<(), alloc[2e1b2a31b91974c5]::string::String>>
[INFO] [stdout]   13:     0x621da0bc4885 - test[aada8e7e76ba119b]::run_test::{closure#0}
[INFO] [stdout]   14:     0x621da0bbe174 - std[617be2ca0a6fd877]::sys::backtrace::__rust_begin_short_backtrace::<test[aada8e7e76ba119b]::run_test::{closure#1}, ()>
[INFO] [stdout]   15:     0x621da0bc7912 - <std[617be2ca0a6fd877]::thread::lifecycle::spawn_unchecked<test[aada8e7e76ba119b]::run_test::{closure#1}, ()>::{closure#1} as core[a373ad73a504971]::ops::function::FnOnce<()>>::call_once::{shim:vtable#0}
[INFO] [stdout]   16:     0x621da0cf2d3f - <std[617be2ca0a6fd877]::sys::thread::unix::Thread>::new::thread_start
[INFO] [stdout]   17:     0x7b599d734dfa - <unknown>
[INFO] [stdout]   18:     0x7b599d7c83d4 - clone
[INFO] [stdout]   19:                0x0 - <unknown>
[INFO] [stdout] 
[INFO] [stdout] ---- integration_tests::tests::test_uk_driving_licence_female stdout ----
[INFO] [stdout] 
[INFO] [stdout] thread 'integration_tests::tests::test_uk_driving_licence_female' (457) panicked at src/integration_tests.rs:349:9:
[INFO] [stdout] Should detect female UK driving licence
[INFO] [stdout] stack backtrace:
[INFO] [stdout]    0:     0x621da0cf3841 - <<std[617be2ca0a6fd877]::sys::backtrace::BacktraceLock>::print::DisplayBacktrace as core[a373ad73a504971]::fmt::Display>::fmt
[INFO] [stdout]    1:     0x621da0d0a73a - core[a373ad73a504971]::fmt::write
[INFO] [stdout]    2:     0x621da0cf7d2c - <alloc[2e1b2a31b91974c5]::vec::Vec<u8> as core[a373ad73a504971]::io::write::Write>::write_fmt
[INFO] [stdout]    3:     0x621da0ccf3b6 - std[617be2ca0a6fd877]::panicking::default_hook::{closure#0}
[INFO] [stdout]    4:     0x621da0ceb969 - std[617be2ca0a6fd877]::panicking::default_hook
[INFO] [stdout]    5:     0x621da0bc4260 - test[aada8e7e76ba119b]::test_main_inner::{closure#0}
[INFO] [stdout]    6:     0x621da0cebb22 - std[617be2ca0a6fd877]::panicking::panic_with_hook
[INFO] [stdout]    7:     0x621da0ccf494 - std[617be2ca0a6fd877]::panicking::panic_handler::{closure#0}
[INFO] [stdout]    8:     0x621da0cc7f49 - std[617be2ca0a6fd877]::sys::backtrace::__rust_end_short_backtrace::<std[617be2ca0a6fd877]::panicking::panic_handler::{closure#0}, !>
[INFO] [stdout]    9:     0x621da0cd006d - __rustc[ea4f61d10b84890b]::rust_begin_unwind
[INFO] [stdout]   10:     0x621da0d0af1c - core[a373ad73a504971]::panicking::panic_fmt
[INFO] [stdout]   11:     0x621da0b9c037 - <pii_vault[74b916376291ea52]::integration_tests::tests::test_uk_driving_licence_female::{closure#0} as core[a373ad73a504971]::ops::function::FnOnce<()>>::call_once
[INFO] [stdout]   12:     0x621da0bb76ab - test[aada8e7e76ba119b]::__rust_begin_short_backtrace::<core[a373ad73a504971]::result::Result<(), alloc[2e1b2a31b91974c5]::string::String>, fn() -> core[a373ad73a504971]::result::Result<(), alloc[2e1b2a31b91974c5]::string::String>>
[INFO] [stdout]   13:     0x621da0bc4885 - test[aada8e7e76ba119b]::run_test::{closure#0}
[INFO] [stdout]   14:     0x621da0bbe174 - std[617be2ca0a6fd877]::sys::backtrace::__rust_begin_short_backtrace::<test[aada8e7e76ba119b]::run_test::{closure#1}, ()>
[INFO] [stdout]   15:     0x621da0bc7912 - <std[617be2ca0a6fd877]::thread::lifecycle::spawn_unchecked<test[aada8e7e76ba119b]::run_test::{closure#1}, ()>::{closure#1} as core[a373ad73a504971]::ops::function::FnOnce<()>>::call_once::{shim:vtable#0}
[INFO] [stdout]   16:     0x621da0cf2d3f - <std[617be2ca0a6fd877]::sys::thread::unix::Thread>::new::thread_start
[INFO] [stdout]   17:     0x7b599d734dfa - <unknown>
[INFO] [stdout]   18:     0x7b599d7c83d4 - clone
[INFO] [stdout]   19:                0x0 - <unknown>
[INFO] [stdout] 
[INFO] [stdout] 
[INFO] [stdout] failures:
[INFO] [stdout]     integration_tests::tests::test_au_abn_detection
[INFO] [stdout]     integration_tests::tests::test_au_tfn_detection
[INFO] [stdout]     integration_tests::tests::test_br_cpf_detection
[INFO] [stdout]     integration_tests::tests::test_cn_id_detection
[INFO] [stdout]     integration_tests::tests::test_cn_phone_detection
[INFO] [stdout]     integration_tests::tests::test_credit_card_valid
[INFO] [stdout]     integration_tests::tests::test_de_passport_detection
[INFO] [stdout]     integration_tests::tests::test_de_tax_id_detection
[INFO] [stdout]     integration_tests::tests::test_de_vat_id_detection
[INFO] [stdout]     integration_tests::tests::test_email_detection
[INFO] [stdout]     integration_tests::tests::test_es_nie_detection
[INFO] [stdout]     integration_tests::tests::test_full_pipeline_vault
[INFO] [stdout]     integration_tests::tests::test_iban_detection
[INFO] [stdout]     integration_tests::tests::test_in_pan_detection
[INFO] [stdout]     integration_tests::tests::test_ip_address_detection
[INFO] [stdout]     integration_tests::tests::test_it_fiscal_code_detection
[INFO] [stdout]     integration_tests::tests::test_kr_rrn_detection
[INFO] [stdout]     integration_tests::tests::test_mac_address_detection
[INFO] [stdout]     integration_tests::tests::test_mixed_language_text
[INFO] [stdout]     integration_tests::tests::test_multiple_emails
[INFO] [stdout]     integration_tests::tests::test_sg_nric_detection
[INFO] [stdout]     integration_tests::tests::test_spec_recognizers_load
[INFO] [stdout]     integration_tests::tests::test_uk_driving_licence_detection
[INFO] [stdout]     integration_tests::tests::test_uk_driving_licence_female
[INFO] [stdout]     integration_tests::tests::test_uk_driving_licence_padded_surname
[INFO] [stdout]     integration_tests::tests::test_uk_nino_detection
[INFO] [stdout]     integration_tests::tests::test_url_detection
[INFO] [stdout]     integration_tests::tests::test_us_ssn_detection
[INFO] [stdout]     integration_tests::tests::test_uuid_detection
[INFO] [stdout] 
[INFO] [stdout] test result: FAILED. 31 passed; 29 failed; 0 ignored; 0 measured; 0 filtered out; finished in 0.02s
[INFO] [stdout] 
[INFO] [stderr] error: test failed, to rerun pass `--lib`
[INFO] running `Command { std: "docker" "inspect" "a030afffd6bec50e91e118d11f761e5d81bd66824c5b9ea1f3691889c268d17c", kill_on_drop: false }`
[INFO] running `Command { std: "docker" "rm" "-f" "a030afffd6bec50e91e118d11f761e5d81bd66824c5b9ea1f3691889c268d17c", kill_on_drop: false }`
[INFO] [stdout] a030afffd6bec50e91e118d11f761e5d81bd66824c5b9ea1f3691889c268d17c
