[INFO] fetching crate picodata-pike 5.7.1...
[INFO] testing picodata-pike-5.7.1 against 1.99.0-beta.8+cargoflags=--release for beta-release-1.100-2
[INFO] extracting crate picodata-pike 5.7.1 into /workspace/builds/worker-2-tc1/source
[INFO] removed /workspace/builds/worker-2-tc1/source/.cargo/config.toml
[INFO] removed /workspace/builds/worker-2-tc1/source/rust-toolchain.toml
[INFO] started tweaking crates.io crate picodata-pike 5.7.1
[INFO] removed 0 missing tests
[INFO] finished tweaking crates.io crate picodata-pike 5.7.1
[INFO] tweaked toml for crates.io crate picodata-pike 5.7.1 written to /workspace/builds/worker-2-tc1/source/Cargo.toml
[INFO] validating manifest of crates.io crate picodata-pike 5.7.1 on toolchain 1.99.0-beta.8
[INFO] running `Command { std: CARGO_HOME="/workspace/cargo-home" RUSTUP_HOME="/workspace/rustup-home" "/workspace/cargo-home/bin/cargo" "+1.99.0-beta.8" "metadata" "--manifest-path" "Cargo.toml" "--no-deps", kill_on_drop: false }`
[INFO] crate crates.io crate picodata-pike 5.7.1 already has a lockfile, it will not be regenerated
[INFO] running `Command { std: CARGO_HOME="/workspace/cargo-home" RUSTUP_HOME="/workspace/rustup-home" "/workspace/cargo-home/bin/cargo" "+1.99.0-beta.8" "fetch" "--manifest-path" "Cargo.toml", kill_on_drop: false }`
[INFO] [stderr]     Updating crates.io index
[INFO] [stderr]  Downloading crates ...
[INFO] [stderr]   Downloaded serde_norway v0.9.42
[INFO] [stderr]   Downloaded constcat v0.6.1
[INFO] [stderr]   Downloaded colog v1.4.0
[INFO] [stderr]   Downloaded unsafe-libyaml-norway v0.2.15
[INFO] running `Command { std: "docker" "create" "-v" "/var/lib/crater-agent-workspace/builds/worker-2-tc1/source:/opt/rustwide/workdir:ro,Z" "-v" "/var/lib/crater-agent-workspace/builds/worker-2-tc1/target:/opt/rustwide/target:rw,Z" "-v" "/var/lib/crater-agent-workspace/cargo-home:/opt/rustwide/cargo-home:ro,Z" "-v" "/var/lib/crater-agent-workspace/rustup-home:/opt/rustwide/rustup-home:ro,Z" "-m" "1610612736" "--network" "none" "ghcr.io/rust-lang/crates-build-env/linux@sha256:77db811e55d90add9212f6832c23229e3de5f1c1f9905e8cb07319ea15df73ac" "sleep" "infinity", kill_on_drop: false }`
[INFO] [stdout] e02a3305e1d66164356314768e057a711867740936948ee215fac1f761ed2459
[INFO] running `Command { std: "docker" "start" "e02a3305e1d66164356314768e057a711867740936948ee215fac1f761ed2459", kill_on_drop: false }`
[INFO] running `Command { std: "docker" "inspect" "e02a3305e1d66164356314768e057a711867740936948ee215fac1f761ed2459", kill_on_drop: false }`
[INFO] running `Command { std: "docker" "exec" "-e" "SOURCE_DIR=/opt/rustwide/workdir" "-e" "CARGO_HOME=/opt/rustwide/cargo-home" "-e" "RUSTUP_HOME=/opt/rustwide/rustup-home" "-e" "CARGO_TARGET_DIR=/opt/rustwide/target" "-w" "/opt/rustwide/workdir" "--user" "0:0" "e02a3305e1d66164356314768e057a711867740936948ee215fac1f761ed2459" "/opt/rustwide/cargo-home/bin/cargo" "+1.99.0-beta.8" "metadata" "--no-deps" "--format-version=1", kill_on_drop: false }`
[INFO] running `Command { std: "docker" "inspect" "e02a3305e1d66164356314768e057a711867740936948ee215fac1f761ed2459", kill_on_drop: false }`
[INFO] running `Command { std: "docker" "exec" "-e" "SOURCE_DIR=/opt/rustwide/workdir" "-e" "CARGO_HOME=/opt/rustwide/cargo-home" "-e" "RUSTUP_HOME=/opt/rustwide/rustup-home" "-e" "CARGO_TARGET_DIR=/opt/rustwide/target" "-e" "CARGO_INCREMENTAL=0" "-e" "RUST_BACKTRACE=full" "-e" "RUSTFLAGS=--cap-lints=warn" "-e" "RUSTDOCFLAGS=--cap-lints=warn" "-w" "/opt/rustwide/workdir" "--user" "0:0" "e02a3305e1d66164356314768e057a711867740936948ee215fac1f761ed2459" "/opt/rustwide/cargo-home/bin/cargo" "+1.99.0-beta.8" "build" "--frozen" "--message-format=json" "--release", kill_on_drop: false }`
[INFO] [stderr]    Compiling libc v0.2.190
[INFO] [stderr]    Compiling rustix v1.1.5
[INFO] [stderr]    Compiling linux-raw-sys v0.12.1
[INFO] [stderr]    Compiling syn v2.0.119
[INFO] [stderr]    Compiling syn v3.0.9
[INFO] [stderr]    Compiling zeroize v1.9.1
[INFO] [stderr]    Compiling httparse v1.10.1
[INFO] [stderr]    Compiling nix v0.31.3
[INFO] [stderr]    Compiling native-tls v0.2.18
[INFO] [stderr]    Compiling winnow v1.0.4
[INFO] [stderr]    Compiling jiff-core v0.1.1
[INFO] [stderr]    Compiling env_filter v2.0.0
[INFO] [stderr]    Compiling pem-rfc7468 v1.0.0
[INFO] [stderr]    Compiling chrono v0.4.45
[INFO] [stderr]    Compiling http v1.5.0
[INFO] [stderr]    Compiling toml_datetime v1.1.2+spec-1.1.0
[INFO] [stderr]    Compiling base64 v0.23.1
[INFO] [stderr]    Compiling rustls-pki-types v1.15.1
[INFO] [stderr]    Compiling toml_writer v1.1.3+spec-1.1.0
[INFO] [stderr]    Compiling clap_lex v1.1.1
[INFO] [stderr]    Compiling der v0.8.2
[INFO] [stderr]    Compiling clap_builder v4.6.7
[INFO] [stderr]    Compiling webpki-root-certs v1.0.9
[INFO] [stderr]    Compiling include_dir_macros v0.7.4
[INFO] [stderr]    Compiling memo-map v0.3.4
[INFO] [stderr]    Compiling colored v3.1.1
[INFO] [stderr]    Compiling utf8-zero v0.8.1
[INFO] [stderr]    Compiling unsafe-libyaml-norway v0.2.15
[INFO] [stderr]    Compiling include_dir v0.7.4
[INFO] [stderr]    Compiling serde_ignored v0.1.14
[INFO] [stderr]    Compiling fs_extra v1.3.0
[INFO] [stderr]    Compiling jiff v0.2.38
[INFO] [stderr]    Compiling ureq-proto v0.6.4
[INFO] [stderr]    Compiling procfs-core v0.18.0
[INFO] [stderr]    Compiling toml_parser v1.1.5+spec-1.1.0
[INFO] [stderr]    Compiling openssl-sys v0.9.117
[INFO] [stderr]    Compiling getrandom v0.4.3
[INFO] [stderr]    Compiling filetime v0.2.29
[INFO] [stderr]    Compiling toml_edit v0.25.17+spec-1.1.0
[INFO] [stderr]    Compiling toml v1.1.8+spec-1.1.0
[INFO] [stderr]    Compiling ctrlc v3.5.2
[INFO] [stderr]    Compiling rand v0.10.3
[INFO] [stderr]    Compiling serde_derive v1.0.229
[INFO] [stderr]    Compiling clap_derive v4.6.7
[INFO] [stderr]    Compiling darling_core v0.20.11
[INFO] [stderr]    Compiling xattr v1.6.1
[INFO] [stderr]    Compiling terminal_size v0.4.4
[INFO] [stderr]    Compiling env_logger v0.11.11
[INFO] [stderr]    Compiling tar v0.4.46
[INFO] [stderr]    Compiling colog v1.4.0
[INFO] [stderr]    Compiling openssl-macros v0.1.1
[INFO] [stderr]    Compiling clap v4.6.7
[INFO] [stderr]    Compiling openssl v0.10.81
[INFO] [stderr]    Compiling procfs v0.18.0
[INFO] [stderr]    Compiling darling_macro v0.20.11
[INFO] [stderr]    Compiling darling v0.20.11
[INFO] [stderr]    Compiling derive_builder_core v0.20.2
[INFO] [stderr]    Compiling serde v1.0.229
[INFO] [stderr]    Compiling derive_builder_macro v0.20.2
[INFO] [stderr]    Compiling derive_builder v0.20.2
[INFO] [stderr]    Compiling minijinja v2.24.0
[INFO] [stderr]    Compiling serde_norway v0.9.42
[INFO] [stderr]    Compiling ureq v3.4.2
[INFO] [stderr]    Compiling picodata-pike v5.7.1 (/opt/rustwide/workdir)
[INFO] [stderr]     Finished `release` profile [optimized] target(s) in 1m 54s
[INFO] running `Command { std: "docker" "inspect" "e02a3305e1d66164356314768e057a711867740936948ee215fac1f761ed2459", kill_on_drop: false }`
[INFO] running `Command { std: "docker" "exec" "-e" "SOURCE_DIR=/opt/rustwide/workdir" "-e" "CARGO_HOME=/opt/rustwide/cargo-home" "-e" "RUSTUP_HOME=/opt/rustwide/rustup-home" "-e" "CARGO_TARGET_DIR=/opt/rustwide/target" "-e" "CARGO_INCREMENTAL=0" "-e" "RUST_BACKTRACE=full" "-e" "RUSTFLAGS=--cap-lints=warn" "-e" "RUSTDOCFLAGS=--cap-lints=warn" "-w" "/opt/rustwide/workdir" "--user" "0:0" "e02a3305e1d66164356314768e057a711867740936948ee215fac1f761ed2459" "/opt/rustwide/cargo-home/bin/cargo" "+1.99.0-beta.8" "test" "--frozen" "--no-run" "--message-format=json" "--release", kill_on_drop: false }`
[INFO] [stderr]    Compiling syn v2.0.119
[INFO] [stderr]    Compiling toml_parser v1.1.5+spec-1.1.0
[INFO] [stderr]    Compiling toml_datetime v1.1.2+spec-1.1.0
[INFO] [stderr]    Compiling rstest_macros v0.27.0
[INFO] [stderr]    Compiling regex-automata v0.4.18
[INFO] [stderr]    Compiling relative-path v1.9.3
[INFO] [stderr]    Compiling futures-task v0.3.34
[INFO] [stderr]    Compiling futures-timer v3.0.4
[INFO] [stderr]    Compiling constcat v0.6.1
[INFO] [stderr]    Compiling futures-util v0.3.34
[INFO] [stderr]    Compiling toml_edit v0.25.17+spec-1.1.0
[INFO] [stderr]    Compiling proc-macro-crate v3.5.0
[INFO] [stderr]    Compiling regex v1.13.1
[INFO] [stderr]    Compiling darling_core v0.20.11
[INFO] [stderr]    Compiling openssl-macros v0.1.1
[INFO] [stderr]    Compiling openssl v0.10.81
[INFO] [stderr]    Compiling darling_macro v0.20.11
[INFO] [stderr]    Compiling darling v0.20.11
[INFO] [stderr]    Compiling derive_builder_core v0.20.2
[INFO] [stderr]    Compiling derive_builder_macro v0.20.2
[INFO] [stderr]    Compiling derive_builder v0.20.2
[INFO] [stderr]    Compiling rstest v0.27.0
[INFO] [stderr]    Compiling native-tls v0.2.18
[INFO] [stderr]    Compiling ureq v3.4.2
[INFO] [stderr]    Compiling picodata-pike v5.7.1 (/opt/rustwide/workdir)
[INFO] [stderr]     Finished `release` profile [optimized] target(s) in 1m 13s
[INFO] running `Command { std: "docker" "inspect" "e02a3305e1d66164356314768e057a711867740936948ee215fac1f761ed2459", kill_on_drop: false }`
[INFO] running `Command { std: "docker" "exec" "-e" "SOURCE_DIR=/opt/rustwide/workdir" "-e" "CARGO_HOME=/opt/rustwide/cargo-home" "-e" "RUSTUP_HOME=/opt/rustwide/rustup-home" "-e" "CARGO_TARGET_DIR=/opt/rustwide/target" "-e" "CARGO_INCREMENTAL=0" "-e" "RUST_BACKTRACE=full" "-e" "RUSTFLAGS=--cap-lints=warn" "-e" "RUSTDOCFLAGS=--cap-lints=warn" "-w" "/opt/rustwide/workdir" "--user" "0:0" "e02a3305e1d66164356314768e057a711867740936948ee215fac1f761ed2459" "/opt/rustwide/cargo-home/bin/cargo" "+1.99.0-beta.8" "test" "--frozen" "--release", kill_on_drop: false }`
[INFO] [stderr]     Finished `release` profile [optimized] target(s) in 0.28s
[INFO] [stderr]      Running unittests src/lib.rs (/opt/rustwide/target/release/deps/pike-603c4afc3e2d5013)
[INFO] [stdout] 
[INFO] [stdout] running 30 tests
[INFO] [stdout] test commands::plugin::pack::tests::create_archive_path_keeps_absolute_path_with_ext ... ok
[INFO] [stdout] test commands::plugin::pack::tests::resolve_archive_relative_with_ext_goes_into_build_dir ... ok
[INFO] [stdout] test commands::plugin::pack::tests::resolve_archive_relative_without_ext_appends_tar_gz ... ok
[INFO] [stdout] test commands::run::tests::materialize_external_plugin_crate_no_build ... ok
[INFO] [stdout] test commands::plugin::pack::tests::generate_archive_path_includes_suffix ... ok
[INFO] [stdout] test commands::config::apply::tests::params_builder_has_default_picodata_path ... ok
[INFO] [stdout] test commands::run::tests::merged_cluster_tier_config_ok_when_config_empty ... ok
[INFO] [stdout] test commands::plugin::pack::tests::validate_ok_when_all_required_files_exist ... ok
[INFO] [stdout] test commands::run::tests::merged_cluster_tier_config_errors_on_invalid_yaml ... ok
[INFO] [stdout] test commands::run::tests::merged_cluster_tier_config_errors_on_null_root ... ok
[INFO] [stdout] test commands::plugin::pack::tests::validate_fails_if_lib_missing ... ok
[INFO] [stdout] test commands::run::tests::materialize_external_plugin_shipping_directory ... ok
[INFO] [stdout] test commands::run::tests::enable_plugins_fails_on_missing_version ... ok
[INFO] [stdout] test commands::config::apply::tests::read_config_from_path_reports_read_error ... ok
[INFO] [stdout] test commands::run::tests::external_plugin_absolute_path_supported ... ok
[INFO] [stdout] test commands::plugin::pack::tests::validate_fails_if_dir_missing ... ok
[INFO] [stdout] test commands::run::tests::materialize_external_plugin_shipping_archive ... ok
[INFO] [stdout] test commands::run::tests::merged_cluster_tier_config_errors_on_non_mapping_root ... ok
[INFO] [stdout] test commands::run::tests::merged_cluster_tier_config_ok_when_config_missing ... ok
[INFO] [stdout] test commands::plugin::pack::tests::validate_fails_if_manifest_missing ... ok
[INFO] [stdout] test commands::run::tests::test_topology_deserialization_with_post_install_sql ... ok
[INFO] [stdout] test commands::run::tests::web_auth_config_clears_secret_when_disabled ... ok
[INFO] [stdout] test commands::run::tests::merged_cluster_tier_config_preserves_valid_config_and_overrides_replication_factor ... ok
[INFO] [stdout] test helpers::cargo_manifest::tests::errors_when_workspace_version_is_missing ... ok
[INFO] [stdout] test commands::run::tests::test_topology_deserialization_with_pre_install_sql ... ok
[INFO] [stdout] test commands::run::tests::web_auth_config_enables_with_reset ... ok
[INFO] [stdout] test helpers::cargo_manifest::tests::reads_literal_version ... ok
[INFO] [stdout] test helpers::cargo_manifest::tests::resolves_workspace_inherited_version ... ok
[INFO] [stdout] test commands::config::apply::tests::apply_service_config_uses_custom_picodata_path_and_fails_cleanly ... ok
[INFO] [stdout] test commands::plugin::pack::tests::resolve_archive_absolute_without_ext_appends_tar_gz ... ok
[INFO] [stdout] 
[INFO] [stdout] test result: ok. 30 passed; 0 failed; 0 ignored; 0 measured; 0 filtered out; finished in 0.01s
[INFO] [stdout] 
[INFO] [stderr]      Running unittests src/main.rs (/opt/rustwide/target/release/deps/cargo_pike-709bb74287f9c6ff)
[INFO] [stdout] 
[INFO] [stdout] running 31 tests
[INFO] [stdout] test commands::config::apply::tests::params_builder_has_default_picodata_path ... ok
[INFO] [stdout] test commands::plugin::pack::tests::resolve_archive_absolute_without_ext_appends_tar_gz ... ok
[INFO] [stdout] test commands::run::tests::external_plugin_absolute_path_supported ... ok
[INFO] [stdout] test commands::plugin::pack::tests::resolve_archive_relative_with_ext_goes_into_build_dir ... ok
[INFO] [stdout] test commands::plugin::pack::tests::resolve_archive_relative_without_ext_appends_tar_gz ... ok
[INFO] [stdout] test commands::plugin::pack::tests::validate_fails_if_dir_missing ... ok
[INFO] [stdout] test commands::run::tests::merged_cluster_tier_config_errors_on_invalid_yaml ... ok
[INFO] [stdout] test commands::run::tests::merged_cluster_tier_config_errors_on_non_mapping_root ... ok
[INFO] [stdout] test commands::run::tests::merged_cluster_tier_config_ok_when_config_empty ... ok
[INFO] [stdout] test commands::run::tests::merged_cluster_tier_config_errors_on_null_root ... ok
[INFO] [stdout] test commands::plugin::pack::tests::generate_archive_path_includes_suffix ... ok
[INFO] [stdout] test commands::config::apply::tests::apply_service_config_uses_custom_picodata_path_and_fails_cleanly ... ok
[INFO] [stdout] test commands::run::tests::materialize_external_plugin_shipping_archive ... ok
[INFO] [stdout] test commands::run::tests::web_auth_config_clears_secret_when_disabled ... ok
[INFO] [stdout] test commands::run::tests::web_auth_config_enables_with_reset ... ok
[INFO] [stdout] test commands::run::tests::merged_cluster_tier_config_ok_when_config_missing ... ok
[INFO] [stdout] test commands::run::tests::merged_cluster_tier_config_preserves_valid_config_and_overrides_replication_factor ... ok
[INFO] [stdout] test commands::run::tests::test_topology_deserialization_with_post_install_sql ... ok
[INFO] [stdout] test commands::run::tests::test_topology_deserialization_with_pre_install_sql ... ok
[INFO] [stdout] test helpers::cargo_manifest::tests::errors_when_workspace_version_is_missing ... ok
[INFO] [stdout] test commands::run::tests::materialize_external_plugin_crate_no_build ... ok
[INFO] [stdout] test commands::plugin::pack::tests::validate_ok_when_all_required_files_exist ... ok
[INFO] [stdout] test commands::run::tests::materialize_external_plugin_shipping_directory ... ok
[INFO] [stdout] test tests::host_must_be_a_loopback_address ... ok
[INFO] [stderr]      Running tests/build.rs (/opt/rustwide/target/release/deps/build-5dcb81f4e6053e17)
[INFO] [stdout] test commands::plugin::pack::tests::validate_fails_if_manifest_missing ... ok
[INFO] [stdout] test commands::config::apply::tests::read_config_from_path_reports_read_error ... ok
[INFO] [stdout] test commands::plugin::pack::tests::validate_fails_if_lib_missing ... ok
[INFO] [stdout] test commands::plugin::pack::tests::create_archive_path_keeps_absolute_path_with_ext ... ok
[INFO] [stdout] test commands::run::tests::enable_plugins_fails_on_missing_version ... ok
[INFO] [stdout] test helpers::cargo_manifest::tests::reads_literal_version ... ok
[INFO] [stdout] test helpers::cargo_manifest::tests::resolves_workspace_inherited_version ... ok
[INFO] [stdout] 
[INFO] [stdout] test result: ok. 31 passed; 0 failed; 0 ignored; 0 measured; 0 filtered out; finished in 0.01s
[INFO] [stdout] 
[INFO] [stdout] 
[INFO] [stdout] running 1 test
[INFO] [stdout] test test_cargo_build ... FAILED
[INFO] [stderr] error: test failed, to rerun pass `--test build`
[INFO] [stdout] 
[INFO] [stdout] failures:
[INFO] [stdout] 
[INFO] [stdout] ---- test_cargo_build stdout ----
[INFO] [stdout] [tests/helpers/mod.rs:529:5] &work_dir = "./tests/tmp/"
[INFO] [stdout] [tests/helpers/mod.rs:529:5] &args = [
[INFO] [stdout]     "plugin",
[INFO] [stdout]     "new",
[INFO] [stdout]     "test-plugin-build",
[INFO] [stdout] ]
[INFO] [stdout] 
[INFO] [stdout] thread 'test_cargo_build' (2676) panicked at tests/helpers/mod.rs:542:10:
[INFO] [stdout] failed to execute pike: Os { code: 2, kind: NotFound, message: "No such file or directory" }
[INFO] [stdout] stack backtrace:
[INFO] [stdout]    0:     0x55cca4355061 - <<std[70759c8f55707aa4]::sys::backtrace::BacktraceLock>::print::DisplayBacktrace as core[df12db4294e9bfd3]::fmt::Display>::fmt
[INFO] [stdout]    1:     0x55cca436b89a - core[df12db4294e9bfd3]::fmt::write
[INFO] [stdout]    2:     0x55cca4359a0c - <alloc[2182bb758b4b3781]::vec::Vec<u8> as core[df12db4294e9bfd3]::io::write::Write>::write_fmt
[INFO] [stdout]    3:     0x55cca432f1c6 - std[70759c8f55707aa4]::panicking::default_hook::{closure#0}
[INFO] [stdout]    4:     0x55cca434c489 - std[70759c8f55707aa4]::panicking::default_hook
[INFO] [stdout]    5:     0x55cca41fef00 - test[9d35eded1c95d3be]::test_main_inner::<test[9d35eded1c95d3be]::test_main_static::{closure#0}>::{closure#0}
[INFO] [stdout]    6:     0x55cca434c642 - std[70759c8f55707aa4]::panicking::panic_with_hook
[INFO] [stdout]    7:     0x55cca432f272 - std[70759c8f55707aa4]::panicking::panic_handler::{closure#0}
[INFO] [stdout]    8:     0x55cca4327c49 - std[70759c8f55707aa4]::sys::backtrace::__rust_end_short_backtrace::<std[70759c8f55707aa4]::panicking::panic_handler::{closure#0}, !>
[INFO] [stdout]    9:     0x55cca432ff5d - __rustc[8fa7c3cbc660c2b3]::rust_begin_unwind
[INFO] [stdout]   10:     0x55cca436c07c - core[df12db4294e9bfd3]::panicking::panic_fmt
[INFO] [stdout]   11:     0x55cca436be52 - core[df12db4294e9bfd3]::result::unwrap_failed
[INFO] [stdout]   12:     0x55cca41e84e5 - build[f05bc0201a728a3a]::helpers::init_plugin_with_args::<alloc[2182bb758b4b3781]::string::String>
[INFO] [stdout]   13:     0x55cca41e9f0b - build[f05bc0201a728a3a]::helpers::init_plugin
[INFO] [stdout]   14:     0x55cca41ef301 - <build[f05bc0201a728a3a]::test_cargo_build::{closure#0} as core[df12db4294e9bfd3]::ops::function::FnOnce<()>>::call_once
[INFO] [stdout]   15:     0x55cca41f21eb - test[9d35eded1c95d3be]::__rust_begin_short_backtrace::<core[df12db4294e9bfd3]::result::Result<(), alloc[2182bb758b4b3781]::string::String>, fn() -> core[df12db4294e9bfd3]::result::Result<(), alloc[2182bb758b4b3781]::string::String>>
[INFO] [stdout]   16:     0x55cca41ff855 - test[9d35eded1c95d3be]::run_test::{closure#0}
[INFO] [stdout]   17:     0x55cca41f9114 - std[70759c8f55707aa4]::sys::backtrace::__rust_begin_short_backtrace::<test[9d35eded1c95d3be]::run_test::{closure#1}, ()>
[INFO] [stdout]   18:     0x55cca42029b2 - <std[70759c8f55707aa4]::thread::lifecycle::spawn_unchecked<test[9d35eded1c95d3be]::run_test::{closure#1}, ()>::{closure#1} as core[df12db4294e9bfd3]::ops::function::FnOnce<()>>::call_once::{shim:vtable#0}
[INFO] [stdout]   19:     0x55cca43543d9 - <std[70759c8f55707aa4]::sys::thread::unix::Thread>::new::thread_start
[INFO] [stdout]   20:     0x7975d5cefdfa - <unknown>
[INFO] [stdout]   21:     0x7975d5d833d4 - clone
[INFO] [stdout]   22:                0x0 - <unknown>
[INFO] [stdout] 
[INFO] [stdout] 
[INFO] [stdout] failures:
[INFO] [stdout]     test_cargo_build
[INFO] [stdout] 
[INFO] [stdout] test result: FAILED. 0 passed; 1 failed; 0 ignored; 0 measured; 0 filtered out; finished in 0.01s
[INFO] [stdout] 
[INFO] running `Command { std: "docker" "inspect" "e02a3305e1d66164356314768e057a711867740936948ee215fac1f761ed2459", kill_on_drop: false }`
[INFO] running `Command { std: "docker" "rm" "-f" "e02a3305e1d66164356314768e057a711867740936948ee215fac1f761ed2459", kill_on_drop: false }`
[INFO] [stdout] e02a3305e1d66164356314768e057a711867740936948ee215fac1f761ed2459
