[INFO] fetching crate pibaf 0.1.4-c...
[INFO] testing pibaf-0.1.4-c against 1.99.0-beta.8+cargoflags=--release for beta-release-1.100-2
[INFO] extracting crate pibaf 0.1.4-c into /workspace/builds/worker-4-tc1/source
[INFO] started tweaking crates.io crate pibaf 0.1.4-c
[INFO] finished tweaking crates.io crate pibaf 0.1.4-c
[INFO] tweaked toml for crates.io crate pibaf 0.1.4-c written to /workspace/builds/worker-4-tc1/source/Cargo.toml
[INFO] validating manifest of crates.io crate pibaf 0.1.4-c on toolchain 1.99.0-beta.8
[INFO] running `Command { std: CARGO_HOME="/workspace/cargo-home" RUSTUP_HOME="/workspace/rustup-home" "/workspace/cargo-home/bin/cargo" "+1.99.0-beta.8" "metadata" "--manifest-path" "Cargo.toml" "--no-deps", kill_on_drop: false }`
[INFO] crate crates.io crate pibaf 0.1.4-c already has a lockfile, it will not be regenerated
[INFO] running `Command { std: CARGO_HOME="/workspace/cargo-home" RUSTUP_HOME="/workspace/rustup-home" "/workspace/cargo-home/bin/cargo" "+1.99.0-beta.8" "fetch" "--manifest-path" "Cargo.toml", kill_on_drop: false }`
[INFO] [stderr]     Blocking waiting for file lock on package cache
[INFO] [stderr]  Downloading crates ...
[INFO] [stderr]   Downloaded bon v3.8.1
[INFO] [stderr]   Downloaded bon-macros v3.8.1
[INFO] running `Command { std: "docker" "create" "-v" "/var/lib/crater-agent-workspace/builds/worker-4-tc1/source:/opt/rustwide/workdir:ro,Z" "-v" "/var/lib/crater-agent-workspace/builds/worker-4-tc1/target:/opt/rustwide/target:rw,Z" "-v" "/var/lib/crater-agent-workspace/cargo-home:/opt/rustwide/cargo-home:ro,Z" "-v" "/var/lib/crater-agent-workspace/rustup-home:/opt/rustwide/rustup-home:ro,Z" "-m" "1610612736" "--network" "none" "ghcr.io/rust-lang/crates-build-env/linux@sha256:77db811e55d90add9212f6832c23229e3de5f1c1f9905e8cb07319ea15df73ac" "sleep" "infinity", kill_on_drop: false }`
[INFO] [stdout] f05baf1b317ad1b1476bb5c91f728457d2e0277c0b1b24d838add5e4a9c88174
[INFO] running `Command { std: "docker" "start" "f05baf1b317ad1b1476bb5c91f728457d2e0277c0b1b24d838add5e4a9c88174", kill_on_drop: false }`
[INFO] running `Command { std: "docker" "inspect" "f05baf1b317ad1b1476bb5c91f728457d2e0277c0b1b24d838add5e4a9c88174", kill_on_drop: false }`
[INFO] running `Command { std: "docker" "exec" "-e" "SOURCE_DIR=/opt/rustwide/workdir" "-e" "CARGO_HOME=/opt/rustwide/cargo-home" "-e" "RUSTUP_HOME=/opt/rustwide/rustup-home" "-e" "CARGO_TARGET_DIR=/opt/rustwide/target" "-w" "/opt/rustwide/workdir" "--user" "0:0" "f05baf1b317ad1b1476bb5c91f728457d2e0277c0b1b24d838add5e4a9c88174" "/opt/rustwide/cargo-home/bin/cargo" "+1.99.0-beta.8" "metadata" "--no-deps" "--format-version=1", kill_on_drop: false }`
[INFO] running `Command { std: "docker" "inspect" "f05baf1b317ad1b1476bb5c91f728457d2e0277c0b1b24d838add5e4a9c88174", kill_on_drop: false }`
[INFO] running `Command { std: "docker" "exec" "-e" "SOURCE_DIR=/opt/rustwide/workdir" "-e" "CARGO_HOME=/opt/rustwide/cargo-home" "-e" "RUSTUP_HOME=/opt/rustwide/rustup-home" "-e" "CARGO_TARGET_DIR=/opt/rustwide/target" "-e" "CARGO_INCREMENTAL=0" "-e" "RUST_BACKTRACE=full" "-e" "RUSTFLAGS=--cap-lints=warn" "-e" "RUSTDOCFLAGS=--cap-lints=warn" "-w" "/opt/rustwide/workdir" "--user" "0:0" "f05baf1b317ad1b1476bb5c91f728457d2e0277c0b1b24d838add5e4a9c88174" "/opt/rustwide/cargo-home/bin/cargo" "+1.99.0-beta.8" "build" "--frozen" "--message-format=json" "--release", kill_on_drop: false }`
[INFO] [stderr]    Compiling rustversion v1.0.22
[INFO] [stderr]    Compiling aho-corasick v1.1.4
[INFO] [stderr]    Compiling ash v0.38.0+1.3.281
[INFO] [stderr]    Compiling jiff v0.2.16
[INFO] [stderr]    Compiling anstream v0.6.21
[INFO] [stderr]    Compiling syn v2.0.111
[INFO] [stderr]    Compiling regex-automata v0.4.13
[INFO] [stderr]    Compiling darling_core v0.21.3
[INFO] [stderr]    Compiling prettyplease v0.2.37
[INFO] [stderr]    Compiling regex v1.12.2
[INFO] [stderr]    Compiling strum_macros v0.27.2
[INFO] [stderr]    Compiling thiserror-impl v2.0.17
[INFO] [stderr]    Compiling env_filter v0.1.4
[INFO] [stderr]    Compiling env_logger v0.11.8
[INFO] [stderr]    Compiling thiserror v2.0.17
[INFO] [stderr]    Compiling strum v0.27.2
[INFO] [stderr]    Compiling darling_macro v0.21.3
[INFO] [stderr]    Compiling darling v0.21.3
[INFO] [stderr]    Compiling bon-macros v3.8.1
[INFO] [stderr]    Compiling bon v3.8.1
[INFO] [stderr]    Compiling pibaf v0.1.4-c (/opt/rustwide/workdir)
[INFO] [stderr]     Finished `release` profile [optimized] target(s) in 43.53s
[INFO] running `Command { std: "docker" "inspect" "f05baf1b317ad1b1476bb5c91f728457d2e0277c0b1b24d838add5e4a9c88174", kill_on_drop: false }`
[INFO] running `Command { std: "docker" "exec" "-e" "SOURCE_DIR=/opt/rustwide/workdir" "-e" "CARGO_HOME=/opt/rustwide/cargo-home" "-e" "RUSTUP_HOME=/opt/rustwide/rustup-home" "-e" "CARGO_TARGET_DIR=/opt/rustwide/target" "-e" "CARGO_INCREMENTAL=0" "-e" "RUST_BACKTRACE=full" "-e" "RUSTFLAGS=--cap-lints=warn" "-e" "RUSTDOCFLAGS=--cap-lints=warn" "-w" "/opt/rustwide/workdir" "--user" "0:0" "f05baf1b317ad1b1476bb5c91f728457d2e0277c0b1b24d838add5e4a9c88174" "/opt/rustwide/cargo-home/bin/cargo" "+1.99.0-beta.8" "test" "--frozen" "--no-run" "--message-format=json" "--release", kill_on_drop: false }`
[INFO] [stderr]    Compiling pibaf v0.1.4-c (/opt/rustwide/workdir)
[INFO] [stderr]     Finished `release` profile [optimized] target(s) in 1.35s
[INFO] running `Command { std: "docker" "inspect" "f05baf1b317ad1b1476bb5c91f728457d2e0277c0b1b24d838add5e4a9c88174", kill_on_drop: false }`
[INFO] running `Command { std: "docker" "exec" "-e" "SOURCE_DIR=/opt/rustwide/workdir" "-e" "CARGO_HOME=/opt/rustwide/cargo-home" "-e" "RUSTUP_HOME=/opt/rustwide/rustup-home" "-e" "CARGO_TARGET_DIR=/opt/rustwide/target" "-e" "CARGO_INCREMENTAL=0" "-e" "RUST_BACKTRACE=full" "-e" "RUSTFLAGS=--cap-lints=warn" "-e" "RUSTDOCFLAGS=--cap-lints=warn" "-w" "/opt/rustwide/workdir" "--user" "0:0" "f05baf1b317ad1b1476bb5c91f728457d2e0277c0b1b24d838add5e4a9c88174" "/opt/rustwide/cargo-home/bin/cargo" "+1.99.0-beta.8" "test" "--frozen" "--release", kill_on_drop: false }`
[INFO] [stderr]     Finished `release` profile [optimized] target(s) in 0.05s
[INFO] [stderr]      Running unittests src/lib.rs (/opt/rustwide/target/release/deps/pibaf-69f75507f510f173)
[INFO] [stdout] 
[INFO] [stdout] running 32 tests
[INFO] [stdout] test arc_array::test::fill_capacity ... ok
[INFO] [stdout] test arc_array::test::basic ... ok
[INFO] [stdout] test vk::error::test::name ... ok
[INFO] [stdout] test vk::extension::test::identify ... ok
[INFO] [stdout] test vk::extension::test::identify_not_found ... ok
[INFO] [stdout] test vk::extension::test::name ... ok
[INFO] [stdout] test vk::error::test::doc ... ok
[INFO] [stdout] test vk::error::test::doc_all ... ok
[INFO] [stdout] test vk::error::test::expect_ok_vk_result ... ok
[INFO] [stdout] test vk::error::test::from_vk_result ... ok
[INFO] [stdout] test vk::error::test::fatal - should panic ... ok
[INFO] [stdout] test vk::error::test::fatal_from_vk_result - should panic ... ok
[INFO] [stdout] test vk::validation_layer::test::identify ... ok
[INFO] [stdout] test vk::validation_layer::test::identify_not_found ... ok
[INFO] [stdout] test vk::error::test::expect_err_vk_result - should panic ... ok
[INFO] [stdout] test vk::validation_layer::test::name ... ok
[INFO] [stdout] test vk::instance::test::khronos_validation ... FAILED
[INFO] [stdout] test vk::validation_layer::test::has_khronos ... FAILED
[INFO] [stdout] test vk::instance::test::extension_and_layer ... FAILED
[INFO] [stdout] test vk::validation_layer::test::names ... FAILED
[INFO] [stdout] test vk::validation_layer::test::manual_add ... FAILED
[INFO] [stdout] test vk::validation_layer::test::does_not_have_unreachable ... ok
[INFO] [stdout] test vk::extension::test::names ... ok
[INFO] [stdout] test vk::extension::test::manual_add ... ok
[INFO] [stdout] test vk::extension::test::has_khronos ... ok
[INFO] [stdout] test vk::extension::test::does_not_have_unreachable ... ok
[INFO] [stdout] test vk::instance::test::enumerate_portability ... ok
[INFO] [stdout] test vk::physical_device::test::has_graphics_queue ... ok
[INFO] [stdout] test vk::instance::test::khr_surface ... ok
[INFO] [stdout] test vk::instance::test::empty_validation_and_extension ... ok
[INFO] [stdout] test vk::physical_device::test::debug_fmt ... ok
[INFO] [stdout] test vk::physical_device::test::device_is_found ... ok
[INFO] [stdout] 
[INFO] [stdout] failures:
[INFO] [stdout] 
[INFO] [stdout] ---- vk::instance::test::khronos_validation stdout ----
[INFO] [stdout] 
[INFO] [stdout] thread 'vk::instance::test::khronos_validation' (749) panicked at src/vk/instance.rs:258:10:
[INFO] [stdout] Failed to find KhronosValidation layer
[INFO] [stdout] stack backtrace:
[INFO] [stdout]    0:     0x5fbcac979281 - <<std[70759c8f55707aa4]::sys::backtrace::BacktraceLock>::print::DisplayBacktrace as core[df12db4294e9bfd3]::fmt::Display>::fmt
[INFO] [stdout]    1:     0x5fbcac98d87a - core[df12db4294e9bfd3]::fmt::write
[INFO] [stdout]    2:     0x5fbcac97d71c - <alloc[2182bb758b4b3781]::vec::Vec<u8> as core[df12db4294e9bfd3]::io::write::Write>::write_fmt
[INFO] [stdout]    3:     0x5fbcac955856 - std[70759c8f55707aa4]::panicking::default_hook::{closure#0}
[INFO] [stdout]    4:     0x5fbcac9719c9 - std[70759c8f55707aa4]::panicking::default_hook
[INFO] [stdout]    5:     0x5fbcac90cab0 - test[9d35eded1c95d3be]::test_main_inner::<test[9d35eded1c95d3be]::test_main_static::{closure#0}>::{closure#0}
[INFO] [stdout]    6:     0x5fbcac971b82 - std[70759c8f55707aa4]::panicking::panic_with_hook
[INFO] [stdout]    7:     0x5fbcac955902 - std[70759c8f55707aa4]::panicking::panic_handler::{closure#0}
[INFO] [stdout]    8:     0x5fbcac94e689 - std[70759c8f55707aa4]::sys::backtrace::__rust_end_short_backtrace::<std[70759c8f55707aa4]::panicking::panic_handler::{closure#0}, !>
[INFO] [stdout]    9:     0x5fbcac9564fd - __rustc[8fa7c3cbc660c2b3]::rust_begin_unwind
[INFO] [stdout]   10:     0x5fbcac98dfac - core[df12db4294e9bfd3]::panicking::panic_fmt
[INFO] [stdout]   11:     0x5fbcac98dd04 - core[df12db4294e9bfd3]::option::expect_failed
[INFO] [stdout]   12:     0x5fbcac8fc764 - pibaf[5896d64174a8a304]::vk::instance::test::khronos_validation
[INFO] [stdout]   13:     0x5fbcac8ffbe9 - <pibaf[5896d64174a8a304]::vk::instance::test::khronos_validation::{closure#0} as core[df12db4294e9bfd3]::ops::function::FnOnce<()>>::call_once
[INFO] [stdout]   14:     0x5fbcac8ffd9b - test[9d35eded1c95d3be]::__rust_begin_short_backtrace::<core[df12db4294e9bfd3]::result::Result<(), alloc[2182bb758b4b3781]::string::String>, fn() -> core[df12db4294e9bfd3]::result::Result<(), alloc[2182bb758b4b3781]::string::String>>
[INFO] [stdout]   15:     0x5fbcac90d405 - test[9d35eded1c95d3be]::run_test::{closure#0}
[INFO] [stdout]   16:     0x5fbcac906cc4 - std[70759c8f55707aa4]::sys::backtrace::__rust_begin_short_backtrace::<test[9d35eded1c95d3be]::run_test::{closure#1}, ()>
[INFO] [stdout]   17:     0x5fbcac910562 - <std[70759c8f55707aa4]::thread::lifecycle::spawn_unchecked<test[9d35eded1c95d3be]::run_test::{closure#1}, ()>::{closure#1} as core[df12db4294e9bfd3]::ops::function::FnOnce<()>>::call_once::{shim:vtable#0}
[INFO] [stdout]   18:     0x5fbcac978b59 - <std[70759c8f55707aa4]::sys::thread::unix::Thread>::new::thread_start
[INFO] [stdout]   19:     0x70407f65fdfa - <unknown>
[INFO] [stdout]   20:     0x70407f6f33d4 - clone
[INFO] [stdout]   21:                0x0 - <unknown>
[INFO] [stdout] 
[INFO] [stdout] ---- vk::validation_layer::test::has_khronos stdout ----
[INFO] [stdout] 
[INFO] [stdout] thread 'vk::validation_layer::test::has_khronos' (754) panicked at src/vk/validation_layer.rs:175:91:
[INFO] [stdout] called `Option::unwrap()` on a `None` value
[INFO] [stdout] stack backtrace:
[INFO] [stdout]    0:     0x5fbcac979281 - <<std[70759c8f55707aa4]::sys::backtrace::BacktraceLock>::print::DisplayBacktrace as core[df12db4294e9bfd3]::fmt::Display>::fmt
[INFO] [stdout]    1:     0x5fbcac98d87a - core[df12db4294e9bfd3]::fmt::write
[INFO] [stdout]    2:     0x5fbcac97d71c - <alloc[2182bb758b4b3781]::vec::Vec<u8> as core[df12db4294e9bfd3]::io::write::Write>::write_fmt
[INFO] [stdout]    3:     0x5fbcac955856 - std[70759c8f55707aa4]::panicking::default_hook::{closure#0}
[INFO] [stdout]    4:     0x5fbcac9719c9 - std[70759c8f55707aa4]::panicking::default_hook
[INFO] [stdout]    5:     0x5fbcac90cab0 - test[9d35eded1c95d3be]::test_main_inner::<test[9d35eded1c95d3be]::test_main_static::{closure#0}>::{closure#0}
[INFO] [stdout]    6:     0x5fbcac971b82 - std[70759c8f55707aa4]::panicking::panic_with_hook
[INFO] [stdout]    7:     0x5fbcac955934 - std[70759c8f55707aa4]::panicking::panic_handler::{closure#0}
[INFO] [stdout]    8:     0x5fbcac94e689 - std[70759c8f55707aa4]::sys::backtrace::__rust_end_short_backtrace::<std[70759c8f55707aa4]::panicking::panic_handler::{closure#0}, !>
[INFO] [stdout]    9:     0x5fbcac9564fd - __rustc[8fa7c3cbc660c2b3]::rust_begin_unwind
[INFO] [stdout]   10:     0x5fbcac98dfac - core[df12db4294e9bfd3]::panicking::panic_fmt
[INFO] [stdout]   11:     0x5fbcac98df72 - core[df12db4294e9bfd3]::panicking::panic
[INFO] [stdout]   12:     0x5fbcac98dd29 - core[df12db4294e9bfd3]::option::unwrap_failed
[INFO] [stdout]   13:     0x5fbcac8f7cd3 - pibaf[5896d64174a8a304]::vk::validation_layer::test::has_khronos
[INFO] [stdout]   14:     0x5fbcac8ff999 - <pibaf[5896d64174a8a304]::vk::validation_layer::test::has_khronos::{closure#0} as core[df12db4294e9bfd3]::ops::function::FnOnce<()>>::call_once
[INFO] [stdout]   15:     0x5fbcac8ffd9b - test[9d35eded1c95d3be]::__rust_begin_short_backtrace::<core[df12db4294e9bfd3]::result::Result<(), alloc[2182bb758b4b3781]::string::String>, fn() -> core[df12db4294e9bfd3]::result::Result<(), alloc[2182bb758b4b3781]::string::String>>
[INFO] [stdout]   16:     0x5fbcac90d405 - test[9d35eded1c95d3be]::run_test::{closure#0}
[INFO] [stdout]   17:     0x5fbcac906cc4 - std[70759c8f55707aa4]::sys::backtrace::__rust_begin_short_backtrace::<test[9d35eded1c95d3be]::run_test::{closure#1}, ()>
[INFO] [stdout]   18:     0x5fbcac910562 - <std[70759c8f55707aa4]::thread::lifecycle::spawn_unchecked<test[9d35eded1c95d3be]::run_test::{closure#1}, ()>::{closure#1} as core[df12db4294e9bfd3]::ops::function::FnOnce<()>>::call_once::{shim:vtable#0}
[INFO] [stdout]   19:     0x5fbcac978b59 - <std[70759c8f55707aa4]::sys::thread::unix::Thread>::new::thread_start
[INFO] [stdout]   20:     0x70407f65fdfa - <unknown>
[INFO] [stdout]   21:     0x70407f6f33d4 - clone
[INFO] [stdout]   22:                0x0 - <unknown>
[INFO] [stdout] 
[INFO] [stdout] ---- vk::instance::test::extension_and_layer stdout ----
[INFO] [stdout] 
[INFO] [stdout] thread 'vk::instance::test::extension_and_layer' (747) panicked at src/vk/instance.rs:309:10:
[INFO] [stdout] Failed to find KhronosValidation layer
[INFO] [stdout] stack backtrace:
[INFO] [stdout]    0:     0x5fbcac979281 - <<std[70759c8f55707aa4]::sys::backtrace::BacktraceLock>::print::DisplayBacktrace as core[df12db4294e9bfd3]::fmt::Display>::fmt
[INFO] [stdout]    1:     0x5fbcac98d87a - core[df12db4294e9bfd3]::fmt::write
[INFO] [stdout]    2:     0x5fbcac97d71c - <alloc[2182bb758b4b3781]::vec::Vec<u8> as core[df12db4294e9bfd3]::io::write::Write>::write_fmt
[INFO] [stdout]    3:     0x5fbcac955856 - std[70759c8f55707aa4]::panicking::default_hook::{closure#0}
[INFO] [stdout]    4:     0x5fbcac9719c9 - std[70759c8f55707aa4]::panicking::default_hook
[INFO] [stdout]    5:     0x5fbcac90cab0 - test[9d35eded1c95d3be]::test_main_inner::<test[9d35eded1c95d3be]::test_main_static::{closure#0}>::{closure#0}
[INFO] [stdout]    6:     0x5fbcac971b82 - std[70759c8f55707aa4]::panicking::panic_with_hook
[INFO] [stdout]    7:     0x5fbcac955902 - std[70759c8f55707aa4]::panicking::panic_handler::{closure#0}
[INFO] [stdout]    8:     0x5fbcac94e689 - std[70759c8f55707aa4]::sys::backtrace::__rust_end_short_backtrace::<std[70759c8f55707aa4]::panicking::panic_handler::{closure#0}, !>
[INFO] [stdout]    9:     0x5fbcac9564fd - __rustc[8fa7c3cbc660c2b3]::rust_begin_unwind
[INFO] [stdout]   10:     0x5fbcac98dfac - core[df12db4294e9bfd3]::panicking::panic_fmt
[INFO] [stdout]   11:     0x5fbcac98dd04 - core[df12db4294e9bfd3]::option::expect_failed
[INFO] [stdout]   12:     0x5fbcac8fcbd5 - pibaf[5896d64174a8a304]::vk::instance::test::extension_and_layer
[INFO] [stdout]   13:     0x5fbcac8ffc09 - <pibaf[5896d64174a8a304]::vk::instance::test::extension_and_layer::{closure#0} as core[df12db4294e9bfd3]::ops::function::FnOnce<()>>::call_once
[INFO] [stdout]   14:     0x5fbcac8ffd9b - test[9d35eded1c95d3be]::__rust_begin_short_backtrace::<core[df12db4294e9bfd3]::result::Result<(), alloc[2182bb758b4b3781]::string::String>, fn() -> core[df12db4294e9bfd3]::result::Result<(), alloc[2182bb758b4b3781]::string::String>>
[INFO] [stdout]   15:     0x5fbcac90d405 - test[9d35eded1c95d3be]::run_test::{closure#0}
[INFO] [stdout]   16:     0x5fbcac906cc4 - std[70759c8f55707aa4]::sys::backtrace::__rust_begin_short_backtrace::<test[9d35eded1c95d3be]::run_test::{closure#1}, ()>
[INFO] [stdout]   17:     0x5fbcac910562 - <std[70759c8f55707aa4]::thread::lifecycle::spawn_unchecked<test[9d35eded1c95d3be]::run_test::{closure#1}, ()>::{closure#1} as core[df12db4294e9bfd3]::ops::function::FnOnce<()>>::call_once::{shim:vtable#0}
[INFO] [stdout]   18:     0x5fbcac978b59 - <std[70759c8f55707aa4]::sys::thread::unix::Thread>::new::thread_start
[INFO] [stdout]   19:     0x70407f65fdfa - <unknown>
[INFO] [stdout]   20:     0x70407f6f33d4 - clone
[INFO] [stdout]   21:                0x0 - <unknown>
[INFO] [stdout] 
[INFO] [stdout] ---- vk::validation_layer::test::names stdout ----
[INFO] [stdout] 
[INFO] [stdout] thread 'vk::validation_layer::test::names' (759) panicked at src/vk/validation_layer.rs:216:91:
[INFO] [stdout] called `Option::unwrap()` on a `None` value
[INFO] [stdout] stack backtrace:
[INFO] [stdout]    0:     0x5fbcac979281 - <<std[70759c8f55707aa4]::sys::backtrace::BacktraceLock>::print::DisplayBacktrace as core[df12db4294e9bfd3]::fmt::Display>::fmt
[INFO] [stdout]    1:     0x5fbcac98d87a - core[df12db4294e9bfd3]::fmt::write
[INFO] [stdout]    2:     0x5fbcac97d71c - <alloc[2182bb758b4b3781]::vec::Vec<u8> as core[df12db4294e9bfd3]::io::write::Write>::write_fmt
[INFO] [stdout]    3:     0x5fbcac955856 - std[70759c8f55707aa4]::panicking::default_hook::{closure#0}
[INFO] [stdout]    4:     0x5fbcac9719c9 - std[70759c8f55707aa4]::panicking::default_hook
[INFO] [stdout]    5:     0x5fbcac90cab0 - test[9d35eded1c95d3be]::test_main_inner::<test[9d35eded1c95d3be]::test_main_static::{closure#0}>::{closure#0}
[INFO] [stdout]    6:     0x5fbcac971b82 - std[70759c8f55707aa4]::panicking::panic_with_hook
[INFO] [stdout]    7:     0x5fbcac955934 - std[70759c8f55707aa4]::panicking::panic_handler::{closure#0}
[INFO] [stdout]    8:     0x5fbcac94e689 - std[70759c8f55707aa4]::sys::backtrace::__rust_end_short_backtrace::<std[70759c8f55707aa4]::panicking::panic_handler::{closure#0}, !>
[INFO] [stdout]    9:     0x5fbcac9564fd - __rustc[8fa7c3cbc660c2b3]::rust_begin_unwind
[INFO] [stdout]   10:     0x5fbcac98dfac - core[df12db4294e9bfd3]::panicking::panic_fmt
[INFO] [stdout]   11:     0x5fbcac98df72 - core[df12db4294e9bfd3]::panicking::panic
[INFO] [stdout]   12:     0x5fbcac98dd29 - core[df12db4294e9bfd3]::option::unwrap_failed
[INFO] [stdout]   13:     0x5fbcac8f8106 - pibaf[5896d64174a8a304]::vk::validation_layer::test::names
[INFO] [stdout]   14:     0x5fbcac8ff9e9 - <pibaf[5896d64174a8a304]::vk::validation_layer::test::names::{closure#0} as core[df12db4294e9bfd3]::ops::function::FnOnce<()>>::call_once
[INFO] [stdout]   15:     0x5fbcac8ffd9b - test[9d35eded1c95d3be]::__rust_begin_short_backtrace::<core[df12db4294e9bfd3]::result::Result<(), alloc[2182bb758b4b3781]::string::String>, fn() -> core[df12db4294e9bfd3]::result::Result<(), alloc[2182bb758b4b3781]::string::String>>
[INFO] [stdout]   16:     0x5fbcac90d405 - test[9d35eded1c95d3be]::run_test::{closure#0}
[INFO] [stdout]   17:     0x5fbcac906cc4 - std[70759c8f55707aa4]::sys::backtrace::__rust_begin_short_backtrace::<test[9d35eded1c95d3be]::run_test::{closure#1}, ()>
[INFO] [stdout]   18:     0x5fbcac910562 - <std[70759c8f55707aa4]::thread::lifecycle::spawn_unchecked<test[9d35eded1c95d3be]::run_test::{closure#1}, ()>::{closure#1} as core[df12db4294e9bfd3]::ops::function::FnOnce<()>>::call_once::{shim:vtable#0}
[INFO] [stdout]   19:     0x5fbcac978b59 - <std[70759c8f55707aa4]::sys::thread::unix::Thread>::new::thread_start
[INFO] [stdout]   20:     0x70407f65fdfa - <unknown>
[INFO] [stdout]   21:     0x70407f6f33d4 - clone
[INFO] [stdout]   22:                0x0 - <unknown>
[INFO] [stdout] 
[INFO] [stdout] ---- vk::validation_layer::test::manual_add stdout ----
[INFO] [stdout] 
[INFO] [stdout] thread 'vk::validation_layer::test::manual_add' (757) panicked at src/vk/validation_layer.rs:192:14:
[INFO] [stdout] KhronosValidation layer not found
[INFO] [stdout] stack backtrace:
[INFO] [stdout]    0:     0x5fbcac979281 - <<std[70759c8f55707aa4]::sys::backtrace::BacktraceLock>::print::DisplayBacktrace as core[df12db4294e9bfd3]::fmt::Display>::fmt
[INFO] [stdout]    1:     0x5fbcac98d87a - core[df12db4294e9bfd3]::fmt::write
[INFO] [stdout]    2:     0x5fbcac97d71c - <alloc[2182bb758b4b3781]::vec::Vec<u8> as core[df12db4294e9bfd3]::io::write::Write>::write_fmt
[INFO] [stdout]    3:     0x5fbcac955856 - std[70759c8f55707aa4]::panicking::default_hook::{closure#0}
[INFO] [stdout]    4:     0x5fbcac9719c9 - std[70759c8f55707aa4]::panicking::default_hook
[INFO] [stdout]    5:     0x5fbcac90cab0 - test[9d35eded1c95d3be]::test_main_inner::<test[9d35eded1c95d3be]::test_main_static::{closure#0}>::{closure#0}
[INFO] [stdout]    6:     0x5fbcac971b82 - std[70759c8f55707aa4]::panicking::panic_with_hook
[INFO] [stdout]    7:     0x5fbcac955902 - std[70759c8f55707aa4]::panicking::panic_handler::{closure#0}
[INFO] [stdout]    8:     0x5fbcac94e689 - std[70759c8f55707aa4]::sys::backtrace::__rust_end_short_backtrace::<std[70759c8f55707aa4]::panicking::panic_handler::{closure#0}, !>
[INFO] [stdout]    9:     0x5fbcac9564fd - __rustc[8fa7c3cbc660c2b3]::rust_begin_unwind
[INFO] [stdout]   10:     0x5fbcac98dfac - core[df12db4294e9bfd3]::panicking::panic_fmt
[INFO] [stdout]   11:     0x5fbcac98dd04 - core[df12db4294e9bfd3]::option::expect_failed
[INFO] [stdout]   12:     0x5fbcac8f7ac7 - pibaf[5896d64174a8a304]::vk::validation_layer::test::manual_add
[INFO] [stdout]   13:     0x5fbcac8ff979 - <pibaf[5896d64174a8a304]::vk::validation_layer::test::manual_add::{closure#0} as core[df12db4294e9bfd3]::ops::function::FnOnce<()>>::call_once
[INFO] [stdout]   14:     0x5fbcac8ffd9b - test[9d35eded1c95d3be]::__rust_begin_short_backtrace::<core[df12db4294e9bfd3]::result::Result<(), alloc[2182bb758b4b3781]::string::String>, fn() -> core[df12db4294e9bfd3]::result::Result<(), alloc[2182bb758b4b3781]::string::String>>
[INFO] [stdout]   15:     0x5fbcac90d405 - test[9d35eded1c95d3be]::run_test::{closure#0}
[INFO] [stdout]   16:     0x5fbcac906cc4 - std[70759c8f55707aa4]::sys::backtrace::__rust_begin_short_backtrace::<test[9d35eded1c95d3be]::run_test::{closure#1}, ()>
[INFO] [stdout]   17:     0x5fbcac910562 - <std[70759c8f55707aa4]::thread::lifecycle::spawn_unchecked<test[9d35eded1c95d3be]::run_test::{closure#1}, ()>::{closure#1} as core[df12db4294e9bfd3]::ops::function::FnOnce<()>>::call_once::{shim:vtable#0}
[INFO] [stdout]   18:     0x5fbcac978b59 - <std[70759c8f55707aa4]::sys::thread::unix::Thread>::new::thread_start
[INFO] [stdout]   19:     0x70407f65fdfa - <unknown>
[INFO] [stdout]   20:     0x70407f6f33d4 - clone
[INFO] [stdout]   21:                0x0 - <unknown>
[INFO] [stdout] 
[INFO] [stdout] 
[INFO] [stdout] failures:
[INFO] [stdout]     vk::instance::test::extension_and_layer
[INFO] [stdout]     vk::instance::test::khronos_validation
[INFO] [stdout]     vk::validation_layer::test::has_khronos
[INFO] [stdout]     vk::validation_layer::test::manual_add
[INFO] [stdout]     vk::validation_layer::test::names
[INFO] [stdout] 
[INFO] [stdout] test result: FAILED. 27 passed; 5 failed; 0 ignored; 0 measured; 0 filtered out; finished in 0.86s
[INFO] [stdout] 
[INFO] [stderr] error: test failed, to rerun pass `--lib`
[INFO] running `Command { std: "docker" "inspect" "f05baf1b317ad1b1476bb5c91f728457d2e0277c0b1b24d838add5e4a9c88174", kill_on_drop: false }`
[INFO] running `Command { std: "docker" "rm" "-f" "f05baf1b317ad1b1476bb5c91f728457d2e0277c0b1b24d838add5e4a9c88174", kill_on_drop: false }`
[INFO] [stdout] f05baf1b317ad1b1476bb5c91f728457d2e0277c0b1b24d838add5e4a9c88174
