[INFO] fetching crate piano 0.15.1...
[INFO] testing piano-0.15.1 against 1.99.0-beta.8+cargoflags=--release for beta-release-1.100-2
[INFO] extracting crate piano 0.15.1 into /workspace/builds/worker-3-tc1/source
[INFO] removed /workspace/builds/worker-3-tc1/source/rust-toolchain.toml
[INFO] started tweaking crates.io crate piano 0.15.1
[INFO] removed 0 missing tests
[INFO] finished tweaking crates.io crate piano 0.15.1
[INFO] tweaked toml for crates.io crate piano 0.15.1 written to /workspace/builds/worker-3-tc1/source/Cargo.toml
[INFO] validating manifest of crates.io crate piano 0.15.1 on toolchain 1.99.0-beta.8
[INFO] running `Command { std: CARGO_HOME="/workspace/cargo-home" RUSTUP_HOME="/workspace/rustup-home" "/workspace/cargo-home/bin/cargo" "+1.99.0-beta.8" "metadata" "--manifest-path" "Cargo.toml" "--no-deps", kill_on_drop: false }`
[INFO] crate crates.io crate piano 0.15.1 already has a lockfile, it will not be regenerated
[INFO] running `Command { std: CARGO_HOME="/workspace/cargo-home" RUSTUP_HOME="/workspace/rustup-home" "/workspace/cargo-home/bin/cargo" "+1.99.0-beta.8" "fetch" "--manifest-path" "Cargo.toml", kill_on_drop: false }`
[INFO] [stderr]     Updating crates.io index
[INFO] [stderr]  Downloading crates ...
[INFO] [stderr]   Downloaded ra_ap_tt v0.0.270
[INFO] [stderr]   Downloaded miow v0.6.1
[INFO] [stderr]   Downloaded text-size v1.1.1
[INFO] [stderr]   Downloaded jod-thread v0.1.2
[INFO] [stderr]   Downloaded ra_ap_stdx v0.0.270
[INFO] [stderr]   Downloaded la-arena v0.3.1
[INFO] [stderr]   Downloaded camino v1.2.2
[INFO] [stderr]   Downloaded drop_bomb v0.1.5
[INFO] [stderr]   Downloaded salsa-macro-rules v0.19.0
[INFO] [stderr]   Downloaded ra_ap_intern v0.0.270
[INFO] [stderr]   Downloaded countme v3.0.1
[INFO] [stderr]   Downloaded ra_ap_edition v0.0.270
[INFO] [stderr]   Downloaded ra-ap-rustc_lexer v0.100.0
[INFO] [stderr]   Downloaded cov-mark v2.2.0
[INFO] [stderr]   Downloaded ra_ap_vfs v0.0.270
[INFO] [stderr]   Downloaded ra_ap_paths v0.0.270
[INFO] [stderr]   Downloaded smol_str v0.3.2
[INFO] [stderr]   Downloaded ra_ap_span v0.0.270
[INFO] [stderr]   Downloaded salsa-macros v0.19.0
[INFO] [stderr]   Downloaded ra_ap_mbe v0.0.270
[INFO] [stderr]   Downloaded ra_ap_syntax-bridge v0.0.270
[INFO] [stderr]   Downloaded triomphe v0.1.15
[INFO] [stderr]   Downloaded rowan v0.15.15
[INFO] [stderr]   Downloaded ra_ap_syntax v0.0.270
[INFO] [stderr]   Downloaded ra_ap_parser v0.0.270
[INFO] [stderr]   Downloaded salsa v0.19.0
[INFO] [stderr]   Downloaded fst v0.4.7
[INFO] running `Command { std: "docker" "create" "-v" "/var/lib/crater-agent-workspace/builds/worker-3-tc1/source:/opt/rustwide/workdir:ro,Z" "-v" "/var/lib/crater-agent-workspace/builds/worker-3-tc1/target:/opt/rustwide/target:rw,Z" "-v" "/var/lib/crater-agent-workspace/cargo-home:/opt/rustwide/cargo-home:ro,Z" "-v" "/var/lib/crater-agent-workspace/rustup-home:/opt/rustwide/rustup-home:ro,Z" "-m" "1610612736" "--network" "none" "ghcr.io/rust-lang/crates-build-env/linux@sha256:77db811e55d90add9212f6832c23229e3de5f1c1f9905e8cb07319ea15df73ac" "sleep" "infinity", kill_on_drop: false }`
[INFO] [stdout] b6e48cd992ac652395bf9d5adf558fac8b4d7542123f924f361fb3f1c83dc62c
[INFO] running `Command { std: "docker" "start" "b6e48cd992ac652395bf9d5adf558fac8b4d7542123f924f361fb3f1c83dc62c", kill_on_drop: false }`
[INFO] running `Command { std: "docker" "inspect" "b6e48cd992ac652395bf9d5adf558fac8b4d7542123f924f361fb3f1c83dc62c", kill_on_drop: false }`
[INFO] running `Command { std: "docker" "exec" "-e" "SOURCE_DIR=/opt/rustwide/workdir" "-e" "CARGO_HOME=/opt/rustwide/cargo-home" "-e" "RUSTUP_HOME=/opt/rustwide/rustup-home" "-e" "CARGO_TARGET_DIR=/opt/rustwide/target" "-w" "/opt/rustwide/workdir" "--user" "0:0" "b6e48cd992ac652395bf9d5adf558fac8b4d7542123f924f361fb3f1c83dc62c" "/opt/rustwide/cargo-home/bin/cargo" "+1.99.0-beta.8" "metadata" "--no-deps" "--format-version=1", kill_on_drop: false }`
[INFO] running `Command { std: "docker" "inspect" "b6e48cd992ac652395bf9d5adf558fac8b4d7542123f924f361fb3f1c83dc62c", kill_on_drop: false }`
[INFO] running `Command { std: "docker" "exec" "-e" "SOURCE_DIR=/opt/rustwide/workdir" "-e" "CARGO_HOME=/opt/rustwide/cargo-home" "-e" "RUSTUP_HOME=/opt/rustwide/rustup-home" "-e" "CARGO_TARGET_DIR=/opt/rustwide/target" "-e" "CARGO_INCREMENTAL=0" "-e" "RUST_BACKTRACE=full" "-e" "RUSTFLAGS=--cap-lints=warn" "-e" "RUSTDOCFLAGS=--cap-lints=warn" "-w" "/opt/rustwide/workdir" "--user" "0:0" "b6e48cd992ac652395bf9d5adf558fac8b4d7542123f924f361fb3f1c83dc62c" "/opt/rustwide/cargo-home/bin/cargo" "+1.99.0-beta.8" "build" "--frozen" "--message-format=json" "--release", kill_on_drop: false }`
[INFO] [stderr]    Compiling memchr v2.8.0
[INFO] [stderr]    Compiling either v1.15.0
[INFO] [stderr]    Compiling hashbrown v0.14.5
[INFO] [stderr]    Compiling smallvec v1.15.1
[INFO] [stderr]    Compiling tracing-core v0.1.36
[INFO] [stderr]    Compiling rustc-hash v2.1.2
[INFO] [stderr]    Compiling hashbrown v0.17.0
[INFO] [stderr]    Compiling unicode-properties v0.1.4
[INFO] [stderr]    Compiling memoffset v0.9.1
[INFO] [stderr]    Compiling unicode-xid v0.2.6
[INFO] [stderr]    Compiling syn v2.0.117
[INFO] [stderr]    Compiling crossbeam-epoch v0.9.18
[INFO] [stderr]    Compiling crossbeam-channel v0.5.15
[INFO] [stderr]    Compiling camino v1.2.2
[INFO] [stderr]    Compiling jod-thread v0.1.2
[INFO] [stderr]    Compiling fst v0.4.7
[INFO] [stderr]    Compiling portable-atomic v1.13.1
[INFO] [stderr]    Compiling text-size v1.1.1
[INFO] [stderr]    Compiling triomphe v0.1.15
[INFO] [stderr]    Compiling itertools v0.12.1
[INFO] [stderr]    Compiling hashbrown v0.15.5
[INFO] [stderr]    Compiling drop_bomb v0.1.5
[INFO] [stderr]    Compiling countme v3.0.1
[INFO] [stderr]    Compiling ra_ap_edition v0.0.270
[INFO] [stderr]    Compiling rustc-hash v1.1.0
[INFO] [stderr]    Compiling crossbeam-deque v0.8.6
[INFO] [stderr]    Compiling parking_lot_core v0.9.12
[INFO] [stderr]    Compiling crossbeam-queue v0.3.12
[INFO] [stderr]    Compiling smol_str v0.3.2
[INFO] [stderr]    Compiling rayon-core v1.13.0
[INFO] [stderr]    Compiling parking_lot v0.12.5
[INFO] [stderr]    Compiling cov-mark v2.2.0
[INFO] [stderr]    Compiling dashmap v6.1.0
[INFO] [stderr]    Compiling rowan v0.15.15
[INFO] [stderr]    Compiling dashmap v5.5.3
[INFO] [stderr]    Compiling indexmap v2.14.0
[INFO] [stderr]    Compiling ra_ap_paths v0.0.270
[INFO] [stderr]    Compiling boxcar v0.2.14
[INFO] [stderr]    Compiling ra-ap-rustc_lexer v0.100.0
[INFO] [stderr]    Compiling hashlink v0.10.0
[INFO] [stderr]    Compiling aho-corasick v1.1.4
[INFO] [stderr]    Compiling nohash-hasher v0.2.0
[INFO] [stderr]    Compiling regex-syntax v0.8.10
[INFO] [stderr]    Compiling rayon v1.12.0
[INFO] [stderr]    Compiling colorchoice v1.0.5
[INFO] [stderr]    Compiling salsa-macro-rules v0.19.0
[INFO] [stderr]    Compiling ra_ap_intern v0.0.270
[INFO] [stderr]    Compiling arrayvec v0.7.6
[INFO] [stderr]    Compiling toml_write v0.1.2
[INFO] [stderr]    Compiling la-arena v0.3.1
[INFO] [stderr]    Compiling winnow v0.7.15
[INFO] [stderr]    Compiling toml_datetime v0.6.11
[INFO] [stderr]    Compiling anstream v1.0.0
[INFO] [stderr]    Compiling bstr v1.12.1
[INFO] [stderr]    Compiling clap_builder v4.6.0
[INFO] [stderr]    Compiling serde_json v1.0.149
[INFO] [stderr]    Compiling anstream v0.6.21
[INFO] [stderr]    Compiling toml_edit v0.22.27
[INFO] [stderr]    Compiling regex-automata v0.4.14
[INFO] [stderr]    Compiling synstructure v0.13.2
[INFO] [stderr]    Compiling tracing-attributes v0.1.31
[INFO] [stderr]    Compiling salsa-macros v0.19.0
[INFO] [stderr]    Compiling thiserror-impl v2.0.18
[INFO] [stderr]    Compiling clap_derive v4.6.1
[INFO] [stderr]    Compiling piano v0.15.1 (/opt/rustwide/workdir)
[INFO] [stderr]    Compiling serde_derive v1.0.228
[INFO] [stderr]    Compiling thiserror v2.0.18
[INFO] [stderr]    Compiling tracing v0.1.44
[INFO] [stderr]    Compiling ra_ap_stdx v0.0.270
[INFO] [stderr]    Compiling ra_ap_parser v0.0.270
[INFO] [stderr]    Compiling salsa v0.19.0
[INFO] [stderr]    Compiling clap v4.6.1
[INFO] [stderr]    Compiling ra_ap_vfs v0.0.270
[INFO] [stderr]    Compiling ra_ap_tt v0.0.270
[INFO] [stderr]    Compiling globset v0.4.18
[INFO] [stderr]    Compiling ra_ap_syntax v0.0.270
[INFO] [stderr]    Compiling regex v1.12.3
[INFO] [stderr]    Compiling ignore v0.4.25
[INFO] [stderr]    Compiling serde v1.0.228
[INFO] [stderr]    Compiling ra_ap_span v0.0.270
[INFO] [stderr]    Compiling ra_ap_syntax-bridge v0.0.270
[INFO] [stderr]    Compiling ra_ap_mbe v0.0.270
[INFO] [stderr]     Finished `release` profile [optimized] target(s) in 1m 42s
[INFO] running `Command { std: "docker" "inspect" "b6e48cd992ac652395bf9d5adf558fac8b4d7542123f924f361fb3f1c83dc62c", kill_on_drop: false }`
[INFO] running `Command { std: "docker" "exec" "-e" "SOURCE_DIR=/opt/rustwide/workdir" "-e" "CARGO_HOME=/opt/rustwide/cargo-home" "-e" "RUSTUP_HOME=/opt/rustwide/rustup-home" "-e" "CARGO_TARGET_DIR=/opt/rustwide/target" "-e" "CARGO_INCREMENTAL=0" "-e" "RUST_BACKTRACE=full" "-e" "RUSTFLAGS=--cap-lints=warn" "-e" "RUSTDOCFLAGS=--cap-lints=warn" "-w" "/opt/rustwide/workdir" "--user" "0:0" "b6e48cd992ac652395bf9d5adf558fac8b4d7542123f924f361fb3f1c83dc62c" "/opt/rustwide/cargo-home/bin/cargo" "+1.99.0-beta.8" "test" "--frozen" "--no-run" "--message-format=json" "--release", kill_on_drop: false }`
[INFO] [stderr]    Compiling getrandom v0.3.4
[INFO] [stderr]    Compiling getrandom v0.4.2
[INFO] [stderr]    Compiling zerocopy v0.8.48
[INFO] [stderr]    Compiling bitflags v2.11.1
[INFO] [stderr]    Compiling num-traits v0.2.19
[INFO] [stderr]    Compiling fastrand v2.4.1
[INFO] [stderr]    Compiling piano v0.15.1 (/opt/rustwide/workdir)
[INFO] [stderr]    Compiling wait-timeout v0.2.1
[INFO] [stderr]    Compiling rand_core v0.9.5
[INFO] [stderr]    Compiling rustix v1.1.4
[INFO] [stderr]    Compiling rand_xorshift v0.4.0
[INFO] [stderr]    Compiling rand v0.9.4
[INFO] [stderr]    Compiling tempfile v3.27.0
[INFO] [stderr]    Compiling rusty-fork v0.3.1
[INFO] [stderr]    Compiling ppv-lite86 v0.2.21
[INFO] [stderr]    Compiling rand_chacha v0.9.0
[INFO] [stderr]    Compiling proptest v1.11.0
[INFO] [stderr]     Finished `release` profile [optimized] target(s) in 1m 04s
[INFO] running `Command { std: "docker" "inspect" "b6e48cd992ac652395bf9d5adf558fac8b4d7542123f924f361fb3f1c83dc62c", kill_on_drop: false }`
[INFO] running `Command { std: "docker" "exec" "-e" "SOURCE_DIR=/opt/rustwide/workdir" "-e" "CARGO_HOME=/opt/rustwide/cargo-home" "-e" "RUSTUP_HOME=/opt/rustwide/rustup-home" "-e" "CARGO_TARGET_DIR=/opt/rustwide/target" "-e" "CARGO_INCREMENTAL=0" "-e" "RUST_BACKTRACE=full" "-e" "RUSTFLAGS=--cap-lints=warn" "-e" "RUSTDOCFLAGS=--cap-lints=warn" "-w" "/opt/rustwide/workdir" "--user" "0:0" "b6e48cd992ac652395bf9d5adf558fac8b4d7542123f924f361fb3f1c83dc62c" "/opt/rustwide/cargo-home/bin/cargo" "+1.99.0-beta.8" "test" "--frozen" "--release", kill_on_drop: false }`
[INFO] [stderr]    Compiling piano v0.15.1 (/opt/rustwide/workdir)
[INFO] [stderr]     Finished `release` profile [optimized] target(s) in 35.33s
[INFO] [stderr]      Running unittests src/lib.rs (/opt/rustwide/target/release/deps/piano-bb446c536e31acd4)
[INFO] [stdout] 
[INFO] [stdout] running 254 tests
[INFO] [stdout] test build::tests::find_bin_target_errors_when_not_found ... ok
[INFO] [stdout] test build::tests::find_bin_target_filters_by_package ... ok
[INFO] [stdout] test build::tests::piano_diagnostic_filtering ... ok
[INFO] [stdout] test build::tests::extract_compiler_errors_from_json ... ok
[INFO] [stdout] test build::tests::inject_dependency_adds_piano_runtime ... ok
[INFO] [stdout] test build::tests::inject_dependency_with_features ... ok
[INFO] [stdout] test build::tests::find_current_package_matches_dir ... ok
[INFO] [stdout] test build::tests::find_target_finds_example ... ok
[INFO] [stdout] test build::tests::non_send_error_returns_none ... ok
[INFO] [stdout] test build::tests::find_bin_target_skips_lib_targets ... ok
[INFO] [stdout] test build::tests::clean_rendered_no_spans_returns_unchanged ... ok
[INFO] [stdout] test error::tests::no_data_written_message ... ok
[INFO] [stdout] test build::tests::inject_dependency_creates_section_if_missing ... ok
[INFO] [stdout] test build::tests::clean_rendered_handles_multiple_spans ... ok
[INFO] [stdout] test build::tests::send_bound_error_without_piano_returns_none ... ok
[INFO] [stdout] test build::tests::clean_rendered_replaces_instrumented_source_line ... ok
[INFO] [stdout] test build::tests::extract_user_errors_filters_piano_diagnostics ... ok
[INFO] [stdout] test build::tests::find_bin_target_finds_default_binary ... ok
[INFO] [stdout] test build::tests::find_bin_target_finds_named_binary ... ok
[INFO] [stdout] test macro_expand::tests::defs_without_calls_produce_no_expansions ... ok
[INFO] [stdout] test macro_expand::tests::empty_source_produces_no_expansions ... ok
[INFO] [stdout] test macro_expand::tests::external_macro_call_skipped ... ok
[INFO] [stdout] test error::tests::no_functions_instrumented_message ... ok
[INFO] [stdout] test macro_expand::tests::expr_metavar_expands ... ok
[INFO] [stdout] test build::tests::send_bound_guidance_extracts_function_name ... ok
[INFO] [stdout] test build::tests::send_bound_error_with_piano_future_returns_guidance ... ok
[INFO] [stdout] test macro_expand::tests::expand_failure_silently_skipped ... ok
[INFO] [stdout] test build::tests::staging_removes_stale_files ... ok
[INFO] [stdout] test macro_expand::tests::impl_block_macro_expands ... ok
[INFO] [stdout] test macro_expand::tests::multiple_fns_in_template ... ok
[INFO] [stdout] test macro_expand::tests::multiple_rules_macro ... ok
[INFO] [stdout] test macro_expand::tests::safety_fence_skips_expression_macros ... ok
[INFO] [stdout] test build::tests::staging_follows_symlinked_directories ... ok
[INFO] [stdout] test macro_expand::tests::ident_metavar_expands ... ok
[INFO] [stdout] test macro_expand::tests::literal_template_expands ... ok
[INFO] [stdout] test macro_expand::tests::repetition_pattern_expands ... ok
[INFO] [stdout] test build::tests::staging_follows_symlinked_files ... ok
[INFO] [stdout] test naming::tests::all_types_distinct ... ok
[INFO] [stdout] test naming::tests::collision_regression_non_path_type ... ok
[INFO] [stdout] test naming::tests::disambiguate_adds_block_index_on_collision ... ok
[INFO] [stdout] test naming::tests::disambiguate_adds_fn_scope_on_collision ... ok
[INFO] [stdout] test naming::tests::disambiguate_no_collisions ... ok
[INFO] [stdout] test naming::tests::disambiguate_no_numbers_when_unique ... ok
[INFO] [stdout] test naming::tests::qualified_name_inner_impl_inside_fn_body ... ok
[INFO] [stdout] test naming::tests::collision_regression_inline_mod ... ok
[INFO] [stdout] test naming::tests::qualified_name_nested_fn_breaks_at_enclosing_fn ... ok
[INFO] [stdout] test naming::tests::qualified_name_standalone_fn ... ok
[INFO] [stdout] test naming::tests::qualified_name_trait_default_method ... ok
[INFO] [stdout] test naming::tests::qualified_name_trait_impl_method ... ok
[INFO] [stdout] test naming::tests::collision_regression_sibling_blocks ... ok
[INFO] [stdout] test naming::tests::render_impl_name_trait_impl_reference_type ... ok
[INFO] [stdout] test naming::tests::render_impl_name_with_generics ... ok
[INFO] [stdout] test naming::tests::render_type_array ... ok
[INFO] [stdout] test naming::tests::render_impl_name_inherent ... ok
[INFO] [stdout] test naming::tests::render_type_bare_fn ... ok
[INFO] [stdout] test naming::tests::render_type_paren ... ok
[INFO] [stdout] test naming::tests::render_type_mut_reference ... ok
[INFO] [stdout] test naming::tests::render_type_slice ... ok
[INFO] [stdout] test naming::tests::collision_regression_fn_local_types ... ok
[INFO] [stdout] test naming::tests::scope_state_fn_and_block ... ok
[INFO] [stdout] test naming::tests::no_unnecessary_disambiguation ... ok
[INFO] [stdout] test naming::tests::render_type_ptr ... ok
[INFO] [stdout] test naming::tests::collision_regression_generic_types ... ok
[INFO] [stdout] test naming::tests::render_type_reference ... ok
[INFO] [stdout] test naming::tests::qualified_name_inherent_impl_method ... ok
[INFO] [stdout] test naming::tests::render_type_tuple ... ok
[INFO] [stdout] test naming::tests::scope_state_render_minimal_omits_fn_and_block ... ok
[INFO] [stdout] test naming::tests::resolve_and_rewriter_agree_on_qualified_names ... ok
[INFO] [stdout] test naming::tests::scope_state_mod_nesting ... ok
[INFO] [stdout] test naming::tests::render_type_path_simple ... ok
[INFO] [stdout] test report::diff::tests::diff_columns_aligned ... ok
[INFO] [stdout] test naming::tests::render_type_path_with_generics ... ok
[INFO] [stdout] test build::tests::clean_rendered_leaves_unmodified_files_alone ... ok
[INFO] [stdout] test report::diff::tests::diff_alloc_count_does_not_wrap_above_i64_max ... ok
[INFO] [stdout] test build::tests::staging_copies_project_structure ... ok
[INFO] [stdout] test naming::tests::render_type_never ... ok
[INFO] [stdout] test report::diff::tests::diff_runs_json_computes_delta ... ok
[INFO] [stdout] test report::diff::tests::diff_runs_json_new_function_has_null_pct ... ok
[INFO] [stdout] test report::diff::tests::diff_hides_zero_call_entries_by_default ... ok
[INFO] [stdout] test report::diff::tests::diff_shows_alloc_deltas ... ok
[INFO] [stdout] test report::diff::tests::diff_limit_truncates_output ... ok
[INFO] [stdout] test report::diff::tests::diff_shows_cpu_columns_when_present ... ok
[INFO] [stdout] test report::diff::tests::diff_runs_json_includes_alloc_and_cpu_fields ... ok
[INFO] [stdout] test report::diff::tests::diff_mixed_cpu_one_with_one_without ... ok
[INFO] [stdout] test naming::tests::render_impl_name_trait_impl ... ok
[INFO] [stdout] test report::diff::tests::diff_shows_delta ... ok
[INFO] [stdout] test report::diff::tests::diff_runs_json_zero_zero_has_zero_pct ... ok
[INFO] [stdout] test report::diff::tests::diff_label_column_width_expands_for_label ... ok
[INFO] [stdout] test report::diff::tests::ndjson_diff_does_not_produce_misleading_total_ms ... ok
[INFO] [stdout] test report::format::tests::format_json_filters_zero_calls ... ok
[INFO] [stdout] test report::diff::tests::diff_json_hides_zero_call ... ok
[INFO] [stdout] test report::diff::tests::diff_tagged_ndjson_runs ... ok
[INFO] [stdout] test report::diff::tests::diff_custom_labels_in_cpu_headers ... ok
[INFO] [stdout] test report::diff::tests::diff_truncates_long_labels ... ok
[INFO] [stdout] test report::diff::tests::diff_neither_has_cpu_hides_cpu_columns ... ok
[INFO] [stdout] test report::diff::tests::diff_json_limit_truncates ... ok
[INFO] [stdout] test report::format::tests::format_json_includes_cpu_time ... ok
[INFO] [stdout] test report::format::tests::format_table_alloc_bytes_human_readable ... ok
[INFO] [stdout] test report::format::tests::format_table_hides_alloc_columns_when_zero ... ok
[INFO] [stdout] test report::format::tests::format_table_hides_cpu_column_when_absent ... ok
[INFO] [stdout] test report::format::tests::format_table_hides_free_columns_when_zero ... ok
[INFO] [stdout] test report::format::tests::format_json_limit_with_zero_call_filter ... ok
[INFO] [stdout] test report::format::tests::format_table_limit_none_shows_all_called ... ok
[INFO] [stdout] test report::diff::tests::diff_uses_custom_labels_in_headers ... ok
[INFO] [stdout] test report::format::tests::format_table_self_before_calls ... ok
[INFO] [stdout] test report::format::tests::format_json_includes_free_fields ... ok
[INFO] [stdout] test report::format::tests::format_table_shows_alloc_and_free_together ... ok
[INFO] [stdout] test report::format::tests::format_json_limit_truncates_output ... ok
[INFO] [stdout] test report::format::tests::format_json_sorts_by_self_time ... ok
[INFO] [stdout] test report::format::tests::format_table_no_total_column ... ok
[INFO] [stdout] test report::format::tests::format_table_shows_free_columns_when_present ... ok
[INFO] [stdout] test report::format::tests::format_table_shows_alloc_columns_when_present ... ok
[INFO] [stdout] test report::format::tests::per_thread_tables_columns_aligned ... ok
[INFO] [stdout] test report::format::tests::format_table_shows_both_cpu_and_alloc_when_present ... ok
[INFO] [stdout] test report::format::tests::format_table_sorts_by_self_time ... ok
[INFO] [stdout] test report::load::tests::c1_flat_spans_match_aggregates ... ok
[INFO] [stdout] test report::format::tests::format_table_no_footer_when_show_footer_false ... ok
[INFO] [stdout] test report::format::tests::format_table_cpu_column_order ... ok
[INFO] [stdout] test report::format::tests::format_table_hides_zero_call_entries_by_default ... ok
[INFO] [stdout] test report::format::tests::format_table_cpu_with_all_includes_zero_call ... ok
[INFO] [stdout] test report::load::tests::collect_run_files_deduplicates_json_when_ndjson_exists ... ok
[INFO] [stdout] test report::format::tests::format_table_limit_and_zero_call_combined_footer ... ok
[INFO] [stdout] test report::format::tests::format_table_no_footer_when_all_called ... ok
[INFO] [stdout] test report::format::tests::format_table_limit_shows_truncation_footer ... ok
[INFO] [stdout] test report::format::tests::format_table_limit_truncates_output ... ok
[INFO] [stdout] test report::format::tests::format_table_shows_cpu_column_when_present ... ok
[INFO] [stdout] test report::load::tests::latest_run_consolidates_by_run_id ... ok
[INFO] [stdout] test report::load::tests::load_latest_run_errors_on_empty_dir ... ok
[INFO] [stdout] test report::load::tests::load_latest_run_skips_corrupt_files ... ok
[INFO] [stdout] test report::load::tests::load_run_accepts_legacy_timestamp_field ... ok
[INFO] [stdout] test report::load::tests::find_ndjson_by_run_id_returns_none_for_json_only ... ok
[INFO] [stdout] test report::load::tests::load_latest_run_with_ndjson ... ok
[INFO] [stdout] test report::load::tests::find_ndjson_by_run_id_returns_none_for_mismatched_id ... ok
[INFO] [stdout] test report::load::tests::load_latest_run_legacy_files_without_run_id ... ok
[INFO] [stdout] test report::load::tests::load_latest_run_errors_when_all_files_corrupt ... ok
[INFO] [stdout] test report::load::tests::load_run_by_id_skips_corrupt_files ... ok
[INFO] [stdout] test report::format::tests::per_thread_tables_produces_thread_headers_and_tables ... ok
[INFO] [stdout] test report::load::tests::load_run_by_id_errors_on_missing_id ... ok
[INFO] [stdout] test report::load::tests::load_run_from_json ... ok
[INFO] [stdout] test report::load::tests::load_two_latest_runs_returns_previous_and_latest ... ok
[INFO] [stdout] test report::load::tests::merge_runs_mixed_cpu_data ... ok
[INFO] [stdout] test report::load::tests::c1_parent_child_spans_match_aggregates ... ok
[INFO] [stdout] test report::load::tests::load_two_latest_runs_merges_multi_thread_files ... ok
[INFO] [stdout] test report::load::tests::load_two_latest_runs_errors_on_empty_dir ... ok
[INFO] [stdout] test report::load::tests::cpu_time_detected_from_measurements ... ok
[INFO] [stdout] test report::load::tests::r1_parse_complete_ndjson_file ... ok
[INFO] [stdout] test report::load::tests::load_two_latest_runs_errors_with_one_run ... ok
[INFO] [stdout] test report::load::tests::r2_trailer_overrides_header_names ... ok
[INFO] [stdout] test report::load::tests::r2_header_only_produces_empty_run ... ok
[INFO] [stdout] test report::load::tests::r2_incomplete_file_uses_header_names ... ok
[INFO] [stdout] test report::load::tests::find_ndjson_by_run_id_finds_matching_file ... ok
[INFO] [stdout] test report::load::tests::load_run_by_id_merges_matching_files ... ok
[INFO] [stdout] test report::load::tests::r2_truncated_last_measurement_skipped ... ok
[INFO] [stdout] test report::load::tests::no_cpu_time_when_all_zero ... ok
[INFO] [stdout] test report::load::tests::r5_deterministic_same_input_same_output ... ok
[INFO] [stdout] test report::load::tests::r5_total_ms_is_none ... ok
[INFO] [stdout] test report::load::tests::r5_aggregation_multiple_spans_same_function ... ok
[INFO] [stdout] test report::load::tests::r4_leaf_span_self_equals_inclusive ... ok
[INFO] [stdout] test report::format::tests::format_table_columns_aligned ... ok
[INFO] [stdout] test report::load::tests::r4_self_attribution_parent_minus_children ... ok
[INFO] [stdout] test report::tag::tests::relative_time_days ... ok
[INFO] [stdout] test report::tag::tests::relative_time_singular_day ... ok
[INFO] [stdout] test report::load::tests::r5_zero_call_function_in_name_table ... ok
[INFO] [stdout] test report::tag::tests::resolve_tag_errors_on_missing_tag ... ok
[INFO] [stdout] test report::tag::tests::reverse_resolve_tag_returns_none_when_no_match ... ok
[INFO] [stdout] test report::tag::tests::relative_time_hours ... ok
[INFO] [stdout] test report::load::tests::r6_aggregation_merges_across_threads ... ok
[INFO] [stdout] test report::tag::tests::resolve_tag_returns_run_id ... ok
[INFO] [stdout] test report::tag::tests::load_tagged_run_errors_on_missing_tag ... ok
[INFO] [stdout] test report::tag::tests::relative_time_seconds ... ok
[INFO] [stdout] test report::tag::tests::relative_time_minutes ... ok
[INFO] [stdout] test report::tag::tests::load_tagged_run_returns_run_not_found_for_stale_tag ... ok
[INFO] [stdout] test report::tag::tests::reverse_resolve_tag_finds_matching_tag ... ok
[INFO] [stdout] test report::tag::tests::reverse_resolve_tag_returns_none_for_missing_dir ... ok
[INFO] [stdout] test report::tag::tests::save_and_load_tag ... ok
[INFO] [stdout] test report::tag::tests::relative_time_singular_hour ... ok
[INFO] [stdout] test resolve::tests::classify_cst_fn_delegates_to_classify ... ok
[INFO] [stdout] test resolve::tests::levenshtein_basic_cases ... ok
[INFO] [stdout] test resolve::tests::module_prefix_mod_rs ... ok
[INFO] [stdout] test resolve::tests::module_prefix_simple_files ... ok
[INFO] [stdout] test resolve::tests::classify_returns_explicit_classification ... ok
[INFO] [stdout] test resolve::tests::hint_empty_when_only_file_and_mod_specs ... ok
[INFO] [stdout] test resolve::tests::module_prefix_nested_files ... ok
[INFO] [stdout] test report::tag::tests::save_tag_creates_tags_dir_if_missing ... ok
[INFO] [stdout] test report::tag::tests::save_tag_rejects_invalid_names ... ok
[INFO] [stdout] test report::tag::tests::tag_round_trip_ndjson_aggregate ... ok
[INFO] [stdout] test report::tag::tests::two_latest_runs_with_tags_and_relative_time ... ok
[INFO] [stdout] test resolve::tests::no_match_error_shows_count_for_large_project ... ok
[INFO] [stdout] test resolve::tests::macro_in_impl_naming_diagnostic ... ok
[INFO] [stdout] test resolve::tests::module_prefix_crate_roots ... ok
[INFO] [stdout] test resolve::tests::no_match_returns_error ... ok
[INFO] [stdout] test resolve::tests::all_functions_includes_unselected ... ok
[INFO] [stdout] test resolve::tests::resolve_empty_specs_returns_all_functions ... ok
[INFO] [stdout] test resolve::tests::all_functions_equals_targets_when_no_specs ... ok
[INFO] [stdout] test resolve::tests::no_match_error_shows_clean_patterns ... ok
[INFO] [stdout] test resolve::tests::qualify_with_empty_prefix ... ok
[INFO] [stdout] test resolve::tests::qualify_with_module_prefix ... ok
[INFO] [stdout] test resolve::tests::resolve_fn_exact_match_qualified ... ok
[INFO] [stdout] test resolve::tests::resolve_fn_exact_no_match_shows_error ... ok
[INFO] [stdout] test resolve::tests::no_match_error_includes_suggestions_for_typo ... ok
[INFO] [stdout] test resolve::tests::resolve_file_gets_all_functions ... ok
[INFO] [stdout] test resolve::tests::resolve_fn_exact_match ... ok
[INFO] [stdout] test resolve::tests::resolve_finds_unsafe_fn_by_pattern ... ok
[INFO] [stdout] test resolve::tests::resolve_reports_skipped_functions_with_reasons ... ok
[INFO] [stdout] test resolve::tests::resolve_fn_finds_impl_methods ... ok
[INFO] [stdout] test resolve::tests::module_prefix_non_utf8_fallback ... ok
[INFO] [stdout] test resolve::tests::resolve_instruments_unsafe_trait_default_methods ... ok
[INFO] [stdout] test resolve::tests::trait_impl_methods_get_disambiguated_names ... ok
[INFO] [stdout] test rewrite::tests::async_fn_uses_enter_async ... ok
[INFO] [stdout] test resolve::tests::resolve_skips_test_functions_and_cfg_test_modules ... ok
[INFO] [stdout] test resolve::tests::resolve_skips_unparseable_files ... ok
[INFO] [stdout] test resolve::tests::resolve_skips_const_and_extern_functions ... ok
[INFO] [stdout] test resolve::tests::resolve_mod_gets_directory_module ... ok
[INFO] [stdout] test rewrite::tests::brace_offset_is_correct ... ok
[INFO] [stdout] test rewrite::tests::async_wrapping_preserves_body ... ok
[INFO] [stdout] test resolve::tests::resolve_fn_substring_matches_qualified_name ... ok
[INFO] [stdout] test resolve::tests::resolve_fn_by_substring ... ok
[INFO] [stdout] test rewrite::tests::instruments_trait_method_impl ... ok
[INFO] [stdout] test rewrite::tests::macro_const_fn_not_guarded ... ok
[INFO] [stdout] test rewrite::tests::macro_mixed_measured_unmeasured ... ok
[INFO] [stdout] test rewrite::tests::injects_guard_in_simple_function ... ok
[INFO] [stdout] test rewrite::tests::macro_unmeasured_fn_not_guarded ... ok
[INFO] [stdout] test rewrite::tests::macro_metavar_fn_gets_guard ... ok
[INFO] [stdout] test rewrite::tests::no_parameter_injection ... ok
[INFO] [stdout] test rewrite::tests::cst_finds_function ... ok
[INFO] [stdout] test rewrite::tests::skips_const_fn ... ok
[INFO] [stdout] test rewrite::tests::single_pass_injects_all_entry_point_concerns ... ok
[INFO] [stdout] test rewrite::tests::fn_parent_kinds_exhaustive ... ok
[INFO] [stdout] test rewrite::tests::multiple_functions_get_different_ids ... ok
[INFO] [stdout] test rewrite::tests::single_pass_wraps_existing_allocator ... ok
[INFO] [stdout] test rewrite::tests::skips_extern_c_fn ... ok
[INFO] [stdout] test rewrite::tests::skips_foreign_function ... ok
[INFO] [stdout] test source_map::tests::replace_removes_original_text ... ok
[INFO] [stdout] test source_map::tests::string_injector_multiple_injections ... ok
[INFO] [stdout] test rewrite::tests::inner_attrs_skipped ... ok
[INFO] [stdout] test rewrite::tests::impl_future_short_path ... ok
[INFO] [stdout] test rewrite::tests::instruments_nested_function ... ok
[INFO] [stdout] test rewrite::tests::impl_future_uses_enter_async ... ok
[INFO] [stdout] test rewrite::tests::no_call_site_injection ... ok
[INFO] [stdout] test source_map::tests::string_injector_single_injection ... ok
[INFO] [stdout] test rewrite::tests::skips_trait_abstract_method ... ok
[INFO] [stdout] test source_map::tests::insert_and_replace_in_same_pass ... ok
[INFO] [stdout] test rewrite::tests::instruments_unsafe_fn ... ok
[INFO] [stdout] test source_map::tests::replace_allocator_wrapping ... ok
[INFO] [stdout] test source_map::tests::string_injector_preserves_formatting ... ok
[INFO] [stdout] test staging::tests::clean_stale_staging_removes_old_dirs ... ok
[INFO] [stdout] test rewrite::tests::skips_unmeasured_functions ... ok
[INFO] [stdout] test rewrite::tests::instruments_trait_default_method ... ok
[INFO] [stdout] test staging::tests::overlay_skips_target_and_git ... ok
[INFO] [stdout] test staging::tests::staging_guard_cleans_up_on_drop ... ok
[INFO] [stdout] test rewrite::tests::sync_fn_does_not_use_enter_async ... ok
[INFO] [stdout] test rewrite::tests::instruments_inherent_impl_method ... ok
[INFO] [stdout] test staging::tests::overlay_creates_correct_structure ... ok
[INFO] [stdout] test macro_expand::tests::fragment_specifiers_exhaustive ... ok
[INFO] [stdout] 
[INFO] [stdout] test result: ok. 254 passed; 0 failed; 0 ignored; 0 measured; 0 filtered out; finished in 0.38s
[INFO] [stdout] 
[INFO] [stderr]      Running unittests src/main.rs (/opt/rustwide/target/release/deps/piano-01934846a72ad133)
[INFO] [stdout] 
[INFO] [stdout] running 12 tests
[INFO] [stdout] test tests::parse_duration_valid_fractional ... ok
[INFO] [stdout] test tests::parse_duration_nan ... ok
[INFO] [stdout] test tests::parse_duration_too_large ... ok
[INFO] [stdout] test tests::parse_duration_negative_zero ... ok
[INFO] [stdout] test tests::parse_duration_zero ... ok
[INFO] [stdout] test tests::is_binary_extension_rejects_non_binary ... ok
[INFO] [stdout] test tests::parse_duration_neg_inf ... ok
[INFO] [stdout] test tests::parse_duration_negative ... ok
[INFO] [stdout] test tests::parse_duration_inf ... ok
[INFO] [stdout] test tests::parse_duration_invalid_string ... ok
[INFO] [stdout] test tests::name_table_excludes_main ... ok
[INFO] [stdout] test tests::is_binary_extension_exe ... ok
[INFO] [stdout] 
[INFO] [stdout] test result: ok. 12 passed; 0 failed; 0 ignored; 0 measured; 0 filtered out; finished in 0.01s
[INFO] [stdout] 
[INFO] [stderr]      Running tests/async_integration.rs (/opt/rustwide/target/release/deps/async_integration-f6f066db22d8bfd6)
[INFO] [stdout] 
[INFO] [stdout] running 6 tests
[INFO] [stdout] test async_nested_select_self_time ... FAILED
[INFO] [stdout] test async_self_time_accuracy ... FAILED
[INFO] [stdout] test async_tokio_pipeline ... FAILED
[INFO] [stdout] test async_main_with_return_type ... FAILED
[INFO] [stdout] test impl_future_self_time_attribution ... FAILED
[INFO] [stdout] test async_alloc_tracking_pipeline ... FAILED
[INFO] [stdout] 
[INFO] [stdout] failures:
[INFO] [stdout] 
[INFO] [stdout] ---- async_nested_select_self_time stdout ----
[INFO] [stdout] 
[INFO] [stdout] thread 'async_nested_select_self_time' (3758) panicked at tests/common/mod.rs:322:5:
[INFO] [stdout] seed build failed for tokio-seed:
[INFO] [stdout] stderr: found 2 function(s) across 1 file(s)
[INFO] [stdout]   main.rs:
[INFO] [stdout]     main
[INFO] [stdout]     seed_fn
[INFO] [stdout] pre-building piano-runtime...
[INFO] [stdout] error: failed to canonicalize /opt/rustwide/workdir/piano-runtime: No such file or directory (os error 2)
[INFO] [stdout] 
[INFO] [stdout] stdout: 
[INFO] [stdout] stack backtrace:
[INFO] [stdout]    0:     0x6325a0014b71 - <<std[70759c8f55707aa4]::sys::backtrace::BacktraceLock>::print::DisplayBacktrace as core[df12db4294e9bfd3]::fmt::Display>::fmt
[INFO] [stdout]    1:     0x6325a002a44a - core[df12db4294e9bfd3]::fmt::write
[INFO] [stdout]    2:     0x6325a00192dc - <alloc[2182bb758b4b3781]::vec::Vec<u8> as core[df12db4294e9bfd3]::io::write::Write>::write_fmt
[INFO] [stdout]    3:     0x63259ffee426 - std[70759c8f55707aa4]::panicking::default_hook::{closure#0}
[INFO] [stdout]    4:     0x6325a000b759 - std[70759c8f55707aa4]::panicking::default_hook
[INFO] [stdout]    5:     0x63259ffa61f0 - test[9d35eded1c95d3be]::test_main_inner::<test[9d35eded1c95d3be]::test_main_static::{closure#0}>::{closure#0}
[INFO] [stdout]    6:     0x6325a000b912 - std[70759c8f55707aa4]::panicking::panic_with_hook
[INFO] [stdout]    7:     0x63259ffee4d2 - std[70759c8f55707aa4]::panicking::panic_handler::{closure#0}
[INFO] [stdout]    8:     0x63259ffe6f09 - std[70759c8f55707aa4]::sys::backtrace::__rust_end_short_backtrace::<std[70759c8f55707aa4]::panicking::panic_handler::{closure#0}, !>
[INFO] [stdout]    9:     0x63259ffef0cd - __rustc[8fa7c3cbc660c2b3]::rust_begin_unwind
[INFO] [stdout]   10:     0x6325a002ab7c - core[df12db4294e9bfd3]::panicking::panic_fmt
[INFO] [stdout]   11:     0x63259ff8b5ce - async_integration[9b6db3a179eef63]::common::build_seed
[INFO] [stdout]   12:     0x63259ff8fb21 - <std[70759c8f55707aa4]::sync::once::Once>::call_once_force::<<std[70759c8f55707aa4]::sync::once_lock::OnceLock<async_integration[9b6db3a179eef63]::common::SeedArtifacts>>::initialize<<std[70759c8f55707aa4]::sync::once_lock::OnceLock<async_integration[9b6db3a179eef63]::common::SeedArtifacts>>::get_or_init<async_integration[9b6db3a179eef63]::common::tokio_seed::{closure#0}>::{closure#0}, !>::{closure#0}>::{closure#0}
[INFO] [stdout]   13:     0x63259fff4069 - <std[70759c8f55707aa4]::sys::sync::once::futex::Once>::call
[INFO] [stderr] error: test failed, to rerun pass `--test async_integration`
[INFO] [stdout]   14:     0x63259ff8dd11 - <std[70759c8f55707aa4]::sync::once_lock::OnceLock<async_integration[9b6db3a179eef63]::common::SeedArtifacts>>::initialize::<<std[70759c8f55707aa4]::sync::once_lock::OnceLock<async_integration[9b6db3a179eef63]::common::SeedArtifacts>>::get_or_init<async_integration[9b6db3a179eef63]::common::tokio_seed::{closure#0}>::{closure#0}, !>
[INFO] [stdout]   15:     0x63259ff850cf - <async_integration[9b6db3a179eef63]::async_nested_select_self_time::{closure#0} as core[df12db4294e9bfd3]::ops::function::FnOnce<()>>::call_once
[INFO] [stdout]   16:     0x63259ff994db - test[9d35eded1c95d3be]::__rust_begin_short_backtrace::<core[df12db4294e9bfd3]::result::Result<(), alloc[2182bb758b4b3781]::string::String>, fn() -> core[df12db4294e9bfd3]::result::Result<(), alloc[2182bb758b4b3781]::string::String>>
[INFO] [stdout]   17:     0x63259ffa6b45 - test[9d35eded1c95d3be]::run_test::{closure#0}
[INFO] [stdout]   18:     0x63259ffa0404 - std[70759c8f55707aa4]::sys::backtrace::__rust_begin_short_backtrace::<test[9d35eded1c95d3be]::run_test::{closure#1}, ()>
[INFO] [stdout]   19:     0x63259ffa9ca2 - <std[70759c8f55707aa4]::thread::lifecycle::spawn_unchecked<test[9d35eded1c95d3be]::run_test::{closure#1}, ()>::{closure#1} as core[df12db4294e9bfd3]::ops::function::FnOnce<()>>::call_once::{shim:vtable#0}
[INFO] [stdout]   20:     0x6325a0013e29 - <std[70759c8f55707aa4]::sys::thread::unix::Thread>::new::thread_start
[INFO] [stdout]   21:     0x70662cbdcdfa - <unknown>
[INFO] [stdout]   22:     0x70662cc703d4 - clone
[INFO] [stdout]   23:                0x0 - <unknown>
[INFO] [stdout] 
[INFO] [stdout] ---- async_self_time_accuracy stdout ----
[INFO] [stdout] 
[INFO] [stdout] thread 'async_self_time_accuracy' (3759) panicked at tests/common/mod.rs:322:5:
[INFO] [stdout] seed build failed for tokio-seed:
[INFO] [stdout] stderr: found 2 function(s) across 1 file(s)
[INFO] [stdout]   main.rs:
[INFO] [stdout]     main
[INFO] [stdout]     seed_fn
[INFO] [stdout] pre-building piano-runtime...
[INFO] [stdout] error: failed to canonicalize /opt/rustwide/workdir/piano-runtime: No such file or directory (os error 2)
[INFO] [stdout] 
[INFO] [stdout] stdout: 
[INFO] [stdout] stack backtrace:
[INFO] [stdout]    0:     0x6325a0014b71 - <<std[70759c8f55707aa4]::sys::backtrace::BacktraceLock>::print::DisplayBacktrace as core[df12db4294e9bfd3]::fmt::Display>::fmt
[INFO] [stdout]    1:     0x6325a002a44a - core[df12db4294e9bfd3]::fmt::write
[INFO] [stdout]    2:     0x6325a00192dc - <alloc[2182bb758b4b3781]::vec::Vec<u8> as core[df12db4294e9bfd3]::io::write::Write>::write_fmt
[INFO] [stdout]    3:     0x63259ffee426 - std[70759c8f55707aa4]::panicking::default_hook::{closure#0}
[INFO] [stdout]    4:     0x6325a000b759 - std[70759c8f55707aa4]::panicking::default_hook
[INFO] [stdout]    5:     0x63259ffa61f0 - test[9d35eded1c95d3be]::test_main_inner::<test[9d35eded1c95d3be]::test_main_static::{closure#0}>::{closure#0}
[INFO] [stdout]    6:     0x6325a000b912 - std[70759c8f55707aa4]::panicking::panic_with_hook
[INFO] [stdout]    7:     0x63259ffee4d2 - std[70759c8f55707aa4]::panicking::panic_handler::{closure#0}
[INFO] [stdout]    8:     0x63259ffe6f09 - std[70759c8f55707aa4]::sys::backtrace::__rust_end_short_backtrace::<std[70759c8f55707aa4]::panicking::panic_handler::{closure#0}, !>
[INFO] [stdout]    9:     0x63259ffef0cd - __rustc[8fa7c3cbc660c2b3]::rust_begin_unwind
[INFO] [stdout]   10:     0x6325a002ab7c - core[df12db4294e9bfd3]::panicking::panic_fmt
[INFO] [stdout]   11:     0x63259ff8b5ce - async_integration[9b6db3a179eef63]::common::build_seed
[INFO] [stdout]   12:     0x63259ff8fb21 - <std[70759c8f55707aa4]::sync::once::Once>::call_once_force::<<std[70759c8f55707aa4]::sync::once_lock::OnceLock<async_integration[9b6db3a179eef63]::common::SeedArtifacts>>::initialize<<std[70759c8f55707aa4]::sync::once_lock::OnceLock<async_integration[9b6db3a179eef63]::common::SeedArtifacts>>::get_or_init<async_integration[9b6db3a179eef63]::common::tokio_seed::{closure#0}>::{closure#0}, !>::{closure#0}>::{closure#0}
[INFO] [stdout]   13:     0x63259fff4069 - <std[70759c8f55707aa4]::sys::sync::once::futex::Once>::call
[INFO] [stdout]   14:     0x63259ff8dd11 - <std[70759c8f55707aa4]::sync::once_lock::OnceLock<async_integration[9b6db3a179eef63]::common::SeedArtifacts>>::initialize::<<std[70759c8f55707aa4]::sync::once_lock::OnceLock<async_integration[9b6db3a179eef63]::common::SeedArtifacts>>::get_or_init<async_integration[9b6db3a179eef63]::common::tokio_seed::{closure#0}>::{closure#0}, !>
[INFO] [stdout]   15:     0x63259ff81a8e - <async_integration[9b6db3a179eef63]::async_self_time_accuracy::{closure#0} as core[df12db4294e9bfd3]::ops::function::FnOnce<()>>::call_once
[INFO] [stdout]   16:     0x63259ff994db - test[9d35eded1c95d3be]::__rust_begin_short_backtrace::<core[df12db4294e9bfd3]::result::Result<(), alloc[2182bb758b4b3781]::string::String>, fn() -> core[df12db4294e9bfd3]::result::Result<(), alloc[2182bb758b4b3781]::string::String>>
[INFO] [stdout]   17:     0x63259ffa6b45 - test[9d35eded1c95d3be]::run_test::{closure#0}
[INFO] [stdout]   18:     0x63259ffa0404 - std[70759c8f55707aa4]::sys::backtrace::__rust_begin_short_backtrace::<test[9d35eded1c95d3be]::run_test::{closure#1}, ()>
[INFO] [stdout]   19:     0x63259ffa9ca2 - <std[70759c8f55707aa4]::thread::lifecycle::spawn_unchecked<test[9d35eded1c95d3be]::run_test::{closure#1}, ()>::{closure#1} as core[df12db4294e9bfd3]::ops::function::FnOnce<()>>::call_once::{shim:vtable#0}
[INFO] [stdout]   20:     0x6325a0013e29 - <std[70759c8f55707aa4]::sys::thread::unix::Thread>::new::thread_start
[INFO] [stdout]   21:     0x70662cbdcdfa - <unknown>
[INFO] [stdout]   22:     0x70662cc703d4 - clone
[INFO] [stdout]   23:                0x0 - <unknown>
[INFO] [stdout] 
[INFO] [stdout] ---- async_tokio_pipeline stdout ----
[INFO] [stdout] 
[INFO] [stdout] thread 'async_tokio_pipeline' (3760) panicked at tests/common/mod.rs:322:5:
[INFO] [stdout] seed build failed for tokio-seed:
[INFO] [stdout] stderr: found 2 function(s) across 1 file(s)
[INFO] [stdout]   main.rs:
[INFO] [stdout]     main
[INFO] [stdout]     seed_fn
[INFO] [stdout] pre-building piano-runtime...
[INFO] [stdout] error: failed to canonicalize /opt/rustwide/workdir/piano-runtime: No such file or directory (os error 2)
[INFO] [stdout] 
[INFO] [stdout] stdout: 
[INFO] [stdout] stack backtrace:
[INFO] [stdout]    0:     0x6325a0014b71 - <<std[70759c8f55707aa4]::sys::backtrace::BacktraceLock>::print::DisplayBacktrace as core[df12db4294e9bfd3]::fmt::Display>::fmt
[INFO] [stdout]    1:     0x6325a002a44a - core[df12db4294e9bfd3]::fmt::write
[INFO] [stdout]    2:     0x6325a00192dc - <alloc[2182bb758b4b3781]::vec::Vec<u8> as core[df12db4294e9bfd3]::io::write::Write>::write_fmt
[INFO] [stdout]    3:     0x63259ffee426 - std[70759c8f55707aa4]::panicking::default_hook::{closure#0}
[INFO] [stdout]    4:     0x6325a000b759 - std[70759c8f55707aa4]::panicking::default_hook
[INFO] [stdout]    5:     0x63259ffa61f0 - test[9d35eded1c95d3be]::test_main_inner::<test[9d35eded1c95d3be]::test_main_static::{closure#0}>::{closure#0}
[INFO] [stdout]    6:     0x6325a000b912 - std[70759c8f55707aa4]::panicking::panic_with_hook
[INFO] [stdout]    7:     0x63259ffee4d2 - std[70759c8f55707aa4]::panicking::panic_handler::{closure#0}
[INFO] [stdout]    8:     0x63259ffe6f09 - std[70759c8f55707aa4]::sys::backtrace::__rust_end_short_backtrace::<std[70759c8f55707aa4]::panicking::panic_handler::{closure#0}, !>
[INFO] [stdout]    9:     0x63259ffef0cd - __rustc[8fa7c3cbc660c2b3]::rust_begin_unwind
[INFO] [stdout]   10:     0x6325a002ab7c - core[df12db4294e9bfd3]::panicking::panic_fmt
[INFO] [stdout]   11:     0x63259ff8b5ce - async_integration[9b6db3a179eef63]::common::build_seed
[INFO] [stdout]   12:     0x63259ff8fb21 - <std[70759c8f55707aa4]::sync::once::Once>::call_once_force::<<std[70759c8f55707aa4]::sync::once_lock::OnceLock<async_integration[9b6db3a179eef63]::common::SeedArtifacts>>::initialize<<std[70759c8f55707aa4]::sync::once_lock::OnceLock<async_integration[9b6db3a179eef63]::common::SeedArtifacts>>::get_or_init<async_integration[9b6db3a179eef63]::common::tokio_seed::{closure#0}>::{closure#0}, !>::{closure#0}>::{closure#0}
[INFO] [stdout]   13:     0x63259fff4069 - <std[70759c8f55707aa4]::sys::sync::once::futex::Once>::call
[INFO] [stdout]   14:     0x63259ff8dd11 - <std[70759c8f55707aa4]::sync::once_lock::OnceLock<async_integration[9b6db3a179eef63]::common::SeedArtifacts>>::initialize::<<std[70759c8f55707aa4]::sync::once_lock::OnceLock<async_integration[9b6db3a179eef63]::common::SeedArtifacts>>::get_or_init<async_integration[9b6db3a179eef63]::common::tokio_seed::{closure#0}>::{closure#0}, !>
[INFO] [stdout]   15:     0x63259ff80677 - <async_integration[9b6db3a179eef63]::async_tokio_pipeline::{closure#0} as core[df12db4294e9bfd3]::ops::function::FnOnce<()>>::call_once
[INFO] [stdout]   16:     0x63259ff994db - test[9d35eded1c95d3be]::__rust_begin_short_backtrace::<core[df12db4294e9bfd3]::result::Result<(), alloc[2182bb758b4b3781]::string::String>, fn() -> core[df12db4294e9bfd3]::result::Result<(), alloc[2182bb758b4b3781]::string::String>>
[INFO] [stdout]   17:     0x63259ffa6b45 - test[9d35eded1c95d3be]::run_test::{closure#0}
[INFO] [stdout]   18:     0x63259ffa0404 - std[70759c8f55707aa4]::sys::backtrace::__rust_begin_short_backtrace::<test[9d35eded1c95d3be]::run_test::{closure#1}, ()>
[INFO] [stdout]   19:     0x63259ffa9ca2 - <std[70759c8f55707aa4]::thread::lifecycle::spawn_unchecked<test[9d35eded1c95d3be]::run_test::{closure#1}, ()>::{closure#1} as core[df12db4294e9bfd3]::ops::function::FnOnce<()>>::call_once::{shim:vtable#0}
[INFO] [stdout]   20:     0x6325a0013e29 - <std[70759c8f55707aa4]::sys::thread::unix::Thread>::new::thread_start
[INFO] [stdout]   21:     0x70662cbdcdfa - <unknown>
[INFO] [stdout]   22:     0x70662cc703d4 - clone
[INFO] [stdout]   23:                0x0 - <unknown>
[INFO] [stdout] 
[INFO] [stdout] ---- async_main_with_return_type stdout ----
[INFO] [stdout] 
[INFO] [stdout] thread 'async_main_with_return_type' (3757) panicked at tests/common/mod.rs:322:5:
[INFO] [stdout] seed build failed for tokio-seed:
[INFO] [stdout] stderr: found 2 function(s) across 1 file(s)
[INFO] [stdout]   main.rs:
[INFO] [stdout]     main
[INFO] [stdout]     seed_fn
[INFO] [stdout] pre-building piano-runtime...
[INFO] [stdout] error: failed to canonicalize /opt/rustwide/workdir/piano-runtime: No such file or directory (os error 2)
[INFO] [stdout] 
[INFO] [stdout] stdout: 
[INFO] [stdout] stack backtrace:
[INFO] [stdout]    0:     0x6325a0014b71 - <<std[70759c8f55707aa4]::sys::backtrace::BacktraceLock>::print::DisplayBacktrace as core[df12db4294e9bfd3]::fmt::Display>::fmt
[INFO] [stdout]    1:     0x6325a002a44a - core[df12db4294e9bfd3]::fmt::write
[INFO] [stdout]    2:     0x6325a00192dc - <alloc[2182bb758b4b3781]::vec::Vec<u8> as core[df12db4294e9bfd3]::io::write::Write>::write_fmt
[INFO] [stdout]    3:     0x63259ffee426 - std[70759c8f55707aa4]::panicking::default_hook::{closure#0}
[INFO] [stdout]    4:     0x6325a000b759 - std[70759c8f55707aa4]::panicking::default_hook
[INFO] [stdout]    5:     0x63259ffa61f0 - test[9d35eded1c95d3be]::test_main_inner::<test[9d35eded1c95d3be]::test_main_static::{closure#0}>::{closure#0}
[INFO] [stdout]    6:     0x6325a000b912 - std[70759c8f55707aa4]::panicking::panic_with_hook
[INFO] [stdout]    7:     0x63259ffee4d2 - std[70759c8f55707aa4]::panicking::panic_handler::{closure#0}
[INFO] [stdout]    8:     0x63259ffe6f09 - std[70759c8f55707aa4]::sys::backtrace::__rust_end_short_backtrace::<std[70759c8f55707aa4]::panicking::panic_handler::{closure#0}, !>
[INFO] [stdout]    9:     0x63259ffef0cd - __rustc[8fa7c3cbc660c2b3]::rust_begin_unwind
[INFO] [stdout]   10:     0x6325a002ab7c - core[df12db4294e9bfd3]::panicking::panic_fmt
[INFO] [stdout]   11:     0x63259ff8b5ce - async_integration[9b6db3a179eef63]::common::build_seed
[INFO] [stdout]   12:     0x63259ff8fb21 - <std[70759c8f55707aa4]::sync::once::Once>::call_once_force::<<std[70759c8f55707aa4]::sync::once_lock::OnceLock<async_integration[9b6db3a179eef63]::common::SeedArtifacts>>::initialize<<std[70759c8f55707aa4]::sync::once_lock::OnceLock<async_integration[9b6db3a179eef63]::common::SeedArtifacts>>::get_or_init<async_integration[9b6db3a179eef63]::common::tokio_seed::{closure#0}>::{closure#0}, !>::{closure#0}>::{closure#0}
[INFO] [stdout]   13:     0x63259fff4069 - <std[70759c8f55707aa4]::sys::sync::once::futex::Once>::call
[INFO] [stdout]   14:     0x63259ff8dd11 - <std[70759c8f55707aa4]::sync::once_lock::OnceLock<async_integration[9b6db3a179eef63]::common::SeedArtifacts>>::initialize::<<std[70759c8f55707aa4]::sync::once_lock::OnceLock<async_integration[9b6db3a179eef63]::common::SeedArtifacts>>::get_or_init<async_integration[9b6db3a179eef63]::common::tokio_seed::{closure#0}>::{closure#0}, !>
[INFO] [stdout]   15:     0x63259ff82bf6 - <async_integration[9b6db3a179eef63]::async_main_with_return_type::{closure#0} as core[df12db4294e9bfd3]::ops::function::FnOnce<()>>::call_once
[INFO] [stdout]   16:     0x63259ff994db - test[9d35eded1c95d3be]::__rust_begin_short_backtrace::<core[df12db4294e9bfd3]::result::Result<(), alloc[2182bb758b4b3781]::string::String>, fn() -> core[df12db4294e9bfd3]::result::Result<(), alloc[2182bb758b4b3781]::string::String>>
[INFO] [stdout]   17:     0x63259ffa6b45 - test[9d35eded1c95d3be]::run_test::{closure#0}
[INFO] [stdout]   18:     0x63259ffa0404 - std[70759c8f55707aa4]::sys::backtrace::__rust_begin_short_backtrace::<test[9d35eded1c95d3be]::run_test::{closure#1}, ()>
[INFO] [stdout]   19:     0x63259ffa9ca2 - <std[70759c8f55707aa4]::thread::lifecycle::spawn_unchecked<test[9d35eded1c95d3be]::run_test::{closure#1}, ()>::{closure#1} as core[df12db4294e9bfd3]::ops::function::FnOnce<()>>::call_once::{shim:vtable#0}
[INFO] [stdout]   20:     0x6325a0013e29 - <std[70759c8f55707aa4]::sys::thread::unix::Thread>::new::thread_start
[INFO] [stdout]   21:     0x70662cbdcdfa - <unknown>
[INFO] [stdout]   22:     0x70662cc703d4 - clone
[INFO] [stdout]   23:                0x0 - <unknown>
[INFO] [stdout] 
[INFO] [stdout] ---- impl_future_self_time_attribution stdout ----
[INFO] [stdout] 
[INFO] [stdout] thread 'impl_future_self_time_attribution' (3761) panicked at tests/common/mod.rs:322:5:
[INFO] [stdout] seed build failed for tokio-seed:
[INFO] [stdout] stderr: found 2 function(s) across 1 file(s)
[INFO] [stdout]   main.rs:
[INFO] [stdout]     main
[INFO] [stdout]     seed_fn
[INFO] [stdout] pre-building piano-runtime...
[INFO] [stdout] error: failed to canonicalize /opt/rustwide/workdir/piano-runtime: No such file or directory (os error 2)
[INFO] [stdout] 
[INFO] [stdout] stdout: 
[INFO] [stdout] stack backtrace:
[INFO] [stdout]    0:     0x6325a0014b71 - <<std[70759c8f55707aa4]::sys::backtrace::BacktraceLock>::print::DisplayBacktrace as core[df12db4294e9bfd3]::fmt::Display>::fmt
[INFO] [stdout]    1:     0x6325a002a44a - core[df12db4294e9bfd3]::fmt::write
[INFO] [stdout]    2:     0x6325a00192dc - <alloc[2182bb758b4b3781]::vec::Vec<u8> as core[df12db4294e9bfd3]::io::write::Write>::write_fmt
[INFO] [stdout]    3:     0x63259ffee426 - std[70759c8f55707aa4]::panicking::default_hook::{closure#0}
[INFO] [stdout]    4:     0x6325a000b759 - std[70759c8f55707aa4]::panicking::default_hook
[INFO] [stdout]    5:     0x63259ffa61f0 - test[9d35eded1c95d3be]::test_main_inner::<test[9d35eded1c95d3be]::test_main_static::{closure#0}>::{closure#0}
[INFO] [stdout]    6:     0x6325a000b912 - std[70759c8f55707aa4]::panicking::panic_with_hook
[INFO] [stdout]    7:     0x63259ffee4d2 - std[70759c8f55707aa4]::panicking::panic_handler::{closure#0}
[INFO] [stdout]    8:     0x63259ffe6f09 - std[70759c8f55707aa4]::sys::backtrace::__rust_end_short_backtrace::<std[70759c8f55707aa4]::panicking::panic_handler::{closure#0}, !>
[INFO] [stdout]    9:     0x63259ffef0cd - __rustc[8fa7c3cbc660c2b3]::rust_begin_unwind
[INFO] [stdout]   10:     0x6325a002ab7c - core[df12db4294e9bfd3]::panicking::panic_fmt
[INFO] [stdout]   11:     0x63259ff8b5ce - async_integration[9b6db3a179eef63]::common::build_seed
[INFO] [stdout]   12:     0x63259ff8fb21 - <std[70759c8f55707aa4]::sync::once::Once>::call_once_force::<<std[70759c8f55707aa4]::sync::once_lock::OnceLock<async_integration[9b6db3a179eef63]::common::SeedArtifacts>>::initialize<<std[70759c8f55707aa4]::sync::once_lock::OnceLock<async_integration[9b6db3a179eef63]::common::SeedArtifacts>>::get_or_init<async_integration[9b6db3a179eef63]::common::tokio_seed::{closure#0}>::{closure#0}, !>::{closure#0}>::{closure#0}
[INFO] [stdout]   13:     0x63259fff4069 - <std[70759c8f55707aa4]::sys::sync::once::futex::Once>::call
[INFO] [stdout]   14:     0x63259ff8dd11 - <std[70759c8f55707aa4]::sync::once_lock::OnceLock<async_integration[9b6db3a179eef63]::common::SeedArtifacts>>::initialize::<<std[70759c8f55707aa4]::sync::once_lock::OnceLock<async_integration[9b6db3a179eef63]::common::SeedArtifacts>>::get_or_init<async_integration[9b6db3a179eef63]::common::tokio_seed::{closure#0}>::{closure#0}, !>
[INFO] [stdout]   15:     0x63259ff86499 - <async_integration[9b6db3a179eef63]::impl_future_self_time_attribution::{closure#0} as core[df12db4294e9bfd3]::ops::function::FnOnce<()>>::call_once
[INFO] [stdout]   16:     0x63259ff994db - test[9d35eded1c95d3be]::__rust_begin_short_backtrace::<core[df12db4294e9bfd3]::result::Result<(), alloc[2182bb758b4b3781]::string::String>, fn() -> core[df12db4294e9bfd3]::result::Result<(), alloc[2182bb758b4b3781]::string::String>>
[INFO] [stdout]   17:     0x63259ffa6b45 - test[9d35eded1c95d3be]::run_test::{closure#0}
[INFO] [stdout]   18:     0x63259ffa0404 - std[70759c8f55707aa4]::sys::backtrace::__rust_begin_short_backtrace::<test[9d35eded1c95d3be]::run_test::{closure#1}, ()>
[INFO] [stdout]   19:     0x63259ffa9ca2 - <std[70759c8f55707aa4]::thread::lifecycle::spawn_unchecked<test[9d35eded1c95d3be]::run_test::{closure#1}, ()>::{closure#1} as core[df12db4294e9bfd3]::ops::function::FnOnce<()>>::call_once::{shim:vtable#0}
[INFO] [stdout]   20:     0x6325a0013e29 - <std[70759c8f55707aa4]::sys::thread::unix::Thread>::new::thread_start
[INFO] [stdout]   21:     0x70662cbdcdfa - <unknown>
[INFO] [stdout]   22:     0x70662cc703d4 - clone
[INFO] [stdout]   23:                0x0 - <unknown>
[INFO] [stdout] 
[INFO] [stdout] ---- async_alloc_tracking_pipeline stdout ----
[INFO] [stdout] 
[INFO] [stdout] thread 'async_alloc_tracking_pipeline' (3756) panicked at tests/common/mod.rs:322:5:
[INFO] [stdout] seed build failed for tokio-seed:
[INFO] [stdout] stderr: found 2 function(s) across 1 file(s)
[INFO] [stdout]   main.rs:
[INFO] [stdout]     main
[INFO] [stdout]     seed_fn
[INFO] [stdout] pre-building piano-runtime...
[INFO] [stdout] error: failed to canonicalize /opt/rustwide/workdir/piano-runtime: No such file or directory (os error 2)
[INFO] [stdout] 
[INFO] [stdout] stdout: 
[INFO] [stdout] stack backtrace:
[INFO] [stdout]    0:     0x6325a0014b71 - <<std[70759c8f55707aa4]::sys::backtrace::BacktraceLock>::print::DisplayBacktrace as core[df12db4294e9bfd3]::fmt::Display>::fmt
[INFO] [stdout]    1:     0x6325a002a44a - core[df12db4294e9bfd3]::fmt::write
[INFO] [stdout]    2:     0x6325a00192dc - <alloc[2182bb758b4b3781]::vec::Vec<u8> as core[df12db4294e9bfd3]::io::write::Write>::write_fmt
[INFO] [stdout]    3:     0x63259ffee426 - std[70759c8f55707aa4]::panicking::default_hook::{closure#0}
[INFO] [stdout]    4:     0x6325a000b759 - std[70759c8f55707aa4]::panicking::default_hook
[INFO] [stdout]    5:     0x63259ffa61f0 - test[9d35eded1c95d3be]::test_main_inner::<test[9d35eded1c95d3be]::test_main_static::{closure#0}>::{closure#0}
[INFO] [stdout]    6:     0x6325a000b912 - std[70759c8f55707aa4]::panicking::panic_with_hook
[INFO] [stdout]    7:     0x63259ffee4d2 - std[70759c8f55707aa4]::panicking::panic_handler::{closure#0}
[INFO] [stdout]    8:     0x63259ffe6f09 - std[70759c8f55707aa4]::sys::backtrace::__rust_end_short_backtrace::<std[70759c8f55707aa4]::panicking::panic_handler::{closure#0}, !>
[INFO] [stdout]    9:     0x63259ffef0cd - __rustc[8fa7c3cbc660c2b3]::rust_begin_unwind
[INFO] [stdout]   10:     0x6325a002ab7c - core[df12db4294e9bfd3]::panicking::panic_fmt
[INFO] [stdout]   11:     0x63259ff8b5ce - async_integration[9b6db3a179eef63]::common::build_seed
[INFO] [stdout]   12:     0x63259ff8fb21 - <std[70759c8f55707aa4]::sync::once::Once>::call_once_force::<<std[70759c8f55707aa4]::sync::once_lock::OnceLock<async_integration[9b6db3a179eef63]::common::SeedArtifacts>>::initialize<<std[70759c8f55707aa4]::sync::once_lock::OnceLock<async_integration[9b6db3a179eef63]::common::SeedArtifacts>>::get_or_init<async_integration[9b6db3a179eef63]::common::tokio_seed::{closure#0}>::{closure#0}, !>::{closure#0}>::{closure#0}
[INFO] [stdout]   13:     0x63259fff4069 - <std[70759c8f55707aa4]::sys::sync::once::futex::Once>::call
[INFO] [stdout]   14:     0x63259ff8dd11 - <std[70759c8f55707aa4]::sync::once_lock::OnceLock<async_integration[9b6db3a179eef63]::common::SeedArtifacts>>::initialize::<<std[70759c8f55707aa4]::sync::once_lock::OnceLock<async_integration[9b6db3a179eef63]::common::SeedArtifacts>>::get_or_init<async_integration[9b6db3a179eef63]::common::tokio_seed::{closure#0}>::{closure#0}, !>
[INFO] [stdout]   15:     0x63259ff83c17 - <async_integration[9b6db3a179eef63]::async_alloc_tracking_pipeline::{closure#0} as core[df12db4294e9bfd3]::ops::function::FnOnce<()>>::call_once
[INFO] [stdout]   16:     0x63259ff994db - test[9d35eded1c95d3be]::__rust_begin_short_backtrace::<core[df12db4294e9bfd3]::result::Result<(), alloc[2182bb758b4b3781]::string::String>, fn() -> core[df12db4294e9bfd3]::result::Result<(), alloc[2182bb758b4b3781]::string::String>>
[INFO] [stdout]   17:     0x63259ffa6b45 - test[9d35eded1c95d3be]::run_test::{closure#0}
[INFO] [stdout]   18:     0x63259ffa0404 - std[70759c8f55707aa4]::sys::backtrace::__rust_begin_short_backtrace::<test[9d35eded1c95d3be]::run_test::{closure#1}, ()>
[INFO] [stdout]   19:     0x63259ffa9ca2 - <std[70759c8f55707aa4]::thread::lifecycle::spawn_unchecked<test[9d35eded1c95d3be]::run_test::{closure#1}, ()>::{closure#1} as core[df12db4294e9bfd3]::ops::function::FnOnce<()>>::call_once::{shim:vtable#0}
[INFO] [stdout]   20:     0x6325a0013e29 - <std[70759c8f55707aa4]::sys::thread::unix::Thread>::new::thread_start
[INFO] [stdout]   21:     0x70662cbdcdfa - <unknown>
[INFO] [stdout]   22:     0x70662cc703d4 - clone
[INFO] [stdout]   23:                0x0 - <unknown>
[INFO] [stdout] 
[INFO] [stdout] 
[INFO] [stdout] failures:
[INFO] [stdout]     async_alloc_tracking_pipeline
[INFO] [stdout]     async_main_with_return_type
[INFO] [stdout]     async_nested_select_self_time
[INFO] [stdout]     async_self_time_accuracy
[INFO] [stdout]     async_tokio_pipeline
[INFO] [stdout]     impl_future_self_time_attribution
[INFO] [stdout] 
[INFO] [stdout] test result: FAILED. 0 passed; 6 failed; 0 ignored; 0 measured; 0 filtered out; finished in 0.44s
[INFO] [stdout] 
[INFO] running `Command { std: "docker" "inspect" "b6e48cd992ac652395bf9d5adf558fac8b4d7542123f924f361fb3f1c83dc62c", kill_on_drop: false }`
[INFO] running `Command { std: "docker" "rm" "-f" "b6e48cd992ac652395bf9d5adf558fac8b4d7542123f924f361fb3f1c83dc62c", kill_on_drop: false }`
[INFO] [stdout] b6e48cd992ac652395bf9d5adf558fac8b4d7542123f924f361fb3f1c83dc62c
