[INFO] fetching crate phylodm 3.2.0...
[INFO] testing phylodm-3.2.0 against 1.99.0-beta.8+cargoflags=--release for beta-release-1.100-2
[INFO] extracting crate phylodm 3.2.0 into /workspace/builds/worker-7-tc1/source
[INFO] removed /workspace/builds/worker-7-tc1/source/.cargo/config.toml
[INFO] started tweaking crates.io crate phylodm 3.2.0
[INFO] removed 0 missing tests
[INFO] finished tweaking crates.io crate phylodm 3.2.0
[INFO] tweaked toml for crates.io crate phylodm 3.2.0 written to /workspace/builds/worker-7-tc1/source/Cargo.toml
[INFO] validating manifest of crates.io crate phylodm 3.2.0 on toolchain 1.99.0-beta.8
[INFO] running `Command { std: CARGO_HOME="/workspace/cargo-home" RUSTUP_HOME="/workspace/rustup-home" "/workspace/cargo-home/bin/cargo" "+1.99.0-beta.8" "metadata" "--manifest-path" "Cargo.toml" "--no-deps", kill_on_drop: false }`
[INFO] crate crates.io crate phylodm 3.2.0 already has a lockfile, it will not be regenerated
[INFO] running `Command { std: CARGO_HOME="/workspace/cargo-home" RUSTUP_HOME="/workspace/rustup-home" "/workspace/cargo-home/bin/cargo" "+1.99.0-beta.8" "fetch" "--manifest-path" "Cargo.toml", kill_on_drop: false }`
[INFO] [stderr]     Updating crates.io index
[INFO] [stderr]  Downloading crates ...
[INFO] [stderr]   Downloaded roxmltree v0.19.0
[INFO] [stderr]   Downloaded random_color v0.8.0
[INFO] [stderr]   Downloaded getopt v1.1.7
[INFO] [stderr]   Downloaded numpy v0.21.0
[INFO] [stderr]   Downloaded svg v0.15.1
[INFO] [stderr]   Downloaded regex v1.11.0
[INFO] [stderr]   Downloaded light_phylogeny v2.4.1
[INFO] running `Command { std: "docker" "create" "-v" "/var/lib/crater-agent-workspace/builds/worker-7-tc1/source:/opt/rustwide/workdir:ro,Z" "-v" "/var/lib/crater-agent-workspace/builds/worker-7-tc1/target:/opt/rustwide/target:rw,Z" "-v" "/var/lib/crater-agent-workspace/cargo-home:/opt/rustwide/cargo-home:ro,Z" "-v" "/var/lib/crater-agent-workspace/rustup-home:/opt/rustwide/rustup-home:ro,Z" "-m" "1610612736" "--network" "none" "ghcr.io/rust-lang/crates-build-env/linux@sha256:77db811e55d90add9212f6832c23229e3de5f1c1f9905e8cb07319ea15df73ac" "sleep" "infinity", kill_on_drop: false }`
[INFO] [stdout] 9902a62eaaa7734c8ddc6e1aac058bba53ac7f33518263493ba0ea137185b8f6
[INFO] running `Command { std: "docker" "start" "9902a62eaaa7734c8ddc6e1aac058bba53ac7f33518263493ba0ea137185b8f6", kill_on_drop: false }`
[INFO] running `Command { std: "docker" "inspect" "9902a62eaaa7734c8ddc6e1aac058bba53ac7f33518263493ba0ea137185b8f6", kill_on_drop: false }`
[INFO] running `Command { std: "docker" "exec" "-e" "SOURCE_DIR=/opt/rustwide/workdir" "-e" "CARGO_HOME=/opt/rustwide/cargo-home" "-e" "RUSTUP_HOME=/opt/rustwide/rustup-home" "-e" "CARGO_TARGET_DIR=/opt/rustwide/target" "-w" "/opt/rustwide/workdir" "--user" "0:0" "9902a62eaaa7734c8ddc6e1aac058bba53ac7f33518263493ba0ea137185b8f6" "/opt/rustwide/cargo-home/bin/cargo" "+1.99.0-beta.8" "metadata" "--no-deps" "--format-version=1", kill_on_drop: false }`
[INFO] running `Command { std: "docker" "inspect" "9902a62eaaa7734c8ddc6e1aac058bba53ac7f33518263493ba0ea137185b8f6", kill_on_drop: false }`
[INFO] running `Command { std: "docker" "exec" "-e" "SOURCE_DIR=/opt/rustwide/workdir" "-e" "CARGO_HOME=/opt/rustwide/cargo-home" "-e" "RUSTUP_HOME=/opt/rustwide/rustup-home" "-e" "CARGO_TARGET_DIR=/opt/rustwide/target" "-e" "CARGO_INCREMENTAL=0" "-e" "RUST_BACKTRACE=full" "-e" "RUSTFLAGS=--cap-lints=warn" "-e" "RUSTDOCFLAGS=--cap-lints=warn" "-w" "/opt/rustwide/workdir" "--user" "0:0" "9902a62eaaa7734c8ddc6e1aac058bba53ac7f33518263493ba0ea137185b8f6" "/opt/rustwide/cargo-home/bin/cargo" "+1.99.0-beta.8" "build" "--frozen" "--message-format=json" "--release", kill_on_drop: false }`
[INFO] [stderr]    Compiling proc-macro2 v1.0.87
[INFO] [stderr]    Compiling unicode-ident v1.0.13
[INFO] [stderr]    Compiling libc v0.2.159
[INFO] [stderr]    Compiling autocfg v1.4.0
[INFO] [stderr]    Compiling version_check v0.9.5
[INFO] [stderr]    Compiling cfg-if v1.0.0
[INFO] [stderr]    Compiling syn v1.0.109
[INFO] [stderr]    Compiling byteorder v1.5.0
[INFO] [stderr]    Compiling memchr v2.7.4
[INFO] [stderr]    Compiling regex-syntax v0.8.5
[INFO] [stderr]    Compiling unicode-segmentation v1.12.0
[INFO] [stderr]    Compiling utf8parse v0.2.2
[INFO] [stderr]    Compiling unicode-width v0.1.14
[INFO] [stderr]    Compiling is_terminal_polyfill v1.70.1
[INFO] [stderr]    Compiling colorchoice v1.0.2
[INFO] [stderr]    Compiling anstyle-query v1.1.1
[INFO] [stderr]    Compiling anstyle v1.0.8
[INFO] [stderr]    Compiling vec_map v0.8.2
[INFO] [stderr]    Compiling strsim v0.8.0
[INFO] [stderr]    Compiling bitflags v1.3.2
[INFO] [stderr]    Compiling log v0.4.22
[INFO] [stderr]    Compiling anstyle-parse v0.2.5
[INFO] [stderr]    Compiling ansi_term v0.12.1
[INFO] [stderr]    Compiling humantime v2.1.0
[INFO] [stderr]    Compiling textwrap v0.11.0
[INFO] [stderr]    Compiling lazy_static v1.5.0
[INFO] [stderr]    Compiling proc-macro-error-attr v1.0.4
[INFO] [stderr]    Compiling proc-macro-error v1.0.4
[INFO] [stderr]    Compiling rawpointer v0.2.1
[INFO] [stderr]    Compiling getopt v1.1.7
[INFO] [stderr]    Compiling anstream v0.6.15
[INFO] [stderr]    Compiling svg v0.15.1
[INFO] [stderr]    Compiling roxmltree v0.19.0
[INFO] [stderr]    Compiling num-traits v0.2.19
[INFO] [stderr]    Compiling matrixmultiply v0.3.9
[INFO] [stderr]    Compiling either v1.13.0
[INFO] [stderr]    Compiling heck v0.3.3
[INFO] [stderr]    Compiling itertools v0.13.0
[INFO] [stderr]    Compiling quote v1.0.37
[INFO] [stderr]    Compiling aho-corasick v1.1.3
[INFO] [stderr]    Compiling syn v2.0.79
[INFO] [stderr]    Compiling getrandom v0.2.15
[INFO] [stderr]    Compiling atty v0.2.14
[INFO] [stderr]    Compiling rand_core v0.6.4
[INFO] [stderr]    Compiling clap v2.34.0
[INFO] [stderr]    Compiling num-integer v0.1.46
[INFO] [stderr]    Compiling num-complex v0.4.6
[INFO] [stderr]    Compiling ndarray v0.15.6
[INFO] [stderr]    Compiling regex-automata v0.4.8
[INFO] [stderr]    Compiling zerocopy-derive v0.7.35
[INFO] [stderr]    Compiling derive_more-impl v1.0.0
[INFO] [stderr]    Compiling zerocopy v0.7.35
[INFO] [stderr]    Compiling derive_more v1.0.0
[INFO] [stderr]    Compiling ppv-lite86 v0.2.20
[INFO] [stderr]    Compiling rand_chacha v0.3.1
[INFO] [stderr]    Compiling structopt-derive v0.4.18
[INFO] [stderr]    Compiling rand v0.8.5
[INFO] [stderr]    Compiling structopt v0.3.26
[INFO] [stderr]    Compiling regex v1.11.0
[INFO] [stderr]    Compiling random_color v0.8.0
[INFO] [stderr]    Compiling env_filter v0.1.2
[INFO] [stderr]    Compiling env_logger v0.11.5
[INFO] [stderr]    Compiling light_phylogeny v2.4.1
[INFO] [stderr]    Compiling phylodm v3.2.0 (/opt/rustwide/workdir)
[INFO] [stderr]     Finished `release` profile [optimized] target(s) in 50.26s
[INFO] running `Command { std: "docker" "inspect" "9902a62eaaa7734c8ddc6e1aac058bba53ac7f33518263493ba0ea137185b8f6", kill_on_drop: false }`
[INFO] running `Command { std: "docker" "exec" "-e" "SOURCE_DIR=/opt/rustwide/workdir" "-e" "CARGO_HOME=/opt/rustwide/cargo-home" "-e" "RUSTUP_HOME=/opt/rustwide/rustup-home" "-e" "CARGO_TARGET_DIR=/opt/rustwide/target" "-e" "CARGO_INCREMENTAL=0" "-e" "RUST_BACKTRACE=full" "-e" "RUSTFLAGS=--cap-lints=warn" "-e" "RUSTDOCFLAGS=--cap-lints=warn" "-w" "/opt/rustwide/workdir" "--user" "0:0" "9902a62eaaa7734c8ddc6e1aac058bba53ac7f33518263493ba0ea137185b8f6" "/opt/rustwide/cargo-home/bin/cargo" "+1.99.0-beta.8" "test" "--frozen" "--no-run" "--message-format=json" "--release", kill_on_drop: false }`
[INFO] [stderr]    Compiling phylodm v3.2.0 (/opt/rustwide/workdir)
[INFO] [stderr]     Finished `release` profile [optimized] target(s) in 21.29s
[INFO] running `Command { std: "docker" "inspect" "9902a62eaaa7734c8ddc6e1aac058bba53ac7f33518263493ba0ea137185b8f6", kill_on_drop: false }`
[INFO] running `Command { std: "docker" "exec" "-e" "SOURCE_DIR=/opt/rustwide/workdir" "-e" "CARGO_HOME=/opt/rustwide/cargo-home" "-e" "RUSTUP_HOME=/opt/rustwide/rustup-home" "-e" "CARGO_TARGET_DIR=/opt/rustwide/target" "-e" "CARGO_INCREMENTAL=0" "-e" "RUST_BACKTRACE=full" "-e" "RUSTFLAGS=--cap-lints=warn" "-e" "RUSTDOCFLAGS=--cap-lints=warn" "-w" "/opt/rustwide/workdir" "--user" "0:0" "9902a62eaaa7734c8ddc6e1aac058bba53ac7f33518263493ba0ea137185b8f6" "/opt/rustwide/cargo-home/bin/cargo" "+1.99.0-beta.8" "test" "--frozen" "--release", kill_on_drop: false }`
[INFO] [stderr]     Finished `release` profile [optimized] target(s) in 0.09s
[INFO] [stderr]      Running unittests src/lib.rs (/opt/rustwide/target/release/deps/phylodm-adfa322a35fc4269)
[INFO] [stdout] 
[INFO] [stdout] running 7 tests
[INFO] [stdout] test util::test_row_idx_from_mat_coords ... ok
[INFO] [stdout] test util::test_row_vec_size_from_mat_size ... ok
[INFO] [stdout] test util::test_argsort_vec ... ok
[INFO] [stdout] test util::test_mat_size_from_row_vec_size ... ok
[INFO] [stdout] test util::test_create_row_vec_from_mat_dims ... ok
[INFO] [stdout] test util::test_row_vec_to_symmat ... ok
[INFO] [stdout] test util::test_row_vec_to_arr_idx ... ok
[INFO] [stdout] 
[INFO] [stdout] test result: ok. 7 passed; 0 failed; 0 ignored; 0 measured; 0 filtered out; finished in 0.14s
[INFO] [stdout] 
[INFO] [stderr]      Running unittests src/main.rs (/opt/rustwide/target/release/deps/phylodm-e05641c3cbda60c8)
[INFO] [stdout] 
[INFO] [stdout] running 0 tests
[INFO] [stdout] 
[INFO] [stdout] test result: ok. 0 passed; 0 failed; 0 ignored; 0 measured; 0 filtered out; finished in 0.00s
[INFO] [stdout] 
[INFO] [stderr]      Running tests/tree.rs (/opt/rustwide/target/release/deps/tree-9507c3d00d0f5aa3)
[INFO] [stdout] 
[INFO] [stdout] running 6 tests
[INFO] [stdout] test tests::test_set_lengths ... ok
[INFO] [stdout] test tests::test_get_nearest_taxa ... ok
[INFO] [stdout] test tests::test_tree ... ok
[INFO] [stdout] test tests::test_tree_dm_twice ... ok
[INFO] [stdout] test tests::test_update_edge_lengths ... ok
[INFO] [stdout] test tests::test_tree_norm ... ok
[INFO] [stdout] 
[INFO] [stdout] test result: ok. 6 passed; 0 failed; 0 ignored; 0 measured; 0 filtered out; finished in 0.07s
[INFO] [stdout] 
[INFO] [stderr]      Running tests/util.rs (/opt/rustwide/target/release/deps/util-fbc9c984f1e93d79)
[INFO] [stdout] 
[INFO] [stdout] running 1 test
[INFO] [stdout] test test_integration ... ok
[INFO] [stdout] 
[INFO] [stdout] test result: ok. 1 passed; 0 failed; 0 ignored; 0 measured; 0 filtered out; finished in 0.00s
[INFO] [stdout] 
[INFO] [stderr]    Doc-tests phylodm
[INFO] [stdout] 
[INFO] [stdout] running 12 tests
[INFO] [stdout] test src/util.rs - util::create_row_vec_from_mat_dims (line 77) ... FAILED
[INFO] [stdout] test src/util.rs - util::mat_size_from_row_vec_size (line 104) ... FAILED
[INFO] [stdout] test src/tree/types.rs - tree::types::NodeDepth (line 32) ... FAILED
[INFO] [stdout] test src/util.rs - util::argsort_vec (line 198) ... ok
[INFO] [stdout] test src/util.rs - util::row_vec_size_from_mat_size (line 50) ... ok
[INFO] [stdout] test src/util.rs - util::row_vec_to_arr_idx (line 167) ... ok
[INFO] [stdout] test src/util.rs - util::row_vec_to_symmat (line 129) ... ok
[INFO] [stdout] test src/tree/types.rs - tree::types::Edge (line 21) ... ok
[INFO] [stdout] test src/tree/types.rs - tree::types::Taxon (line 43) ... ok
[INFO] [stdout] test src/tree/types.rs - tree::types::NodeId (line 10) ... ok
[INFO] [stdout] test src/pdm.rs - pdm::PDM (line 18) ... ok
[INFO] [stdout] test src/util.rs - util::row_idx_from_mat_coords (line 13) ... ok
[INFO] [stdout] 
[INFO] [stdout] failures:
[INFO] [stdout] 
[INFO] [stdout] ---- src/util.rs - util::create_row_vec_from_mat_dims (line 77) stdout ----
[INFO] [stdout] Couldn't compile the test.
[INFO] [stdout] ---- src/util.rs - util::mat_size_from_row_vec_size (line 104) stdout ----
[INFO] [stdout] Couldn't compile the test.
[INFO] [stdout] ---- src/tree/types.rs - tree::types::NodeDepth (line 32) stdout ----
[INFO] [stdout] Couldn't compile the test.
[INFO] [stdout] 
[INFO] [stdout] failures:
[INFO] [stdout]     src/tree/types.rs - tree::types::NodeDepth (line 32)
[INFO] [stdout]     src/util.rs - util::create_row_vec_from_mat_dims (line 77)
[INFO] [stdout]     src/util.rs - util::mat_size_from_row_vec_size (line 104)
[INFO] [stdout] 
[INFO] [stdout] test result: FAILED. 9 passed; 3 failed; 0 ignored; 0 measured; 0 filtered out; finished in 18.85s
[INFO] [stdout] 
[INFO] [stderr] error: doctest failed, to rerun pass `--doc`
[INFO] running `Command { std: "docker" "inspect" "9902a62eaaa7734c8ddc6e1aac058bba53ac7f33518263493ba0ea137185b8f6", kill_on_drop: false }`
[INFO] running `Command { std: "docker" "rm" "-f" "9902a62eaaa7734c8ddc6e1aac058bba53ac7f33518263493ba0ea137185b8f6", kill_on_drop: false }`
[INFO] [stdout] 9902a62eaaa7734c8ddc6e1aac058bba53ac7f33518263493ba0ea137185b8f6
