[INFO] fetching crate php-parser-rs 0.1.3...
[INFO] testing php-parser-rs-0.1.3 against 1.100.0-beta.1+cargoflags=--release for beta-release-1.100-2
[INFO] extracting crate php-parser-rs 0.1.3 into /workspace/builds/worker-2-tc2/source
[INFO] started tweaking crates.io crate php-parser-rs 0.1.3
[INFO] finished tweaking crates.io crate php-parser-rs 0.1.3
[INFO] tweaked toml for crates.io crate php-parser-rs 0.1.3 written to /workspace/builds/worker-2-tc2/source/Cargo.toml
[INFO] validating manifest of crates.io crate php-parser-rs 0.1.3 on toolchain 1.100.0-beta.1
[INFO] running `Command { std: CARGO_HOME="/workspace/cargo-home" RUSTUP_HOME="/workspace/rustup-home" "/workspace/cargo-home/bin/cargo" "+1.100.0-beta.1" "metadata" "--manifest-path" "Cargo.toml" "--no-deps", kill_on_drop: false }`
[INFO] crate crates.io crate php-parser-rs 0.1.3 already has a lockfile, it will not be regenerated
[INFO] running `Command { std: CARGO_HOME="/workspace/cargo-home" RUSTUP_HOME="/workspace/rustup-home" "/workspace/cargo-home/bin/cargo" "+1.100.0-beta.1" "fetch" "--manifest-path" "Cargo.toml", kill_on_drop: false }`
[INFO] [stderr]     Blocking waiting for file lock on package cache
[INFO] running `Command { std: "docker" "create" "-v" "/var/lib/crater-agent-workspace/builds/worker-2-tc2/source:/opt/rustwide/workdir:ro,Z" "-v" "/var/lib/crater-agent-workspace/builds/worker-2-tc2/target:/opt/rustwide/target:rw,Z" "-v" "/var/lib/crater-agent-workspace/cargo-home:/opt/rustwide/cargo-home:ro,Z" "-v" "/var/lib/crater-agent-workspace/rustup-home:/opt/rustwide/rustup-home:ro,Z" "-m" "1610612736" "--network" "none" "ghcr.io/rust-lang/crates-build-env/linux@sha256:77db811e55d90add9212f6832c23229e3de5f1c1f9905e8cb07319ea15df73ac" "sleep" "infinity", kill_on_drop: false }`
[INFO] [stdout] 03045b690251e841a6acc6b5688913c7f543b0ad4ad61ea52a91d3032b1a96f1
[INFO] running `Command { std: "docker" "start" "03045b690251e841a6acc6b5688913c7f543b0ad4ad61ea52a91d3032b1a96f1", kill_on_drop: false }`
[INFO] running `Command { std: "docker" "inspect" "03045b690251e841a6acc6b5688913c7f543b0ad4ad61ea52a91d3032b1a96f1", kill_on_drop: false }`
[INFO] running `Command { std: "docker" "exec" "-e" "SOURCE_DIR=/opt/rustwide/workdir" "-e" "CARGO_HOME=/opt/rustwide/cargo-home" "-e" "RUSTUP_HOME=/opt/rustwide/rustup-home" "-e" "CARGO_TARGET_DIR=/opt/rustwide/target" "-w" "/opt/rustwide/workdir" "--user" "0:0" "03045b690251e841a6acc6b5688913c7f543b0ad4ad61ea52a91d3032b1a96f1" "/opt/rustwide/cargo-home/bin/cargo" "+1.100.0-beta.1" "metadata" "--no-deps" "--format-version=1", kill_on_drop: false }`
[INFO] running `Command { std: "docker" "inspect" "03045b690251e841a6acc6b5688913c7f543b0ad4ad61ea52a91d3032b1a96f1", kill_on_drop: false }`
[INFO] running `Command { std: "docker" "exec" "-e" "SOURCE_DIR=/opt/rustwide/workdir" "-e" "CARGO_HOME=/opt/rustwide/cargo-home" "-e" "RUSTUP_HOME=/opt/rustwide/rustup-home" "-e" "CARGO_TARGET_DIR=/opt/rustwide/target" "-e" "CARGO_INCREMENTAL=0" "-e" "RUST_BACKTRACE=full" "-e" "RUSTFLAGS=--cap-lints=warn" "-e" "RUSTDOCFLAGS=--cap-lints=warn" "-w" "/opt/rustwide/workdir" "--user" "0:0" "03045b690251e841a6acc6b5688913c7f543b0ad4ad61ea52a91d3032b1a96f1" "/opt/rustwide/cargo-home/bin/cargo" "+1.100.0-beta.1" "build" "--frozen" "--message-format=json" "--release", kill_on_drop: false }`
[INFO] [stderr]    Compiling proc-macro2 v1.0.49
[INFO] [stderr]    Compiling quote v1.0.23
[INFO] [stderr]    Compiling unicode-ident v1.0.6
[INFO] [stderr]    Compiling syn v1.0.107
[INFO] [stderr]    Compiling version_check v0.9.4
[INFO] [stderr]    Compiling libc v0.2.139
[INFO] [stderr]    Compiling serde_derive v1.0.151
[INFO] [stderr]    Compiling io-lifetimes v1.0.3
[INFO] [stderr]    Compiling serde v1.0.151
[INFO] [stderr]    Compiling rustix v0.36.5
[INFO] [stderr]    Compiling serde_json v1.0.91
[INFO] [stderr]    Compiling linux-raw-sys v0.1.4
[INFO] [stderr]    Compiling bitflags v1.3.2
[INFO] [stderr]    Compiling schemars v0.8.11
[INFO] [stderr]    Compiling heck v0.4.0
[INFO] [stderr]    Compiling ryu v1.0.12
[INFO] [stderr]    Compiling os_str_bytes v6.4.1
[INFO] [stderr]    Compiling itoa v1.0.5
[INFO] [stderr]    Compiling strsim v0.10.0
[INFO] [stderr]    Compiling dyn-clone v1.0.10
[INFO] [stderr]    Compiling yansi v0.5.1
[INFO] [stderr]    Compiling once_cell v1.16.0
[INFO] [stderr]    Compiling termcolor v1.1.3
[INFO] [stderr]    Compiling ariadne v0.1.5
[INFO] [stderr]    Compiling clap_lex v0.3.0
[INFO] [stderr]    Compiling proc-macro-error-attr v1.0.4
[INFO] [stderr]    Compiling proc-macro-error v1.0.4
[INFO] [stderr]    Compiling is-terminal v0.4.2
[INFO] [stderr]    Compiling serde_derive_internals v0.26.0
[INFO] [stderr]    Compiling clap_derive v4.0.21
[INFO] [stderr]    Compiling schemars_derive v0.8.11
[INFO] [stderr]    Compiling clap v4.0.32
[INFO] [stderr]    Compiling php-parser-rs v0.1.3 (/opt/rustwide/workdir)
[INFO] [stdout] warning: unnecessary parentheses around type
[INFO] [stdout]    --> src/parser/internal/utils.rs:110:12
[INFO] [stdout]     |
[INFO] [stdout] 110 |     func: &(dyn Fn(&mut State) -> ParseResult<T>),
[INFO] [stdout]     |            ^                                    ^
[INFO] [stdout]     |
[INFO] [stdout]     = note: `#[warn(unused_parens)]` (part of `#[warn(unused)]`) on by default
[INFO] [stdout] help: remove these parentheses
[INFO] [stdout]     |
[INFO] [stdout] 110 -     func: &(dyn Fn(&mut State) -> ParseResult<T>),
[INFO] [stdout] 110 +     func: &dyn Fn(&mut State) -> ParseResult<T>,
[INFO] [stdout]     |
[INFO] [stdout] 
[INFO] [stdout] 
[INFO] [stdout] warning: unnecessary parentheses around type
[INFO] [stdout]    --> src/parser/internal/utils.rs:125:12
[INFO] [stdout]     |
[INFO] [stdout] 125 |     func: &(dyn Fn(&mut State) -> ParseResult<T>),
[INFO] [stdout]     |            ^                                    ^
[INFO] [stdout]     |
[INFO] [stdout] help: remove these parentheses
[INFO] [stdout]     |
[INFO] [stdout] 125 -     func: &(dyn Fn(&mut State) -> ParseResult<T>),
[INFO] [stdout] 125 +     func: &dyn Fn(&mut State) -> ParseResult<T>,
[INFO] [stdout]     |
[INFO] [stdout] 
[INFO] [stdout] 
[INFO] [stdout] warning: unnecessary parentheses around type
[INFO] [stdout]    --> src/parser/internal/utils.rs:136:12
[INFO] [stdout]     |
[INFO] [stdout] 136 |     func: &(dyn Fn(&mut State) -> ParseResult<T>),
[INFO] [stdout]     |            ^                                    ^
[INFO] [stdout]     |
[INFO] [stdout] help: remove these parentheses
[INFO] [stdout]     |
[INFO] [stdout] 136 -     func: &(dyn Fn(&mut State) -> ParseResult<T>),
[INFO] [stdout] 136 +     func: &dyn Fn(&mut State) -> ParseResult<T>,
[INFO] [stdout]     |
[INFO] [stdout] 
[INFO] [stdout] 
[INFO] [stdout] warning: unnecessary parentheses around type
[INFO] [stdout]    --> src/parser/internal/utils.rs:146:12
[INFO] [stdout]     |
[INFO] [stdout] 146 |     func: &(dyn Fn(&mut State) -> ParseResult<T>),
[INFO] [stdout]     |            ^                                    ^
[INFO] [stdout]     |
[INFO] [stdout] help: remove these parentheses
[INFO] [stdout]     |
[INFO] [stdout] 146 -     func: &(dyn Fn(&mut State) -> ParseResult<T>),
[INFO] [stdout] 146 +     func: &dyn Fn(&mut State) -> ParseResult<T>,
[INFO] [stdout]     |
[INFO] [stdout] 
[INFO] [stdout] 
[INFO] [stdout] warning: unnecessary parentheses around type
[INFO] [stdout]    --> src/parser/internal/utils.rs:174:12
[INFO] [stdout]     |
[INFO] [stdout] 174 |     func: &(dyn Fn(&mut State) -> ParseResult<T>),
[INFO] [stdout]     |            ^                                    ^
[INFO] [stdout]     |
[INFO] [stdout] help: remove these parentheses
[INFO] [stdout]     |
[INFO] [stdout] 174 -     func: &(dyn Fn(&mut State) -> ParseResult<T>),
[INFO] [stdout] 174 +     func: &dyn Fn(&mut State) -> ParseResult<T>,
[INFO] [stdout]     |
[INFO] [stdout] 
[INFO] [stdout] 
[INFO] [stdout] warning: unnecessary parentheses around type
[INFO] [stdout]    --> src/parser/internal/utils.rs:208:12
[INFO] [stdout]     |
[INFO] [stdout] 208 |     func: &(dyn Fn(&mut State) -> ParseResult<T>),
[INFO] [stdout]     |            ^                                    ^
[INFO] [stdout]     |
[INFO] [stdout] help: remove these parentheses
[INFO] [stdout]     |
[INFO] [stdout] 208 -     func: &(dyn Fn(&mut State) -> ParseResult<T>),
[INFO] [stdout] 208 +     func: &dyn Fn(&mut State) -> ParseResult<T>,
[INFO] [stdout]     |
[INFO] [stdout] 
[INFO] [stdout] 
[INFO] [stdout] warning: fields `2` and `3` are never read
[INFO] [stdout]   --> src/lexer/state/mod.rs:23:9
[INFO] [stdout]    |
[INFO] [stdout] 20 |     DocString(
[INFO] [stdout]    |     --------- fields in this variant
[INFO] [stdout] ...
[INFO] [stdout] 23 |         DocStringIndentationKind,
[INFO] [stdout]    |         ^^^^^^^^^^^^^^^^^^^^^^^^
[INFO] [stdout] 24 |         DocStringIndentationAmount,
[INFO] [stdout]    |         ^^^^^^^^^^^^^^^^^^^^^^^^^^
[INFO] [stdout]    |
[INFO] [stdout]    = note: `StackFrame` has a derived impl for the trait `Debug`, but this is intentionally ignored during dead code analysis
[INFO] [stdout]    = note: `#[warn(dead_code)]` (part of `#[warn(unused)]`) on by default
[INFO] [stdout] help: consider changing the fields to be of unit type to suppress this warning while preserving the field numbering, or remove the fields
[INFO] [stdout]    |
[INFO] [stdout] 23 ~         (),
[INFO] [stdout] 24 ~         (),
[INFO] [stdout]    |
[INFO] [stdout] 
[INFO] [stdout] 
[INFO] [stdout] warning: hiding a lifetime that's named elsewhere is confusing
[INFO] [stdout]   --> src/lexer/stream.rs:68:40
[INFO] [stdout]    |
[INFO] [stdout] 68 |     pub fn new(tokens: &'a [Token]) -> TokenStream {
[INFO] [stdout]    |                         --             ^^^^^^^^^^^ the same lifetime is hidden here
[INFO] [stdout]    |                         |
[INFO] [stdout]    |                         the lifetime is named here
[INFO] [stdout]    |
[INFO] [stdout]    = help: the same lifetime is referred to in inconsistent ways, making the signature confusing
[INFO] [stdout]    = note: `#[warn(mismatched_lifetime_syntaxes)]` on by default
[INFO] [stdout] help: consistently use `'a`
[INFO] [stdout]    |
[INFO] [stdout] 68 |     pub fn new(tokens: &'a [Token]) -> TokenStream<'a> {
[INFO] [stdout]    |                                                   ++++
[INFO] [stdout] 
[INFO] [stdout] 
[INFO] [stderr]     Finished `release` profile [optimized] target(s) in 1m 20s
[INFO] running `Command { std: "docker" "inspect" "03045b690251e841a6acc6b5688913c7f543b0ad4ad61ea52a91d3032b1a96f1", kill_on_drop: false }`
[INFO] running `Command { std: "docker" "exec" "-e" "SOURCE_DIR=/opt/rustwide/workdir" "-e" "CARGO_HOME=/opt/rustwide/cargo-home" "-e" "RUSTUP_HOME=/opt/rustwide/rustup-home" "-e" "CARGO_TARGET_DIR=/opt/rustwide/target" "-e" "CARGO_INCREMENTAL=0" "-e" "RUST_BACKTRACE=full" "-e" "RUSTFLAGS=--cap-lints=warn" "-e" "RUSTDOCFLAGS=--cap-lints=warn" "-w" "/opt/rustwide/workdir" "--user" "0:0" "03045b690251e841a6acc6b5688913c7f543b0ad4ad61ea52a91d3032b1a96f1" "/opt/rustwide/cargo-home/bin/cargo" "+1.100.0-beta.1" "test" "--frozen" "--no-run" "--message-format=json" "--release", kill_on_drop: false }`
[INFO] [stderr]    Compiling linux-raw-sys v0.1.4
[INFO] [stderr]    Compiling bitflags v1.3.2
[INFO] [stderr]    Compiling yansi v0.5.1
[INFO] [stderr]    Compiling itoa v1.0.5
[INFO] [stderr]    Compiling os_str_bytes v6.4.1
[INFO] [stderr]    Compiling ryu v1.0.12
[INFO] [stderr]    Compiling libc v0.2.139
[INFO] [stderr]    Compiling once_cell v1.16.0
[INFO] [stderr]    Compiling strsim v0.10.0
[INFO] [stderr]    Compiling termcolor v1.1.3
[INFO] [stderr]    Compiling serde v1.0.151
[INFO] [stderr]    Compiling dyn-clone v1.0.10
[INFO] [stderr]    Compiling diff v0.1.13
[INFO] [stdout] warning: unnecessary parentheses around type
[INFO] [stdout]    --> src/parser/internal/utils.rs:110:12
[INFO] [stdout]     |
[INFO] [stdout] 110 |     func: &(dyn Fn(&mut State) -> ParseResult<T>),
[INFO] [stdout]     |            ^                                    ^
[INFO] [stdout]     |
[INFO] [stdout]     = note: `#[warn(unused_parens)]` (part of `#[warn(unused)]`) on by default
[INFO] [stdout] help: remove these parentheses
[INFO] [stdout]     |
[INFO] [stdout] 110 -     func: &(dyn Fn(&mut State) -> ParseResult<T>),
[INFO] [stdout] 110 +     func: &dyn Fn(&mut State) -> ParseResult<T>,
[INFO] [stdout]     |
[INFO] [stdout] 
[INFO] [stdout] 
[INFO] [stdout] warning: unnecessary parentheses around type
[INFO] [stdout]    --> src/parser/internal/utils.rs:125:12
[INFO] [stdout]     |
[INFO] [stdout] 125 |     func: &(dyn Fn(&mut State) -> ParseResult<T>),
[INFO] [stdout]     |            ^                                    ^
[INFO] [stdout]     |
[INFO] [stdout] help: remove these parentheses
[INFO] [stdout]     |
[INFO] [stdout] 125 -     func: &(dyn Fn(&mut State) -> ParseResult<T>),
[INFO] [stdout] 125 +     func: &dyn Fn(&mut State) -> ParseResult<T>,
[INFO] [stdout]     |
[INFO] [stdout] 
[INFO] [stdout] 
[INFO] [stdout] warning: unnecessary parentheses around type
[INFO] [stdout]    --> src/parser/internal/utils.rs:136:12
[INFO] [stdout]     |
[INFO] [stdout] 136 |     func: &(dyn Fn(&mut State) -> ParseResult<T>),
[INFO] [stdout]     |            ^                                    ^
[INFO] [stdout]     |
[INFO] [stdout] help: remove these parentheses
[INFO] [stdout]     |
[INFO] [stdout] 136 -     func: &(dyn Fn(&mut State) -> ParseResult<T>),
[INFO] [stdout] 136 +     func: &dyn Fn(&mut State) -> ParseResult<T>,
[INFO] [stdout]     |
[INFO] [stdout] 
[INFO] [stdout] 
[INFO] [stdout] warning: unnecessary parentheses around type
[INFO] [stdout]    --> src/parser/internal/utils.rs:146:12
[INFO] [stdout]     |
[INFO] [stdout] 146 |     func: &(dyn Fn(&mut State) -> ParseResult<T>),
[INFO] [stdout]     |            ^                                    ^
[INFO] [stdout]     |
[INFO] [stdout] help: remove these parentheses
[INFO] [stdout]     |
[INFO] [stdout] 146 -     func: &(dyn Fn(&mut State) -> ParseResult<T>),
[INFO] [stdout] 146 +     func: &dyn Fn(&mut State) -> ParseResult<T>,
[INFO] [stdout]     |
[INFO] [stdout] 
[INFO] [stdout] 
[INFO] [stdout] warning: unnecessary parentheses around type
[INFO] [stdout]    --> src/parser/internal/utils.rs:174:12
[INFO] [stdout]     |
[INFO] [stdout] 174 |     func: &(dyn Fn(&mut State) -> ParseResult<T>),
[INFO] [stdout]     |            ^                                    ^
[INFO] [stdout]     |
[INFO] [stdout] help: remove these parentheses
[INFO] [stdout]     |
[INFO] [stdout] 174 -     func: &(dyn Fn(&mut State) -> ParseResult<T>),
[INFO] [stdout] 174 +     func: &dyn Fn(&mut State) -> ParseResult<T>,
[INFO] [stdout]     |
[INFO] [stdout] 
[INFO] [stdout] 
[INFO] [stdout] warning: unnecessary parentheses around type
[INFO] [stdout]    --> src/parser/internal/utils.rs:208:12
[INFO] [stdout]     |
[INFO] [stdout] 208 |     func: &(dyn Fn(&mut State) -> ParseResult<T>),
[INFO] [stdout]     |            ^                                    ^
[INFO] [stdout]     |
[INFO] [stdout] help: remove these parentheses
[INFO] [stdout]     |
[INFO] [stdout] 208 -     func: &(dyn Fn(&mut State) -> ParseResult<T>),
[INFO] [stdout] 208 +     func: &dyn Fn(&mut State) -> ParseResult<T>,
[INFO] [stdout]     |
[INFO] [stdout] 
[INFO] [stdout] 
[INFO] [stdout] warning: fields `2` and `3` are never read
[INFO] [stdout]   --> src/lexer/state/mod.rs:23:9
[INFO] [stdout]    |
[INFO] [stdout] 20 |     DocString(
[INFO] [stdout]    |     --------- fields in this variant
[INFO] [stdout] ...
[INFO] [stdout] 23 |         DocStringIndentationKind,
[INFO] [stdout]    |         ^^^^^^^^^^^^^^^^^^^^^^^^
[INFO] [stdout] 24 |         DocStringIndentationAmount,
[INFO] [stdout]    |         ^^^^^^^^^^^^^^^^^^^^^^^^^^
[INFO] [stdout]    |
[INFO] [stdout]    = note: `StackFrame` has a derived impl for the trait `Debug`, but this is intentionally ignored during dead code analysis
[INFO] [stdout]    = note: `#[warn(dead_code)]` (part of `#[warn(unused)]`) on by default
[INFO] [stdout] help: consider changing the fields to be of unit type to suppress this warning while preserving the field numbering, or remove the fields
[INFO] [stdout]    |
[INFO] [stdout] 23 ~         (),
[INFO] [stdout] 24 ~         (),
[INFO] [stdout]    |
[INFO] [stdout] 
[INFO] [stdout] 
[INFO] [stdout] warning: hiding a lifetime that's named elsewhere is confusing
[INFO] [stdout]   --> src/lexer/stream.rs:68:40
[INFO] [stdout]    |
[INFO] [stdout] 68 |     pub fn new(tokens: &'a [Token]) -> TokenStream {
[INFO] [stdout]    |                         --             ^^^^^^^^^^^ the same lifetime is hidden here
[INFO] [stdout]    |                         |
[INFO] [stdout]    |                         the lifetime is named here
[INFO] [stdout]    |
[INFO] [stdout]    = help: the same lifetime is referred to in inconsistent ways, making the signature confusing
[INFO] [stdout]    = note: `#[warn(mismatched_lifetime_syntaxes)]` on by default
[INFO] [stdout] help: consistently use `'a`
[INFO] [stdout]    |
[INFO] [stdout] 68 |     pub fn new(tokens: &'a [Token]) -> TokenStream<'a> {
[INFO] [stdout]    |                                                   ++++
[INFO] [stdout] 
[INFO] [stdout] 
[INFO] [stderr]    Compiling ariadne v0.1.5
[INFO] [stderr]    Compiling pretty_assertions v1.3.0
[INFO] [stderr]    Compiling clap_lex v0.3.0
[INFO] [stderr]    Compiling io-lifetimes v1.0.3
[INFO] [stderr]    Compiling rustix v0.36.5
[INFO] [stderr]    Compiling is-terminal v0.4.2
[INFO] [stderr]    Compiling clap v4.0.32
[INFO] [stderr]    Compiling serde_json v1.0.91
[INFO] [stderr]    Compiling schemars v0.8.11
[INFO] [stderr]    Compiling php-parser-rs v0.1.3 (/opt/rustwide/workdir)
[INFO] [stdout] warning: unnecessary parentheses around type
[INFO] [stdout]    --> src/parser/internal/utils.rs:110:12
[INFO] [stdout]     |
[INFO] [stdout] 110 |     func: &(dyn Fn(&mut State) -> ParseResult<T>),
[INFO] [stdout]     |            ^                                    ^
[INFO] [stdout]     |
[INFO] [stdout]     = note: `#[warn(unused_parens)]` (part of `#[warn(unused)]`) on by default
[INFO] [stdout] help: remove these parentheses
[INFO] [stdout]     |
[INFO] [stdout] 110 -     func: &(dyn Fn(&mut State) -> ParseResult<T>),
[INFO] [stdout] 110 +     func: &dyn Fn(&mut State) -> ParseResult<T>,
[INFO] [stdout]     |
[INFO] [stdout] 
[INFO] [stdout] 
[INFO] [stdout] warning: unnecessary parentheses around type
[INFO] [stdout]    --> src/parser/internal/utils.rs:125:12
[INFO] [stdout]     |
[INFO] [stdout] 125 |     func: &(dyn Fn(&mut State) -> ParseResult<T>),
[INFO] [stdout]     |            ^                                    ^
[INFO] [stdout]     |
[INFO] [stdout] help: remove these parentheses
[INFO] [stdout]     |
[INFO] [stdout] 125 -     func: &(dyn Fn(&mut State) -> ParseResult<T>),
[INFO] [stdout] 125 +     func: &dyn Fn(&mut State) -> ParseResult<T>,
[INFO] [stdout]     |
[INFO] [stdout] 
[INFO] [stdout] 
[INFO] [stdout] warning: unnecessary parentheses around type
[INFO] [stdout]    --> src/parser/internal/utils.rs:136:12
[INFO] [stdout]     |
[INFO] [stdout] 136 |     func: &(dyn Fn(&mut State) -> ParseResult<T>),
[INFO] [stdout]     |            ^                                    ^
[INFO] [stdout]     |
[INFO] [stdout] help: remove these parentheses
[INFO] [stdout]     |
[INFO] [stdout] 136 -     func: &(dyn Fn(&mut State) -> ParseResult<T>),
[INFO] [stdout] 136 +     func: &dyn Fn(&mut State) -> ParseResult<T>,
[INFO] [stdout]     |
[INFO] [stdout] 
[INFO] [stdout] 
[INFO] [stdout] warning: unnecessary parentheses around type
[INFO] [stdout]    --> src/parser/internal/utils.rs:146:12
[INFO] [stdout]     |
[INFO] [stdout] 146 |     func: &(dyn Fn(&mut State) -> ParseResult<T>),
[INFO] [stdout]     |            ^                                    ^
[INFO] [stdout]     |
[INFO] [stdout] help: remove these parentheses
[INFO] [stdout]     |
[INFO] [stdout] 146 -     func: &(dyn Fn(&mut State) -> ParseResult<T>),
[INFO] [stdout] 146 +     func: &dyn Fn(&mut State) -> ParseResult<T>,
[INFO] [stdout]     |
[INFO] [stdout] 
[INFO] [stdout] 
[INFO] [stdout] warning: unnecessary parentheses around type
[INFO] [stdout]    --> src/parser/internal/utils.rs:174:12
[INFO] [stdout]     |
[INFO] [stdout] 174 |     func: &(dyn Fn(&mut State) -> ParseResult<T>),
[INFO] [stdout]     |            ^                                    ^
[INFO] [stdout]     |
[INFO] [stdout] help: remove these parentheses
[INFO] [stdout]     |
[INFO] [stdout] 174 -     func: &(dyn Fn(&mut State) -> ParseResult<T>),
[INFO] [stdout] 174 +     func: &dyn Fn(&mut State) -> ParseResult<T>,
[INFO] [stdout]     |
[INFO] [stdout] 
[INFO] [stdout] 
[INFO] [stdout] warning: unnecessary parentheses around type
[INFO] [stdout]    --> src/parser/internal/utils.rs:208:12
[INFO] [stdout]     |
[INFO] [stdout] 208 |     func: &(dyn Fn(&mut State) -> ParseResult<T>),
[INFO] [stdout]     |            ^                                    ^
[INFO] [stdout]     |
[INFO] [stdout] help: remove these parentheses
[INFO] [stdout]     |
[INFO] [stdout] 208 -     func: &(dyn Fn(&mut State) -> ParseResult<T>),
[INFO] [stdout] 208 +     func: &dyn Fn(&mut State) -> ParseResult<T>,
[INFO] [stdout]     |
[INFO] [stdout] 
[INFO] [stdout] 
[INFO] [stdout] warning: unnecessary parentheses around type
[INFO] [stdout]    --> src/parser/internal/utils.rs:110:12
[INFO] [stdout]     |
[INFO] [stdout] 110 |     func: &(dyn Fn(&mut State) -> ParseResult<T>),
[INFO] [stdout]     |            ^                                    ^
[INFO] [stdout]     |
[INFO] [stdout]     = note: `#[warn(unused_parens)]` (part of `#[warn(unused)]`) on by default
[INFO] [stdout] help: remove these parentheses
[INFO] [stdout]     |
[INFO] [stdout] 110 -     func: &(dyn Fn(&mut State) -> ParseResult<T>),
[INFO] [stdout] 110 +     func: &dyn Fn(&mut State) -> ParseResult<T>,
[INFO] [stdout]     |
[INFO] [stdout] 
[INFO] [stdout] 
[INFO] [stdout] warning: unnecessary parentheses around type
[INFO] [stdout]    --> src/parser/internal/utils.rs:125:12
[INFO] [stdout]     |
[INFO] [stdout] 125 |     func: &(dyn Fn(&mut State) -> ParseResult<T>),
[INFO] [stdout]     |            ^                                    ^
[INFO] [stdout]     |
[INFO] [stdout] help: remove these parentheses
[INFO] [stdout]     |
[INFO] [stdout] 125 -     func: &(dyn Fn(&mut State) -> ParseResult<T>),
[INFO] [stdout] 125 +     func: &dyn Fn(&mut State) -> ParseResult<T>,
[INFO] [stdout]     |
[INFO] [stdout] 
[INFO] [stdout] 
[INFO] [stdout] warning: unnecessary parentheses around type
[INFO] [stdout]    --> src/parser/internal/utils.rs:136:12
[INFO] [stdout]     |
[INFO] [stdout] 136 |     func: &(dyn Fn(&mut State) -> ParseResult<T>),
[INFO] [stdout]     |            ^                                    ^
[INFO] [stdout]     |
[INFO] [stdout] help: remove these parentheses
[INFO] [stdout]     |
[INFO] [stdout] 136 -     func: &(dyn Fn(&mut State) -> ParseResult<T>),
[INFO] [stdout] 136 +     func: &dyn Fn(&mut State) -> ParseResult<T>,
[INFO] [stdout]     |
[INFO] [stdout] 
[INFO] [stdout] 
[INFO] [stdout] warning: unnecessary parentheses around type
[INFO] [stdout]    --> src/parser/internal/utils.rs:146:12
[INFO] [stdout]     |
[INFO] [stdout] 146 |     func: &(dyn Fn(&mut State) -> ParseResult<T>),
[INFO] [stdout]     |            ^                                    ^
[INFO] [stdout]     |
[INFO] [stdout] help: remove these parentheses
[INFO] [stdout]     |
[INFO] [stdout] 146 -     func: &(dyn Fn(&mut State) -> ParseResult<T>),
[INFO] [stdout] 146 +     func: &dyn Fn(&mut State) -> ParseResult<T>,
[INFO] [stdout]     |
[INFO] [stdout] 
[INFO] [stdout] 
[INFO] [stdout] warning: unnecessary parentheses around type
[INFO] [stdout]    --> src/parser/internal/utils.rs:174:12
[INFO] [stdout]     |
[INFO] [stdout] 174 |     func: &(dyn Fn(&mut State) -> ParseResult<T>),
[INFO] [stdout]     |            ^                                    ^
[INFO] [stdout]     |
[INFO] [stdout] help: remove these parentheses
[INFO] [stdout]     |
[INFO] [stdout] 174 -     func: &(dyn Fn(&mut State) -> ParseResult<T>),
[INFO] [stdout] 174 +     func: &dyn Fn(&mut State) -> ParseResult<T>,
[INFO] [stdout]     |
[INFO] [stdout] 
[INFO] [stdout] 
[INFO] [stdout] warning: unnecessary parentheses around type
[INFO] [stdout]    --> src/parser/internal/utils.rs:208:12
[INFO] [stdout]     |
[INFO] [stdout] 208 |     func: &(dyn Fn(&mut State) -> ParseResult<T>),
[INFO] [stdout]     |            ^                                    ^
[INFO] [stdout]     |
[INFO] [stdout] help: remove these parentheses
[INFO] [stdout]     |
[INFO] [stdout] 208 -     func: &(dyn Fn(&mut State) -> ParseResult<T>),
[INFO] [stdout] 208 +     func: &dyn Fn(&mut State) -> ParseResult<T>,
[INFO] [stdout]     |
[INFO] [stdout] 
[INFO] [stdout] 
[INFO] [stdout] warning: fields `2` and `3` are never read
[INFO] [stdout]   --> src/lexer/state/mod.rs:23:9
[INFO] [stdout]    |
[INFO] [stdout] 20 |     DocString(
[INFO] [stdout]    |     --------- fields in this variant
[INFO] [stdout] ...
[INFO] [stdout] 23 |         DocStringIndentationKind,
[INFO] [stdout]    |         ^^^^^^^^^^^^^^^^^^^^^^^^
[INFO] [stdout] 24 |         DocStringIndentationAmount,
[INFO] [stdout]    |         ^^^^^^^^^^^^^^^^^^^^^^^^^^
[INFO] [stdout]    |
[INFO] [stdout]    = note: `StackFrame` has a derived impl for the trait `Debug`, but this is intentionally ignored during dead code analysis
[INFO] [stdout]    = note: `#[warn(dead_code)]` (part of `#[warn(unused)]`) on by default
[INFO] [stdout] help: consider changing the fields to be of unit type to suppress this warning while preserving the field numbering, or remove the fields
[INFO] [stdout]    |
[INFO] [stdout] 23 ~         (),
[INFO] [stdout] 24 ~         (),
[INFO] [stdout]    |
[INFO] [stdout] 
[INFO] [stdout] 
[INFO] [stdout] warning: hiding a lifetime that's named elsewhere is confusing
[INFO] [stdout]   --> src/lexer/stream.rs:68:40
[INFO] [stdout]    |
[INFO] [stdout] 68 |     pub fn new(tokens: &'a [Token]) -> TokenStream {
[INFO] [stdout]    |                         --             ^^^^^^^^^^^ the same lifetime is hidden here
[INFO] [stdout]    |                         |
[INFO] [stdout]    |                         the lifetime is named here
[INFO] [stdout]    |
[INFO] [stdout]    = help: the same lifetime is referred to in inconsistent ways, making the signature confusing
[INFO] [stdout]    = note: `#[warn(mismatched_lifetime_syntaxes)]` on by default
[INFO] [stdout] help: consistently use `'a`
[INFO] [stdout]    |
[INFO] [stdout] 68 |     pub fn new(tokens: &'a [Token]) -> TokenStream<'a> {
[INFO] [stdout]    |                                                   ++++
[INFO] [stdout] 
[INFO] [stdout] 
[INFO] [stdout] warning: fields `2` and `3` are never read
[INFO] [stdout]   --> src/lexer/state/mod.rs:23:9
[INFO] [stdout]    |
[INFO] [stdout] 20 |     DocString(
[INFO] [stdout]    |     --------- fields in this variant
[INFO] [stdout] ...
[INFO] [stdout] 23 |         DocStringIndentationKind,
[INFO] [stdout]    |         ^^^^^^^^^^^^^^^^^^^^^^^^
[INFO] [stdout] 24 |         DocStringIndentationAmount,
[INFO] [stdout]    |         ^^^^^^^^^^^^^^^^^^^^^^^^^^
[INFO] [stdout]    |
[INFO] [stdout]    = note: `StackFrame` has a derived impl for the trait `Debug`, but this is intentionally ignored during dead code analysis
[INFO] [stdout]    = note: `#[warn(dead_code)]` (part of `#[warn(unused)]`) on by default
[INFO] [stdout] help: consider changing the fields to be of unit type to suppress this warning while preserving the field numbering, or remove the fields
[INFO] [stdout]    |
[INFO] [stdout] 23 ~         (),
[INFO] [stdout] 24 ~         (),
[INFO] [stdout]    |
[INFO] [stdout] 
[INFO] [stdout] 
[INFO] [stdout] warning: hiding a lifetime that's named elsewhere is confusing
[INFO] [stdout]   --> src/lexer/stream.rs:68:40
[INFO] [stdout]    |
[INFO] [stdout] 68 |     pub fn new(tokens: &'a [Token]) -> TokenStream {
[INFO] [stdout]    |                         --             ^^^^^^^^^^^ the same lifetime is hidden here
[INFO] [stdout]    |                         |
[INFO] [stdout]    |                         the lifetime is named here
[INFO] [stdout]    |
[INFO] [stdout]    = help: the same lifetime is referred to in inconsistent ways, making the signature confusing
[INFO] [stdout]    = note: `#[warn(mismatched_lifetime_syntaxes)]` on by default
[INFO] [stdout] help: consistently use `'a`
[INFO] [stdout]    |
[INFO] [stdout] 68 |     pub fn new(tokens: &'a [Token]) -> TokenStream<'a> {
[INFO] [stdout]    |                                                   ++++
[INFO] [stdout] 
[INFO] [stdout] 
[INFO] [stderr]     Finished `release` profile [optimized] target(s) in 2m 02s
[INFO] running `Command { std: "docker" "inspect" "03045b690251e841a6acc6b5688913c7f543b0ad4ad61ea52a91d3032b1a96f1", kill_on_drop: false }`
[INFO] running `Command { std: "docker" "exec" "-e" "SOURCE_DIR=/opt/rustwide/workdir" "-e" "CARGO_HOME=/opt/rustwide/cargo-home" "-e" "RUSTUP_HOME=/opt/rustwide/rustup-home" "-e" "CARGO_TARGET_DIR=/opt/rustwide/target" "-e" "CARGO_INCREMENTAL=0" "-e" "RUST_BACKTRACE=full" "-e" "RUSTFLAGS=--cap-lints=warn" "-e" "RUSTDOCFLAGS=--cap-lints=warn" "-w" "/opt/rustwide/workdir" "--user" "0:0" "03045b690251e841a6acc6b5688913c7f543b0ad4ad61ea52a91d3032b1a96f1" "/opt/rustwide/cargo-home/bin/cargo" "+1.100.0-beta.1" "test" "--frozen" "--release", kill_on_drop: false }`
[INFO] [stderr] warning: unnecessary parentheses around type
[INFO] [stderr]    --> src/parser/internal/utils.rs:110:12
[INFO] [stderr]     |
[INFO] [stderr] 110 |     func: &(dyn Fn(&mut State) -> ParseResult<T>),
[INFO] [stderr]     |            ^                                    ^
[INFO] [stderr]     |
[INFO] [stderr]     = note: `#[warn(unused_parens)]` (part of `#[warn(unused)]`) on by default
[INFO] [stderr] help: remove these parentheses
[INFO] [stderr]     |
[INFO] [stderr] 110 -     func: &(dyn Fn(&mut State) -> ParseResult<T>),
[INFO] [stderr] 110 +     func: &dyn Fn(&mut State) -> ParseResult<T>,
[INFO] [stderr]     |
[INFO] [stderr] 
[INFO] [stderr] warning: unnecessary parentheses around type
[INFO] [stderr]    --> src/parser/internal/utils.rs:125:12
[INFO] [stderr]     |
[INFO] [stderr] 125 |     func: &(dyn Fn(&mut State) -> ParseResult<T>),
[INFO] [stderr]     |            ^                                    ^
[INFO] [stderr]     |
[INFO] [stderr] help: remove these parentheses
[INFO] [stderr]     |
[INFO] [stderr] 125 -     func: &(dyn Fn(&mut State) -> ParseResult<T>),
[INFO] [stderr] 125 +     func: &dyn Fn(&mut State) -> ParseResult<T>,
[INFO] [stderr]     |
[INFO] [stderr] 
[INFO] [stderr] warning: unnecessary parentheses around type
[INFO] [stderr]    --> src/parser/internal/utils.rs:136:12
[INFO] [stderr]     |
[INFO] [stderr] 136 |     func: &(dyn Fn(&mut State) -> ParseResult<T>),
[INFO] [stderr]     |            ^                                    ^
[INFO] [stderr]     |
[INFO] [stderr] help: remove these parentheses
[INFO] [stderr]     |
[INFO] [stderr] 136 -     func: &(dyn Fn(&mut State) -> ParseResult<T>),
[INFO] [stderr] 136 +     func: &dyn Fn(&mut State) -> ParseResult<T>,
[INFO] [stderr]     |
[INFO] [stderr] 
[INFO] [stderr] warning: unnecessary parentheses around type
[INFO] [stderr]    --> src/parser/internal/utils.rs:146:12
[INFO] [stderr]     |
[INFO] [stderr] 146 |     func: &(dyn Fn(&mut State) -> ParseResult<T>),
[INFO] [stderr]     |            ^                                    ^
[INFO] [stderr]     |
[INFO] [stderr] help: remove these parentheses
[INFO] [stderr]     |
[INFO] [stderr] 146 -     func: &(dyn Fn(&mut State) -> ParseResult<T>),
[INFO] [stderr] 146 +     func: &dyn Fn(&mut State) -> ParseResult<T>,
[INFO] [stderr]     |
[INFO] [stderr] 
[INFO] [stderr] warning: unnecessary parentheses around type
[INFO] [stderr]    --> src/parser/internal/utils.rs:174:12
[INFO] [stderr]     |
[INFO] [stderr] 174 |     func: &(dyn Fn(&mut State) -> ParseResult<T>),
[INFO] [stderr]     |            ^                                    ^
[INFO] [stderr]     |
[INFO] [stderr] help: remove these parentheses
[INFO] [stderr]     |
[INFO] [stderr] 174 -     func: &(dyn Fn(&mut State) -> ParseResult<T>),
[INFO] [stderr] 174 +     func: &dyn Fn(&mut State) -> ParseResult<T>,
[INFO] [stderr]     |
[INFO] [stderr] 
[INFO] [stderr] warning: unnecessary parentheses around type
[INFO] [stderr]    --> src/parser/internal/utils.rs:208:12
[INFO] [stderr]     |
[INFO] [stderr] 208 |     func: &(dyn Fn(&mut State) -> ParseResult<T>),
[INFO] [stderr]     |            ^                                    ^
[INFO] [stderr]     |
[INFO] [stderr] help: remove these parentheses
[INFO] [stderr]     |
[INFO] [stderr] 208 -     func: &(dyn Fn(&mut State) -> ParseResult<T>),
[INFO] [stderr] 208 +     func: &dyn Fn(&mut State) -> ParseResult<T>,
[INFO] [stderr]     |
[INFO] [stderr] 
[INFO] [stderr] warning: fields `2` and `3` are never read
[INFO] [stderr]   --> src/lexer/state/mod.rs:23:9
[INFO] [stderr]    |
[INFO] [stderr] 20 |     DocString(
[INFO] [stderr]    |     --------- fields in this variant
[INFO] [stderr] ...
[INFO] [stderr] 23 |         DocStringIndentationKind,
[INFO] [stderr]    |         ^^^^^^^^^^^^^^^^^^^^^^^^
[INFO] [stderr] 24 |         DocStringIndentationAmount,
[INFO] [stderr]    |         ^^^^^^^^^^^^^^^^^^^^^^^^^^
[INFO] [stderr]    |
[INFO] [stderr]    = note: `StackFrame` has a derived impl for the trait `Debug`, but this is intentionally ignored during dead code analysis
[INFO] [stderr]    = note: `#[warn(dead_code)]` (part of `#[warn(unused)]`) on by default
[INFO] [stderr] help: consider changing the fields to be of unit type to suppress this warning while preserving the field numbering, or remove the fields
[INFO] [stderr]    |
[INFO] [stderr] 23 ~         (),
[INFO] [stderr] 24 ~         (),
[INFO] [stderr]    |
[INFO] [stderr] 
[INFO] [stderr] warning: hiding a lifetime that's named elsewhere is confusing
[INFO] [stderr]   --> src/lexer/stream.rs:68:40
[INFO] [stderr]    |
[INFO] [stderr] 68 |     pub fn new(tokens: &'a [Token]) -> TokenStream {
[INFO] [stderr]    |                         --             ^^^^^^^^^^^ the same lifetime is hidden here
[INFO] [stderr]    |                         |
[INFO] [stderr]    |                         the lifetime is named here
[INFO] [stderr]    |
[INFO] [stderr]    = help: the same lifetime is referred to in inconsistent ways, making the signature confusing
[INFO] [stderr]    = note: `#[warn(mismatched_lifetime_syntaxes)]` on by default
[INFO] [stderr] help: consistently use `'a`
[INFO] [stderr]    |
[INFO] [stderr] 68 |     pub fn new(tokens: &'a [Token]) -> TokenStream<'a> {
[INFO] [stderr]    |                                                   ++++
[INFO] [stderr] 
[INFO] [stderr] warning: `php-parser-rs` (lib) generated 8 warnings (run `cargo fix --lib -p php-parser-rs` to apply 7 suggestions)
[INFO] [stderr] warning: `php-parser-rs` (lib) generated 8 warnings (8 duplicates)
[INFO] [stderr] warning: `php-parser-rs` (lib test) generated 8 warnings (8 duplicates)
[INFO] [stderr]     Finished `release` profile [optimized] target(s) in 0.12s
[INFO] [stderr]      Running unittests src/lib.rs (/opt/rustwide/target/release/build/php-parser-rs/3db42cff04d25bfb/out/php_parser_rs-3db42cff04d25bfb)
[INFO] [stdout] 
[INFO] [stdout] running 1 test
[INFO] [stdout] test lexer::byte_string::tests::test_byte_string_debug ... ok
[INFO] [stdout] 
[INFO] [stdout] test result: ok. 1 passed; 0 failed; 0 ignored; 0 measured; 0 filtered out; finished in 0.00s
[INFO] [stdout] 
[INFO] [stderr]      Running unittests src/main.rs (/opt/rustwide/target/release/build/php-parser-rs/fe15d7a602c20a1c/out/php_parser_rs-fe15d7a602c20a1c)
[INFO] [stdout] 
[INFO] [stdout] running 0 tests
[INFO] [stdout] 
[INFO] [stdout] test result: ok. 0 passed; 0 failed; 0 ignored; 0 measured; 0 filtered out; finished in 0.00s
[INFO] [stdout] 
[INFO] [stderr]      Running unittests bin/schema.rs (/opt/rustwide/target/release/build/php-parser-rs/b3e7704744c63ae5/out/php_parser_schema-b3e7704744c63ae5)
[INFO] [stdout] 
[INFO] [stdout] running 0 tests
[INFO] [stdout] 
[INFO] [stdout] test result: ok. 0 passed; 0 failed; 0 ignored; 0 measured; 0 filtered out; finished in 0.00s
[INFO] [stdout] 
[INFO] [stderr]      Running unittests bin/snapshot.rs (/opt/rustwide/target/release/build/php-parser-rs/66a751fad526e199/out/php_parser_snapshot-66a751fad526e199)
[INFO] [stdout] 
[INFO] [stdout] running 0 tests
[INFO] [stdout] 
[INFO] [stdout] test result: ok. 0 passed; 0 failed; 0 ignored; 0 measured; 0 filtered out; finished in 0.00s
[INFO] [stdout] 
[INFO] [stderr]      Running tests/test.rs (/opt/rustwide/target/release/build/php-parser-rs/c7bdb41de49f5e38/out/test-c7bdb41de49f5e38)
[INFO] [stdout] 
[INFO] [stdout] running 1 test
[INFO] [stdout] test test_fixtures ... ok
[INFO] [stdout] 
[INFO] [stdout] test result: ok. 1 passed; 0 failed; 0 ignored; 0 measured; 0 filtered out; finished in 0.19s
[INFO] [stdout] 
[INFO] [stderr]      Running tests/third_party_tests.rs (/opt/rustwide/target/release/build/php-parser-rs/8a71609529971a8e/out/third_party_tests-8a71609529971a8e)
[INFO] [stdout] 
[INFO] [stdout] running 32 tests
[INFO] [stdout] test doctrine_orm ... FAILED
[INFO] [stdout] test drupal ... FAILED
[INFO] [stdout] test api_platform ... FAILED
[INFO] [stdout] test hyperf_framework ... FAILED
[INFO] [stdout] test composer ... FAILED
[INFO] [stdout] test nikic_php_parser ... FAILED
[INFO] [stdout] test mezzio_framework ... FAILED
[INFO] [stdout] test php_standard_library ... FAILED
[INFO] [stdout] test phpbb ... FAILED
[INFO] [stdout] test chubbyphp_framework ... FAILED
[INFO] [stdout] test psalm ... FAILED
[INFO] [stdout] test phpmyadmin_web ... FAILED
[INFO] [stdout] test phabel ... FAILED
[INFO] [stdout] test phpunit ... FAILED
[INFO] [stdout] test laravel_framework ... FAILED
[INFO] [stdout] test prestashop ... FAILED
[INFO] [stdout] test rector_bin ... FAILED
[INFO] [stdout] test rector_src ... FAILED
[INFO] [stdout] test roundcubemail_web ... FAILED
[INFO] [stdout] test silverstripe_framework_cms ... FAILED
[INFO] [stdout] test phpstan_bin ... FAILED
[INFO] [stdout] test madelineproto ... FAILED
[INFO] [stdout] test phpstan_src ... FAILED
[INFO] [stdout] test spiral_framework ... FAILED
[INFO] [stdout] test symfony_framework ... FAILED
[INFO] [stdout] test sylius ... FAILED
[INFO] [stdout] test wordpress ... FAILED
[INFO] [stdout] test joomla ... FAILED
[INFO] [stdout] test yii_framework ... FAILED
[INFO] [stdout] test doctrine_dbal ... FAILED
[INFO] [stdout] test symfony_polyfill ... FAILED
[INFO] [stdout] test silverstripe_framework_core ... FAILED
[INFO] [stdout] 
[INFO] [stdout] failures:
[INFO] [stdout] 
[INFO] [stdout] ---- doctrine_orm stdout ----
[INFO] [stdout] 
[INFO] [stdout] thread 'doctrine_orm' (1283) panicked at tests/third_party_tests.rs:365:34:
[INFO] [stdout] called `Result::unwrap()` on an `Err` value: Os { code: 2, kind: NotFound, message: "No such file or directory" }
[INFO] [stdout] stack backtrace:
[INFO] [stdout]    0:     0x617db4bdd6c7 - <unknown>
[INFO] [stdout]    1:     0x617db4b4183a - <unknown>
[INFO] [stdout]    2:     0x617db4bdcc7b - <unknown>
[INFO] [stdout]    3:     0x617db4bdc75f - <unknown>
[INFO] [stdout]    4:     0x617db4bdc38a - <unknown>
[INFO] [stdout]    5:     0x617db4bdbec5 - <unknown>
[INFO] [stdout]    6:     0x617db4c02c71 - <unknown>
[INFO] [stdout]    7:     0x617db4c02c29 - <unknown>
[INFO] [stdout]    8:     0x617db4c0312c - <unknown>
[INFO] [stdout]    9:     0x617db4b416cb - <unknown>
[INFO] [stdout]   10:     0x617db4b45261 - <unknown>
[INFO] [stdout]   11:     0x617db4b12049 - <unknown>
[INFO] [stdout]   12:     0x617db4b3fb2a - <unknown>
[INFO] [stdout]   13:     0x617db4c1cacb - <unknown>
[INFO] [stdout]   14:     0x617db4c18ab1 - <unknown>
[INFO] [stdout]   15:     0x617db4c1829c - <unknown>
[INFO] [stdout]   16:     0x617db4c376ec - <unknown>
[INFO] [stdout]   17:     0x617db4c04a54 - <unknown>
[INFO] [stdout]   18:     0x7348d06b4dfa - <unknown>
[INFO] [stdout]   19:     0x7348d07483d4 - clone
[INFO] [stdout]   20:                0x0 - <unknown>
[INFO] [stdout] 
[INFO] [stdout] ---- drupal stdout ----
[INFO] [stdout] 
[INFO] [stdout] thread 'drupal' (1284) panicked at tests/third_party_tests.rs:365:34:
[INFO] [stdout] called `Result::unwrap()` on an `Err` value: Os { code: 2, kind: NotFound, message: "No such file or directory" }
[INFO] [stdout] stack backtrace:
[INFO] [stdout]    0:     0x617db4bdd6c7 - <unknown>
[INFO] [stdout]    1:     0x617db4b4183a - <unknown>
[INFO] [stdout]    2:     0x617db4bdcc7b - <unknown>
[INFO] [stdout]    3:     0x617db4bdc75f - <unknown>
[INFO] [stdout]    4:     0x617db4bdc38a - <unknown>
[INFO] [stdout]    5:     0x617db4bdbec5 - <unknown>
[INFO] [stdout]    6:     0x617db4c02c71 - <unknown>
[INFO] [stdout]    7:     0x617db4c02c29 - <unknown>
[INFO] [stdout]    8:     0x617db4c0312c - <unknown>
[INFO] [stdout]    9:     0x617db4b416cb - <unknown>
[INFO] [stdout]   10:     0x617db4b45261 - <unknown>
[INFO] [stdout]   11:     0x617db4b12049 - <unknown>
[INFO] [stdout]   12:     0x617db4b3ffea - <unknown>
[INFO] [stdout]   13:     0x617db4c1cacb - <unknown>
[INFO] [stdout]   14:     0x617db4c18ab1 - <unknown>
[INFO] [stdout]   15:     0x617db4c1829c - <unknown>
[INFO] [stdout]   16:     0x617db4c376ec - <unknown>
[INFO] [stdout]   17:     0x617db4c04a54 - <unknown>
[INFO] [stdout]   18:     0x7348d06b4dfa - <unknown>
[INFO] [stdout]   19:     0x7348d07483d4 - clone
[INFO] [stdout]   20:                0x0 - <unknown>
[INFO] [stdout] 
[INFO] [stdout] ---- api_platform stdout ----
[INFO] [stdout] 
[INFO] [stdout] thread 'api_platform' (1279) panicked at tests/third_party_tests.rs:365:34:
[INFO] [stdout] called `Result::unwrap()` on an `Err` value: Os { code: 2, kind: NotFound, message: "No such file or directory" }
[INFO] [stdout] stack backtrace:
[INFO] [stdout]    0:     0x617db4bdd6c7 - <unknown>
[INFO] [stdout]    1:     0x617db4b4183a - <unknown>
[INFO] [stdout]    2:     0x617db4bdcc7b - <unknown>
[INFO] [stdout]    3:     0x617db4bdc75f - <unknown>
[INFO] [stdout]    4:     0x617db4bdc38a - <unknown>
[INFO] [stdout]    5:     0x617db4bdbec5 - <unknown>
[INFO] [stdout]    6:     0x617db4c02c71 - <unknown>
[INFO] [stdout]    7:     0x617db4c02c29 - <unknown>
[INFO] [stdout]    8:     0x617db4c0312c - <unknown>
[INFO] [stdout]    9:     0x617db4b416cb - <unknown>
[INFO] [stdout]   10:     0x617db4b45261 - <unknown>
[INFO] [stdout]   11:     0x617db4b12049 - <unknown>
[INFO] [stdout]   12:     0x617db4b3faee - <unknown>
[INFO] [stdout]   13:     0x617db4c1cacb - <unknown>
[INFO] [stdout]   14:     0x617db4c18ab1 - <unknown>
[INFO] [stdout]   15:     0x617db4c1829c - <unknown>
[INFO] [stdout]   16:     0x617db4c376ec - <unknown>
[INFO] [stdout]   17:     0x617db4c04a54 - <unknown>
[INFO] [stdout]   18:     0x7348d06b4dfa - <unknown>
[INFO] [stdout]   19:     0x7348d07483d4 - clone
[INFO] [stdout]   20:                0x0 - <unknown>
[INFO] [stdout] 
[INFO] [stdout] ---- hyperf_framework stdout ----
[INFO] [stdout] 
[INFO] [stdout] thread 'hyperf_framework' (1285) panicked at tests/third_party_tests.rs:365:34:
[INFO] [stdout] called `Result::unwrap()` on an `Err` value: Os { code: 2, kind: NotFound, message: "No such file or directory" }
[INFO] [stdout] stack backtrace:
[INFO] [stdout]    0:     0x617db4bdd6c7 - <unknown>
[INFO] [stdout]    1:     0x617db4b4183a - <unknown>
[INFO] [stdout]    2:     0x617db4bdcc7b - <unknown>
[INFO] [stdout]    3:     0x617db4bdc75f - <unknown>
[INFO] [stdout]    4:     0x617db4bdc38a - <unknown>
[INFO] [stdout]    5:     0x617db4bdbec5 - <unknown>
[INFO] [stdout]    6:     0x617db4c02c71 - <unknown>
[INFO] [stdout]    7:     0x617db4c02c29 - <unknown>
[INFO] [stdout]    8:     0x617db4c0312c - <unknown>
[INFO] [stdout]    9:     0x617db4b416cb - <unknown>
[INFO] [stdout]   10:     0x617db4b45261 - <unknown>
[INFO] [stdout]   11:     0x617db4b12049 - <unknown>
[INFO] [stdout]   12:     0x617db4b3fc6e - <unknown>
[INFO] [stdout]   13:     0x617db4c1cacb - <unknown>
[INFO] [stdout]   14:     0x617db4c18ab1 - <unknown>
[INFO] [stdout]   15:     0x617db4c1829c - <unknown>
[INFO] [stdout]   16:     0x617db4c376ec - <unknown>
[INFO] [stdout]   17:     0x617db4c04a54 - <unknown>
[INFO] [stdout]   18:     0x7348d06b4dfa - <unknown>
[INFO] [stdout]   19:     0x7348d07483d4 - clone
[INFO] [stdout]   20:                0x0 - <unknown>
[INFO] [stdout] 
[INFO] [stdout] ---- composer stdout ----
[INFO] [stdout] 
[INFO] [stdout] thread 'composer' (1281) panicked at tests/third_party_tests.rs:365:34:
[INFO] [stdout] called `Result::unwrap()` on an `Err` value: Os { code: 2, kind: NotFound, message: "No such file or directory" }
[INFO] [stdout] stack backtrace:
[INFO] [stdout]    0:     0x617db4bdd6c7 - <unknown>
[INFO] [stdout]    1:     0x617db4b4183a - <unknown>
[INFO] [stdout]    2:     0x617db4bdcc7b - <unknown>
[INFO] [stdout]    3:     0x617db4bdc75f - <unknown>
[INFO] [stdout]    4:     0x617db4bdc38a - <unknown>
[INFO] [stdout]    5:     0x617db4bdbec5 - <unknown>
[INFO] [stdout]    6:     0x617db4c02c71 - <unknown>
[INFO] [stdout]    7:     0x617db4c02c29 - <unknown>
[INFO] [stdout]    8:     0x617db4c0312c - <unknown>
[INFO] [stdout]    9:     0x617db4b416cb - <unknown>
[INFO] [stdout]   10:     0x617db4b45261 - <unknown>
[INFO] [stdout]   11:     0x617db4b12049 - <unknown>
[INFO] [stdout]   12:     0x617db4b4012a - <unknown>
[INFO] [stdout]   13:     0x617db4c1cacb - <unknown>
[INFO] [stdout]   14:     0x617db4c18ab1 - <unknown>
[INFO] [stdout]   15:     0x617db4c1829c - <unknown>
[INFO] [stdout]   16:     0x617db4c376ec - <unknown>
[INFO] [stdout]   17:     0x617db4c04a54 - <unknown>
[INFO] [stdout]   18:     0x7348d06b4dfa - <unknown>
[INFO] [stdout]   19:     0x7348d07483d4 - clone
[INFO] [stdout]   20:                0x0 - <unknown>
[INFO] [stdout] 
[INFO] [stdout] ---- nikic_php_parser stdout ----
[INFO] [stdout] 
[INFO] [stdout] thread 'nikic_php_parser' (1290) panicked at tests/third_party_tests.rs:365:34:
[INFO] [stdout] called `Result::unwrap()` on an `Err` value: Os { code: 2, kind: NotFound, message: "No such file or directory" }
[INFO] [stdout] stack backtrace:
[INFO] [stdout]    0:     0x617db4bdd6c7 - <unknown>
[INFO] [stdout]    1:     0x617db4b4183a - <unknown>
[INFO] [stdout]    2:     0x617db4bdcc7b - <unknown>
[INFO] [stdout]    3:     0x617db4bdc75f - <unknown>
[INFO] [stdout]    4:     0x617db4bdc38a - <unknown>
[INFO] [stdout]    5:     0x617db4bdbec5 - <unknown>
[INFO] [stdout]    6:     0x617db4c02c71 - <unknown>
[INFO] [stdout]    7:     0x617db4c02c29 - <unknown>
[INFO] [stdout]    8:     0x617db4c0312c - <unknown>
[INFO] [stdout]    9:     0x617db4b416cb - <unknown>
[INFO] [stdout]   10:     0x617db4b45261 - <unknown>
[INFO] [stdout]   11:     0x617db4b12049 - <unknown>
[INFO] [stdout]   12:     0x617db4b3fcee - <unknown>
[INFO] [stdout]   13:     0x617db4c1cacb - <unknown>
[INFO] [stdout]   14:     0x617db4c18ab1 - <unknown>
[INFO] [stdout]   15:     0x617db4c1829c - <unknown>
[INFO] [stdout]   16:     0x617db4c376ec - <unknown>
[INFO] [stdout]   17:     0x617db4c04a54 - <unknown>
[INFO] [stdout]   18:     0x7348d06b4dfa - <unknown>
[INFO] [stdout]   19:     0x7348d07483d4 - clone
[INFO] [stdout]   20:                0x0 - <unknown>
[INFO] [stdout] 
[INFO] [stdout] ---- mezzio_framework stdout ----
[INFO] [stdout] 
[INFO] [stdout] thread 'mezzio_framework' (1289) panicked at tests/third_party_tests.rs:365:34:
[INFO] [stdout] called `Result::unwrap()` on an `Err` value: Os { code: 2, kind: NotFound, message: "No such file or directory" }
[INFO] [stdout] stack backtrace:
[INFO] [stdout]    0:     0x617db4bdd6c7 - <unknown>
[INFO] [stdout]    1:     0x617db4b4183a - <unknown>
[INFO] [stdout]    2:     0x617db4bdcc7b - <unknown>
[INFO] [stdout]    3:     0x617db4bdc75f - <unknown>
[INFO] [stdout]    4:     0x617db4bdc38a - <unknown>
[INFO] [stdout]    5:     0x617db4bdbec5 - <unknown>
[INFO] [stdout]    6:     0x617db4c02c71 - <unknown>
[INFO] [stdout]    7:     0x617db4c02c29 - <unknown>
[INFO] [stdout]    8:     0x617db4c0312c - <unknown>
[INFO] [stdout]    9:     0x617db4b416cb - <unknown>
[INFO] [stdout]   10:     0x617db4b45261 - <unknown>
[INFO] [stdout]   11:     0x617db4b12049 - <unknown>
[INFO] [stdout]   12:     0x617db4b3fcae - <unknown>
[INFO] [stdout]   13:     0x617db4c1cacb - <unknown>
[INFO] [stdout]   14:     0x617db4c18ab1 - <unknown>
[INFO] [stdout]   15:     0x617db4c1829c - <unknown>
[INFO] [stdout]   16:     0x617db4c376ec - <unknown>
[INFO] [stdout]   17:     0x617db4c04a54 - <unknown>
[INFO] [stdout]   18:     0x7348d06b4dfa - <unknown>
[INFO] [stdout]   19:     0x7348d07483d4 - clone
[INFO] [stdout]   20:                0x0 - <unknown>
[INFO] [stdout] 
[INFO] [stdout] ---- php_standard_library stdout ----
[INFO] [stdout] 
[INFO] [stdout] thread 'php_standard_library' (1292) panicked at tests/third_party_tests.rs:365:34:
[INFO] [stdout] called `Result::unwrap()` on an `Err` value: Os { code: 2, kind: NotFound, message: "No such file or directory" }
[INFO] [stdout] stack backtrace:
[INFO] [stdout]    0:     0x617db4bdd6c7 - <unknown>
[INFO] [stdout]    1:     0x617db4b4183a - <unknown>
[INFO] [stdout]    2:     0x617db4bdcc7b - <unknown>
[INFO] [stdout]    3:     0x617db4bdc75f - <unknown>
[INFO] [stdout]    4:     0x617db4bdc38a - <unknown>
[INFO] [stdout]    5:     0x617db4bdbec5 - <unknown>
[INFO] [stdout]    6:     0x617db4c02c71 - <unknown>
[INFO] [stdout]    7:     0x617db4c02c29 - <unknown>
[INFO] [stdout]    8:     0x617db4c0312c - <unknown>
[INFO] [stdout]    9:     0x617db4b416cb - <unknown>
[INFO] [stdout]   10:     0x617db4b45261 - <unknown>
[INFO] [stdout]   11:     0x617db4b12049 - <unknown>
[INFO] [stdout]   12:     0x617db4b3feaa - <unknown>
[INFO] [stdout]   13:     0x617db4c1cacb - <unknown>
[INFO] [stdout]   14:     0x617db4c18ab1 - <unknown>
[INFO] [stdout]   15:     0x617db4c1829c - <unknown>
[INFO] [stdout]   16:     0x617db4c376ec - <unknown>
[INFO] [stdout]   17:     0x617db4c04a54 - <unknown>
[INFO] [stdout]   18:     0x7348d06b4dfa - <unknown>
[INFO] [stdout]   19:     0x7348d07483d4 - clone
[INFO] [stdout]   20:                0x0 - <unknown>
[INFO] [stdout] 
[INFO] [stdout] ---- phpbb stdout ----
[INFO] [stdout] 
[INFO] [stdout] thread 'phpbb' (1293) panicked at tests/third_party_tests.rs:365:34:
[INFO] [stdout] called `Result::unwrap()` on an `Err` value: Os { code: 2, kind: NotFound, message: "No such file or directory" }
[INFO] [stdout] stack backtrace:
[INFO] [stdout]    0:     0x617db4bdd6c7 - <unknown>
[INFO] [stdout]    1:     0x617db4b4183a - <unknown>
[INFO] [stdout]    2:     0x617db4bdcc7b - <unknown>
[INFO] [stdout]    3:     0x617db4bdc75f - <unknown>
[INFO] [stdout]    4:     0x617db4bdc38a - <unknown>
[INFO] [stdout]    5:     0x617db4bdbec5 - <unknown>
[INFO] [stdout]    6:     0x617db4c02c71 - <unknown>
[INFO] [stdout]    7:     0x617db4c02c29 - <unknown>
[INFO] [stdout]    8:     0x617db4c0312c - <unknown>
[INFO] [stdout]    9:     0x617db4b416cb - <unknown>
[INFO] [stdout]   10:     0x617db4b45261 - <unknown>
[INFO] [stdout]   11:     0x617db4b12049 - <unknown>
[INFO] [stdout]   12:     0x617db4b3ff6a - <unknown>
[INFO] [stdout]   13:     0x617db4c1cacb - <unknown>
[INFO] [stdout]   14:     0x617db4c18ab1 - <unknown>
[INFO] [stdout]   15:     0x617db4c1829c - <unknown>
[INFO] [stdout]   16:     0x617db4c376ec - <unknown>
[INFO] [stdout]   17:     0x617db4c04a54 - <unknown>
[INFO] [stdout]   18:     0x7348d06b4dfa - <unknown>
[INFO] [stdout]   19:     0x7348d07483d4 - clone
[INFO] [stdout]   20:                0x0 - <unknown>
[INFO] [stdout] 
[INFO] [stdout] ---- chubbyphp_framework stdout ----
[INFO] [stdout] 
[INFO] [stdout] thread 'chubbyphp_framework' (1280) panicked at tests/third_party_tests.rs:365:34:
[INFO] [stdout] called `Result::unwrap()` on an `Err` value: Os { code: 2, kind: NotFound, message: "No such file or directory" }
[INFO] [stdout] stack backtrace:
[INFO] [stdout]    0:     0x617db4bdd6c7 - <unknown>
[INFO] [stdout]    1:     0x617db4b4183a - <unknown>
[INFO] [stdout]    2:     0x617db4bdcc7b - <unknown>
[INFO] [stdout]    3:     0x617db4bdc75f - <unknown>
[INFO] [stdout]    4:     0x617db4bdc38a - <unknown>
[INFO] [stdout]    5:     0x617db4bdbec5 - <unknown>
[INFO] [stdout]    6:     0x617db4c02c71 - <unknown>
[INFO] [stdout]    7:     0x617db4c02c29 - <unknown>
[INFO] [stdout]    8:     0x617db4c0312c - <unknown>
[INFO] [stdout]    9:     0x617db4b416cb - <unknown>
[INFO] [stdout]   10:     0x617db4b45261 - <unknown>
[INFO] [stdout]   11:     0x617db4b12049 - <unknown>
[INFO] [stdout]   12:     0x617db4b3fe6a - <unknown>
[INFO] [stdout]   13:     0x617db4c1cacb - <unknown>
[INFO] [stdout]   14:     0x617db4c18ab1 - <unknown>
[INFO] [stdout]   15:     0x617db4c1829c - <unknown>
[INFO] [stdout]   16:     0x617db4c376ec - <unknown>
[INFO] [stdout]   17:     0x617db4c04a54 - <unknown>
[INFO] [stdout]   18:     0x7348d06b4dfa - <unknown>
[INFO] [stdout]   19:     0x7348d07483d4 - clone
[INFO] [stdout]   20:                0x0 - <unknown>
[INFO] [stdout] 
[INFO] [stdout] ---- psalm stdout ----
[INFO] [stdout] 
[INFO] [stdout] thread 'psalm' (1299) panicked at tests/third_party_tests.rs:365:34:
[INFO] [stdout] called `Result::unwrap()` on an `Err` value: Os { code: 2, kind: NotFound, message: "No such file or directory" }
[INFO] [stdout] stack backtrace:
[INFO] [stdout]    0:     0x617db4bdd6c7 - <unknown>
[INFO] [stdout]    1:     0x617db4b4183a - <unknown>
[INFO] [stdout]    2:     0x617db4bdcc7b - <unknown>
[INFO] [stdout]    3:     0x617db4bdc75f - <unknown>
[INFO] [stdout]    4:     0x617db4bdc38a - <unknown>
[INFO] [stdout]    5:     0x617db4bdbec5 - <unknown>
[INFO] [stdout]    6:     0x617db4c02c71 - <unknown>
[INFO] [stdout]    7:     0x617db4c02c29 - <unknown>
[INFO] [stdout]    8:     0x617db4c0312c - <unknown>
[INFO] [stdout]    9:     0x617db4b416cb - <unknown>
[INFO] [stdout]   10:     0x617db4b45261 - <unknown>
[INFO] [stdout]   11:     0x617db4b12049 - <unknown>
[INFO] [stdout]   12:     0x617db4b3ffaa - <unknown>
[INFO] [stdout]   13:     0x617db4c1cacb - <unknown>
[INFO] [stdout]   14:     0x617db4c18ab1 - <unknown>
[INFO] [stdout]   15:     0x617db4c1829c - <unknown>
[INFO] [stdout]   16:     0x617db4c376ec - <unknown>
[INFO] [stdout]   17:     0x617db4c04a54 - <unknown>
[INFO] [stdout]   18:     0x7348d06b4dfa - <unknown>
[INFO] [stdout]   19:     0x7348d07483d4 - clone
[INFO] [stdout]   20:                0x0 - <unknown>
[INFO] [stdout] 
[INFO] [stdout] ---- phpmyadmin_web stdout ----
[INFO] [stdout] 
[INFO] [stdout] thread 'phpmyadmin_web' (1294) panicked at tests/third_party_tests.rs:365:34:
[INFO] [stdout] called `Result::unwrap()` on an `Err` value: Os { code: 2, kind: NotFound, message: "No such file or directory" }
[INFO] [stdout] stack backtrace:
[INFO] [stdout]    0:     0x617db4bdd6c7 - <unknown>
[INFO] [stdout]    1:     0x617db4b4183a - <unknown>
[INFO] [stdout]    2:     0x617db4bdcc7b - <unknown>
[INFO] [stdout]    3:     0x617db4bdc75f - <unknown>
[INFO] [stdout]    4:     0x617db4bdc38a - <unknown>
[INFO] [stdout]    5:     0x617db4bdbec5 - <unknown>
[INFO] [stdout]    6:     0x617db4c02c71 - <unknown>
[INFO] [stdout]    7:     0x617db4c02c29 - <unknown>
[INFO] [stdout]    8:     0x617db4c0312c - <unknown>
[INFO] [stdout]    9:     0x617db4b416cb - <unknown>
[INFO] [stdout]   10:     0x617db4b45261 - <unknown>
[INFO] [stdout]   11:     0x617db4b12049 - <unknown>
[INFO] [stdout]   12:     0x617db4b3fc2e - <unknown>
[INFO] [stdout]   13:     0x617db4c1cacb - <unknown>
[INFO] [stdout]   14:     0x617db4c18ab1 - <unknown>
[INFO] [stdout]   15:     0x617db4c1829c - <unknown>
[INFO] [stdout]   16:     0x617db4c376ec - <unknown>
[INFO] [stdout]   17:     0x617db4c04a54 - <unknown>
[INFO] [stdout]   18:     0x7348d06b4dfa - <unknown>
[INFO] [stdout]   19:     0x7348d07483d4 - clone
[INFO] [stdout]   20:                0x0 - <unknown>
[INFO] [stdout] 
[INFO] [stdout] ---- phabel stdout ----
[INFO] [stdout] 
[INFO] [stdout] thread 'phabel' (1291) panicked at tests/third_party_tests.rs:365:34:
[INFO] [stdout] called `Result::unwrap()` on an `Err` value: Os { code: 2, kind: NotFound, message: "No such file or directory" }
[INFO] [stdout] stack backtrace:
[INFO] [stdout]    0:     0x617db4bdd6c7 - <unknown>
[INFO] [stdout]    1:     0x617db4b4183a - <unknown>
[INFO] [stdout]    2:     0x617db4bdcc7b - <unknown>
[INFO] [stdout]    3:     0x617db4bdc75f - <unknown>
[INFO] [stdout]    4:     0x617db4bdc38a - <unknown>
[INFO] [stdout]    5:     0x617db4bdbec5 - <unknown>
[INFO] [stdout]    6:     0x617db4c02c71 - <unknown>
[INFO] [stdout]    7:     0x617db4c02c29 - <unknown>
[INFO] [stdout]    8:     0x617db4c0312c - <unknown>
[INFO] [stdout]    9:     0x617db4b416cb - <unknown>
[INFO] [stdout]   10:     0x617db4b45261 - <unknown>
[INFO] [stdout]   11:     0x617db4b12049 - <unknown>
[INFO] [stdout]   12:     0x617db4b4006e - <unknown>
[INFO] [stdout]   13:     0x617db4c1cacb - <unknown>
[INFO] [stdout]   14:     0x617db4c18ab1 - <unknown>
[INFO] [stdout]   15:     0x617db4c1829c - <unknown>
[INFO] [stdout]   16:     0x617db4c376ec - <unknown>
[INFO] [stdout]   17:     0x617db4c04a54 - <unknown>
[INFO] [stdout]   18:     0x7348d06b4dfa - <unknown>
[INFO] [stdout]   19:     0x7348d07483d4 - clone
[INFO] [stdout]   20:                0x0 - <unknown>
[INFO] [stdout] 
[INFO] [stdout] ---- phpunit stdout ----
[INFO] [stdout] 
[INFO] [stdout] thread 'phpunit' (1297) panicked at tests/third_party_tests.rs:365:34:
[INFO] [stdout] called `Result::unwrap()` on an `Err` value: Os { code: 2, kind: NotFound, message: "No such file or directory" }
[INFO] [stdout] stack backtrace:
[INFO] [stdout]    0:     0x617db4bdd6c7 - <unknown>
[INFO] [stdout]    1:     0x617db4b4183a - <unknown>
[INFO] [stdout]    2:     0x617db4bdcc7b - <unknown>
[INFO] [stdout]    3:     0x617db4bdc75f - <unknown>
[INFO] [stdout]    4:     0x617db4bdc38a - <unknown>
[INFO] [stdout]    5:     0x617db4bdbec5 - <unknown>
[INFO] [stdout]    6:     0x617db4c02c71 - <unknown>
[INFO] [stdout]    7:     0x617db4c02c29 - <unknown>
[INFO] [stdout]    8:     0x617db4c0312c - <unknown>
[INFO] [stdout]    9:     0x617db4b416cb - <unknown>
[INFO] [stdout]   10:     0x617db4b45261 - <unknown>
[INFO] [stdout]   11:     0x617db4b12049 - <unknown>
[INFO] [stdout]   12:     0x617db4b400ea - <unknown>
[INFO] [stdout]   13:     0x617db4c1cacb - <unknown>
[INFO] [stdout]   14:     0x617db4c18ab1 - <unknown>
[INFO] [stdout]   15:     0x617db4c1829c - <unknown>
[INFO] [stdout]   16:     0x617db4c376ec - <unknown>
[INFO] [stdout]   17:     0x617db4c04a54 - <unknown>
[INFO] [stdout]   18:     0x7348d06b4dfa - <unknown>
[INFO] [stdout]   19:     0x7348d07483d4 - clone
[INFO] [stdout]   20:                0x0 - <unknown>
[INFO] [stdout] 
[INFO] [stdout] ---- laravel_framework stdout ----
[INFO] [stdout] 
[INFO] [stdout] thread 'laravel_framework' (1287) panicked at tests/third_party_tests.rs:365:34:
[INFO] [stdout] called `Result::unwrap()` on an `Err` value: Os { code: 2, kind: NotFound, message: "No such file or directory" }
[INFO] [stdout] stack backtrace:
[INFO] [stdout]    0:     0x617db4bdd6c7 - <unknown>
[INFO] [stdout]    1:     0x617db4b4183a - <unknown>
[INFO] [stdout]    2:     0x617db4bdcc7b - <unknown>
[INFO] [stdout]    3:     0x617db4bdc75f - <unknown>
[INFO] [stdout]    4:     0x617db4bdc38a - <unknown>
[INFO] [stdout]    5:     0x617db4bdbec5 - <unknown>
[INFO] [stdout]    6:     0x617db4c02c71 - <unknown>
[INFO] [stdout]    7:     0x617db4c02c29 - <unknown>
[INFO] [stdout]    8:     0x617db4c0312c - <unknown>
[INFO] [stdout]    9:     0x617db4b416cb - <unknown>
[INFO] [stdout]   10:     0x617db4b45261 - <unknown>
[INFO] [stdout]   11:     0x617db4b12049 - <unknown>
[INFO] [stdout]   12:     0x617db4b3fdae - <unknown>
[INFO] [stdout]   13:     0x617db4c1cacb - <unknown>
[INFO] [stdout]   14:     0x617db4c18ab1 - <unknown>
[INFO] [stdout]   15:     0x617db4c1829c - <unknown>
[INFO] [stdout]   16:     0x617db4c376ec - <unknown>
[INFO] [stdout]   17:     0x617db4c04a54 - <unknown>
[INFO] [stderr] error: test failed, to rerun pass `--test third_party_tests`
[INFO] [stdout]   18:     0x7348d06b4dfa - <unknown>
[INFO] [stdout]   19:     0x7348d07483d4 - clone
[INFO] [stdout]   20:                0x0 - <unknown>
[INFO] [stdout] 
[INFO] [stdout] ---- prestashop stdout ----
[INFO] [stdout] 
[INFO] [stdout] thread 'prestashop' (1298) panicked at tests/third_party_tests.rs:365:34:
[INFO] [stdout] called `Result::unwrap()` on an `Err` value: Os { code: 2, kind: NotFound, message: "No such file or directory" }
[INFO] [stdout] stack backtrace:
[INFO] [stdout]    0:     0x617db4bdd6c7 - <unknown>
[INFO] [stdout]    1:     0x617db4b4183a - <unknown>
[INFO] [stdout]    2:     0x617db4bdcc7b - <unknown>
[INFO] [stdout]    3:     0x617db4bdc75f - <unknown>
[INFO] [stdout]    4:     0x617db4bdc38a - <unknown>
[INFO] [stdout]    5:     0x617db4bdbec5 - <unknown>
[INFO] [stdout]    6:     0x617db4c02c71 - <unknown>
[INFO] [stdout]    7:     0x617db4c02c29 - <unknown>
[INFO] [stdout]    8:     0x617db4c0312c - <unknown>
[INFO] [stdout]    9:     0x617db4b416cb - <unknown>
[INFO] [stdout]   10:     0x617db4b45261 - <unknown>
[INFO] [stdout]   11:     0x617db4b12049 - <unknown>
[INFO] [stdout]   12:     0x617db4b3f9ae - <unknown>
[INFO] [stdout]   13:     0x617db4c1cacb - <unknown>
[INFO] [stdout]   14:     0x617db4c18ab1 - <unknown>
[INFO] [stdout]   15:     0x617db4c1829c - <unknown>
[INFO] [stdout]   16:     0x617db4c376ec - <unknown>
[INFO] [stdout]   17:     0x617db4c04a54 - <unknown>
[INFO] [stdout]   18:     0x7348d06b4dfa - <unknown>
[INFO] [stdout]   19:     0x7348d07483d4 - clone
[INFO] [stdout]   20:                0x0 - <unknown>
[INFO] [stdout] 
[INFO] [stdout] ---- rector_bin stdout ----
[INFO] [stdout] 
[INFO] [stdout] thread 'rector_bin' (1300) panicked at tests/third_party_tests.rs:365:34:
[INFO] [stdout] called `Result::unwrap()` on an `Err` value: Os { code: 2, kind: NotFound, message: "No such file or directory" }
[INFO] [stdout] stack backtrace:
[INFO] [stdout]    0:     0x617db4bdd6c7 - <unknown>
[INFO] [stdout]    1:     0x617db4b4183a - <unknown>
[INFO] [stdout]    2:     0x617db4bdcc7b - <unknown>
[INFO] [stdout]    3:     0x617db4bdc75f - <unknown>
[INFO] [stdout]    4:     0x617db4bdc38a - <unknown>
[INFO] [stdout]    5:     0x617db4bdbec5 - <unknown>
[INFO] [stdout]    6:     0x617db4c02c71 - <unknown>
[INFO] [stdout]    7:     0x617db4c02c29 - <unknown>
[INFO] [stdout]    8:     0x617db4c0312c - <unknown>
[INFO] [stdout]    9:     0x617db4b416cb - <unknown>
[INFO] [stdout]   10:     0x617db4b45261 - <unknown>
[INFO] [stdout]   11:     0x617db4b12049 - <unknown>
[INFO] [stdout]   12:     0x617db4b3f9ee - <unknown>
[INFO] [stdout]   13:     0x617db4c1cacb - <unknown>
[INFO] [stdout]   14:     0x617db4c18ab1 - <unknown>
[INFO] [stdout]   15:     0x617db4c1829c - <unknown>
[INFO] [stdout]   16:     0x617db4c376ec - <unknown>
[INFO] [stdout]   17:     0x617db4c04a54 - <unknown>
[INFO] [stdout]   18:     0x7348d06b4dfa - <unknown>
[INFO] [stdout]   19:     0x7348d07483d4 - clone
[INFO] [stdout]   20:                0x0 - <unknown>
[INFO] [stdout] 
[INFO] [stdout] ---- rector_src stdout ----
[INFO] [stdout] 
[INFO] [stdout] thread 'rector_src' (1301) panicked at tests/third_party_tests.rs:365:34:
[INFO] [stdout] called `Result::unwrap()` on an `Err` value: Os { code: 2, kind: NotFound, message: "No such file or directory" }
[INFO] [stdout] stack backtrace:
[INFO] [stdout]    0:     0x617db4bdd6c7 - <unknown>
[INFO] [stdout]    1:     0x617db4b4183a - <unknown>
[INFO] [stdout]    2:     0x617db4bdcc7b - <unknown>
[INFO] [stdout]    3:     0x617db4bdc75f - <unknown>
[INFO] [stdout]    4:     0x617db4bdc38a - <unknown>
[INFO] [stdout]    5:     0x617db4bdbec5 - <unknown>
[INFO] [stdout]    6:     0x617db4c02c71 - <unknown>
[INFO] [stdout]    7:     0x617db4c02c29 - <unknown>
[INFO] [stdout]    8:     0x617db4c0312c - <unknown>
[INFO] [stdout]    9:     0x617db4b416cb - <unknown>
[INFO] [stdout]   10:     0x617db4b45261 - <unknown>
[INFO] [stdout]   11:     0x617db4b12049 - <unknown>
[INFO] [stdout]   12:     0x617db4b3fa2e - <unknown>
[INFO] [stdout]   13:     0x617db4c1cacb - <unknown>
[INFO] [stdout]   14:     0x617db4c18ab1 - <unknown>
[INFO] [stdout]   15:     0x617db4c1829c - <unknown>
[INFO] [stdout]   16:     0x617db4c376ec - <unknown>
[INFO] [stdout]   17:     0x617db4c04a54 - <unknown>
[INFO] [stdout]   18:     0x7348d06b4dfa - <unknown>
[INFO] [stdout]   19:     0x7348d07483d4 - clone
[INFO] [stdout]   20:                0x0 - <unknown>
[INFO] [stdout] 
[INFO] [stdout] ---- roundcubemail_web stdout ----
[INFO] [stdout] 
[INFO] [stdout] thread 'roundcubemail_web' (1302) panicked at tests/third_party_tests.rs:365:34:
[INFO] [stdout] called `Result::unwrap()` on an `Err` value: Os { code: 2, kind: NotFound, message: "No such file or directory" }
[INFO] [stdout] stack backtrace:
[INFO] [stdout]    0:     0x617db4bdd6c7 - <unknown>
[INFO] [stdout]    1:     0x617db4b4183a - <unknown>
[INFO] [stdout]    2:     0x617db4bdcc7b - <unknown>
[INFO] [stdout]    3:     0x617db4bdc75f - <unknown>
[INFO] [stdout]    4:     0x617db4bdc38a - <unknown>
[INFO] [stdout]    5:     0x617db4bdbec5 - <unknown>
[INFO] [stdout]    6:     0x617db4c02c71 - <unknown>
[INFO] [stdout]    7:     0x617db4c02c29 - <unknown>
[INFO] [stdout]    8:     0x617db4c0312c - <unknown>
[INFO] [stdout]    9:     0x617db4b416cb - <unknown>
[INFO] [stdout]   10:     0x617db4b45261 - <unknown>
[INFO] [stdout]   11:     0x617db4b12049 - <unknown>
[INFO] [stdout]   12:     0x617db4b3fdea - <unknown>
[INFO] [stdout]   13:     0x617db4c1cacb - <unknown>
[INFO] [stdout]   14:     0x617db4c18ab1 - <unknown>
[INFO] [stdout]   15:     0x617db4c1829c - <unknown>
[INFO] [stdout]   16:     0x617db4c376ec - <unknown>
[INFO] [stdout]   17:     0x617db4c04a54 - <unknown>
[INFO] [stdout]   18:     0x7348d06b4dfa - <unknown>
[INFO] [stdout]   19:     0x7348d07483d4 - clone
[INFO] [stdout]   20:                0x0 - <unknown>
[INFO] [stdout] 
[INFO] [stdout] ---- silverstripe_framework_cms stdout ----
[INFO] [stdout] 
[INFO] [stdout] thread 'silverstripe_framework_cms' (1303) panicked at tests/third_party_tests.rs:365:34:
[INFO] [stdout] called `Result::unwrap()` on an `Err` value: Os { code: 2, kind: NotFound, message: "No such file or directory" }
[INFO] [stdout] stack backtrace:
[INFO] [stdout]    0:     0x617db4bdd6c7 - <unknown>
[INFO] [stdout]    1:     0x617db4b4183a - <unknown>
[INFO] [stdout]    2:     0x617db4bdcc7b - <unknown>
[INFO] [stdout]    3:     0x617db4bdc75f - <unknown>
[INFO] [stdout]    4:     0x617db4bdc38a - <unknown>
[INFO] [stdout]    5:     0x617db4bdbec5 - <unknown>
[INFO] [stdout]    6:     0x617db4c02c71 - <unknown>
[INFO] [stdout]    7:     0x617db4c02c29 - <unknown>
[INFO] [stdout]    8:     0x617db4c0312c - <unknown>
[INFO] [stdout]    9:     0x617db4b416cb - <unknown>
[INFO] [stdout]   10:     0x617db4b45261 - <unknown>
[INFO] [stdout]   11:     0x617db4b12049 - <unknown>
[INFO] [stdout]   12:     0x617db4b3feea - <unknown>
[INFO] [stdout]   13:     0x617db4c1cacb - <unknown>
[INFO] [stdout]   14:     0x617db4c18ab1 - <unknown>
[INFO] [stdout]   15:     0x617db4c1829c - <unknown>
[INFO] [stdout]   16:     0x617db4c376ec - <unknown>
[INFO] [stdout]   17:     0x617db4c04a54 - <unknown>
[INFO] [stdout]   18:     0x7348d06b4dfa - <unknown>
[INFO] [stdout]   19:     0x7348d07483d4 - clone
[INFO] [stdout]   20:                0x0 - <unknown>
[INFO] [stdout] 
[INFO] [stdout] ---- phpstan_bin stdout ----
[INFO] [stdout] 
[INFO] [stdout] thread 'phpstan_bin' (1295) panicked at tests/third_party_tests.rs:365:34:
[INFO] [stdout] called `Result::unwrap()` on an `Err` value: Os { code: 2, kind: NotFound, message: "No such file or directory" }
[INFO] [stdout] stack backtrace:
[INFO] [stdout]    0:     0x617db4bdd6c7 - <unknown>
[INFO] [stdout]    1:     0x617db4b4183a - <unknown>
[INFO] [stdout]    2:     0x617db4bdcc7b - <unknown>
[INFO] [stdout]    3:     0x617db4bdc75f - <unknown>
[INFO] [stdout]    4:     0x617db4bdc38a - <unknown>
[INFO] [stdout]    5:     0x617db4bdbec5 - <unknown>
[INFO] [stdout]    6:     0x617db4c02c71 - <unknown>
[INFO] [stdout]    7:     0x617db4c02c29 - <unknown>
[INFO] [stdout]    8:     0x617db4c0312c - <unknown>
[INFO] [stdout]    9:     0x617db4b416cb - <unknown>
[INFO] [stdout]   10:     0x617db4b45261 - <unknown>
[INFO] [stdout]   11:     0x617db4b12049 - <unknown>
[INFO] [stdout]   12:     0x617db4b3fa6a - <unknown>
[INFO] [stdout]   13:     0x617db4c1cacb - <unknown>
[INFO] [stdout]   14:     0x617db4c18ab1 - <unknown>
[INFO] [stdout]   15:     0x617db4c1829c - <unknown>
[INFO] [stdout]   16:     0x617db4c376ec - <unknown>
[INFO] [stdout]   17:     0x617db4c04a54 - <unknown>
[INFO] [stdout]   18:     0x7348d06b4dfa - <unknown>
[INFO] [stdout]   19:     0x7348d07483d4 - clone
[INFO] [stdout]   20:                0x0 - <unknown>
[INFO] [stdout] 
[INFO] [stdout] ---- madelineproto stdout ----
[INFO] [stdout] 
[INFO] [stdout] thread 'madelineproto' (1288) panicked at tests/third_party_tests.rs:365:34:
[INFO] [stdout] called `Result::unwrap()` on an `Err` value: Os { code: 2, kind: NotFound, message: "No such file or directory" }
[INFO] [stdout] stack backtrace:
[INFO] [stdout]    0:     0x617db4bdd6c7 - <unknown>
[INFO] [stdout]    1:     0x617db4b4183a - <unknown>
[INFO] [stdout]    2:     0x617db4bdcc7b - <unknown>
[INFO] [stdout]    3:     0x617db4bdc75f - <unknown>
[INFO] [stdout]    4:     0x617db4bdc38a - <unknown>
[INFO] [stdout]    5:     0x617db4bdbec5 - <unknown>
[INFO] [stdout]    6:     0x617db4c02c71 - <unknown>
[INFO] [stdout]    7:     0x617db4c02c29 - <unknown>
[INFO] [stdout]    8:     0x617db4c0312c - <unknown>
[INFO] [stdout]    9:     0x617db4b416cb - <unknown>
[INFO] [stdout]   10:     0x617db4b45261 - <unknown>
[INFO] [stdout]   11:     0x617db4b12049 - <unknown>
[INFO] [stdout]   12:     0x617db4b3fbaa - <unknown>
[INFO] [stdout]   13:     0x617db4c1cacb - <unknown>
[INFO] [stdout]   14:     0x617db4c18ab1 - <unknown>
[INFO] [stdout]   15:     0x617db4c1829c - <unknown>
[INFO] [stdout]   16:     0x617db4c376ec - <unknown>
[INFO] [stdout]   17:     0x617db4c04a54 - <unknown>
[INFO] [stdout]   18:     0x7348d06b4dfa - <unknown>
[INFO] [stdout]   19:     0x7348d07483d4 - clone
[INFO] [stdout]   20:                0x0 - <unknown>
[INFO] [stdout] 
[INFO] [stdout] ---- phpstan_src stdout ----
[INFO] [stdout] 
[INFO] [stdout] thread 'phpstan_src' (1296) panicked at tests/third_party_tests.rs:365:34:
[INFO] [stdout] called `Result::unwrap()` on an `Err` value: Os { code: 2, kind: NotFound, message: "No such file or directory" }
[INFO] [stdout] stack backtrace:
[INFO] [stdout]    0:     0x617db4bdd6c7 - <unknown>
[INFO] [stdout]    1:     0x617db4b4183a - <unknown>
[INFO] [stdout]    2:     0x617db4bdcc7b - <unknown>
[INFO] [stdout]    3:     0x617db4bdc75f - <unknown>
[INFO] [stdout]    4:     0x617db4bdc38a - <unknown>
[INFO] [stdout]    5:     0x617db4bdbec5 - <unknown>
[INFO] [stdout]    6:     0x617db4c02c71 - <unknown>
[INFO] [stdout]    7:     0x617db4c02c29 - <unknown>
[INFO] [stdout]    8:     0x617db4c0312c - <unknown>
[INFO] [stdout]    9:     0x617db4b416cb - <unknown>
[INFO] [stdout]   10:     0x617db4b45261 - <unknown>
[INFO] [stdout]   11:     0x617db4b12049 - <unknown>
[INFO] [stdout]   12:     0x617db4b3faae - <unknown>
[INFO] [stdout]   13:     0x617db4c1cacb - <unknown>
[INFO] [stdout]   14:     0x617db4c18ab1 - <unknown>
[INFO] [stdout]   15:     0x617db4c1829c - <unknown>
[INFO] [stdout]   16:     0x617db4c376ec - <unknown>
[INFO] [stdout]   17:     0x617db4c04a54 - <unknown>
[INFO] [stdout]   18:     0x7348d06b4dfa - <unknown>
[INFO] [stdout]   19:     0x7348d07483d4 - clone
[INFO] [stdout]   20:                0x0 - <unknown>
[INFO] [stdout] 
[INFO] [stdout] ---- spiral_framework stdout ----
[INFO] [stdout] 
[INFO] [stdout] thread 'spiral_framework' (1305) panicked at tests/third_party_tests.rs:365:34:
[INFO] [stdout] called `Result::unwrap()` on an `Err` value: Os { code: 2, kind: NotFound, message: "No such file or directory" }
[INFO] [stdout] stack backtrace:
[INFO] [stdout]    0:     0x617db4bdd6c7 - <unknown>
[INFO] [stdout]    1:     0x617db4b4183a - <unknown>
[INFO] [stdout]    2:     0x617db4bdcc7b - <unknown>
[INFO] [stdout]    3:     0x617db4bdc75f - <unknown>
[INFO] [stdout]    4:     0x617db4bdc38a - <unknown>
[INFO] [stdout]    5:     0x617db4bdbec5 - <unknown>
[INFO] [stdout]    6:     0x617db4c02c71 - <unknown>
[INFO] [stdout]    7:     0x617db4c02c29 - <unknown>
[INFO] [stdout]    8:     0x617db4c0312c - <unknown>
[INFO] [stdout]    9:     0x617db4b416cb - <unknown>
[INFO] [stdout]   10:     0x617db4b45261 - <unknown>
[INFO] [stdout]   11:     0x617db4b12049 - <unknown>
[INFO] [stdout]   12:     0x617db4b3fd2e - <unknown>
[INFO] [stdout]   13:     0x617db4c1cacb - <unknown>
[INFO] [stdout]   14:     0x617db4c18ab1 - <unknown>
[INFO] [stdout]   15:     0x617db4c1829c - <unknown>
[INFO] [stdout]   16:     0x617db4c376ec - <unknown>
[INFO] [stdout]   17:     0x617db4c04a54 - <unknown>
[INFO] [stdout]   18:     0x7348d06b4dfa - <unknown>
[INFO] [stdout]   19:     0x7348d07483d4 - clone
[INFO] [stdout]   20:                0x0 - <unknown>
[INFO] [stdout] 
[INFO] [stdout] ---- symfony_framework stdout ----
[INFO] [stdout] 
[INFO] [stdout] thread 'symfony_framework' (1307) panicked at tests/third_party_tests.rs:365:34:
[INFO] [stdout] called `Result::unwrap()` on an `Err` value: Os { code: 2, kind: NotFound, message: "No such file or directory" }
[INFO] [stdout] stack backtrace:
[INFO] [stdout]    0:     0x617db4bdd6c7 - <unknown>
[INFO] [stdout]    1:     0x617db4b4183a - <unknown>
[INFO] [stdout]    2:     0x617db4bdcc7b - <unknown>
[INFO] [stdout]    3:     0x617db4bdc75f - <unknown>
[INFO] [stdout]    4:     0x617db4bdc38a - <unknown>
[INFO] [stdout]    5:     0x617db4bdbec5 - <unknown>
[INFO] [stdout]    6:     0x617db4c02c71 - <unknown>
[INFO] [stdout]    7:     0x617db4c02c29 - <unknown>
[INFO] [stdout]    8:     0x617db4c0312c - <unknown>
[INFO] [stdout]    9:     0x617db4b416cb - <unknown>
[INFO] [stdout]   10:     0x617db4b45261 - <unknown>
[INFO] [stdout]   11:     0x617db4b12049 - <unknown>
[INFO] [stdout]   12:     0x617db4b3fe2e - <unknown>
[INFO] [stdout]   13:     0x617db4c1cacb - <unknown>
[INFO] [stdout]   14:     0x617db4c18ab1 - <unknown>
[INFO] [stdout]   15:     0x617db4c1829c - <unknown>
[INFO] [stdout]   16:     0x617db4c376ec - <unknown>
[INFO] [stdout]   17:     0x617db4c04a54 - <unknown>
[INFO] [stdout]   18:     0x7348d06b4dfa - <unknown>
[INFO] [stdout]   19:     0x7348d07483d4 - clone
[INFO] [stdout]   20:                0x0 - <unknown>
[INFO] [stdout] 
[INFO] [stdout] ---- sylius stdout ----
[INFO] [stdout] 
[INFO] [stdout] thread 'sylius' (1306) panicked at tests/third_party_tests.rs:365:34:
[INFO] [stdout] called `Result::unwrap()` on an `Err` value: Os { code: 2, kind: NotFound, message: "No such file or directory" }
[INFO] [stdout] stack backtrace:
[INFO] [stdout]    0:     0x617db4bdd6c7 - <unknown>
[INFO] [stdout]    1:     0x617db4b4183a - <unknown>
[INFO] [stdout]    2:     0x617db4bdcc7b - <unknown>
[INFO] [stdout]    3:     0x617db4bdc75f - <unknown>
[INFO] [stdout]    4:     0x617db4bdc38a - <unknown>
[INFO] [stdout]    5:     0x617db4bdbec5 - <unknown>
[INFO] [stdout]    6:     0x617db4c02c71 - <unknown>
[INFO] [stdout]    7:     0x617db4c02c29 - <unknown>
[INFO] [stdout]    8:     0x617db4c0312c - <unknown>
[INFO] [stdout]    9:     0x617db4b416cb - <unknown>
[INFO] [stdout]   10:     0x617db4b45261 - <unknown>
[INFO] [stdout]   11:     0x617db4b12049 - <unknown>
[INFO] [stdout]   12:     0x617db4b400ae - <unknown>
[INFO] [stdout]   13:     0x617db4c1cacb - <unknown>
[INFO] [stdout]   14:     0x617db4c18ab1 - <unknown>
[INFO] [stdout]   15:     0x617db4c1829c - <unknown>
[INFO] [stdout]   16:     0x617db4c376ec - <unknown>
[INFO] [stdout]   17:     0x617db4c04a54 - <unknown>
[INFO] [stdout]   18:     0x7348d06b4dfa - <unknown>
[INFO] [stdout]   19:     0x7348d07483d4 - clone
[INFO] [stdout]   20:                0x0 - <unknown>
[INFO] [stdout] 
[INFO] [stdout] ---- wordpress stdout ----
[INFO] [stdout] 
[INFO] [stdout] thread 'wordpress' (1309) panicked at tests/third_party_tests.rs:365:34:
[INFO] [stdout] called `Result::unwrap()` on an `Err` value: Os { code: 2, kind: NotFound, message: "No such file or directory" }
[INFO] [stdout] stack backtrace:
[INFO] [stdout]    0:     0x617db4bdd6c7 - <unknown>
[INFO] [stdout]    1:     0x617db4b4183a - <unknown>
[INFO] [stdout]    2:     0x617db4bdcc7b - <unknown>
[INFO] [stdout]    3:     0x617db4bdc75f - <unknown>
[INFO] [stdout]    4:     0x617db4bdc38a - <unknown>
[INFO] [stdout]    5:     0x617db4bdbec5 - <unknown>
[INFO] [stdout]    6:     0x617db4c02c71 - <unknown>
[INFO] [stdout]    7:     0x617db4c02c29 - <unknown>
[INFO] [stdout]    8:     0x617db4c0312c - <unknown>
[INFO] [stdout]    9:     0x617db4b416cb - <unknown>
[INFO] [stdout]   10:     0x617db4b45261 - <unknown>
[INFO] [stdout]   11:     0x617db4b12049 - <unknown>
[INFO] [stdout]   12:     0x617db4b4016a - <unknown>
[INFO] [stdout]   13:     0x617db4c1cacb - <unknown>
[INFO] [stdout]   14:     0x617db4c18ab1 - <unknown>
[INFO] [stdout]   15:     0x617db4c1829c - <unknown>
[INFO] [stdout]   16:     0x617db4c376ec - <unknown>
[INFO] [stdout]   17:     0x617db4c04a54 - <unknown>
[INFO] [stdout]   18:     0x7348d06b4dfa - <unknown>
[INFO] [stdout]   19:     0x7348d07483d4 - clone
[INFO] [stdout]   20:                0x0 - <unknown>
[INFO] [stdout] 
[INFO] [stdout] ---- joomla stdout ----
[INFO] [stdout] 
[INFO] [stdout] thread 'joomla' (1286) panicked at tests/third_party_tests.rs:365:34:
[INFO] [stdout] called `Result::unwrap()` on an `Err` value: Os { code: 2, kind: NotFound, message: "No such file or directory" }
[INFO] [stdout] stack backtrace:
[INFO] [stdout]    0:     0x617db4bdd6c7 - <unknown>
[INFO] [stdout]    1:     0x617db4b4183a - <unknown>
[INFO] [stdout]    2:     0x617db4bdcc7b - <unknown>
[INFO] [stdout]    3:     0x617db4bdc75f - <unknown>
[INFO] [stdout]    4:     0x617db4bdc38a - <unknown>
[INFO] [stdout]    5:     0x617db4bdbec5 - <unknown>
[INFO] [stdout]    6:     0x617db4c02c71 - <unknown>
[INFO] [stdout]    7:     0x617db4c02c29 - <unknown>
[INFO] [stdout]    8:     0x617db4c0312c - <unknown>
[INFO] [stdout]    9:     0x617db4b416cb - <unknown>
[INFO] [stdout]   10:     0x617db4b45261 - <unknown>
[INFO] [stdout]   11:     0x617db4b12049 - <unknown>
[INFO] [stdout]   12:     0x617db4b4002e - <unknown>
[INFO] [stdout]   13:     0x617db4c1cacb - <unknown>
[INFO] [stdout]   14:     0x617db4c18ab1 - <unknown>
[INFO] [stdout]   15:     0x617db4c1829c - <unknown>
[INFO] [stdout]   16:     0x617db4c376ec - <unknown>
[INFO] [stdout]   17:     0x617db4c04a54 - <unknown>
[INFO] [stdout]   18:     0x7348d06b4dfa - <unknown>
[INFO] [stdout]   19:     0x7348d07483d4 - clone
[INFO] [stdout]   20:                0x0 - <unknown>
[INFO] [stdout] 
[INFO] [stdout] ---- yii_framework stdout ----
[INFO] [stdout] 
[INFO] [stdout] thread 'yii_framework' (1310) panicked at tests/third_party_tests.rs:365:34:
[INFO] [stdout] called `Result::unwrap()` on an `Err` value: Os { code: 2, kind: NotFound, message: "No such file or directory" }
[INFO] [stdout] stack backtrace:
[INFO] [stdout]    0:     0x617db4bdd6c7 - <unknown>
[INFO] [stdout]    1:     0x617db4b4183a - <unknown>
[INFO] [stdout]    2:     0x617db4bdcc7b - <unknown>
[INFO] [stdout]    3:     0x617db4bdc75f - <unknown>
[INFO] [stdout]    4:     0x617db4bdc38a - <unknown>
[INFO] [stdout]    5:     0x617db4bdbec5 - <unknown>
[INFO] [stdout]    6:     0x617db4c02c71 - <unknown>
[INFO] [stdout]    7:     0x617db4c02c29 - <unknown>
[INFO] [stdout]    8:     0x617db4c0312c - <unknown>
[INFO] [stdout]    9:     0x617db4b416cb - <unknown>
[INFO] [stdout]   10:     0x617db4b45261 - <unknown>
[INFO] [stdout]   11:     0x617db4b12049 - <unknown>
[INFO] [stdout]   12:     0x617db4b3fbee - <unknown>
[INFO] [stdout]   13:     0x617db4c1cacb - <unknown>
[INFO] [stdout]   14:     0x617db4c18ab1 - <unknown>
[INFO] [stdout]   15:     0x617db4c1829c - <unknown>
[INFO] [stdout]   16:     0x617db4c376ec - <unknown>
[INFO] [stdout]   17:     0x617db4c04a54 - <unknown>
[INFO] [stdout]   18:     0x7348d06b4dfa - <unknown>
[INFO] [stdout]   19:     0x7348d07483d4 - clone
[INFO] [stdout]   20:                0x0 - <unknown>
[INFO] [stdout] 
[INFO] [stdout] ---- doctrine_dbal stdout ----
[INFO] [stdout] 
[INFO] [stdout] thread 'doctrine_dbal' (1282) panicked at tests/third_party_tests.rs:365:34:
[INFO] [stdout] called `Result::unwrap()` on an `Err` value: Os { code: 2, kind: NotFound, message: "No such file or directory" }
[INFO] [stdout] stack backtrace:
[INFO] [stdout]    0:     0x617db4bdd6c7 - <unknown>
[INFO] [stdout]    1:     0x617db4b4183a - <unknown>
[INFO] [stdout]    2:     0x617db4bdcc7b - <unknown>
[INFO] [stdout]    3:     0x617db4bdc75f - <unknown>
[INFO] [stdout]    4:     0x617db4bdc38a - <unknown>
[INFO] [stdout]    5:     0x617db4bdbec5 - <unknown>
[INFO] [stdout]    6:     0x617db4c02c71 - <unknown>
[INFO] [stdout]    7:     0x617db4c02c29 - <unknown>
[INFO] [stdout]    8:     0x617db4c0312c - <unknown>
[INFO] [stdout]    9:     0x617db4b416cb - <unknown>
[INFO] [stdout]   10:     0x617db4b45261 - <unknown>
[INFO] [stdout]   11:     0x617db4b12049 - <unknown>
[INFO] [stdout]   12:     0x617db4b3fb6a - <unknown>
[INFO] [stdout]   13:     0x617db4c1cacb - <unknown>
[INFO] [stdout]   14:     0x617db4c18ab1 - <unknown>
[INFO] [stdout]   15:     0x617db4c1829c - <unknown>
[INFO] [stdout]   16:     0x617db4c376ec - <unknown>
[INFO] [stdout]   17:     0x617db4c04a54 - <unknown>
[INFO] [stdout]   18:     0x7348d06b4dfa - <unknown>
[INFO] [stdout]   19:     0x7348d07483d4 - clone
[INFO] [stdout]   20:                0x0 - <unknown>
[INFO] [stdout] 
[INFO] [stdout] ---- symfony_polyfill stdout ----
[INFO] [stdout] 
[INFO] [stdout] thread 'symfony_polyfill' (1308) panicked at tests/third_party_tests.rs:365:34:
[INFO] [stdout] called `Result::unwrap()` on an `Err` value: Os { code: 2, kind: NotFound, message: "No such file or directory" }
[INFO] [stdout] stack backtrace:
[INFO] [stdout]    0:     0x617db4bdd6c7 - <unknown>
[INFO] [stdout]    1:     0x617db4b4183a - <unknown>
[INFO] [stdout]    2:     0x617db4bdcc7b - <unknown>
[INFO] [stdout]    3:     0x617db4bdc75f - <unknown>
[INFO] [stdout]    4:     0x617db4bdc38a - <unknown>
[INFO] [stdout]    5:     0x617db4bdbec5 - <unknown>
[INFO] [stdout]    6:     0x617db4c02c71 - <unknown>
[INFO] [stdout]    7:     0x617db4c02c29 - <unknown>
[INFO] [stdout]    8:     0x617db4c0312c - <unknown>
[INFO] [stdout]    9:     0x617db4b416cb - <unknown>
[INFO] [stdout]   10:     0x617db4b45261 - <unknown>
[INFO] [stdout]   11:     0x617db4b12049 - <unknown>
[INFO] [stdout]   12:     0x617db4b3fd6a - <unknown>
[INFO] [stdout]   13:     0x617db4c1cacb - <unknown>
[INFO] [stdout]   14:     0x617db4c18ab1 - <unknown>
[INFO] [stdout]   15:     0x617db4c1829c - <unknown>
[INFO] [stdout]   16:     0x617db4c376ec - <unknown>
[INFO] [stdout]   17:     0x617db4c04a54 - <unknown>
[INFO] [stdout]   18:     0x7348d06b4dfa - <unknown>
[INFO] [stdout]   19:     0x7348d07483d4 - clone
[INFO] [stdout]   20:                0x0 - <unknown>
[INFO] [stdout] 
[INFO] [stdout] ---- silverstripe_framework_core stdout ----
[INFO] [stdout] 
[INFO] [stdout] thread 'silverstripe_framework_core' (1304) panicked at tests/third_party_tests.rs:365:34:
[INFO] [stdout] called `Result::unwrap()` on an `Err` value: Os { code: 2, kind: NotFound, message: "No such file or directory" }
[INFO] [stdout] stack backtrace:
[INFO] [stdout]    0:     0x617db4bdd6c7 - <unknown>
[INFO] [stdout]    1:     0x617db4b4183a - <unknown>
[INFO] [stdout]    2:     0x617db4bdcc7b - <unknown>
[INFO] [stdout]    3:     0x617db4bdc75f - <unknown>
[INFO] [stdout]    4:     0x617db4bdc38a - <unknown>
[INFO] [stdout]    5:     0x617db4bdbec5 - <unknown>
[INFO] [stdout]    6:     0x617db4c02c71 - <unknown>
[INFO] [stdout]    7:     0x617db4c02c29 - <unknown>
[INFO] [stdout]    8:     0x617db4c0312c - <unknown>
[INFO] [stdout]    9:     0x617db4b416cb - <unknown>
[INFO] [stdout]   10:     0x617db4b45261 - <unknown>
[INFO] [stdout]   11:     0x617db4b12049 - <unknown>
[INFO] [stdout]   12:     0x617db4b3ff2a - <unknown>
[INFO] [stdout]   13:     0x617db4c1cacb - <unknown>
[INFO] [stdout]   14:     0x617db4c18ab1 - <unknown>
[INFO] [stdout]   15:     0x617db4c1829c - <unknown>
[INFO] [stdout]   16:     0x617db4c376ec - <unknown>
[INFO] [stdout]   17:     0x617db4c04a54 - <unknown>
[INFO] [stdout]   18:     0x7348d06b4dfa - <unknown>
[INFO] [stdout]   19:     0x7348d07483d4 - clone
[INFO] [stdout]   20:                0x0 - <unknown>
[INFO] [stdout] 
[INFO] [stdout] 
[INFO] [stdout] failures:
[INFO] [stdout]     api_platform
[INFO] [stdout]     chubbyphp_framework
[INFO] [stdout]     composer
[INFO] [stdout]     doctrine_dbal
[INFO] [stdout]     doctrine_orm
[INFO] [stdout]     drupal
[INFO] [stdout]     hyperf_framework
[INFO] [stdout]     joomla
[INFO] [stdout]     laravel_framework
[INFO] [stdout]     madelineproto
[INFO] [stdout]     mezzio_framework
[INFO] [stdout]     nikic_php_parser
[INFO] [stdout]     phabel
[INFO] [stdout]     php_standard_library
[INFO] [stdout]     phpbb
[INFO] [stdout]     phpmyadmin_web
[INFO] [stdout]     phpstan_bin
[INFO] [stdout]     phpstan_src
[INFO] [stdout]     phpunit
[INFO] [stdout]     prestashop
[INFO] [stdout]     psalm
[INFO] [stdout]     rector_bin
[INFO] [stdout]     rector_src
[INFO] [stdout]     roundcubemail_web
[INFO] [stdout]     silverstripe_framework_cms
[INFO] [stdout]     silverstripe_framework_core
[INFO] [stdout]     spiral_framework
[INFO] [stdout]     sylius
[INFO] [stdout]     symfony_framework
[INFO] [stdout]     symfony_polyfill
[INFO] [stdout]     wordpress
[INFO] [stdout]     yii_framework
[INFO] [stdout] 
[INFO] [stdout] test result: FAILED. 0 passed; 32 failed; 0 ignored; 0 measured; 0 filtered out; finished in 0.01s
[INFO] [stdout] 
[INFO] running `Command { std: "docker" "inspect" "03045b690251e841a6acc6b5688913c7f543b0ad4ad61ea52a91d3032b1a96f1", kill_on_drop: false }`
[INFO] running `Command { std: "docker" "rm" "-f" "03045b690251e841a6acc6b5688913c7f543b0ad4ad61ea52a91d3032b1a96f1", kill_on_drop: false }`
[INFO] [stdout] 03045b690251e841a6acc6b5688913c7f543b0ad4ad61ea52a91d3032b1a96f1
