[INFO] fetching crate phoxal-build 0.72.0...
[INFO] testing phoxal-build-0.72.0 against 1.100.0-beta.1+cargoflags=--release for beta-release-1.100-2
[INFO] extracting crate phoxal-build 0.72.0 into /workspace/builds/worker-2-tc2/source
[INFO] started tweaking crates.io crate phoxal-build 0.72.0
[INFO] finished tweaking crates.io crate phoxal-build 0.72.0
[INFO] tweaked toml for crates.io crate phoxal-build 0.72.0 written to /workspace/builds/worker-2-tc2/source/Cargo.toml
[INFO] validating manifest of crates.io crate phoxal-build 0.72.0 on toolchain 1.100.0-beta.1
[INFO] running `Command { std: CARGO_HOME="/workspace/cargo-home" RUSTUP_HOME="/workspace/rustup-home" "/workspace/cargo-home/bin/cargo" "+1.100.0-beta.1" "metadata" "--manifest-path" "Cargo.toml" "--no-deps", kill_on_drop: false }`
[INFO] crate crates.io crate phoxal-build 0.72.0 already has a lockfile, it will not be regenerated
[INFO] running `Command { std: CARGO_HOME="/workspace/cargo-home" RUSTUP_HOME="/workspace/rustup-home" "/workspace/cargo-home/bin/cargo" "+1.100.0-beta.1" "fetch" "--manifest-path" "Cargo.toml", kill_on_drop: false }`
[INFO] [stderr] warning: `package.homepage` is redundant with `package.repository`
[INFO] [stderr]   --> Cargo.toml:71:12
[INFO] [stderr]    |
[INFO] [stderr] 71 | homepage = "https://github.com/phoxal/framework"
[INFO] [stderr]    |            ^^^^^^^^^^^^^^^^^^^^^^^^^^^^^^^^^^^^^
[INFO] [stderr] ...
[INFO] [stderr] 77 | repository = "https://github.com/phoxal/framework"
[INFO] [stderr]    |              -------------------------------------
[INFO] [stderr]    |
[INFO] [stderr]    = note: `cargo::redundant_homepage` is set to `warn` by default
[INFO] [stderr] help: consider removing `package.homepage`
[INFO] [stderr] warning: `phoxal-build` (manifest) generated 1 warning
[INFO] running `Command { std: "docker" "create" "-v" "/var/lib/crater-agent-workspace/builds/worker-2-tc2/source:/opt/rustwide/workdir:ro,Z" "-v" "/var/lib/crater-agent-workspace/builds/worker-2-tc2/target:/opt/rustwide/target:rw,Z" "-v" "/var/lib/crater-agent-workspace/cargo-home:/opt/rustwide/cargo-home:ro,Z" "-v" "/var/lib/crater-agent-workspace/rustup-home:/opt/rustwide/rustup-home:ro,Z" "-m" "1610612736" "--network" "none" "ghcr.io/rust-lang/crates-build-env/linux@sha256:77db811e55d90add9212f6832c23229e3de5f1c1f9905e8cb07319ea15df73ac" "sleep" "infinity", kill_on_drop: false }`
[INFO] [stdout] 4135abebe315688ab3b38362c9f845429e4aa5bc3fc9b81156fa105e024c03f9
[INFO] running `Command { std: "docker" "start" "4135abebe315688ab3b38362c9f845429e4aa5bc3fc9b81156fa105e024c03f9", kill_on_drop: false }`
[INFO] running `Command { std: "docker" "inspect" "4135abebe315688ab3b38362c9f845429e4aa5bc3fc9b81156fa105e024c03f9", kill_on_drop: false }`
[INFO] running `Command { std: "docker" "exec" "-e" "SOURCE_DIR=/opt/rustwide/workdir" "-e" "CARGO_HOME=/opt/rustwide/cargo-home" "-e" "RUSTUP_HOME=/opt/rustwide/rustup-home" "-e" "CARGO_TARGET_DIR=/opt/rustwide/target" "-w" "/opt/rustwide/workdir" "--user" "0:0" "4135abebe315688ab3b38362c9f845429e4aa5bc3fc9b81156fa105e024c03f9" "/opt/rustwide/cargo-home/bin/cargo" "+1.100.0-beta.1" "metadata" "--no-deps" "--format-version=1", kill_on_drop: false }`
[INFO] running `Command { std: "docker" "inspect" "4135abebe315688ab3b38362c9f845429e4aa5bc3fc9b81156fa105e024c03f9", kill_on_drop: false }`
[INFO] running `Command { std: "docker" "exec" "-e" "SOURCE_DIR=/opt/rustwide/workdir" "-e" "CARGO_HOME=/opt/rustwide/cargo-home" "-e" "RUSTUP_HOME=/opt/rustwide/rustup-home" "-e" "CARGO_TARGET_DIR=/opt/rustwide/target" "-e" "CARGO_INCREMENTAL=0" "-e" "RUST_BACKTRACE=full" "-e" "RUSTFLAGS=--cap-lints=warn" "-e" "RUSTDOCFLAGS=--cap-lints=warn" "-w" "/opt/rustwide/workdir" "--user" "0:0" "4135abebe315688ab3b38362c9f845429e4aa5bc3fc9b81156fa105e024c03f9" "/opt/rustwide/cargo-home/bin/cargo" "+1.100.0-beta.1" "build" "--frozen" "--message-format=json" "--release", kill_on_drop: false }`
[INFO] [stderr] warning: `package.homepage` is redundant with `package.repository`
[INFO] [stderr]   --> Cargo.toml:71:12
[INFO] [stderr]    |
[INFO] [stderr] 71 | homepage = "https://github.com/phoxal/framework"
[INFO] [stderr]    |            ^^^^^^^^^^^^^^^^^^^^^^^^^^^^^^^^^^^^^
[INFO] [stderr] ...
[INFO] [stderr] 77 | repository = "https://github.com/phoxal/framework"
[INFO] [stderr]    |              -------------------------------------
[INFO] [stderr]    |
[INFO] [stderr]    = note: `cargo::redundant_homepage` is set to `warn` by default
[INFO] [stderr] help: consider removing `package.homepage`
[INFO] [stderr] warning: `phoxal-build` (manifest) generated 1 warning
[INFO] [stderr]    Compiling either v1.18.0
[INFO] [stderr]    Compiling proc-macro2 v1.0.107
[INFO] [stderr]    Compiling libc v0.2.190
[INFO] [stderr]    Compiling unicode-ident v1.0.26
[INFO] [stderr]    Compiling rustix v1.1.5
[INFO] [stderr]    Compiling syn v3.0.6
[INFO] [stderr]    Compiling syn v2.0.119
[INFO] [stderr]    Compiling quote v1.0.47
[INFO] [stderr]    Compiling bytes v1.12.1
[INFO] [stderr]    Compiling toml_parser v1.1.3+spec-1.1.0
[INFO] [stderr]    Compiling itertools v0.14.0
[INFO] [stderr]    Compiling toml_datetime v1.1.1+spec-1.1.0
[INFO] [stderr]    Compiling serde_spanned v1.1.1
[INFO] [stderr]    Compiling thiserror v2.0.21
[INFO] [stderr]    Compiling prettyplease v0.2.37
[INFO] [stderr]    Compiling toml v1.1.6+spec-1.1.0
[INFO] [stderr]    Compiling indexmap v2.14.2
[INFO] [stderr]    Compiling getrandom v0.4.3
[INFO] [stderr]    Compiling once_cell v1.21.4
[INFO] [stderr]    Compiling serde_json v1.0.151
[INFO] [stderr]    Compiling serde_derive v1.0.229
[INFO] [stderr]    Compiling thiserror-impl v2.0.21
[INFO] [stderr]    Compiling fs4 v1.1.0
[INFO] [stderr]    Compiling prost-derive v0.14.4
[INFO] [stderr]    Compiling tempfile v3.27.0
[INFO] [stderr]    Compiling sha2 v0.10.9
[INFO] [stderr]    Compiling heck v0.5.0
[INFO] [stderr]    Compiling prost v0.14.4
[INFO] [stderr]    Compiling prost-types v0.14.4
[INFO] [stderr]    Compiling serde v1.0.229
[INFO] [stderr]    Compiling serde_yaml v0.9.34+deprecated
[INFO] [stderr]    Compiling cargo-config2 v0.1.45
[INFO] [stderr]    Compiling prost-reflect v0.16.5
[INFO] [stderr]    Compiling phoxal-build v0.72.0 (/opt/rustwide/workdir)
[INFO] [stderr]     Finished `release` profile [optimized] target(s) in 2m 21s
[INFO] running `Command { std: "docker" "inspect" "4135abebe315688ab3b38362c9f845429e4aa5bc3fc9b81156fa105e024c03f9", kill_on_drop: false }`
[INFO] running `Command { std: "docker" "exec" "-e" "SOURCE_DIR=/opt/rustwide/workdir" "-e" "CARGO_HOME=/opt/rustwide/cargo-home" "-e" "RUSTUP_HOME=/opt/rustwide/rustup-home" "-e" "CARGO_TARGET_DIR=/opt/rustwide/target" "-e" "CARGO_INCREMENTAL=0" "-e" "RUST_BACKTRACE=full" "-e" "RUSTFLAGS=--cap-lints=warn" "-e" "RUSTDOCFLAGS=--cap-lints=warn" "-w" "/opt/rustwide/workdir" "--user" "0:0" "4135abebe315688ab3b38362c9f845429e4aa5bc3fc9b81156fa105e024c03f9" "/opt/rustwide/cargo-home/bin/cargo" "+1.100.0-beta.1" "test" "--frozen" "--no-run" "--message-format=json" "--release", kill_on_drop: false }`
[INFO] [stderr] warning: `package.homepage` is redundant with `package.repository`
[INFO] [stderr]   --> Cargo.toml:71:12
[INFO] [stderr]    |
[INFO] [stderr] 71 | homepage = "https://github.com/phoxal/framework"
[INFO] [stderr]    |            ^^^^^^^^^^^^^^^^^^^^^^^^^^^^^^^^^^^^^
[INFO] [stderr] ...
[INFO] [stderr] 77 | repository = "https://github.com/phoxal/framework"
[INFO] [stderr]    |              -------------------------------------
[INFO] [stderr]    |
[INFO] [stderr]    = note: `cargo::redundant_homepage` is set to `warn` by default
[INFO] [stderr] help: consider removing `package.homepage`
[INFO] [stderr] warning: `phoxal-build` (manifest) generated 1 warning
[INFO] [stderr]    Compiling phoxal-build v0.72.0 (/opt/rustwide/workdir)
[INFO] [stderr]     Finished `release` profile [optimized] target(s) in 30.51s
[INFO] running `Command { std: "docker" "inspect" "4135abebe315688ab3b38362c9f845429e4aa5bc3fc9b81156fa105e024c03f9", kill_on_drop: false }`
[INFO] running `Command { std: "docker" "exec" "-e" "SOURCE_DIR=/opt/rustwide/workdir" "-e" "CARGO_HOME=/opt/rustwide/cargo-home" "-e" "RUSTUP_HOME=/opt/rustwide/rustup-home" "-e" "CARGO_TARGET_DIR=/opt/rustwide/target" "-e" "CARGO_INCREMENTAL=0" "-e" "RUST_BACKTRACE=full" "-e" "RUSTFLAGS=--cap-lints=warn" "-e" "RUSTDOCFLAGS=--cap-lints=warn" "-w" "/opt/rustwide/workdir" "--user" "0:0" "4135abebe315688ab3b38362c9f845429e4aa5bc3fc9b81156fa105e024c03f9" "/opt/rustwide/cargo-home/bin/cargo" "+1.100.0-beta.1" "test" "--frozen" "--release", kill_on_drop: false }`
[INFO] [stderr] warning: `package.homepage` is redundant with `package.repository`
[INFO] [stderr]   --> Cargo.toml:71:12
[INFO] [stderr]    |
[INFO] [stderr] 71 | homepage = "https://github.com/phoxal/framework"
[INFO] [stderr]    |            ^^^^^^^^^^^^^^^^^^^^^^^^^^^^^^^^^^^^^
[INFO] [stderr] ...
[INFO] [stderr] 77 | repository = "https://github.com/phoxal/framework"
[INFO] [stderr]    |              -------------------------------------
[INFO] [stderr]    |
[INFO] [stderr]    = note: `cargo::redundant_homepage` is set to `warn` by default
[INFO] [stderr] help: consider removing `package.homepage`
[INFO] [stderr] warning: `phoxal-build` (manifest) generated 1 warning
[INFO] [stderr]     Finished `release` profile [optimized] target(s) in 0.13s
[INFO] [stderr]      Running unittests src/lib.rs (/opt/rustwide/target/release/build/phoxal-build/9041fbc3b6d87011/out/phoxal_build-9041fbc3b6d87011)
[INFO] [stdout] 
[INFO] [stdout] running 16 tests
[INFO] [stdout] test api::tests::git_package_path_is_not_mistaken_for_a_local_source ... ok
[INFO] [stdout] test prepared::tests::complete_identity_keys_separate_fold_colliding_binaries ... ok
[INFO] [stdout] test api::manifest_tests::a_minimal_robot_generates_a_valid_empty_api_surface ... ok
[INFO] [stdout] test manifest::tests::unsupported_capabilities_are_rejected_without_inference ... ok
[INFO] [stdout] test api::manifest_tests::robot_document_schema_must_be_a_supported_generation ... ok
[INFO] [stdout] test prepared::tests::endpoints_classify_outputs_by_their_public_shape ... ok
[INFO] [stdout] test api::tests::unprepared_self_selection_is_refused_instead_of_skipped ... ok
[INFO] [stdout] test prepared::tests::prepared_key_validation_rejects_directory_identity_mismatches ... ok
[INFO] [stdout] test prepared::tests::prepared_keys_are_injective_across_identity_lookalikes ... ok
[INFO] [stdout] test prepared::tests::prepared_keys_are_readable_and_distinct_per_binary ... ok
[INFO] [stdout] test prepared::tests::read_prepared_for_rejects_a_requested_identity_the_file_does_not_record ... ok
[INFO] [stdout] test prepared::tests::complete_identity_keys_separate_fold_colliding_sources ... ok
[INFO] [stdout] test manifest::tests::standard_capabilities_derive_their_endpoint_contracts ... ok
[INFO] [stdout] test prepared::tests::configured_target_store_is_shared_but_robot_inputs_remain_isolated ... FAILED
[INFO] [stdout] test prepared::tests::publication_changes_only_contract_content_and_recovers_interruption ... ok
[INFO] [stdout] test prepared::tests::instance_products_share_source_without_config_collisions_and_refuse_staleness ... ok
[INFO] [stdout] 
[INFO] [stdout] failures:
[INFO] [stdout] 
[INFO] [stdout] ---- prepared::tests::configured_target_store_is_shared_but_robot_inputs_remain_isolated stdout ----
[INFO] [stdout] 
[INFO] [stdout] thread 'prepared::tests::configured_target_store_is_shared_but_robot_inputs_remain_isolated' (889) panicked at src/prepared.rs:1159:9:
[INFO] [stdout] assertion failed: first.starts_with(shared.join(PREPARED_ROOT))
[INFO] [stdout] stack backtrace:
[INFO] [stdout]    0:     0x6554a567cc31 - <<std[617be2ca0a6fd877]::sys::backtrace::BacktraceLock>::print::DisplayBacktrace as core[a373ad73a504971]::fmt::Display>::fmt
[INFO] [stdout]    1:     0x6554a569488a - core[a373ad73a504971]::fmt::write
[INFO] [stdout]    2:     0x6554a568130c - <alloc[2e1b2a31b91974c5]::vec::Vec<u8> as core[a373ad73a504971]::io::write::Write>::write_fmt
[INFO] [stdout]    3:     0x6554a56562d6 - std[617be2ca0a6fd877]::panicking::default_hook::{closure#0}
[INFO] [stdout]    4:     0x6554a5673c69 - std[617be2ca0a6fd877]::panicking::default_hook
[INFO] [stdout]    5:     0x6554a5563390 - test[aada8e7e76ba119b]::test_main_inner::{closure#0}
[INFO] [stdout]    6:     0x6554a5673f92 - std[617be2ca0a6fd877]::panicking::panic_with_hook
[INFO] [stdout]    7:     0x6554a56563b4 - std[617be2ca0a6fd877]::panicking::panic_handler::{closure#0}
[INFO] [stdout]    8:     0x6554a564ece9 - std[617be2ca0a6fd877]::sys::backtrace::__rust_end_short_backtrace::<std[617be2ca0a6fd877]::panicking::panic_handler::{closure#0}, !>
[INFO] [stdout]    9:     0x6554a565707d - __rustc[ea4f61d10b84890b]::rust_begin_unwind
[INFO] [stdout]   10:     0x6554a569502c - core[a373ad73a504971]::panicking::panic_fmt
[INFO] [stdout]   11:     0x6554a5694ff2 - core[a373ad73a504971]::panicking::panic
[INFO] [stdout]   12:     0x6554a5341bb1 - <phoxal_build[acdc6b478740e444]::prepared::tests::configured_target_store_is_shared_but_robot_inputs_remain_isolated::{closure#0} as core[a373ad73a504971]::ops::function::FnOnce<()>>::call_once
[INFO] [stdout]   13:     0x6554a55567db - test[aada8e7e76ba119b]::__rust_begin_short_backtrace::<core[a373ad73a504971]::result::Result<(), alloc[2e1b2a31b91974c5]::string::String>, fn() -> core[a373ad73a504971]::result::Result<(), alloc[2e1b2a31b91974c5]::string::String>>
[INFO] [stdout]   14:     0x6554a55639b5 - test[aada8e7e76ba119b]::run_test::{closure#0}
[INFO] [stdout]   15:     0x6554a555d2a4 - std[617be2ca0a6fd877]::sys::backtrace::__rust_begin_short_backtrace::<test[aada8e7e76ba119b]::run_test::{closure#1}, ()>
[INFO] [stdout]   16:     0x6554a5566a42 - <std[617be2ca0a6fd877]::thread::lifecycle::spawn_unchecked<test[aada8e7e76ba119b]::run_test::{closure#1}, ()>::{closure#1} as core[a373ad73a504971]::ops::function::FnOnce<()>>::call_once::{shim:vtable#0}
[INFO] [stdout]   17:     0x6554a567bc2f - <std[617be2ca0a6fd877]::sys::thread::unix::Thread>::new::thread_start
[INFO] [stdout]   18:     0x791b3df09dfa - <unknown>
[INFO] [stdout]   19:     0x791b3df9d3d4 - clone
[INFO] [stdout]   20:                0x0 - <unknown>
[INFO] [stdout] 
[INFO] [stdout] 
[INFO] [stdout] failures:
[INFO] [stdout]     prepared::tests::configured_target_store_is_shared_but_robot_inputs_remain_isolated
[INFO] [stdout] 
[INFO] [stdout] test result: FAILED. 15 passed; 1 failed; 0 ignored; 0 measured; 0 filtered out; finished in 0.01s
[INFO] [stdout] 
[INFO] [stderr] error: test failed, to rerun pass `--lib`
[INFO] running `Command { std: "docker" "inspect" "4135abebe315688ab3b38362c9f845429e4aa5bc3fc9b81156fa105e024c03f9", kill_on_drop: false }`
[INFO] running `Command { std: "docker" "rm" "-f" "4135abebe315688ab3b38362c9f845429e4aa5bc3fc9b81156fa105e024c03f9", kill_on_drop: false }`
[INFO] [stdout] 4135abebe315688ab3b38362c9f845429e4aa5bc3fc9b81156fa105e024c03f9
