[INFO] fetching crate phil-core 0.4.0...
[INFO] testing phil-core-0.4.0 against 1.99.0-beta.8+cargoflags=--release for beta-release-1.100-2
[INFO] extracting crate phil-core 0.4.0 into /workspace/builds/worker-7-tc1/source
[INFO] started tweaking crates.io crate phil-core 0.4.0
[INFO] finished tweaking crates.io crate phil-core 0.4.0
[INFO] tweaked toml for crates.io crate phil-core 0.4.0 written to /workspace/builds/worker-7-tc1/source/Cargo.toml
[INFO] validating manifest of crates.io crate phil-core 0.4.0 on toolchain 1.99.0-beta.8
[INFO] running `Command { std: CARGO_HOME="/workspace/cargo-home" RUSTUP_HOME="/workspace/rustup-home" "/workspace/cargo-home/bin/cargo" "+1.99.0-beta.8" "metadata" "--manifest-path" "Cargo.toml" "--no-deps", kill_on_drop: false }`
[INFO] running `Command { std: CARGO_HOME="/workspace/cargo-home" RUSTUP_HOME="/workspace/rustup-home" "/workspace/cargo-home/bin/cargo" "+1.99.0-beta.8" "generate-lockfile" "--manifest-path" "Cargo.toml", kill_on_drop: false }`
[INFO] [stderr]     Updating crates.io index
[INFO] [stderr]      Locking 321 packages to highest compatible versions
[INFO] [stderr]       Adding bytes v1.1.0 (available: v1.12.1)
[INFO] [stderr]       Adding form_urlencoded v1.0.1 (available: v1.2.2)
[INFO] [stderr]       Adding mongodb v1.2.5 (available: v3.9.1)
[INFO] [stderr]       Adding percent-encoding v2.1.0 (available: v2.3.2)
[INFO] [stderr]       Adding psm v0.1.24 (available: v0.1.32)
[INFO] [stderr]       Adding rand v0.7.3 (available: v0.10.3)
[INFO] [stderr]       Adding subtle v2.4.1 (available: v2.6.1)
[INFO] [stderr]       Adding thiserror v1.0.69 (available: v2.0.21)
[INFO] [stderr]       Adding typed-builder v0.7.1 (available: v0.23.2)
[INFO] [stderr]       Adding unicase v2.6.0 (available: v2.10.0)
[INFO] [stderr]       Adding url v2.3.0 (available: v2.5.8)
[INFO] [stderr]       Adding uuid v0.8.2 (available: v1.28.0)
[INFO] [stderr]       Adding wasi v0.10.0+wasi-snapshot-preview1 (available: v0.10.2+wasi-snapshot-preview1)
[INFO] running `Command { std: CARGO_HOME="/workspace/cargo-home" RUSTUP_HOME="/workspace/rustup-home" "/workspace/cargo-home/bin/cargo" "+1.99.0-beta.8" "fetch" "--manifest-path" "Cargo.toml", kill_on_drop: false }`
[INFO] [stderr]  Downloading crates ...
[INFO] [stderr]   Downloaded typed-builder v0.7.1
[INFO] [stderr]   Downloaded tempdir v0.3.7
[INFO] [stderr]   Downloaded trust-dns-resolver v0.19.7
[INFO] [stderr]   Downloaded typed-builder v0.4.1
[INFO] [stderr]   Downloaded pbkdf2 v0.8.0
[INFO] [stderr]   Downloaded enum-as-inner v0.3.4
[INFO] [stderr]   Downloaded crypto-mac v0.11.1
[INFO] [stderr]   Downloaded url v2.3.0
[INFO] [stderr]   Downloaded ipconfig v0.2.2
[INFO] [stderr]   Downloaded winreg v0.6.2
[INFO] [stderr]   Downloaded widestring v0.4.3
[INFO] [stderr]   Downloaded os_info v3.15.0
[INFO] [stderr]   Downloaded mongodb v1.2.5
[INFO] [stderr]   Downloaded trust-dns-proto v0.19.7
[INFO] [stderr]   Downloaded err-derive v0.2.4
[INFO] [stderr]   Downloaded md-5 v0.9.1
[INFO] [stderr]   Downloaded bson v1.2.4
[INFO] [stderr]   Downloaded soup v0.5.1
[INFO] [stderr]   Downloaded monger-core v0.14.0
[INFO] [stderr]   Downloaded string_cache_codegen v0.4.4
[INFO] [stderr]   Downloaded html5ever v0.22.5
[INFO] [stderr]   Downloaded markup5ever v0.7.5
[INFO] [stderr]   Downloaded string_cache_shared v0.3.0
[INFO] [stderr]   Downloaded string_cache v0.7.5
[INFO] [stderr]   Downloaded rs-release v0.1.12
[INFO] [stderr]   Downloaded reqwest v0.10.10
[INFO] [stderr]   Downloaded tokio-rustls v0.14.1
[INFO] [stderr]   Downloaded hyper-rustls v0.21.0
[INFO] [stderr]   Downloaded bytes v1.1.0
[INFO] [stderr]   Downloaded async-compression v0.3.15
[INFO] [stderr]   Downloaded rustls v0.18.1
[INFO] [stderr]   Downloaded hyperx v1.4.0
[INFO] [stderr]   Downloaded webpki-roots v0.20.0
[INFO] running `Command { std: "docker" "create" "-v" "/var/lib/crater-agent-workspace/builds/worker-7-tc1/source:/opt/rustwide/workdir:ro,Z" "-v" "/var/lib/crater-agent-workspace/builds/worker-7-tc1/target:/opt/rustwide/target:rw,Z" "-v" "/var/lib/crater-agent-workspace/cargo-home:/opt/rustwide/cargo-home:ro,Z" "-v" "/var/lib/crater-agent-workspace/rustup-home:/opt/rustwide/rustup-home:ro,Z" "-m" "1610612736" "--network" "none" "ghcr.io/rust-lang/crates-build-env/linux@sha256:77db811e55d90add9212f6832c23229e3de5f1c1f9905e8cb07319ea15df73ac" "sleep" "infinity", kill_on_drop: false }`
[INFO] [stdout] ae06cd15c2a24da7b611975b60ca96f764188a5c8904303d724b0a37c87b036b
[INFO] running `Command { std: "docker" "start" "ae06cd15c2a24da7b611975b60ca96f764188a5c8904303d724b0a37c87b036b", kill_on_drop: false }`
[INFO] running `Command { std: "docker" "inspect" "ae06cd15c2a24da7b611975b60ca96f764188a5c8904303d724b0a37c87b036b", kill_on_drop: false }`
[INFO] running `Command { std: "docker" "exec" "-e" "SOURCE_DIR=/opt/rustwide/workdir" "-e" "CARGO_HOME=/opt/rustwide/cargo-home" "-e" "RUSTUP_HOME=/opt/rustwide/rustup-home" "-e" "CARGO_TARGET_DIR=/opt/rustwide/target" "-w" "/opt/rustwide/workdir" "--user" "0:0" "ae06cd15c2a24da7b611975b60ca96f764188a5c8904303d724b0a37c87b036b" "/opt/rustwide/cargo-home/bin/cargo" "+1.99.0-beta.8" "metadata" "--no-deps" "--format-version=1", kill_on_drop: false }`
[INFO] running `Command { std: "docker" "inspect" "ae06cd15c2a24da7b611975b60ca96f764188a5c8904303d724b0a37c87b036b", kill_on_drop: false }`
[INFO] running `Command { std: "docker" "exec" "-e" "SOURCE_DIR=/opt/rustwide/workdir" "-e" "CARGO_HOME=/opt/rustwide/cargo-home" "-e" "RUSTUP_HOME=/opt/rustwide/rustup-home" "-e" "CARGO_TARGET_DIR=/opt/rustwide/target" "-e" "CARGO_INCREMENTAL=0" "-e" "RUST_BACKTRACE=full" "-e" "RUSTFLAGS=--cap-lints=warn" "-e" "RUSTDOCFLAGS=--cap-lints=warn" "-w" "/opt/rustwide/workdir" "--user" "0:0" "ae06cd15c2a24da7b611975b60ca96f764188a5c8904303d724b0a37c87b036b" "/opt/rustwide/cargo-home/bin/cargo" "+1.99.0-beta.8" "build" "--frozen" "--message-format=json" "--release", kill_on_drop: false }`
[INFO] [stderr]    Compiling libc v0.2.191
[INFO] [stderr]    Compiling syn v1.0.109
[INFO] [stderr]    Compiling value-bag v1.14.1
[INFO] [stderr]    Compiling futures-io v0.3.34
[INFO] [stderr]    Compiling ring v0.16.20
[INFO] [stderr]    Compiling crossbeam-utils v0.8.23
[INFO] [stderr]    Compiling serde v1.0.229
[INFO] [stderr]    Compiling unicase v2.6.0
[INFO] [stderr]    Compiling string_cache_shared v0.3.0
[INFO] [stderr]    Compiling futures-util v0.3.34
[INFO] [stderr]    Compiling matches v0.1.10
[INFO] [stderr]    Compiling log v0.4.34
[INFO] [stderr]    Compiling tinyvec v1.13.3
[INFO] [stderr]    Compiling percent-encoding v2.1.0
[INFO] [stderr]    Compiling proc-macro2 v0.4.30
[INFO] [stderr]    Compiling zerocopy v0.8.63
[INFO] [stderr]    Compiling unicode-normalization v0.1.26
[INFO] [stderr]    Compiling concurrent-queue v2.5.0
[INFO] [stderr]    Compiling bytes v1.1.0
[INFO] [stderr]    Compiling http v0.2.12
[INFO] [stderr]    Compiling form_urlencoded v1.0.1
[INFO] [stderr]    Compiling iovec v0.1.4
[INFO] [stderr]    Compiling net2 v0.2.39
[INFO] [stderr]    Compiling num_cpus v1.17.0
[INFO] [stderr]    Compiling rand_os v0.1.3
[INFO] [stderr]    Compiling rand v0.6.5
[INFO] [stderr]    Compiling mio v0.6.23
[INFO] [stderr]    Compiling getrandom v0.1.16
[INFO] [stderr]    Compiling phf_generator v0.7.24
[INFO] [stderr]    Compiling string_cache_codegen v0.4.4
[INFO] [stderr]    Compiling rand_core v0.5.1
[INFO] [stderr]    Compiling event-listener v5.4.2
[INFO] [stderr]    Compiling syn v0.15.44
[INFO] [stderr]    Compiling siphasher v0.2.3
[INFO] [stderr]    Compiling rustix v1.1.5
[INFO] [stderr]    Compiling phf_shared v0.7.24
[INFO] [stderr]    Compiling serde_json v1.0.154
[INFO] [stderr]    Compiling event-listener-strategy v0.5.4
[INFO] [stderr]    Compiling psm v0.1.24
[INFO] [stderr]    Compiling tracing v0.1.44
[INFO] [stderr]    Compiling string_cache v0.7.5
[INFO] [stderr]    Compiling phf_codegen v0.7.24
[INFO] [stderr]    Compiling quote v0.6.13
[INFO] [stderr]    Compiling idna v0.2.3
[INFO] [stderr]    Compiling futures-lite v2.6.1
[INFO] [stderr]    Compiling crc32fast v1.5.2
[INFO] [stderr]    Compiling mac v0.1.1
[INFO] [stderr]    Compiling strsim v0.10.0
[INFO] [stderr]    Compiling object v0.37.3
[INFO] [stderr]    Compiling darling_core v0.13.4
[INFO] [stderr]    Compiling markup5ever v0.7.5
[INFO] [stderr]    Compiling url v2.3.0
[INFO] [stderr]    Compiling tokio-macros v0.2.6
[INFO] [stderr]    Compiling futf v0.1.5
[INFO] [stderr]    Compiling stacker v0.1.25
[INFO] [stderr]    Compiling tokio v0.2.25
[INFO] [stderr]    Compiling tracing-futures v0.2.5
[INFO] [stderr]    Compiling rand_pcg v0.2.1
[INFO] [stderr]    Compiling socket2 v0.3.19
[INFO] [stderr]    Compiling ppv-lite86 v0.2.21
[INFO] [stderr]    Compiling thiserror-impl v1.0.69
[INFO] [stderr]    Compiling proc-macro-error-attr v1.0.4
[INFO] [stderr]    Compiling rand_chacha v0.2.2
[INFO] [stderr]    Compiling async-io v2.6.0
[INFO] [stderr]    Compiling gimli v0.32.3
[INFO] [stderr]    Compiling simd-adler32 v0.3.10
[INFO] [stderr]    Compiling webpki v0.21.4
[INFO] [stderr]    Compiling sct v0.6.1
[INFO] [stderr]    Compiling base64 v0.12.3
[INFO] [stderr]    Compiling rustls v0.18.1
[INFO] [stderr]    Compiling nix v0.31.3
[INFO] [stderr]    Compiling tendril v0.4.3
[INFO] [stderr]    Compiling piper v0.2.5
[INFO] [stderr]    Compiling thiserror v1.0.69
[INFO] [stderr]    Compiling miniz_oxide v0.9.1
[INFO] [stderr]    Compiling rand v0.7.3
[INFO] [stderr]    Compiling tokio-util v0.3.1
[INFO] [stderr]    Compiling polling v3.11.0
[INFO] [stderr]    Compiling h2 v0.2.7
[INFO] [stderr]    Compiling addr2line v0.25.1
[INFO] [stderr]    Compiling html5ever v0.22.5
[INFO] [stderr]    Compiling darling_macro v0.13.4
[INFO] [stderr]    Compiling mime_guess v2.0.5
[INFO] [stderr]    Compiling async-channel v2.5.0
[INFO] [stderr]    Compiling phf v0.7.24
[INFO] [stderr]    Compiling futures-executor v0.3.34
[INFO] [stderr]    Compiling http-body v0.3.1
[INFO] [stderr]    Compiling miniz_oxide v0.8.9
[INFO] [stderr]    Compiling proc-macro-error v1.0.4
[INFO] [stderr]    Compiling rustc-demangle v0.1.28
[INFO] [stderr]    Compiling equivalent v1.0.3
[INFO] [stderr]    Compiling pest v2.9.4
[INFO] [stderr]    Compiling indexmap v2.14.2
[INFO] [stderr]    Compiling enum-as-inner v0.3.4
[INFO] [stderr]    Compiling crypto-mac v0.11.1
[INFO] [stderr]    Compiling futures v0.3.34
[INFO] [stderr]    Compiling blocking v1.7.0
[INFO] [stderr]    Compiling flate2 v1.1.10
[INFO] [stderr]    Compiling darling v0.13.4
[INFO] [stderr]    Compiling tokio-rustls v0.14.1
[INFO] [stderr]    Compiling async-executor v1.14.0
[INFO] [stderr]    Compiling async-lock v3.4.2
[INFO] [stderr]    Compiling getrandom v0.2.17
[INFO] [stderr]    Compiling hyper v0.13.10
[INFO] [stderr]    Compiling err-derive v0.2.4
[INFO] [stderr]    Compiling hyperx v1.4.0
[INFO] [stderr]    Compiling base64 v0.11.0
[INFO] [stderr]    Compiling async-channel v1.9.0
[INFO] [stderr]    Compiling rustls v0.17.0
[INFO] [stderr]    Compiling serde_urlencoded v0.7.1
[INFO] [stderr]    Compiling chrono v0.4.45
[INFO] [stderr]    Compiling synstructure v0.12.6
[INFO] [stderr]    Compiling backtrace v0.3.76
[INFO] [stderr]    Compiling async-global-executor v2.4.1
[INFO] [stderr]    Compiling trust-dns-proto v0.19.7
[INFO] [stderr]    Compiling uuid v0.8.2
[INFO] [stderr]    Compiling async-compression v0.3.15
[INFO] [stderr]    Compiling semver-parser v0.10.3
[INFO] [stderr]    Compiling serde_with_macros v1.5.2
[INFO] [stderr]    Compiling hyper-rustls v0.21.0
[INFO] [stderr]    Compiling webpki-roots v0.20.0
[INFO] [stderr]    Compiling async-attributes v1.1.2
[INFO] [stderr]    Compiling dirs-sys v0.3.7
[INFO] [stderr]    Compiling kv-log-macro v1.0.7
[INFO] [stderr]    Compiling language-tags v0.3.2
[INFO] [stderr]    Compiling pin-utils v0.1.1
[INFO] [stderr]    Compiling unicode-properties v0.1.4
[INFO] [stderr]    Compiling resolv-conf v0.7.6
[INFO] [stderr]    Compiling stringprep v0.1.5
[INFO] [stderr]    Compiling reqwest v0.10.10
[INFO] [stderr]    Compiling trust-dns-resolver v0.19.7
[INFO] [stderr]    Compiling bson v1.2.4
[INFO] [stderr]    Compiling async-std v1.13.2
[INFO] [stderr]    Compiling dirs v3.0.2
[INFO] [stderr]    Compiling soup v0.5.1
[INFO] [stderr]    Compiling serde_with v1.14.0
[INFO] [stderr]    Compiling semver v0.11.0
[INFO] [stderr]    Compiling os_info v3.15.0
[INFO] [stderr]    Compiling tokio-rustls v0.13.1
[INFO] [stderr]    Compiling sha-1 v0.9.8
[INFO] [stderr]    Compiling pbkdf2 v0.8.0
[INFO] [stderr]    Compiling hmac v0.11.0
[INFO] [stderr]    Compiling md-5 v0.9.1
[INFO] [stderr]    Compiling webpki-roots v0.21.1
[INFO] [stderr]    Compiling derivative v2.2.0
[INFO] [stderr]    Compiling typed-builder v0.4.1
[INFO] [stderr]    Compiling rustls-pemfile v0.2.1
[INFO] [stderr]    Compiling time v0.1.45
[INFO] [stderr]    Compiling take_mut v0.2.2
[INFO] [stderr]    Compiling rs-release v0.1.12
[INFO] [stderr]    Compiling version_check v0.9.5
[INFO] [stderr]    Compiling monger-core v0.14.0
[INFO] [stderr]    Compiling typed-builder v0.7.1
[INFO] [stderr]    Compiling mongodb v1.2.5
[INFO] [stderr]    Compiling phil-core v0.4.0 (/opt/rustwide/workdir)
[INFO] [stdout] warning: multiple fields are never read
[INFO] [stdout]   --> src/cluster/mod.rs:34:16
[INFO] [stdout]    |
[INFO] [stdout] 33 | pub struct Cluster {
[INFO] [stdout]    |            ------- fields in this struct
[INFO] [stdout] 34 |     pub(crate) monger: Monger,
[INFO] [stdout]    |                ^^^^^^
[INFO] [stdout] 35 |     pub(crate) client: Client,
[INFO] [stdout]    |                ^^^^^^
[INFO] [stdout] 36 |     pub(crate) client_options: ClientOptions,
[INFO] [stdout] 37 |     pub(crate) topology: Topology,
[INFO] [stdout]    |                ^^^^^^^^
[INFO] [stdout] 38 |     pub(crate) tls: Option<TlsOptions>,
[INFO] [stdout]    |                ^^^
[INFO] [stdout] 39 |     pub(crate) auth: Option<Credential>,
[INFO] [stdout]    |                ^^^^
[INFO] [stdout] 40 |     pub(crate) nodes: Vec<Node>,
[INFO] [stdout]    |                ^^^^^
[INFO] [stdout] 41 |     pub(crate) cluster_id: String,
[INFO] [stdout]    |                ^^^^^^^^^^
[INFO] [stdout]    |
[INFO] [stdout]    = note: `Cluster` has a derived impl for the trait `Debug`, but this is intentionally ignored during dead code analysis
[INFO] [stdout]    = note: `#[warn(dead_code)]` (part of `#[warn(unused)]`) on by default
[INFO] [stdout] 
[INFO] [stdout] 
[INFO] [stderr]     Finished `release` profile [optimized] target(s) in 5m 14s
[INFO] [stderr] warning: the following packages contain code that will be rejected by a future version of Rust: html5ever v0.22.5
[INFO] [stderr] note: to see what the problems were, use the option `--future-incompat-report`, or run `cargo report future-incompatibilities --id 4`
[INFO] running `Command { std: "docker" "inspect" "ae06cd15c2a24da7b611975b60ca96f764188a5c8904303d724b0a37c87b036b", kill_on_drop: false }`
[INFO] running `Command { std: "docker" "exec" "-e" "SOURCE_DIR=/opt/rustwide/workdir" "-e" "CARGO_HOME=/opt/rustwide/cargo-home" "-e" "RUSTUP_HOME=/opt/rustwide/rustup-home" "-e" "CARGO_TARGET_DIR=/opt/rustwide/target" "-e" "CARGO_INCREMENTAL=0" "-e" "RUST_BACKTRACE=full" "-e" "RUSTFLAGS=--cap-lints=warn" "-e" "RUSTDOCFLAGS=--cap-lints=warn" "-w" "/opt/rustwide/workdir" "--user" "0:0" "ae06cd15c2a24da7b611975b60ca96f764188a5c8904303d724b0a37c87b036b" "/opt/rustwide/cargo-home/bin/cargo" "+1.99.0-beta.8" "test" "--frozen" "--no-run" "--message-format=json" "--release", kill_on_drop: false }`
[INFO] [stdout] warning: multiple fields are never read
[INFO] [stdout]   --> src/cluster/mod.rs:34:16
[INFO] [stdout]    |
[INFO] [stdout] 33 | pub struct Cluster {
[INFO] [stdout]    |            ------- fields in this struct
[INFO] [stdout] 34 |     pub(crate) monger: Monger,
[INFO] [stdout]    |                ^^^^^^
[INFO] [stdout] 35 |     pub(crate) client: Client,
[INFO] [stdout]    |                ^^^^^^
[INFO] [stdout] 36 |     pub(crate) client_options: ClientOptions,
[INFO] [stdout] 37 |     pub(crate) topology: Topology,
[INFO] [stdout]    |                ^^^^^^^^
[INFO] [stdout] 38 |     pub(crate) tls: Option<TlsOptions>,
[INFO] [stdout]    |                ^^^
[INFO] [stdout] 39 |     pub(crate) auth: Option<Credential>,
[INFO] [stdout]    |                ^^^^
[INFO] [stdout] 40 |     pub(crate) nodes: Vec<Node>,
[INFO] [stdout]    |                ^^^^^
[INFO] [stdout] 41 |     pub(crate) cluster_id: String,
[INFO] [stdout]    |                ^^^^^^^^^^
[INFO] [stdout]    |
[INFO] [stdout]    = note: `Cluster` has a derived impl for the trait `Debug`, but this is intentionally ignored during dead code analysis
[INFO] [stdout]    = note: `#[warn(dead_code)]` (part of `#[warn(unused)]`) on by default
[INFO] [stdout] 
[INFO] [stdout] 
[INFO] [stderr]    Compiling rand v0.4.6
[INFO] [stderr]    Compiling remove_dir_all v0.5.3
[INFO] [stderr]    Compiling tempdir v0.3.7
[INFO] [stderr]    Compiling phil-core v0.4.0 (/opt/rustwide/workdir)
[INFO] [stdout] warning: fields `monger`, `topology`, `tls`, `auth`, `nodes`, and `cluster_id` are never read
[INFO] [stdout]   --> src/cluster/mod.rs:34:16
[INFO] [stdout]    |
[INFO] [stdout] 33 | pub struct Cluster {
[INFO] [stdout]    |            ------- fields in this struct
[INFO] [stdout] 34 |     pub(crate) monger: Monger,
[INFO] [stdout]    |                ^^^^^^
[INFO] [stdout] ...
[INFO] [stdout] 37 |     pub(crate) topology: Topology,
[INFO] [stdout]    |                ^^^^^^^^
[INFO] [stdout] 38 |     pub(crate) tls: Option<TlsOptions>,
[INFO] [stdout]    |                ^^^
[INFO] [stdout] 39 |     pub(crate) auth: Option<Credential>,
[INFO] [stdout]    |                ^^^^
[INFO] [stdout] 40 |     pub(crate) nodes: Vec<Node>,
[INFO] [stdout]    |                ^^^^^
[INFO] [stdout] 41 |     pub(crate) cluster_id: String,
[INFO] [stdout]    |                ^^^^^^^^^^
[INFO] [stdout]    |
[INFO] [stdout]    = note: `Cluster` has a derived impl for the trait `Debug`, but this is intentionally ignored during dead code analysis
[INFO] [stdout]    = note: `#[warn(dead_code)]` (part of `#[warn(unused)]`) on by default
[INFO] [stdout] 
[INFO] [stdout] 
[INFO] [stderr]     Finished `release` profile [optimized] target(s) in 11.79s
[INFO] [stderr] warning: the following packages contain code that will be rejected by a future version of Rust: html5ever v0.22.5
[INFO] [stderr] note: to see what the problems were, use the option `--future-incompat-report`, or run `cargo report future-incompatibilities --id 4`
[INFO] running `Command { std: "docker" "inspect" "ae06cd15c2a24da7b611975b60ca96f764188a5c8904303d724b0a37c87b036b", kill_on_drop: false }`
[INFO] running `Command { std: "docker" "exec" "-e" "SOURCE_DIR=/opt/rustwide/workdir" "-e" "CARGO_HOME=/opt/rustwide/cargo-home" "-e" "RUSTUP_HOME=/opt/rustwide/rustup-home" "-e" "CARGO_TARGET_DIR=/opt/rustwide/target" "-e" "CARGO_INCREMENTAL=0" "-e" "RUST_BACKTRACE=full" "-e" "RUSTFLAGS=--cap-lints=warn" "-e" "RUSTDOCFLAGS=--cap-lints=warn" "-w" "/opt/rustwide/workdir" "--user" "0:0" "ae06cd15c2a24da7b611975b60ca96f764188a5c8904303d724b0a37c87b036b" "/opt/rustwide/cargo-home/bin/cargo" "+1.99.0-beta.8" "test" "--frozen" "--release", kill_on_drop: false }`
[INFO] [stderr] warning: multiple fields are never read
[INFO] [stderr]   --> src/cluster/mod.rs:34:16
[INFO] [stderr]    |
[INFO] [stderr] 33 | pub struct Cluster {
[INFO] [stderr]    |            ------- fields in this struct
[INFO] [stderr] 34 |     pub(crate) monger: Monger,
[INFO] [stderr]    |                ^^^^^^
[INFO] [stderr] 35 |     pub(crate) client: Client,
[INFO] [stderr]    |                ^^^^^^
[INFO] [stderr] 36 |     pub(crate) client_options: ClientOptions,
[INFO] [stderr] 37 |     pub(crate) topology: Topology,
[INFO] [stderr]    |                ^^^^^^^^
[INFO] [stderr] 38 |     pub(crate) tls: Option<TlsOptions>,
[INFO] [stderr]    |                ^^^
[INFO] [stderr] 39 |     pub(crate) auth: Option<Credential>,
[INFO] [stderr]    |                ^^^^
[INFO] [stderr] 40 |     pub(crate) nodes: Vec<Node>,
[INFO] [stderr]    |                ^^^^^
[INFO] [stderr] 41 |     pub(crate) cluster_id: String,
[INFO] [stderr]    |                ^^^^^^^^^^
[INFO] [stderr]    |
[INFO] [stderr]    = note: `Cluster` has a derived impl for the trait `Debug`, but this is intentionally ignored during dead code analysis
[INFO] [stderr]    = note: `#[warn(dead_code)]` (part of `#[warn(unused)]`) on by default
[INFO] [stderr] 
[INFO] [stderr] warning: fields `monger`, `topology`, `tls`, `auth`, `nodes`, and `cluster_id` are never read
[INFO] [stderr]   --> src/cluster/mod.rs:34:16
[INFO] [stderr]    |
[INFO] [stderr] 33 | pub struct Cluster {
[INFO] [stderr]    |            ------- fields in this struct
[INFO] [stderr] 34 |     pub(crate) monger: Monger,
[INFO] [stderr]    |                ^^^^^^
[INFO] [stderr] ...
[INFO] [stderr] 37 |     pub(crate) topology: Topology,
[INFO] [stderr]    |                ^^^^^^^^
[INFO] [stderr] 38 |     pub(crate) tls: Option<TlsOptions>,
[INFO] [stderr]    |                ^^^
[INFO] [stderr] 39 |     pub(crate) auth: Option<Credential>,
[INFO] [stderr]    |                ^^^^
[INFO] [stderr] 40 |     pub(crate) nodes: Vec<Node>,
[INFO] [stderr]    |                ^^^^^
[INFO] [stderr] 41 |     pub(crate) cluster_id: String,
[INFO] [stderr]    |                ^^^^^^^^^^
[INFO] [stderr]    |
[INFO] [stderr]    = note: `Cluster` has a derived impl for the trait `Debug`, but this is intentionally ignored during dead code analysis
[INFO] [stderr]    = note: `#[warn(dead_code)]` (part of `#[warn(unused)]`) on by default
[INFO] [stderr] 
[INFO] [stderr] warning: `phil-core` (lib) generated 1 warning
[INFO] [stderr] warning: `phil-core` (lib test) generated 1 warning
[INFO] [stderr]     Finished `release` profile [optimized] target(s) in 0.31s
[INFO] [stderr] warning: the following packages contain code that will be rejected by a future version of Rust: html5ever v0.22.5
[INFO] [stderr] note: to see what the problems were, use the option `--future-incompat-report`, or run `cargo report future-incompatibilities --id 4`
[INFO] [stderr]      Running unittests src/lib.rs (/opt/rustwide/target/release/deps/phil_core-4ac6b5e2fde5355b)
[INFO] [stdout] 
[INFO] [stdout] running 1 test
[INFO] [stdout] test cluster::test::create_and_initiate_repl_set ... FAILED
[INFO] [stdout] 
[INFO] [stdout] failures:
[INFO] [stdout] 
[INFO] [stdout] ---- cluster::test::create_and_initiate_repl_set stdout ----
[INFO] [stdout] starting replica set servers...
[INFO] [stdout] 
[INFO] [stdout] thread 'cluster::test::create_and_initiate_repl_set' (3116) panicked at src/cluster/test.rs:16:44:
[INFO] [stdout] called `Result::unwrap()` on an `Err` value: Monger { inner: BinaryNotFound { binary: "mongod", version: "4.2" } }
[INFO] [stdout] stack backtrace:
[INFO] [stdout]    0:     0x633b5702e001 - <<std[70759c8f55707aa4]::sys::backtrace::BacktraceLock>::print::DisplayBacktrace as core[df12db4294e9bfd3]::fmt::Display>::fmt
[INFO] [stdout]    1:     0x633b5704691a - core[df12db4294e9bfd3]::fmt::write
[INFO] [stdout]    2:     0x633b5703318c - <alloc[2182bb758b4b3781]::vec::Vec<u8> as core[df12db4294e9bfd3]::io::write::Write>::write_fmt
[INFO] [stdout]    3:     0x633b57006fd6 - std[70759c8f55707aa4]::panicking::default_hook::{closure#0}
[INFO] [stdout]    4:     0x633b570252f9 - std[70759c8f55707aa4]::panicking::default_hook
[INFO] [stdout]    5:     0x633b56b0c8b0 - test[9d35eded1c95d3be]::test_main_inner::<test[9d35eded1c95d3be]::test_main_static::{closure#0}>::{closure#0}
[INFO] [stdout]    6:     0x633b57025622 - std[70759c8f55707aa4]::panicking::panic_with_hook
[INFO] [stdout]    7:     0x633b57007082 - std[70759c8f55707aa4]::panicking::panic_handler::{closure#0}
[INFO] [stdout]    8:     0x633b56fffb69 - std[70759c8f55707aa4]::sys::backtrace::__rust_end_short_backtrace::<std[70759c8f55707aa4]::panicking::panic_handler::{closure#0}, !>
[INFO] [stdout]    9:     0x633b57007e6d - __rustc[8fa7c3cbc660c2b3]::rust_begin_unwind
[INFO] [stdout]   10:     0x633b570470fc - core[df12db4294e9bfd3]::panicking::panic_fmt
[INFO] [stdout]   11:     0x633b57046ed2 - core[df12db4294e9bfd3]::result::unwrap_failed
[INFO] [stdout]   12:     0x633b56aed7d1 - phil_core[ae52a6675b298b92]::cluster::test::create_and_initiate_repl_set
[INFO] [stdout]   13:     0x633b56aea3c9 - <phil_core[ae52a6675b298b92]::cluster::test::create_and_initiate_repl_set::{closure#0} as core[df12db4294e9bfd3]::ops::function::FnOnce<()>>::call_once
[INFO] [stdout]   14:     0x633b56affb9b - test[9d35eded1c95d3be]::__rust_begin_short_backtrace::<core[df12db4294e9bfd3]::result::Result<(), alloc[2182bb758b4b3781]::string::String>, fn() -> core[df12db4294e9bfd3]::result::Result<(), alloc[2182bb758b4b3781]::string::String>>
[INFO] [stdout]   15:     0x633b56b0d205 - test[9d35eded1c95d3be]::run_test::{closure#0}
[INFO] [stdout]   16:     0x633b56b06ac4 - std[70759c8f55707aa4]::sys::backtrace::__rust_begin_short_backtrace::<test[9d35eded1c95d3be]::run_test::{closure#1}, ()>
[INFO] [stdout]   17:     0x633b56b10362 - <std[70759c8f55707aa4]::thread::lifecycle::spawn_unchecked<test[9d35eded1c95d3be]::run_test::{closure#1}, ()>::{closure#1} as core[df12db4294e9bfd3]::ops::function::FnOnce<()>>::call_once::{shim:vtable#0}
[INFO] [stdout]   18:     0x633b5702d219 - <std[70759c8f55707aa4]::sys::thread::unix::Thread>::new::thread_start
[INFO] [stdout]   19:     0x70b10a832dfa - <unknown>
[INFO] [stdout]   20:     0x70b10a8c63d4 - clone
[INFO] [stdout]   21:                0x0 - <unknown>
[INFO] [stdout] 
[INFO] [stdout] 
[INFO] [stdout] failures:
[INFO] [stdout]     cluster::test::create_and_initiate_repl_set
[INFO] [stdout] 
[INFO] [stdout] test result: FAILED. 0 passed; 1 failed; 0 ignored; 0 measured; 0 filtered out; finished in 0.02s
[INFO] [stdout] 
[INFO] [stderr] error: test failed, to rerun pass `--lib`
[INFO] running `Command { std: "docker" "inspect" "ae06cd15c2a24da7b611975b60ca96f764188a5c8904303d724b0a37c87b036b", kill_on_drop: false }`
[INFO] running `Command { std: "docker" "rm" "-f" "ae06cd15c2a24da7b611975b60ca96f764188a5c8904303d724b0a37c87b036b", kill_on_drop: false }`
[INFO] [stdout] ae06cd15c2a24da7b611975b60ca96f764188a5c8904303d724b0a37c87b036b
