[INFO] fetching crate phantomdev-undercover 0.1.2...
[INFO] testing phantomdev-undercover-0.1.2 against 1.99.0-beta.8+cargoflags=--release for beta-release-1.100-2
[INFO] extracting crate phantomdev-undercover 0.1.2 into /workspace/builds/worker-1-tc1/source
[INFO] started tweaking crates.io crate phantomdev-undercover 0.1.2
[INFO] finished tweaking crates.io crate phantomdev-undercover 0.1.2
[INFO] tweaked toml for crates.io crate phantomdev-undercover 0.1.2 written to /workspace/builds/worker-1-tc1/source/Cargo.toml
[INFO] validating manifest of crates.io crate phantomdev-undercover 0.1.2 on toolchain 1.99.0-beta.8
[INFO] running `Command { std: CARGO_HOME="/workspace/cargo-home" RUSTUP_HOME="/workspace/rustup-home" "/workspace/cargo-home/bin/cargo" "+1.99.0-beta.8" "metadata" "--manifest-path" "Cargo.toml" "--no-deps", kill_on_drop: false }`
[INFO] crate crates.io crate phantomdev-undercover 0.1.2 already has a lockfile, it will not be regenerated
[INFO] running `Command { std: CARGO_HOME="/workspace/cargo-home" RUSTUP_HOME="/workspace/rustup-home" "/workspace/cargo-home/bin/cargo" "+1.99.0-beta.8" "fetch" "--manifest-path" "Cargo.toml", kill_on_drop: false }`
[INFO] [stderr]     Updating crates.io index
[INFO] [stderr]  Downloading crates ...
[INFO] [stderr]   Downloaded wasm-bindgen-macro v0.2.120
[INFO] [stderr]   Downloaded foreign-types v0.3.2
[INFO] [stderr]   Downloaded hyper-tls v0.6.0
[INFO] [stderr]   Downloaded wasm-bindgen-futures v0.4.70
[INFO] [stderr]   Downloaded openssl-macros v0.1.1
[INFO] [stderr]   Downloaded foreign-types-shared v0.1.1
[INFO] [stderr]   Downloaded wasm-bindgen-shared v0.2.120
[INFO] [stderr]   Downloaded secrecy v0.10.3
[INFO] [stderr]   Downloaded derive_builder_macro v0.20.2
[INFO] [stderr]   Downloaded async-openai-macros v0.1.1
[INFO] [stderr]   Downloaded phantomdev-core v0.1.2
[INFO] [stderr]   Downloaded eventsource-stream v0.2.3
[INFO] [stderr]   Downloaded tokio-native-tls v0.3.1
[INFO] [stderr]   Downloaded rustls-native-certs v0.8.3
[INFO] [stderr]   Downloaded unicase v2.9.0
[INFO] [stderr]   Downloaded native-tls v0.2.18
[INFO] [stderr]   Downloaded pkg-config v0.3.33
[INFO] [stderr]   Downloaded reqwest-eventsource v0.6.0
[INFO] [stderr]   Downloaded derive_builder_core v0.20.2
[INFO] [stderr]   Downloaded backoff v0.4.0
[INFO] [stderr]   Downloaded mime_guess v2.0.5
[INFO] [stderr]   Downloaded wasm-streams v0.4.2
[INFO] [stderr]   Downloaded derive_builder v0.20.2
[INFO] [stderr]   Downloaded rustls-pki-types v1.14.1
[INFO] [stderr]   Downloaded wasm-bindgen v0.2.120
[INFO] [stderr]   Downloaded wasm-bindgen-macro-support v0.2.120
[INFO] [stderr]   Downloaded cc v1.0.106
[INFO] [stderr]   Downloaded openssl-sys v0.9.114
[INFO] [stderr]   Downloaded async-openai v0.28.3
[INFO] [stderr]   Downloaded js-sys v0.3.97
[INFO] [stderr]   Downloaded regex v1.12.3
[INFO] [stderr]   Downloaded h2 v0.4.13
[INFO] [stderr]   Downloaded openssl v0.10.78
[INFO] [stderr]   Downloaded rustls v0.23.40
[INFO] [stderr]   Downloaded web-sys v0.3.97
[INFO] [stderr]   Downloaded libc v0.2.186
[INFO] [stderr]   Downloaded encoding_rs v0.8.35
[INFO] [stderr]   Downloaded ring v0.17.9
[INFO] running `Command { std: "docker" "create" "-v" "/var/lib/crater-agent-workspace/builds/worker-1-tc1/source:/opt/rustwide/workdir:ro,Z" "-v" "/var/lib/crater-agent-workspace/builds/worker-1-tc1/target:/opt/rustwide/target:rw,Z" "-v" "/var/lib/crater-agent-workspace/cargo-home:/opt/rustwide/cargo-home:ro,Z" "-v" "/var/lib/crater-agent-workspace/rustup-home:/opt/rustwide/rustup-home:ro,Z" "-m" "1610612736" "--network" "none" "ghcr.io/rust-lang/crates-build-env/linux@sha256:77db811e55d90add9212f6832c23229e3de5f1c1f9905e8cb07319ea15df73ac" "sleep" "infinity", kill_on_drop: false }`
[INFO] [stdout] 13977ce99dec3c238eff8cbe9f55b60c3e24a7925f54aeba9c30607a1700e9d9
[INFO] running `Command { std: "docker" "start" "13977ce99dec3c238eff8cbe9f55b60c3e24a7925f54aeba9c30607a1700e9d9", kill_on_drop: false }`
[INFO] running `Command { std: "docker" "inspect" "13977ce99dec3c238eff8cbe9f55b60c3e24a7925f54aeba9c30607a1700e9d9", kill_on_drop: false }`
[INFO] running `Command { std: "docker" "exec" "-e" "SOURCE_DIR=/opt/rustwide/workdir" "-e" "CARGO_HOME=/opt/rustwide/cargo-home" "-e" "RUSTUP_HOME=/opt/rustwide/rustup-home" "-e" "CARGO_TARGET_DIR=/opt/rustwide/target" "-w" "/opt/rustwide/workdir" "--user" "0:0" "13977ce99dec3c238eff8cbe9f55b60c3e24a7925f54aeba9c30607a1700e9d9" "/opt/rustwide/cargo-home/bin/cargo" "+1.99.0-beta.8" "metadata" "--no-deps" "--format-version=1", kill_on_drop: false }`
[INFO] running `Command { std: "docker" "inspect" "13977ce99dec3c238eff8cbe9f55b60c3e24a7925f54aeba9c30607a1700e9d9", kill_on_drop: false }`
[INFO] running `Command { std: "docker" "exec" "-e" "SOURCE_DIR=/opt/rustwide/workdir" "-e" "CARGO_HOME=/opt/rustwide/cargo-home" "-e" "RUSTUP_HOME=/opt/rustwide/rustup-home" "-e" "CARGO_TARGET_DIR=/opt/rustwide/target" "-e" "CARGO_INCREMENTAL=0" "-e" "RUST_BACKTRACE=full" "-e" "RUSTFLAGS=--cap-lints=warn" "-e" "RUSTDOCFLAGS=--cap-lints=warn" "-w" "/opt/rustwide/workdir" "--user" "0:0" "13977ce99dec3c238eff8cbe9f55b60c3e24a7925f54aeba9c30607a1700e9d9" "/opt/rustwide/cargo-home/bin/cargo" "+1.99.0-beta.8" "build" "--frozen" "--message-format=json" "--release", kill_on_drop: false }`
[INFO] [stderr]    Compiling proc-macro2 v1.0.106
[INFO] [stderr]    Compiling unicode-ident v1.0.24
[INFO] [stderr]    Compiling quote v1.0.45
[INFO] [stderr]    Compiling libc v0.2.186
[INFO] [stderr]    Compiling pin-project-lite v0.2.17
[INFO] [stderr]    Compiling smallvec v1.15.1
[INFO] [stderr]    Compiling cc v1.0.106
[INFO] [stderr]    Compiling futures-core v0.3.32
[INFO] [stderr]    Compiling bytes v1.11.1
[INFO] [stderr]    Compiling memchr v2.8.0
[INFO] [stderr]    Compiling stable_deref_trait v1.2.1
[INFO] [stderr]    Compiling itoa v1.0.18
[INFO] [stderr]    Compiling futures-sink v0.3.32
[INFO] [stderr]    Compiling once_cell v1.21.4
[INFO] [stderr]    Compiling serde_core v1.0.228
[INFO] [stderr]    Compiling slab v0.4.12
[INFO] [stderr]    Compiling pkg-config v0.3.33
[INFO] [stderr]    Compiling serde v1.0.228
[INFO] [stderr]    Compiling vcpkg v0.2.15
[INFO] [stderr]    Compiling hashbrown v0.17.0
[INFO] [stderr]    Compiling futures-channel v0.3.32
[INFO] [stderr]    Compiling futures-io v0.3.32
[INFO] [stderr]    Compiling futures-task v0.3.32
[INFO] [stderr]    Compiling writeable v0.6.3
[INFO] [stderr]    Compiling zeroize v1.8.2
[INFO] [stderr]    Compiling litemap v0.8.2
[INFO] [stderr]    Compiling tracing-core v0.1.36
[INFO] [stderr]    Compiling icu_properties_data v2.2.0
[INFO] [stderr]    Compiling utf8_iter v1.0.4
[INFO] [stderr]    Compiling httparse v1.10.1
[INFO] [stderr]    Compiling icu_normalizer_data v2.2.0
[INFO] [stderr]    Compiling percent-encoding v2.3.2
[INFO] [stderr]    Compiling rustls-pki-types v1.14.1
[INFO] [stderr]    Compiling atomic-waker v1.1.2
[INFO] [stderr]    Compiling tower-service v0.3.3
[INFO] [stderr]    Compiling openssl v0.10.78
[INFO] [stderr]    Compiling foreign-types-shared v0.1.1
[INFO] [stderr]    Compiling bitflags v2.11.1
[INFO] [stderr]    Compiling untrusted v0.9.0
[INFO] [stderr]    Compiling try-lock v0.2.5
[INFO] [stderr]    Compiling openssl-probe v0.2.1
[INFO] [stderr]    Compiling fnv v1.0.7
[INFO] [stderr]    Compiling want v0.3.1
[INFO] [stderr]    Compiling foreign-types v0.3.2
[INFO] [stderr]    Compiling zerocopy v0.8.48
[INFO] [stderr]    Compiling rustls v0.23.40
[INFO] [stderr]    Compiling ident_case v1.0.1
[INFO] [stderr]    Compiling indexmap v2.14.0
[INFO] [stderr]    Compiling native-tls v0.2.18
[INFO] [stderr]    Compiling strsim v0.11.1
[INFO] [stderr]    Compiling zmij v1.0.21
[INFO] [stderr]    Compiling syn v2.0.117
[INFO] [stderr]    Compiling unicase v2.9.0
[INFO] [stderr]    Compiling subtle v2.6.1
[INFO] [stderr]    Compiling serde_json v1.0.149
[INFO] [stderr]    Compiling log v0.4.29
[INFO] [stderr]    Compiling ipnet v2.12.0
[INFO] [stderr]    Compiling http v1.4.0
[INFO] [stderr]    Compiling mime_guess v2.0.5
[INFO] [stderr]    Compiling form_urlencoded v1.2.2
[INFO] [stderr]    Compiling openssl-sys v0.9.114
[INFO] [stderr]    Compiling ring v0.17.9
[INFO] [stderr]    Compiling sync_wrapper v1.0.2
[INFO] [stderr]    Compiling tower-layer v0.3.3
[INFO] [stderr]    Compiling num-traits v0.2.19
[INFO] [stderr]    Compiling rustls-native-certs v0.8.3
[INFO] [stderr]    Compiling iri-string v0.7.12
[INFO] [stderr]    Compiling mime v0.3.17
[INFO] [stderr]    Compiling ryu v1.0.23
[INFO] [stderr]    Compiling minimal-lexical v0.2.1
[INFO] [stderr]    Compiling aho-corasick v1.1.4
[INFO] [stderr]    Compiling nom v7.1.3
[INFO] [stderr]    Compiling encoding_rs v0.8.35
[INFO] [stderr]    Compiling anyhow v1.0.102
[INFO] [stderr]    Compiling regex-syntax v0.8.10
[INFO] [stderr]    Compiling thiserror v2.0.18
[INFO] [stderr]    Compiling errno v0.3.14
[INFO] [stderr]    Compiling parking_lot_core v0.9.12
[INFO] [stderr]    Compiling signal-hook-registry v1.4.8
[INFO] [stderr]    Compiling socket2 v0.6.3
[INFO] [stderr]    Compiling parking_lot v0.12.5
[INFO] [stderr]    Compiling mio v1.2.0
[INFO] [stderr]    Compiling getrandom v0.2.17
[INFO] [stderr]    Compiling http-body v1.0.1
[INFO] [stderr]    Compiling http-body-util v0.1.3
[INFO] [stderr]    Compiling rand_core v0.6.4
[INFO] [stderr]    Compiling winnow v0.7.15
[INFO] [stderr]    Compiling instant v0.1.13
[INFO] [stderr]    Compiling futures-timer v3.0.3
[INFO] [stderr]    Compiling iana-time-zone v0.1.65
[INFO] [stderr]    Compiling eventsource-stream v0.2.3
[INFO] [stderr]    Compiling chrono v0.4.44
[INFO] [stderr]    Compiling regex-automata v0.4.14
[INFO] [stderr]    Compiling synstructure v0.13.2
[INFO] [stderr]    Compiling darling_core v0.20.11
[INFO] [stderr]    Compiling zerofrom-derive v0.1.7
[INFO] [stderr]    Compiling tokio-macros v2.7.0
[INFO] [stderr]    Compiling yoke-derive v0.8.2
[INFO] [stderr]    Compiling zerovec-derive v0.11.3
[INFO] [stderr]    Compiling displaydoc v0.2.5
[INFO] [stderr]    Compiling serde_derive v1.0.228
[INFO] [stderr]    Compiling futures-macro v0.3.32
[INFO] [stderr]    Compiling tracing-attributes v0.1.31
[INFO] [stderr]    Compiling openssl-macros v0.1.1
[INFO] [stderr]    Compiling thiserror-impl v1.0.69
[INFO] [stderr]    Compiling thiserror-impl v2.0.18
[INFO] [stderr]    Compiling tokio v1.52.1
[INFO] [stderr]    Compiling zerofrom v0.1.7
[INFO] [stderr]    Compiling darling_macro v0.20.11
[INFO] [stderr]    Compiling async-openai-macros v0.1.1
[INFO] [stderr]    Compiling darling v0.20.11
[INFO] [stderr]    Compiling derive_builder_core v0.20.2
[INFO] [stderr]    Compiling futures-util v0.3.32
[INFO] [stderr]    Compiling yoke v0.8.2
[INFO] [stderr]    Compiling zerotrie v0.2.4
[INFO] [stderr]    Compiling zerovec v0.11.6
[INFO] [stderr]    Compiling tracing v0.1.44
[INFO] [stderr]    Compiling thiserror v1.0.69
[INFO] [stderr]    Compiling ppv-lite86 v0.2.21
[INFO] [stderr]    Compiling derive_builder_macro v0.20.2
[INFO] [stderr]    Compiling regex v1.12.3
[INFO] [stderr]    Compiling rand_chacha v0.3.1
[INFO] [stderr]    Compiling derive_builder v0.20.2
[INFO] [stderr]    Compiling tinystr v0.8.3
[INFO] [stderr]    Compiling icu_locale_core v2.2.0
[INFO] [stderr]    Compiling potential_utf v0.1.5
[INFO] [stderr]    Compiling icu_collections v2.2.0
[INFO] [stderr]    Compiling rand v0.8.6
[INFO] [stderr]    Compiling icu_provider v2.2.0
[INFO] [stderr]    Compiling icu_normalizer v2.2.0
[INFO] [stderr]    Compiling icu_properties v2.2.0
[INFO] [stderr]    Compiling serde_urlencoded v0.7.1
[INFO] [stderr]    Compiling toml_datetime v0.6.11
[INFO] [stderr]    Compiling serde_spanned v0.6.9
[INFO] [stderr]    Compiling secrecy v0.10.3
[INFO] [stderr]    Compiling toml_edit v0.22.27
[INFO] [stderr]    Compiling futures-executor v0.3.32
[INFO] [stderr]    Compiling futures v0.3.32
[INFO] [stderr]    Compiling idna_adapter v1.2.2
[INFO] [stderr]    Compiling idna v1.1.0
[INFO] [stderr]    Compiling url v2.5.8
[INFO] [stderr]    Compiling tokio-util v0.7.18
[INFO] [stderr]    Compiling tokio-native-tls v0.3.1
[INFO] [stderr]    Compiling tower v0.5.3
[INFO] [stderr]    Compiling tokio-stream v0.1.18
[INFO] [stderr]    Compiling backoff v0.4.0
[INFO] [stderr]    Compiling tower-http v0.6.8
[INFO] [stderr]    Compiling toml v0.8.23
[INFO] [stderr]    Compiling h2 v0.4.13
[INFO] [stderr]    Compiling phantomdev-core v0.1.2
[INFO] [stderr]    Compiling rustls-webpki v0.103.13
[INFO] [stderr]    Compiling hyper v1.9.0
[INFO] [stderr]    Compiling hyper-util v0.1.20
[INFO] [stderr]    Compiling tokio-rustls v0.26.4
[INFO] [stderr]    Compiling hyper-rustls v0.27.9
[INFO] [stderr]    Compiling hyper-tls v0.6.0
[INFO] [stderr]    Compiling reqwest v0.12.28
[INFO] [stderr]    Compiling reqwest-eventsource v0.6.0
[INFO] [stderr]    Compiling async-openai v0.28.3
[INFO] [stderr]    Compiling phantomdev-undercover v0.1.2 (/opt/rustwide/workdir)
[INFO] [stderr]     Finished `release` profile [optimized] target(s) in 2m 42s
[INFO] running `Command { std: "docker" "inspect" "13977ce99dec3c238eff8cbe9f55b60c3e24a7925f54aeba9c30607a1700e9d9", kill_on_drop: false }`
[INFO] running `Command { std: "docker" "exec" "-e" "SOURCE_DIR=/opt/rustwide/workdir" "-e" "CARGO_HOME=/opt/rustwide/cargo-home" "-e" "RUSTUP_HOME=/opt/rustwide/rustup-home" "-e" "CARGO_TARGET_DIR=/opt/rustwide/target" "-e" "CARGO_INCREMENTAL=0" "-e" "RUST_BACKTRACE=full" "-e" "RUSTFLAGS=--cap-lints=warn" "-e" "RUSTDOCFLAGS=--cap-lints=warn" "-w" "/opt/rustwide/workdir" "--user" "0:0" "13977ce99dec3c238eff8cbe9f55b60c3e24a7925f54aeba9c30607a1700e9d9" "/opt/rustwide/cargo-home/bin/cargo" "+1.99.0-beta.8" "test" "--frozen" "--no-run" "--message-format=json" "--release", kill_on_drop: false }`
[INFO] [stderr]    Compiling phantomdev-undercover v0.1.2 (/opt/rustwide/workdir)
[INFO] [stderr]     Finished `release` profile [optimized] target(s) in 1.65s
[INFO] running `Command { std: "docker" "inspect" "13977ce99dec3c238eff8cbe9f55b60c3e24a7925f54aeba9c30607a1700e9d9", kill_on_drop: false }`
[INFO] running `Command { std: "docker" "exec" "-e" "SOURCE_DIR=/opt/rustwide/workdir" "-e" "CARGO_HOME=/opt/rustwide/cargo-home" "-e" "RUSTUP_HOME=/opt/rustwide/rustup-home" "-e" "CARGO_TARGET_DIR=/opt/rustwide/target" "-e" "CARGO_INCREMENTAL=0" "-e" "RUST_BACKTRACE=full" "-e" "RUSTFLAGS=--cap-lints=warn" "-e" "RUSTDOCFLAGS=--cap-lints=warn" "-w" "/opt/rustwide/workdir" "--user" "0:0" "13977ce99dec3c238eff8cbe9f55b60c3e24a7925f54aeba9c30607a1700e9d9" "/opt/rustwide/cargo-home/bin/cargo" "+1.99.0-beta.8" "test" "--frozen" "--release", kill_on_drop: false }`
[INFO] [stderr]     Finished `release` profile [optimized] target(s) in 0.21s
[INFO] [stderr]      Running unittests src/lib.rs (/opt/rustwide/target/release/deps/phantomdev_undercover-dd6a659dab9b5e5a)
[INFO] [stdout] 
[INFO] [stdout] running 5 tests
[INFO] [stdout] test tests::test_banned_words_detection ... ok
[INFO] [stdout] test tests::test_word_replacements ... ok
[INFO] [stdout] test tests::test_symbol_normalization ... ok
[INFO] [stdout] test tests::test_docblock_conversion ... ok
[INFO] [stdout] test tests::test_commit_message_transformation ... FAILED
[INFO] [stdout] 
[INFO] [stdout] failures:
[INFO] [stdout] 
[INFO] [stdout] ---- tests::test_commit_message_transformation stdout ----
[INFO] [stdout] 
[INFO] [stdout] thread 'tests::test_commit_message_transformation' (3255) panicked at src/lib.rs:484:9:
[INFO] [stdout] assertion failed: !result.contains("comprehensive")
[INFO] [stdout] stack backtrace:
[INFO] [stdout]    0:     0x60f1455491b1 - <<std[70759c8f55707aa4]::sys::backtrace::BacktraceLock>::print::DisplayBacktrace as core[df12db4294e9bfd3]::fmt::Display>::fmt
[INFO] [stdout]    1:     0x60f14555f6da - core[df12db4294e9bfd3]::fmt::write
[INFO] [stdout]    2:     0x60f14554d64c - <alloc[2182bb758b4b3781]::vec::Vec<u8> as core[df12db4294e9bfd3]::io::write::Write>::write_fmt
[INFO] [stdout]    3:     0x60f1455257a6 - std[70759c8f55707aa4]::panicking::default_hook::{closure#0}
[INFO] [stdout]    4:     0x60f145541919 - std[70759c8f55707aa4]::panicking::default_hook
[INFO] [stdout]    5:     0x60f14541b080 - test[9d35eded1c95d3be]::test_main_inner::<test[9d35eded1c95d3be]::test_main_static::{closure#0}>::{closure#0}
[INFO] [stdout]    6:     0x60f145541ad2 - std[70759c8f55707aa4]::panicking::panic_with_hook
[INFO] [stdout]    7:     0x60f145525884 - std[70759c8f55707aa4]::panicking::panic_handler::{closure#0}
[INFO] [stdout]    8:     0x60f14551e5d9 - std[70759c8f55707aa4]::sys::backtrace::__rust_end_short_backtrace::<std[70759c8f55707aa4]::panicking::panic_handler::{closure#0}, !>
[INFO] [stdout]    9:     0x60f14552644d - __rustc[8fa7c3cbc660c2b3]::rust_begin_unwind
[INFO] [stdout]   10:     0x60f14555febc - core[df12db4294e9bfd3]::panicking::panic_fmt
[INFO] [stdout]   11:     0x60f14555fe82 - core[df12db4294e9bfd3]::panicking::panic
[INFO] [stdout]   12:     0x60f14540c492 - phantomdev_undercover[1c823c8d99b5bb3a]::tests::test_commit_message_transformation
[INFO] [stdout]   13:     0x60f145409ee9 - <phantomdev_undercover[1c823c8d99b5bb3a]::tests::test_commit_message_transformation::{closure#0} as core[df12db4294e9bfd3]::ops::function::FnOnce<()>>::call_once
[INFO] [stdout]   14:     0x60f14540e36b - test[9d35eded1c95d3be]::__rust_begin_short_backtrace::<core[df12db4294e9bfd3]::result::Result<(), alloc[2182bb758b4b3781]::string::String>, fn() -> core[df12db4294e9bfd3]::result::Result<(), alloc[2182bb758b4b3781]::string::String>>
[INFO] [stdout]   15:     0x60f14541b9d5 - test[9d35eded1c95d3be]::run_test::{closure#0}
[INFO] [stdout]   16:     0x60f145415294 - std[70759c8f55707aa4]::sys::backtrace::__rust_begin_short_backtrace::<test[9d35eded1c95d3be]::run_test::{closure#1}, ()>
[INFO] [stdout]   17:     0x60f14541eb32 - <std[70759c8f55707aa4]::thread::lifecycle::spawn_unchecked<test[9d35eded1c95d3be]::run_test::{closure#1}, ()>::{closure#1} as core[df12db4294e9bfd3]::ops::function::FnOnce<()>>::call_once::{shim:vtable#0}
[INFO] [stdout]   18:     0x60f145548a89 - <std[70759c8f55707aa4]::sys::thread::unix::Thread>::new::thread_start
[INFO] [stdout]   19:     0x7ea71c870dfa - <unknown>
[INFO] [stdout]   20:     0x7ea71c9043d4 - clone
[INFO] [stdout]   21:                0x0 - <unknown>
[INFO] [stdout] 
[INFO] [stdout] 
[INFO] [stdout] failures:
[INFO] [stdout]     tests::test_commit_message_transformation
[INFO] [stdout] 
[INFO] [stdout] test result: FAILED. 4 passed; 1 failed; 0 ignored; 0 measured; 0 filtered out; finished in 0.01s
[INFO] [stdout] 
[INFO] [stderr] error: test failed, to rerun pass `--lib`
[INFO] running `Command { std: "docker" "inspect" "13977ce99dec3c238eff8cbe9f55b60c3e24a7925f54aeba9c30607a1700e9d9", kill_on_drop: false }`
[INFO] running `Command { std: "docker" "rm" "-f" "13977ce99dec3c238eff8cbe9f55b60c3e24a7925f54aeba9c30607a1700e9d9", kill_on_drop: false }`
[INFO] [stdout] 13977ce99dec3c238eff8cbe9f55b60c3e24a7925f54aeba9c30607a1700e9d9
