[INFO] fetching crate phantomdep-core 1.0.1...
[INFO] testing phantomdep-core-1.0.1 against 1.99.0-beta.8+cargoflags=--release for beta-release-1.100-2
[INFO] extracting crate phantomdep-core 1.0.1 into /workspace/builds/worker-7-tc1/source
[INFO] started tweaking crates.io crate phantomdep-core 1.0.1
[INFO] removed 0 missing tests
[INFO] finished tweaking crates.io crate phantomdep-core 1.0.1
[INFO] tweaked toml for crates.io crate phantomdep-core 1.0.1 written to /workspace/builds/worker-7-tc1/source/Cargo.toml
[INFO] validating manifest of crates.io crate phantomdep-core 1.0.1 on toolchain 1.99.0-beta.8
[INFO] running `Command { std: CARGO_HOME="/workspace/cargo-home" RUSTUP_HOME="/workspace/rustup-home" "/workspace/cargo-home/bin/cargo" "+1.99.0-beta.8" "metadata" "--manifest-path" "Cargo.toml" "--no-deps", kill_on_drop: false }`
[INFO] crate crates.io crate phantomdep-core 1.0.1 already has a lockfile, it will not be regenerated
[INFO] running `Command { std: CARGO_HOME="/workspace/cargo-home" RUSTUP_HOME="/workspace/rustup-home" "/workspace/cargo-home/bin/cargo" "+1.99.0-beta.8" "fetch" "--manifest-path" "Cargo.toml", kill_on_drop: false }`
[INFO] [stderr]     Blocking waiting for file lock on package cache
[INFO] [stderr]  Downloading crates ...
[INFO] [stderr]   Downloaded wasm-bindgen-macro v0.2.120
[INFO] [stderr]   Downloaded rusqlite v0.32.1
[INFO] [stderr]   Downloaded wasm-bindgen-futures v0.4.70
[INFO] [stderr]   Downloaded wasm-bindgen-shared v0.2.120
[INFO] [stderr]   Downloaded wasm-bindgen v0.2.120
[INFO] [stderr]   Downloaded wasm-bindgen-macro-support v0.2.120
[INFO] [stderr]   Downloaded js-sys v0.3.97
[INFO] [stderr]   Downloaded web-sys v0.3.97
[INFO] running `Command { std: "docker" "create" "-v" "/var/lib/crater-agent-workspace/builds/worker-7-tc1/source:/opt/rustwide/workdir:ro,Z" "-v" "/var/lib/crater-agent-workspace/builds/worker-7-tc1/target:/opt/rustwide/target:rw,Z" "-v" "/var/lib/crater-agent-workspace/cargo-home:/opt/rustwide/cargo-home:ro,Z" "-v" "/var/lib/crater-agent-workspace/rustup-home:/opt/rustwide/rustup-home:ro,Z" "-m" "1610612736" "--network" "none" "ghcr.io/rust-lang/crates-build-env/linux@sha256:77db811e55d90add9212f6832c23229e3de5f1c1f9905e8cb07319ea15df73ac" "sleep" "infinity", kill_on_drop: false }`
[INFO] [stdout] 0819ead6cceca6d52f539c88c004e837bd838e4d90af3b0d3ff21e9f6df01e28
[INFO] running `Command { std: "docker" "start" "0819ead6cceca6d52f539c88c004e837bd838e4d90af3b0d3ff21e9f6df01e28", kill_on_drop: false }`
[INFO] running `Command { std: "docker" "inspect" "0819ead6cceca6d52f539c88c004e837bd838e4d90af3b0d3ff21e9f6df01e28", kill_on_drop: false }`
[INFO] running `Command { std: "docker" "exec" "-e" "SOURCE_DIR=/opt/rustwide/workdir" "-e" "CARGO_HOME=/opt/rustwide/cargo-home" "-e" "RUSTUP_HOME=/opt/rustwide/rustup-home" "-e" "CARGO_TARGET_DIR=/opt/rustwide/target" "-w" "/opt/rustwide/workdir" "--user" "0:0" "0819ead6cceca6d52f539c88c004e837bd838e4d90af3b0d3ff21e9f6df01e28" "/opt/rustwide/cargo-home/bin/cargo" "+1.99.0-beta.8" "metadata" "--no-deps" "--format-version=1", kill_on_drop: false }`
[INFO] running `Command { std: "docker" "inspect" "0819ead6cceca6d52f539c88c004e837bd838e4d90af3b0d3ff21e9f6df01e28", kill_on_drop: false }`
[INFO] running `Command { std: "docker" "exec" "-e" "SOURCE_DIR=/opt/rustwide/workdir" "-e" "CARGO_HOME=/opt/rustwide/cargo-home" "-e" "RUSTUP_HOME=/opt/rustwide/rustup-home" "-e" "CARGO_TARGET_DIR=/opt/rustwide/target" "-e" "CARGO_INCREMENTAL=0" "-e" "RUST_BACKTRACE=full" "-e" "RUSTFLAGS=--cap-lints=warn" "-e" "RUSTDOCFLAGS=--cap-lints=warn" "-w" "/opt/rustwide/workdir" "--user" "0:0" "0819ead6cceca6d52f539c88c004e837bd838e4d90af3b0d3ff21e9f6df01e28" "/opt/rustwide/cargo-home/bin/cargo" "+1.99.0-beta.8" "build" "--frozen" "--message-format=json" "--release", kill_on_drop: false }`
[INFO] [stderr]    Compiling cc v1.2.61
[INFO] [stderr]    Compiling futures-util v0.3.32
[INFO] [stderr]    Compiling getrandom v0.2.17
[INFO] [stderr]    Compiling tokio v1.52.1
[INFO] [stderr]    Compiling rustls v0.23.40
[INFO] [stderr]    Compiling compression-core v0.4.32
[INFO] [stderr]    Compiling ahash v0.8.12
[INFO] [stderr]    Compiling regex-automata v0.4.14
[INFO] [stderr]    Compiling serde v1.0.228
[INFO] [stderr]    Compiling bstr v1.12.1
[INFO] [stderr]    Compiling idna_adapter v1.2.2
[INFO] [stderr]    Compiling dirs-sys v0.4.1
[INFO] [stderr]    Compiling deranged v0.5.8
[INFO] [stderr]    Compiling time-macros v0.2.27
[INFO] [stderr]    Compiling crossbeam-deque v0.8.6
[INFO] [stderr]    Compiling serde_json v1.0.149
[INFO] [stderr]    Compiling thiserror-impl v2.0.18
[INFO] [stderr]    Compiling compression-codecs v0.4.38
[INFO] [stderr]    Compiling fallible-iterator v0.3.0
[INFO] [stderr]    Compiling idna v1.1.0
[INFO] [stderr]    Compiling hashbrown v0.14.5
[INFO] [stderr]    Compiling dirs v5.0.1
[INFO] [stderr]    Compiling url v2.5.8
[INFO] [stderr]    Compiling serde_urlencoded v0.7.1
[INFO] [stderr]    Compiling hashlink v0.9.1
[INFO] [stderr]    Compiling thiserror v2.0.18
[INFO] [stderr]    Compiling ring v0.17.14
[INFO] [stderr]    Compiling libsqlite3-sys v0.30.1
[INFO] [stderr]    Compiling time v0.3.47
[INFO] [stderr]    Compiling globset v0.4.18
[INFO] [stderr]    Compiling regex v1.12.3
[INFO] [stderr]    Compiling ignore v0.4.25
[INFO] [stderr]    Compiling futures-executor v0.3.32
[INFO] [stderr]    Compiling futures v0.3.32
[INFO] [stderr]    Compiling hyper v1.9.0
[INFO] [stderr]    Compiling tower v0.5.3
[INFO] [stderr]    Compiling tokio-util v0.7.18
[INFO] [stderr]    Compiling async-compression v0.4.42
[INFO] [stderr]    Compiling tower-http v0.6.8
[INFO] [stderr]    Compiling hyper-util v0.1.20
[INFO] [stderr]    Compiling rustls-webpki v0.103.13
[INFO] [stderr]    Compiling tokio-rustls v0.26.4
[INFO] [stderr]    Compiling hyper-rustls v0.27.9
[INFO] [stderr]    Compiling reqwest v0.12.28
[INFO] [stderr]    Compiling rusqlite v0.32.1
[INFO] [stderr]    Compiling phantomdep-core v1.0.1 (/opt/rustwide/workdir)
[INFO] [stderr]     Finished `release` profile [optimized] target(s) in 2m 31s
[INFO] running `Command { std: "docker" "inspect" "0819ead6cceca6d52f539c88c004e837bd838e4d90af3b0d3ff21e9f6df01e28", kill_on_drop: false }`
[INFO] running `Command { std: "docker" "exec" "-e" "SOURCE_DIR=/opt/rustwide/workdir" "-e" "CARGO_HOME=/opt/rustwide/cargo-home" "-e" "RUSTUP_HOME=/opt/rustwide/rustup-home" "-e" "CARGO_TARGET_DIR=/opt/rustwide/target" "-e" "CARGO_INCREMENTAL=0" "-e" "RUST_BACKTRACE=full" "-e" "RUSTFLAGS=--cap-lints=warn" "-e" "RUSTDOCFLAGS=--cap-lints=warn" "-w" "/opt/rustwide/workdir" "--user" "0:0" "0819ead6cceca6d52f539c88c004e837bd838e4d90af3b0d3ff21e9f6df01e28" "/opt/rustwide/cargo-home/bin/cargo" "+1.99.0-beta.8" "test" "--frozen" "--no-run" "--message-format=json" "--release", kill_on_drop: false }`
[INFO] [stderr]    Compiling tokio v1.52.1
[INFO] [stderr]    Compiling hyper v1.9.0
[INFO] [stderr]    Compiling tokio-rustls v0.26.4
[INFO] [stderr]    Compiling tower v0.5.3
[INFO] [stderr]    Compiling tokio-util v0.7.18
[INFO] [stderr]    Compiling async-compression v0.4.42
[INFO] [stderr]    Compiling tower-http v0.6.8
[INFO] [stderr]    Compiling hyper-util v0.1.20
[INFO] [stderr]    Compiling hyper-rustls v0.27.9
[INFO] [stderr]    Compiling reqwest v0.12.28
[INFO] [stderr]    Compiling phantomdep-core v1.0.1 (/opt/rustwide/workdir)
[INFO] [stderr]     Finished `release` profile [optimized] target(s) in 44.76s
[INFO] running `Command { std: "docker" "inspect" "0819ead6cceca6d52f539c88c004e837bd838e4d90af3b0d3ff21e9f6df01e28", kill_on_drop: false }`
[INFO] running `Command { std: "docker" "exec" "-e" "SOURCE_DIR=/opt/rustwide/workdir" "-e" "CARGO_HOME=/opt/rustwide/cargo-home" "-e" "RUSTUP_HOME=/opt/rustwide/rustup-home" "-e" "CARGO_TARGET_DIR=/opt/rustwide/target" "-e" "CARGO_INCREMENTAL=0" "-e" "RUST_BACKTRACE=full" "-e" "RUSTFLAGS=--cap-lints=warn" "-e" "RUSTDOCFLAGS=--cap-lints=warn" "-w" "/opt/rustwide/workdir" "--user" "0:0" "0819ead6cceca6d52f539c88c004e837bd838e4d90af3b0d3ff21e9f6df01e28" "/opt/rustwide/cargo-home/bin/cargo" "+1.99.0-beta.8" "test" "--frozen" "--release", kill_on_drop: false }`
[INFO] [stderr]     Finished `release` profile [optimized] target(s) in 0.24s
[INFO] [stderr]      Running unittests src/lib.rs (/opt/rustwide/target/release/deps/phantomdep_core-dfa225517cdbaf7d)
[INFO] [stdout] 
[INFO] [stdout] running 130 tests
[INFO] [stdout] test deps_dev::tests::url_encodes_slashes ... ok
[INFO] [stdout] test cargo_imports::tests::finds_dev_and_build_deps ... ok
[INFO] [stdout] test cargo_imports::tests::ignores_comments ... ok
[INFO] [stdout] test cargo_imports::tests::handles_inline_table_form ... ok
[INFO] [stdout] test cargo_imports::tests::finds_simple_deps ... ok
[INFO] [stdout] test deps_dev::tests::system_names_match_deps_dev ... ok
[INFO] [stdout] test evidence::tests::bundle_serialises_to_documented_shape ... ok
[INFO] [stdout] test go_imports::tests::keeps_major_version_suffix ... ok
[INFO] [stdout] test go_proxy::tests::encodes_uppercase ... ok
[INFO] [stdout] test go_imports::tests::parses_import_block_and_strips_known_forge_subpath ... ok
[INFO] [stdout] test go_imports::tests::parses_single_import ... ok
[INFO] [stdout] test cargo_imports::tests::handles_target_specific_deps ... ok
[INFO] [stdout] test go_imports::tests::parses_single_line_require ... ok
[INFO] [stdout] test go_imports::tests::skips_aliased_imports ... ok
[INFO] [stdout] test go_proxy::tests::extracts_github_repo_url ... ok
[INFO] [stdout] test go_imports::tests::parses_require_block ... ok
[INFO] [stdout] test go_proxy::tests::extracts_repo_with_subpath ... ok
[INFO] [stdout] test go_proxy::tests::no_repo_url_for_custom_domains ... ok
[INFO] [stdout] test hook::tests::split_pipeline_pipe ... ok
[INFO] [stdout] test cargo_imports::tests::honors_package_rename ... ok
[INFO] [stdout] test hook::tests::collect_write_text_handles_all_shapes ... ok
[INFO] [stdout] test go_proxy::tests::lowercase_unchanged ... ok
[INFO] [stdout] test hook_install::tests::install_creates_file_when_missing ... ok
[INFO] [stdout] test hook_install::tests::install_is_idempotent ... ok
[INFO] [stdout] test hook_install::tests::uninstall_when_not_installed_is_noop ... ok
[INFO] [stdout] test install_args::tests::cargo_add_simple ... ok
[INFO] [stdout] test install_args::tests::cargo_install_works ... ok
[INFO] [stdout] test hook_install::tests::install_preserves_existing_unrelated_hooks ... ok
[INFO] [stdout] test hook::tests::decide_block_includes_did_you_mean ... ok
[INFO] [stdout] test hook::tests::shell_words_unbalanced_returns_none ... ok
[INFO] [stdout] test hook::tests::shell_words_handles_quotes ... ok
[INFO] [stdout] test hook::tests::split_pipeline_respects_quotes ... ok
[INFO] [stdout] test hook::tests::split_pipeline_basic ... ok
[INFO] [stdout] test install_args::tests::cargo_strips_features_value ... ok
[INFO] [stdout] test install_args::tests::npm_skips_path_specifier ... ok
[INFO] [stdout] test install_args::tests::go_install_works ... ok
[INFO] [stdout] test install_args::tests::detects_managers_from_program ... ok
[INFO] [stdout] test install_args::tests::go_get_strips_version ... ok
[INFO] [stdout] test install_args::tests::npm_handles_scoped_packages ... ok
[INFO] [stdout] test install_args::tests::npm_install_simple ... ok
[INFO] [stdout] test install_args::tests::npm_i_alias_works ... ok
[INFO] [stdout] test install_args::tests::pip_install_simple ... ok
[INFO] [stdout] test hook_install::tests::uninstall_removes_only_phantomdep_entry ... ok
[INFO] [stdout] test install_args::tests::yarn_add_works ... ok
[INFO] [stdout] test install_args::tests::uv_pip_install_works ... ok
[INFO] [stdout] test install_args::tests::npm_strips_versions ... ok
[INFO] [stdout] test install_args::tests::pip_no_install_verb_yields_no_packages ... ok
[INFO] [stdout] test install_args::tests::uv_add_works ... ok
[INFO] [stdout] test install_args::tests::pip_drops_value_flag_and_value ... ok
[INFO] [stdout] test install_args::tests::pip_handles_requirements_equals_form ... ok
[INFO] [stdout] test install_args::tests::pip_handles_requirements_file ... ok
[INFO] [stdout] test jsimports::tests::collapses_subpath_to_package ... ok
[INFO] [stdout] test jsimports::tests::collapses_scoped_subpath ... ok
[INFO] [stdout] test jsimports::tests::handles_require ... ok
[INFO] [stdout] test jsimports::tests::handles_scoped_packages ... ok
[INFO] [stdout] test jsimports::tests::handles_double_and_single_and_template_quotes ... ok
[INFO] [stdout] test jsimports::tests::finds_es_module_imports ... ok
[INFO] [stdout] test install_args::tests::pip_skips_git_specifier ... ok
[INFO] [stdout] test install_args::tests::pip_skips_path_specifier ... ok
[INFO] [stdout] test install_args::tests::pip_strips_version_specifiers_and_extras ... ok
[INFO] [stdout] test install_args::tests::pnpm_skips_save_dev_flags ... ok
[INFO] [stdout] test jsimports::tests::handles_dynamic_import ... ok
[INFO] [stdout] test jsimports::tests::skips_node_builtins ... ok
[INFO] [stdout] test jsimports::tests::imports_inside_strings_are_ignored ... ok
[INFO] [stdout] test jsimports::tests::skips_node_prefix ... ok
[INFO] [stdout] test lsp::tests::read_frame_returns_none_on_eof ... ok
[INFO] [stdout] test lsp::tests::severity_maps_actions ... ok
[INFO] [stdout] test jsimports::tests::skips_relative_imports ... ok
[INFO] [stdout] test lsp::tests::find_first_range_uses_reverse_alias ... ok
[INFO] [stdout] test lsp::tests::locate_finds_on_second_line ... ok
[INFO] [stdout] test jsimports::tests::ignores_imports_in_comments ... ok
[INFO] [stdout] test lsp::tests::read_frame_parses_content_length_message ... ok
[INFO] [stdout] test jsimports::tests::handles_side_effect_import ... ok
[INFO] [stdout] test mcp::tests::notification_returns_no_response ... ok
[INFO] [stdout] test mcp::tests::initialize_returns_protocol_version ... ok
[INFO] [stdout] test jsimports::tests::strings_with_comment_markers_dont_eat_following_imports ... ok
[INFO] [stdout] test lsp::tests::utf16_len_handles_multibyte ... ok
[INFO] [stdout] test lsp::tests::find_first_range_falls_back_to_raw_name ... ok
[INFO] [stdout] test markdown::tests::block_finding_renders_table_row ... ok
[INFO] [stdout] test lsp::tests::reverse_resolver_empty_for_npm ... ok
[INFO] [stdout] test mcp::tests::invalid_jsonrpc_version_rejected ... ok
[INFO] [stdout] test lsp::tests::reverse_resolver_finds_yaml_for_pyyaml ... ok
[INFO] [stdout] test markdown::tests::empty_report_produces_clean_message ... ok
[INFO] [stdout] test lsp::tests::locate_finds_python_import ... ok
[INFO] [stdout] test cache::tests::go_lookups_are_case_sensitive ... ok
[INFO] [stdout] test phantom_db::tests::lookup_is_case_insensitive ... ok
[INFO] [stdout] test phantom_db::tests::ecosystem_separates_namespaces ... ok
[INFO] [stdout] test npm::tests::strips_git_plus_prefix ... ok
[INFO] [stdout] test mcp::tests::suggest_returns_known_alternatives ... ok
[INFO] [stdout] test mcp::tests::phantom_db_status_tool_works ... ok
[INFO] [stdout] test pyimports::tests::collapses_dotted_to_top_module ... ok
[INFO] [stdout] test pyimports::tests::finds_simple_imports ... ok
[INFO] [stdout] test pyimports::tests::handles_multi_import_on_one_line ... ok
[INFO] [stdout] test npm::tests::strips_git_protocol ... ok
[INFO] [stdout] test mcp::tests::unknown_method_returns_method_not_found ... ok
[INFO] [stdout] test phantom_db::tests::bootstrap_finds_huggingface_cli ... ok
[INFO] [stdout] test pyimports::tests::applies_import_to_pypi_remap ... ok
[INFO] [stdout] test pyimports::tests::handles_indented_imports ... ok
[INFO] [stdout] test pyimports::tests::handles_import_as ... ok
[INFO] [stdout] test mcp::tests::tools_list_returns_five_tools ... ok
[INFO] [stdout] test pyimports::tests::handles_from_imports ... ok
[INFO] [stdout] test resolve::tests::lookalike_warns_with_fix ... ok
[INFO] [stdout] test pyimports::tests::skips_relative_imports ... ok
[INFO] [stdout] test pyimports::tests::ignores_imports_inside_strings_and_comments ... ok
[INFO] [stdout] test resolve::tests::missing_package_is_phantom_block ... ok
[INFO] [stdout] test resolve::tests::squatted_known_entry_blocks ... ok
[INFO] [stdout] test sarif::tests::allow_findings_are_excluded_from_sarif ... ok
[INFO] [stdout] test resolve::tests::established_real_package_allows ... ok
[INFO] [stdout] test sarif::tests::empty_report_yields_valid_sarif_skeleton ... ok
[INFO] [stdout] test requirements::tests::skips_comments_and_options ... ok
[INFO] [stdout] test sarif::tests::phantom_finding_becomes_error_result ... ok
[INFO] [stdout] test pyproject::tests::poetry_dependencies_table ... ok
[INFO] [stdout] test scan::tests::collects_packages_from_single_manifest_file ... ok
[INFO] [stdout] test requirements::tests::handles_env_markers ... ok
[INFO] [stdout] test pyimports::tests::skips_stdlib ... ok
[INFO] [stdout] test scan::tests::collects_python_and_js_imports ... ok
[INFO] [stdout] test requirements::tests::extracts_simple_names ... ok
[INFO] [stdout] test requirements::tests::skips_urls_and_paths ... ok
[INFO] [stdout] test scan::tests::collects_packages_from_manifest_only_directory ... ok
[INFO] [stdout] test resolve::tests::phantom_includes_phantom_db_evidence_when_available ... ok
[INFO] [stdout] test requirements::tests::lowercases_names ... ok
[INFO] [stdout] test scan::tests::strategy_recognizes_manifest_names ... ok
[INFO] [stdout] test verdict::tests::phantom_outranks_everything ... ok
[INFO] [stdout] test pyproject::tests::pep621_dependencies_array ... ok
[INFO] [stdout] test scan::tests::worst_action_picks_block ... ok
[INFO] [stdout] test verdict::tests::ecosystem_parses_aliases ... ok
[INFO] [stdout] test verdict::tests::block_actions_align ... ok
[INFO] [stdout] test cache::tests::round_trips_a_record ... ok
[INFO] [stdout] test cache::tests::pypi_lookups_are_case_insensitive ... ok
[INFO] [stdout] test cache::tests::miss_returns_none ... ok
[INFO] [stdout] 
[INFO] [stdout] test result: ok. 130 passed; 0 failed; 0 ignored; 0 measured; 0 filtered out; finished in 0.09s
[INFO] [stdout] 
[INFO] [stderr]      Running tests/integration_scan.rs (/opt/rustwide/target/release/deps/integration_scan-575e286b5dca9ab7)
[INFO] [stdout] 
[INFO] [stdout] running 2 tests
[INFO] [stdout] test scan_flags_phantom_in_manifest_only_directory ... FAILED
[INFO] [stdout] test scan_resolves_imports_and_returns_findings ... FAILED
[INFO] [stdout] 
[INFO] [stdout] failures:
[INFO] [stdout] 
[INFO] [stdout] ---- scan_flags_phantom_in_manifest_only_directory stdout ----
[INFO] [stdout] 
[INFO] [stdout] thread 'scan_flags_phantom_in_manifest_only_directory' (1574) panicked at tests/integration_scan.rs:97:5:
[INFO] [stdout] assertion `left == right` failed
[INFO] [stdout]   left: Unknown
[INFO] [stdout]  right: Phantom
[INFO] [stdout] stack backtrace:
[INFO] [stdout]    0:     0x581b5533f961 - <<std[70759c8f55707aa4]::sys::backtrace::BacktraceLock>::print::DisplayBacktrace as core[df12db4294e9bfd3]::fmt::Display>::fmt
[INFO] [stdout]    1:     0x581b553579da - core[df12db4294e9bfd3]::fmt::write
[INFO] [stdout]    2:     0x581b55344cac - <alloc[2182bb758b4b3781]::vec::Vec<u8> as core[df12db4294e9bfd3]::io::write::Write>::write_fmt
[INFO] [stdout]    3:     0x581b553186c6 - std[70759c8f55707aa4]::panicking::default_hook::{closure#0}
[INFO] [stdout]    4:     0x581b55336f29 - std[70759c8f55707aa4]::panicking::default_hook
[INFO] [stdout]    5:     0x581b54e09f20 - test[9d35eded1c95d3be]::test_main_inner::<test[9d35eded1c95d3be]::test_main_static::{closure#0}>::{closure#0}
[INFO] [stdout]    6:     0x581b55337252 - std[70759c8f55707aa4]::panicking::panic_with_hook
[INFO] [stdout]    7:     0x581b55318772 - std[70759c8f55707aa4]::panicking::panic_handler::{closure#0}
[INFO] [stdout]    8:     0x581b55310b39 - std[70759c8f55707aa4]::sys::backtrace::__rust_end_short_backtrace::<std[70759c8f55707aa4]::panicking::panic_handler::{closure#0}, !>
[INFO] [stdout]    9:     0x581b5531966d - __rustc[8fa7c3cbc660c2b3]::rust_begin_unwind
[INFO] [stdout]   10:     0x581b553581bc - core[df12db4294e9bfd3]::panicking::panic_fmt
[INFO] [stdout]   11:     0x581b553580d3 - core[df12db4294e9bfd3]::panicking::assert_failed_inner
[INFO] [stdout]   12:     0x581b54df7303 - core[df12db4294e9bfd3]::panicking::assert_failed::<phantomdep_core[74fb702093332abc]::verdict::Verdict, phantomdep_core[74fb702093332abc]::verdict::Verdict>
[INFO] [stdout]   13:     0x581b54dea8b4 - integration_scan[d5d6d805639280c8]::scan_flags_phantom_in_manifest_only_directory::{closure#0}
[INFO] [stdout]   14:     0x581b54defe33 - <tokio[e05d62e0d7943c15]::runtime::scheduler::current_thread::Context>::enter::<core[df12db4294e9bfd3]::task::poll::Poll<()>, <tokio[e05d62e0d7943c15]::runtime::scheduler::current_thread::CoreGuard>::block_on<core[df12db4294e9bfd3]::pin::Pin<&mut core[df12db4294e9bfd3]::pin::Pin<&mut dyn core[df12db4294e9bfd3]::future::future::Future<Output = ()>>>>::{closure#0}::{closure#0}>
[INFO] [stdout]   15:     0x581b54df6d89 - <std[70759c8f55707aa4]::thread::local::LocalKey<tokio[e05d62e0d7943c15]::runtime::context::Context>>::with::<tokio[e05d62e0d7943c15]::runtime::context::set_scheduler<(alloc[2182bb758b4b3781]::boxed::Box<tokio[e05d62e0d7943c15]::runtime::scheduler::current_thread::Core>, core[df12db4294e9bfd3]::option::Option<()>), <tokio[e05d62e0d7943c15]::runtime::scheduler::current_thread::CoreGuard>::enter<<tokio[e05d62e0d7943c15]::runtime::scheduler::current_thread::CoreGuard>::block_on<core[df12db4294e9bfd3]::pin::Pin<&mut core[df12db4294e9bfd3]::pin::Pin<&mut dyn core[df12db4294e9bfd3]::future::future::Future<Output = ()>>>>::{closure#0}, core[df12db4294e9bfd3]::option::Option<()>>::{closure#0}>::{closure#0}, (alloc[2182bb758b4b3781]::boxed::Box<tokio[e05d62e0d7943c15]::runtime::scheduler::current_thread::Core>, core[df12db4294e9bfd3]::option::Option<()>)>
[INFO] [stdout]   16:     0x581b54df0167 - <tokio[e05d62e0d7943c15]::runtime::scheduler::current_thread::CoreGuard>::block_on::<core[df12db4294e9bfd3]::pin::Pin<&mut core[df12db4294e9bfd3]::pin::Pin<&mut dyn core[df12db4294e9bfd3]::future::future::Future<Output = ()>>>>
[INFO] [stdout]   17:     0x581b54df8f4d - tokio[e05d62e0d7943c15]::runtime::context::runtime::enter_runtime::<<tokio[e05d62e0d7943c15]::runtime::scheduler::current_thread::CurrentThread>::block_on<core[df12db4294e9bfd3]::pin::Pin<&mut dyn core[df12db4294e9bfd3]::future::future::Future<Output = ()>>>::{closure#0}, ()>
[INFO] [stdout]   18:     0x581b54df7e7f - <tokio[e05d62e0d7943c15]::runtime::runtime::Runtime>::block_on::<core[df12db4294e9bfd3]::pin::Pin<&mut dyn core[df12db4294e9bfd3]::future::future::Future<Output = ()>>>
[INFO] [stdout]   19:     0x581b54debfce - <integration_scan[d5d6d805639280c8]::scan_flags_phantom_in_manifest_only_directory::{closure#0} as core[df12db4294e9bfd3]::ops::function::FnOnce<()>>::call_once
[INFO] [stdout]   20:     0x581b54dfd20b - test[9d35eded1c95d3be]::__rust_begin_short_backtrace::<core[df12db4294e9bfd3]::result::Result<(), alloc[2182bb758b4b3781]::string::String>, fn() -> core[df12db4294e9bfd3]::result::Result<(), alloc[2182bb758b4b3781]::string::String>>
[INFO] [stdout]   21:     0x581b54e0a875 - test[9d35eded1c95d3be]::run_test::{closure#0}
[INFO] [stdout]   22:     0x581b54e04134 - std[70759c8f55707aa4]::sys::backtrace::__rust_begin_short_backtrace::<test[9d35eded1c95d3be]::run_test::{closure#1}, ()>
[INFO] [stdout]   23:     0x581b54e0d9d2 - <std[70759c8f55707aa4]::thread::lifecycle::spawn_unchecked<test[9d35eded1c95d3be]::run_test::{closure#1}, ()>::{closure#1} as core[df12db4294e9bfd3]::ops::function::FnOnce<()>>::call_once::{shim:vtable#0}
[INFO] [stdout]   24:     0x581b5533e979 - <std[70759c8f55707aa4]::sys::thread::unix::Thread>::new::thread_start
[INFO] [stdout]   25:     0x7b4404549dfa - <unknown>
[INFO] [stdout]   26:     0x7b44045dd3d4 - clone
[INFO] [stdout]   27:                0x0 - <unknown>
[INFO] [stdout] 
[INFO] [stdout] ---- scan_resolves_imports_and_returns_findings stdout ----
[INFO] [stdout] 
[INFO] [stdout] thread 'scan_resolves_imports_and_returns_findings' (1575) panicked at tests/integration_scan.rs:52:5:
[INFO] [stdout] assertion `left == right` failed
[INFO] [stdout]   left: Unknown
[INFO] [stdout]  right: Phantom
[INFO] [stdout] stack backtrace:
[INFO] [stdout]    0:     0x581b5533f961 - <<std[70759c8f55707aa4]::sys::backtrace::BacktraceLock>::print::DisplayBacktrace as core[df12db4294e9bfd3]::fmt::Display>::fmt
[INFO] [stdout]    1:     0x581b553579da - core[df12db4294e9bfd3]::fmt::write
[INFO] [stdout]    2:     0x581b55344cac - <alloc[2182bb758b4b3781]::vec::Vec<u8> as core[df12db4294e9bfd3]::io::write::Write>::write_fmt
[INFO] [stdout]    3:     0x581b553186c6 - std[70759c8f55707aa4]::panicking::default_hook::{closure#0}
[INFO] [stdout]    4:     0x581b55336f29 - std[70759c8f55707aa4]::panicking::default_hook
[INFO] [stdout]    5:     0x581b54e09f20 - test[9d35eded1c95d3be]::test_main_inner::<test[9d35eded1c95d3be]::test_main_static::{closure#0}>::{closure#0}
[INFO] [stdout]    6:     0x581b55337252 - std[70759c8f55707aa4]::panicking::panic_with_hook
[INFO] [stdout]    7:     0x581b55318772 - std[70759c8f55707aa4]::panicking::panic_handler::{closure#0}
[INFO] [stdout]    8:     0x581b55310b39 - std[70759c8f55707aa4]::sys::backtrace::__rust_end_short_backtrace::<std[70759c8f55707aa4]::panicking::panic_handler::{closure#0}, !>
[INFO] [stdout]    9:     0x581b5531966d - __rustc[8fa7c3cbc660c2b3]::rust_begin_unwind
[INFO] [stdout]   10:     0x581b553581bc - core[df12db4294e9bfd3]::panicking::panic_fmt
[INFO] [stdout]   11:     0x581b553580d3 - core[df12db4294e9bfd3]::panicking::assert_failed_inner
[INFO] [stdout]   12:     0x581b54df7303 - core[df12db4294e9bfd3]::panicking::assert_failed::<phantomdep_core[74fb702093332abc]::verdict::Verdict, phantomdep_core[74fb702093332abc]::verdict::Verdict>
[INFO] [stdout]   13:     0x581b54de9e56 - integration_scan[d5d6d805639280c8]::scan_resolves_imports_and_returns_findings::{closure#0}
[INFO] [stdout]   14:     0x581b54defe33 - <tokio[e05d62e0d7943c15]::runtime::scheduler::current_thread::Context>::enter::<core[df12db4294e9bfd3]::task::poll::Poll<()>, <tokio[e05d62e0d7943c15]::runtime::scheduler::current_thread::CoreGuard>::block_on<core[df12db4294e9bfd3]::pin::Pin<&mut core[df12db4294e9bfd3]::pin::Pin<&mut dyn core[df12db4294e9bfd3]::future::future::Future<Output = ()>>>>::{closure#0}::{closure#0}>
[INFO] [stdout]   15:     0x581b54df6d89 - <std[70759c8f55707aa4]::thread::local::LocalKey<tokio[e05d62e0d7943c15]::runtime::context::Context>>::with::<tokio[e05d62e0d7943c15]::runtime::context::set_scheduler<(alloc[2182bb758b4b3781]::boxed::Box<tokio[e05d62e0d7943c15]::runtime::scheduler::current_thread::Core>, core[df12db4294e9bfd3]::option::Option<()>), <tokio[e05d62e0d7943c15]::runtime::scheduler::current_thread::CoreGuard>::enter<<tokio[e05d62e0d7943c15]::runtime::scheduler::current_thread::CoreGuard>::block_on<core[df12db4294e9bfd3]::pin::Pin<&mut core[df12db4294e9bfd3]::pin::Pin<&mut dyn core[df12db4294e9bfd3]::future::future::Future<Output = ()>>>>::{closure#0}, core[df12db4294e9bfd3]::option::Option<()>>::{closure#0}>::{closure#0}, (alloc[2182bb758b4b3781]::boxed::Box<tokio[e05d62e0d7943c15]::runtime::scheduler::current_thread::Core>, core[df12db4294e9bfd3]::option::Option<()>)>
[INFO] [stdout]   16:     0x581b54df0167 - <tokio[e05d62e0d7943c15]::runtime::scheduler::current_thread::CoreGuard>::block_on::<core[df12db4294e9bfd3]::pin::Pin<&mut core[df12db4294e9bfd3]::pin::Pin<&mut dyn core[df12db4294e9bfd3]::future::future::Future<Output = ()>>>>
[INFO] [stdout]   17:     0x581b54df8f4d - tokio[e05d62e0d7943c15]::runtime::context::runtime::enter_runtime::<<tokio[e05d62e0d7943c15]::runtime::scheduler::current_thread::CurrentThread>::block_on<core[df12db4294e9bfd3]::pin::Pin<&mut dyn core[df12db4294e9bfd3]::future::future::Future<Output = ()>>>::{closure#0}, ()>
[INFO] [stdout]   18:     0x581b54df7e7f - <tokio[e05d62e0d7943c15]::runtime::runtime::Runtime>::block_on::<core[df12db4294e9bfd3]::pin::Pin<&mut dyn core[df12db4294e9bfd3]::future::future::Future<Output = ()>>>
[INFO] [stdout]   19:     0x581b54debe6e - <integration_scan[d5d6d805639280c8]::scan_resolves_imports_and_returns_findings::{closure#0} as core[df12db4294e9bfd3]::ops::function::FnOnce<()>>::call_once
[INFO] [stdout]   20:     0x581b54dfd20b - test[9d35eded1c95d3be]::__rust_begin_short_backtrace::<core[df12db4294e9bfd3]::result::Result<(), alloc[2182bb758b4b3781]::string::String>, fn() -> core[df12db4294e9bfd3]::result::Result<(), alloc[2182bb758b4b3781]::string::String>>
[INFO] [stdout]   21:     0x581b54e0a875 - test[9d35eded1c95d3be]::run_test::{closure#0}
[INFO] [stdout]   22:     0x581b54e04134 - std[70759c8f55707aa4]::sys::backtrace::__rust_begin_short_backtrace::<test[9d35eded1c95d3be]::run_test::{closure#1}, ()>
[INFO] [stdout]   23:     0x581b54e0d9d2 - <std[70759c8f55707aa4]::thread::lifecycle::spawn_unchecked<test[9d35eded1c95d3be]::run_test::{closure#1}, ()>::{closure#1} as core[df12db4294e9bfd3]::ops::function::FnOnce<()>>::call_once::{shim:vtable#0}
[INFO] [stdout]   24:     0x581b5533e979 - <std[70759c8f55707aa4]::sys::thread::unix::Thread>::new::thread_start
[INFO] [stdout]   25:     0x7b4404549dfa - <unknown>
[INFO] [stdout]   26:     0x7b44045dd3d4 - clone
[INFO] [stdout]   27:                0x0 - <unknown>
[INFO] [stdout] 
[INFO] [stdout] 
[INFO] [stdout] failures:
[INFO] [stdout]     scan_flags_phantom_in_manifest_only_directory
[INFO] [stdout]     scan_resolves_imports_and_returns_findings
[INFO] [stdout] 
[INFO] [stdout] test result: FAILED. 0 passed; 2 failed; 0 ignored; 0 measured; 0 filtered out; finished in 0.01s
[INFO] [stdout] 
[INFO] [stderr] error: test failed, to rerun pass `--test integration_scan`
[INFO] running `Command { std: "docker" "inspect" "0819ead6cceca6d52f539c88c004e837bd838e4d90af3b0d3ff21e9f6df01e28", kill_on_drop: false }`
[INFO] running `Command { std: "docker" "rm" "-f" "0819ead6cceca6d52f539c88c004e837bd838e4d90af3b0d3ff21e9f6df01e28", kill_on_drop: false }`
[INFO] [stdout] 0819ead6cceca6d52f539c88c004e837bd838e4d90af3b0d3ff21e9f6df01e28
