[INFO] fetching crate phakebit 0.2.0...
[INFO] testing phakebit-0.2.0 against 1.99.0-beta.8+cargoflags=--release for beta-release-1.100-2
[INFO] extracting crate phakebit 0.2.0 into /workspace/builds/worker-2-tc1/source
[INFO] started tweaking crates.io crate phakebit 0.2.0
[INFO] finished tweaking crates.io crate phakebit 0.2.0
[INFO] tweaked toml for crates.io crate phakebit 0.2.0 written to /workspace/builds/worker-2-tc1/source/Cargo.toml
[INFO] validating manifest of crates.io crate phakebit 0.2.0 on toolchain 1.99.0-beta.8
[INFO] running `Command { std: CARGO_HOME="/workspace/cargo-home" RUSTUP_HOME="/workspace/rustup-home" "/workspace/cargo-home/bin/cargo" "+1.99.0-beta.8" "metadata" "--manifest-path" "Cargo.toml" "--no-deps", kill_on_drop: false }`
[INFO] crate crates.io crate phakebit 0.2.0 already has a lockfile, it will not be regenerated
[INFO] running `Command { std: CARGO_HOME="/workspace/cargo-home" RUSTUP_HOME="/workspace/rustup-home" "/workspace/cargo-home/bin/cargo" "+1.99.0-beta.8" "fetch" "--manifest-path" "Cargo.toml", kill_on_drop: false }`
[INFO] [stderr]     Updating crates.io index
[INFO] [stderr]  Downloading crates ...
[INFO] [stderr]   Downloaded circular-buffer v0.1.9
[INFO] [stderr]   Downloaded cargo_toml v1.0.1
[INFO] [stderr]   Downloaded cargo-readme v3.4.0
[INFO] running `Command { std: "docker" "create" "-v" "/var/lib/crater-agent-workspace/builds/worker-2-tc1/source:/opt/rustwide/workdir:ro,Z" "-v" "/var/lib/crater-agent-workspace/builds/worker-2-tc1/target:/opt/rustwide/target:rw,Z" "-v" "/var/lib/crater-agent-workspace/cargo-home:/opt/rustwide/cargo-home:ro,Z" "-v" "/var/lib/crater-agent-workspace/rustup-home:/opt/rustwide/rustup-home:ro,Z" "-m" "1610612736" "--network" "none" "ghcr.io/rust-lang/crates-build-env/linux@sha256:77db811e55d90add9212f6832c23229e3de5f1c1f9905e8cb07319ea15df73ac" "sleep" "infinity", kill_on_drop: false }`
[INFO] [stdout] 399f7897cde2db56dc124d72a7105a6af5085340f44fd00bc325f2ee9fabe7e7
[INFO] running `Command { std: "docker" "start" "399f7897cde2db56dc124d72a7105a6af5085340f44fd00bc325f2ee9fabe7e7", kill_on_drop: false }`
[INFO] running `Command { std: "docker" "inspect" "399f7897cde2db56dc124d72a7105a6af5085340f44fd00bc325f2ee9fabe7e7", kill_on_drop: false }`
[INFO] running `Command { std: "docker" "exec" "-e" "SOURCE_DIR=/opt/rustwide/workdir" "-e" "CARGO_HOME=/opt/rustwide/cargo-home" "-e" "RUSTUP_HOME=/opt/rustwide/rustup-home" "-e" "CARGO_TARGET_DIR=/opt/rustwide/target" "-w" "/opt/rustwide/workdir" "--user" "0:0" "399f7897cde2db56dc124d72a7105a6af5085340f44fd00bc325f2ee9fabe7e7" "/opt/rustwide/cargo-home/bin/cargo" "+1.99.0-beta.8" "metadata" "--no-deps" "--format-version=1", kill_on_drop: false }`
[INFO] running `Command { std: "docker" "inspect" "399f7897cde2db56dc124d72a7105a6af5085340f44fd00bc325f2ee9fabe7e7", kill_on_drop: false }`
[INFO] running `Command { std: "docker" "exec" "-e" "SOURCE_DIR=/opt/rustwide/workdir" "-e" "CARGO_HOME=/opt/rustwide/cargo-home" "-e" "RUSTUP_HOME=/opt/rustwide/rustup-home" "-e" "CARGO_TARGET_DIR=/opt/rustwide/target" "-e" "CARGO_INCREMENTAL=0" "-e" "RUST_BACKTRACE=full" "-e" "RUSTFLAGS=--cap-lints=warn" "-e" "RUSTDOCFLAGS=--cap-lints=warn" "-w" "/opt/rustwide/workdir" "--user" "0:0" "399f7897cde2db56dc124d72a7105a6af5085340f44fd00bc325f2ee9fabe7e7" "/opt/rustwide/cargo-home/bin/cargo" "+1.99.0-beta.8" "build" "--frozen" "--message-format=json" "--release", kill_on_drop: false }`
[INFO] [stderr]    Compiling phakebit v0.2.0 (/opt/rustwide/workdir)
[INFO] [stderr]     Finished `release` profile [optimized] target(s) in 0.30s
[INFO] running `Command { std: "docker" "inspect" "399f7897cde2db56dc124d72a7105a6af5085340f44fd00bc325f2ee9fabe7e7", kill_on_drop: false }`
[INFO] running `Command { std: "docker" "exec" "-e" "SOURCE_DIR=/opt/rustwide/workdir" "-e" "CARGO_HOME=/opt/rustwide/cargo-home" "-e" "RUSTUP_HOME=/opt/rustwide/rustup-home" "-e" "CARGO_TARGET_DIR=/opt/rustwide/target" "-e" "CARGO_INCREMENTAL=0" "-e" "RUST_BACKTRACE=full" "-e" "RUSTFLAGS=--cap-lints=warn" "-e" "RUSTDOCFLAGS=--cap-lints=warn" "-w" "/opt/rustwide/workdir" "--user" "0:0" "399f7897cde2db56dc124d72a7105a6af5085340f44fd00bc325f2ee9fabe7e7" "/opt/rustwide/cargo-home/bin/cargo" "+1.99.0-beta.8" "test" "--frozen" "--no-run" "--message-format=json" "--release", kill_on_drop: false }`
[INFO] [stderr]    Compiling toml_writer v1.1.2+spec-1.1.0
[INFO] [stderr]    Compiling toml_parser v1.1.3+spec-1.1.0
[INFO] [stderr]    Compiling circular-buffer v0.1.9
[INFO] [stderr]    Compiling toml_datetime v1.1.1+spec-1.1.0
[INFO] [stderr]    Compiling serde_spanned v1.1.1
[INFO] [stderr]    Compiling serde_derive v1.0.229
[INFO] [stderr]    Compiling clap_builder v4.6.7
[INFO] [stderr]    Compiling semver v1.0.28
[INFO] [stderr]    Compiling clap_derive v4.6.7
[INFO] [stderr]    Compiling toml v1.1.6+spec-1.1.0
[INFO] [stderr]    Compiling clap v4.6.7
[INFO] [stderr]    Compiling serde v1.0.229
[INFO] [stderr]    Compiling cargo_toml v1.0.1
[INFO] [stderr]    Compiling cargo-readme v3.4.0
[INFO] [stderr]    Compiling phakebit v0.2.0 (/opt/rustwide/workdir)
[INFO] [stderr]     Finished `release` profile [optimized] target(s) in 20.77s
[INFO] running `Command { std: "docker" "inspect" "399f7897cde2db56dc124d72a7105a6af5085340f44fd00bc325f2ee9fabe7e7", kill_on_drop: false }`
[INFO] running `Command { std: "docker" "exec" "-e" "SOURCE_DIR=/opt/rustwide/workdir" "-e" "CARGO_HOME=/opt/rustwide/cargo-home" "-e" "RUSTUP_HOME=/opt/rustwide/rustup-home" "-e" "CARGO_TARGET_DIR=/opt/rustwide/target" "-e" "CARGO_INCREMENTAL=0" "-e" "RUST_BACKTRACE=full" "-e" "RUSTFLAGS=--cap-lints=warn" "-e" "RUSTDOCFLAGS=--cap-lints=warn" "-w" "/opt/rustwide/workdir" "--user" "0:0" "399f7897cde2db56dc124d72a7105a6af5085340f44fd00bc325f2ee9fabe7e7" "/opt/rustwide/cargo-home/bin/cargo" "+1.99.0-beta.8" "test" "--frozen" "--release", kill_on_drop: false }`
[INFO] [stderr]     Finished `release` profile [optimized] target(s) in 0.06s
[INFO] [stderr]      Running unittests src/lib.rs (/opt/rustwide/target/release/deps/phakebit-e755820bb7761c4a)
[INFO] [stdout] 
[INFO] [stdout] running 7 tests
[INFO] [stdout] test state::tests::test_reset ... ok
[INFO] [stdout] test memory::tests::gets ... ok
[INFO] [stdout] test cpu::tests::run_test_suite ... FAILED
[INFO] [stdout] test memory::tests::memory_maps ... ok
[INFO] [stdout] test state::tests::test_write_word ... ok
[INFO] [stdout] test state::tests::test_push_word ... ok
[INFO] [stdout] test cpu::tests::test_simple_program ... ok
[INFO] [stdout] 
[INFO] [stdout] failures:
[INFO] [stdout] 
[INFO] [stdout] ---- cpu::tests::run_test_suite stdout ----
[INFO] [stdout] 
[INFO] [stdout] thread 'cpu::tests::run_test_suite' (458) panicked at src/cpu.rs:629:71:
[INFO] [stdout] should be there: Os { code: 2, kind: NotFound, message: "No such file or directory" }
[INFO] [stdout] stack backtrace:
[INFO] [stdout]    0:     0x5e5404e60cd1 - <<std[70759c8f55707aa4]::sys::backtrace::BacktraceLock>::print::DisplayBacktrace as core[df12db4294e9bfd3]::fmt::Display>::fmt
[INFO] [stdout]    1:     0x5e5404e74eaa - core[df12db4294e9bfd3]::fmt::write
[INFO] [stdout]    2:     0x5e5404e6516c - <alloc[2182bb758b4b3781]::vec::Vec<u8> as core[df12db4294e9bfd3]::io::write::Write>::write_fmt
[INFO] [stdout]    3:     0x5e5404e3cfa6 - std[70759c8f55707aa4]::panicking::default_hook::{closure#0}
[INFO] [stdout]    4:     0x5e5404e59119 - std[70759c8f55707aa4]::panicking::default_hook
[INFO] [stdout]    5:     0x5e5404df5050 - test[9d35eded1c95d3be]::test_main_inner::<test[9d35eded1c95d3be]::test_main_static::{closure#0}>::{closure#0}
[INFO] [stdout]    6:     0x5e5404e592d2 - std[70759c8f55707aa4]::panicking::panic_with_hook
[INFO] [stdout]    7:     0x5e5404e3d052 - std[70759c8f55707aa4]::panicking::panic_handler::{closure#0}
[INFO] [stdout]    8:     0x5e5404e35c49 - std[70759c8f55707aa4]::sys::backtrace::__rust_end_short_backtrace::<std[70759c8f55707aa4]::panicking::panic_handler::{closure#0}, !>
[INFO] [stdout]    9:     0x5e5404e3dc4d - __rustc[8fa7c3cbc660c2b3]::rust_begin_unwind
[INFO] [stdout]   10:     0x5e5404e755dc - core[df12db4294e9bfd3]::panicking::panic_fmt
[INFO] [stdout]   11:     0x5e5404e753b2 - core[df12db4294e9bfd3]::result::unwrap_failed
[INFO] [stdout]   12:     0x5e5404de813e - <phakebit[d32f321c39193952]::cpu::tests::run_test_suite::{closure#0} as core[df12db4294e9bfd3]::ops::function::FnOnce<()>>::call_once
[INFO] [stdout]   13:     0x5e5404de833b - test[9d35eded1c95d3be]::__rust_begin_short_backtrace::<core[df12db4294e9bfd3]::result::Result<(), alloc[2182bb758b4b3781]::string::String>, fn() -> core[df12db4294e9bfd3]::result::Result<(), alloc[2182bb758b4b3781]::string::String>>
[INFO] [stdout]   14:     0x5e5404df59a5 - test[9d35eded1c95d3be]::run_test::{closure#0}
[INFO] [stdout]   15:     0x5e5404def264 - std[70759c8f55707aa4]::sys::backtrace::__rust_begin_short_backtrace::<test[9d35eded1c95d3be]::run_test::{closure#1}, ()>
[INFO] [stdout]   16:     0x5e5404df8b02 - <std[70759c8f55707aa4]::thread::lifecycle::spawn_unchecked<test[9d35eded1c95d3be]::run_test::{closure#1}, ()>::{closure#1} as core[df12db4294e9bfd3]::ops::function::FnOnce<()>>::call_once::{shim:vtable#0}
[INFO] [stdout]   17:     0x5e5404e60289 - <std[70759c8f55707aa4]::sys::thread::unix::Thread>::new::thread_start
[INFO] [stdout]   18:     0x7a3c51249dfa - <unknown>
[INFO] [stdout]   19:     0x7a3c512dd3d4 - clone
[INFO] [stdout]   20:                0x0 - <unknown>
[INFO] [stdout] 
[INFO] [stdout] 
[INFO] [stdout] failures:
[INFO] [stdout]     cpu::tests::run_test_suite
[INFO] [stdout] 
[INFO] [stdout] test result: FAILED. 6 passed; 1 failed; 0 ignored; 0 measured; 0 filtered out; finished in 0.00s
[INFO] [stdout] 
[INFO] [stderr] error: test failed, to rerun pass `--lib`
[INFO] running `Command { std: "docker" "inspect" "399f7897cde2db56dc124d72a7105a6af5085340f44fd00bc325f2ee9fabe7e7", kill_on_drop: false }`
[INFO] running `Command { std: "docker" "rm" "-f" "399f7897cde2db56dc124d72a7105a6af5085340f44fd00bc325f2ee9fabe7e7", kill_on_drop: false }`
[INFO] [stdout] 399f7897cde2db56dc124d72a7105a6af5085340f44fd00bc325f2ee9fabe7e7
