[INFO] fetching crate phago-distributed 1.0.0...
[INFO] testing phago-distributed-1.0.0 against 1.100.0-beta.1+cargoflags=--release for beta-release-1.100-2
[INFO] extracting crate phago-distributed 1.0.0 into /workspace/builds/worker-4-tc2/source
[INFO] started tweaking crates.io crate phago-distributed 1.0.0
[INFO] removed 0 missing tests
[INFO] finished tweaking crates.io crate phago-distributed 1.0.0
[INFO] tweaked toml for crates.io crate phago-distributed 1.0.0 written to /workspace/builds/worker-4-tc2/source/Cargo.toml
[INFO] validating manifest of crates.io crate phago-distributed 1.0.0 on toolchain 1.100.0-beta.1
[INFO] running `Command { std: CARGO_HOME="/workspace/cargo-home" RUSTUP_HOME="/workspace/rustup-home" "/workspace/cargo-home/bin/cargo" "+1.100.0-beta.1" "metadata" "--manifest-path" "Cargo.toml" "--no-deps", kill_on_drop: false }`
[INFO] crate crates.io crate phago-distributed 1.0.0 already has a lockfile, it will not be regenerated
[INFO] running `Command { std: CARGO_HOME="/workspace/cargo-home" RUSTUP_HOME="/workspace/rustup-home" "/workspace/cargo-home/bin/cargo" "+1.100.0-beta.1" "fetch" "--manifest-path" "Cargo.toml", kill_on_drop: false }`
[INFO] running `Command { std: "docker" "create" "-v" "/var/lib/crater-agent-workspace/builds/worker-4-tc2/source:/opt/rustwide/workdir:ro,Z" "-v" "/var/lib/crater-agent-workspace/builds/worker-4-tc2/target:/opt/rustwide/target:rw,Z" "-v" "/var/lib/crater-agent-workspace/cargo-home:/opt/rustwide/cargo-home:ro,Z" "-v" "/var/lib/crater-agent-workspace/rustup-home:/opt/rustwide/rustup-home:ro,Z" "-m" "1610612736" "--network" "none" "ghcr.io/rust-lang/crates-build-env/linux@sha256:77db811e55d90add9212f6832c23229e3de5f1c1f9905e8cb07319ea15df73ac" "sleep" "infinity", kill_on_drop: false }`
[INFO] [stdout] 17a7235370cf94dd706a7d9a91254d88868305957a557c5b768716f0ec76982b
[INFO] running `Command { std: "docker" "start" "17a7235370cf94dd706a7d9a91254d88868305957a557c5b768716f0ec76982b", kill_on_drop: false }`
[INFO] running `Command { std: "docker" "inspect" "17a7235370cf94dd706a7d9a91254d88868305957a557c5b768716f0ec76982b", kill_on_drop: false }`
[INFO] running `Command { std: "docker" "exec" "-e" "SOURCE_DIR=/opt/rustwide/workdir" "-e" "CARGO_HOME=/opt/rustwide/cargo-home" "-e" "RUSTUP_HOME=/opt/rustwide/rustup-home" "-e" "CARGO_TARGET_DIR=/opt/rustwide/target" "-w" "/opt/rustwide/workdir" "--user" "0:0" "17a7235370cf94dd706a7d9a91254d88868305957a557c5b768716f0ec76982b" "/opt/rustwide/cargo-home/bin/cargo" "+1.100.0-beta.1" "metadata" "--no-deps" "--format-version=1", kill_on_drop: false }`
[INFO] running `Command { std: "docker" "inspect" "17a7235370cf94dd706a7d9a91254d88868305957a557c5b768716f0ec76982b", kill_on_drop: false }`
[INFO] running `Command { std: "docker" "exec" "-e" "SOURCE_DIR=/opt/rustwide/workdir" "-e" "CARGO_HOME=/opt/rustwide/cargo-home" "-e" "RUSTUP_HOME=/opt/rustwide/rustup-home" "-e" "CARGO_TARGET_DIR=/opt/rustwide/target" "-e" "CARGO_INCREMENTAL=0" "-e" "RUST_BACKTRACE=full" "-e" "RUSTFLAGS=--cap-lints=warn" "-e" "RUSTDOCFLAGS=--cap-lints=warn" "-w" "/opt/rustwide/workdir" "--user" "0:0" "17a7235370cf94dd706a7d9a91254d88868305957a557c5b768716f0ec76982b" "/opt/rustwide/cargo-home/bin/cargo" "+1.100.0-beta.1" "build" "--frozen" "--message-format=json" "--release", kill_on_drop: false }`
[INFO] [stderr]    Compiling zerocopy v0.8.38
[INFO] [stderr]    Compiling indexmap v1.9.3
[INFO] [stderr]    Compiling zmij v1.0.17
[INFO] [stderr]    Compiling num-traits v0.2.19
[INFO] [stderr]    Compiling syn v2.0.114
[INFO] [stderr]    Compiling getrandom v0.2.17
[INFO] [stderr]    Compiling parking_lot_core v0.9.12
[INFO] [stderr]    Compiling errno v0.3.14
[INFO] [stderr]    Compiling getrandom v0.3.4
[INFO] [stderr]    Compiling indexmap v2.13.0
[INFO] [stderr]    Compiling syn v1.0.109
[INFO] [stderr]    Compiling humantime v2.3.0
[INFO] [stderr]    Compiling tracing-subscriber v0.3.22
[INFO] [stderr]    Compiling signal-hook-registry v1.4.8
[INFO] [stderr]    Compiling parking_lot v0.12.5
[INFO] [stderr]    Compiling uuid v1.20.0
[INFO] [stderr]    Compiling rand_core v0.6.4
[INFO] [stderr]    Compiling serde_json v1.0.149
[INFO] [stderr]    Compiling num-integer v0.1.46
[INFO] [stderr]    Compiling petgraph v0.7.1
[INFO] [stderr]    Compiling num-bigint v0.4.6
[INFO] [stderr]    Compiling tarpc-plugins v0.13.1
[INFO] [stderr]    Compiling futures-macro v0.3.31
[INFO] [stderr]    Compiling serde_derive v1.0.228
[INFO] [stderr]    Compiling thiserror-impl v1.0.69
[INFO] [stderr]    Compiling async-trait v0.1.89
[INFO] [stderr]    Compiling tokio-macros v2.6.0
[INFO] [stderr]    Compiling enum-ordinalize v3.1.15
[INFO] [stderr]    Compiling pin-project-internal v1.1.10
[INFO] [stderr]    Compiling tracing-attributes v0.1.31
[INFO] [stderr]    Compiling ppv-lite86 v0.2.21
[INFO] [stderr]    Compiling educe v0.4.23
[INFO] [stderr]    Compiling tokio v1.49.0
[INFO] [stderr]    Compiling futures-util v0.3.31
[INFO] [stderr]    Compiling rand_chacha v0.3.1
[INFO] [stderr]    Compiling thiserror v1.0.69
[INFO] [stderr]    Compiling tracing v0.1.44
[INFO] [stderr]    Compiling rand v0.8.5
[INFO] [stderr]    Compiling pin-project v1.1.10
[INFO] [stderr]    Compiling serde v1.0.228
[INFO] [stderr]    Compiling phago-core v1.0.0
[INFO] [stderr]    Compiling bincode v1.3.3
[INFO] [stderr]    Compiling futures-executor v0.3.31
[INFO] [stderr]    Compiling opentelemetry_api v0.18.0
[INFO] [stderr]    Compiling tokio-serde v0.8.0
[INFO] [stderr]    Compiling phago-agents v1.0.0
[INFO] [stderr]    Compiling futures v0.3.31
[INFO] [stderr]    Compiling opentelemetry_sdk v0.18.0
[INFO] [stderr]    Compiling opentelemetry v0.18.0
[INFO] [stderr]    Compiling tracing-opentelemetry v0.18.0
[INFO] [stderr]    Compiling phago-runtime v1.0.0
[INFO] [stderr]    Compiling tokio-util v0.7.18
[INFO] [stderr]    Compiling tarpc v0.34.0
[INFO] [stderr]    Compiling phago-rag v1.0.0
[INFO] [stderr]    Compiling phago-distributed v1.0.0 (/opt/rustwide/workdir)
[INFO] [stderr] warning: unused dependency `phago-rag`
[INFO] [stderr]   --> Cargo.toml:14:15
[INFO] [stderr]    |
[INFO] [stderr] 14 | [dependencies.phago-rag]
[INFO] [stderr]    |               ^^^^^^^^^^
[INFO] [stderr]    |
[INFO] [stderr]    = note: `cargo::unused_dependencies` is set to `warn` by default
[INFO] [stderr] help: consider removing the dependency on `phago-rag`
[INFO] [stderr] warning: `phago-distributed` (manifest) generated 1 warning
[INFO] [stderr]     Finished `release` profile [optimized] target(s) in 47.22s
[INFO] running `Command { std: "docker" "inspect" "17a7235370cf94dd706a7d9a91254d88868305957a557c5b768716f0ec76982b", kill_on_drop: false }`
[INFO] running `Command { std: "docker" "exec" "-e" "SOURCE_DIR=/opt/rustwide/workdir" "-e" "CARGO_HOME=/opt/rustwide/cargo-home" "-e" "RUSTUP_HOME=/opt/rustwide/rustup-home" "-e" "CARGO_TARGET_DIR=/opt/rustwide/target" "-e" "CARGO_INCREMENTAL=0" "-e" "RUST_BACKTRACE=full" "-e" "RUSTFLAGS=--cap-lints=warn" "-e" "RUSTDOCFLAGS=--cap-lints=warn" "-w" "/opt/rustwide/workdir" "--user" "0:0" "17a7235370cf94dd706a7d9a91254d88868305957a557c5b768716f0ec76982b" "/opt/rustwide/cargo-home/bin/cargo" "+1.100.0-beta.1" "test" "--frozen" "--no-run" "--message-format=json" "--release", kill_on_drop: false }`
[INFO] [stderr]    Compiling tokio v1.49.0
[INFO] [stderr]    Compiling rustix v1.1.3
[INFO] [stderr]    Compiling linux-raw-sys v0.11.0
[INFO] [stderr]    Compiling tempfile v3.24.0
[INFO] [stderr]    Compiling phago-runtime v1.0.0
[INFO] [stderr]    Compiling tokio-util v0.7.18
[INFO] [stderr]    Compiling tokio-stream v0.1.18
[INFO] [stderr]    Compiling tarpc v0.34.0
[INFO] [stderr]    Compiling tokio-test v0.4.5
[INFO] [stderr]    Compiling phago-rag v1.0.0
[INFO] [stderr]    Compiling phago-distributed v1.0.0 (/opt/rustwide/workdir)
[INFO] [stdout] warning: unused variable: `id1`
[INFO] [stdout]    --> src/coordinator/shard_registry.rs:337:13
[INFO] [stdout]     |
[INFO] [stdout] 337 |         let id1 = registry.register(test_shard_info());
[INFO] [stdout]     |             ^^^ help: if this is intentional, prefix it with an underscore: `_id1`
[INFO] [stdout]     |
[INFO] [stdout]     = note: `#[warn(unused_variables)]` (part of `#[warn(unused)]`) on by default
[INFO] [stdout] 
[INFO] [stdout] 
[INFO] [stdout] warning: unused variable: `id2`
[INFO] [stdout]    --> src/coordinator/mod.rs:398:13
[INFO] [stdout]     |
[INFO] [stdout] 398 |         let id2 = coord.register_shard(test_shard_info()).await.unwrap();
[INFO] [stdout]     |             ^^^ help: if this is intentional, prefix it with an underscore: `_id2`
[INFO] [stdout] 
[INFO] [stdout] 
[INFO] [stderr] warning: unused dependency `phago-rag`
[INFO] [stderr]   --> Cargo.toml:14:15
[INFO] [stderr]    |
[INFO] [stderr] 14 | [dependencies.phago-rag]
[INFO] [stderr]    |               ^^^^^^^^^^
[INFO] [stderr]    |
[INFO] [stderr]    = note: `cargo::unused_dependencies` is set to `warn` by default
[INFO] [stderr] help: consider removing the dependency on `phago-rag`
[INFO] [stderr] warning: `phago-distributed` (manifest) generated 1 warning
[INFO] [stderr]     Finished `release` profile [optimized] target(s) in 37.31s
[INFO] running `Command { std: "docker" "inspect" "17a7235370cf94dd706a7d9a91254d88868305957a557c5b768716f0ec76982b", kill_on_drop: false }`
[INFO] running `Command { std: "docker" "exec" "-e" "SOURCE_DIR=/opt/rustwide/workdir" "-e" "CARGO_HOME=/opt/rustwide/cargo-home" "-e" "RUSTUP_HOME=/opt/rustwide/rustup-home" "-e" "CARGO_TARGET_DIR=/opt/rustwide/target" "-e" "CARGO_INCREMENTAL=0" "-e" "RUST_BACKTRACE=full" "-e" "RUSTFLAGS=--cap-lints=warn" "-e" "RUSTDOCFLAGS=--cap-lints=warn" "-w" "/opt/rustwide/workdir" "--user" "0:0" "17a7235370cf94dd706a7d9a91254d88868305957a557c5b768716f0ec76982b" "/opt/rustwide/cargo-home/bin/cargo" "+1.100.0-beta.1" "test" "--frozen" "--release", kill_on_drop: false }`
[INFO] [stderr] warning: unused variable: `id1`
[INFO] [stderr]    --> src/coordinator/shard_registry.rs:337:13
[INFO] [stderr]     |
[INFO] [stderr] 337 |         let id1 = registry.register(test_shard_info());
[INFO] [stderr]     |             ^^^ help: if this is intentional, prefix it with an underscore: `_id1`
[INFO] [stderr]     |
[INFO] [stderr]     = note: `#[warn(unused_variables)]` (part of `#[warn(unused)]`) on by default
[INFO] [stderr] 
[INFO] [stderr] warning: unused variable: `id2`
[INFO] [stderr]    --> src/coordinator/mod.rs:398:13
[INFO] [stderr]     |
[INFO] [stderr] 398 |         let id2 = coord.register_shard(test_shard_info()).await.unwrap();
[INFO] [stderr]     |             ^^^ help: if this is intentional, prefix it with an underscore: `_id2`
[INFO] [stderr] 
[INFO] [stderr] warning: `phago-distributed` (lib test) generated 2 warnings (run `cargo fix --lib -p phago-distributed --tests` to apply 2 suggestions)
[INFO] [stderr] warning: unused dependency `phago-rag`
[INFO] [stderr]   --> Cargo.toml:14:15
[INFO] [stderr]    |
[INFO] [stderr] 14 | [dependencies.phago-rag]
[INFO] [stderr]    |               ^^^^^^^^^^
[INFO] [stderr]    |
[INFO] [stderr]    = note: `cargo::unused_dependencies` is set to `warn` by default
[INFO] [stderr] help: consider removing the dependency on `phago-rag`
[INFO] [stderr] warning: `phago-distributed` (manifest) generated 1 warning
[INFO] [stderr]     Finished `release` profile [optimized] target(s) in 0.13s
[INFO] [stderr]      Running unittests src/lib.rs (/opt/rustwide/target/release/build/phago-distributed/fd6f417053c1aab3/out/phago_distributed-fd6f417053c1aab3)
[INFO] [stdout] 
[INFO] [stdout] running 146 tests
[INFO] [stdout] test bench::tests::test_bench_config_builder ... ok
[INFO] [stdout] test bench::tests::test_generate_documents ... ok
[INFO] [stdout] test bench::tests::test_generate_documents_cycles_topics ... ok
[INFO] [stdout] test coordinator::shard_registry::tests::test_remove_shard ... ok
[INFO] [stdout] test coordinator::shard_registry::tests::test_set_status ... ok
[INFO] [stdout] test coordinator::shard_registry::tests::test_check_dead_shards ... ok
[INFO] [stdout] test coordinator::shard_registry::tests::test_register_shard ... ok
[INFO] [stdout] test coordinator::shard_registry::tests::test_register_with_specific_id ... ok
[INFO] [stdout] test coordinator::shard_registry::tests::test_get_shard ... ok
[INFO] [stdout] test bench::tests::test_small_benchmark ... ok
[INFO] [stdout] test coordinator::tests::test_coordinator_creation ... ok
[INFO] [stdout] test coordinator::tests::test_aggregate_global_df ... ok
[INFO] [stdout] test coordinator::tests::test_deregister_shard ... ok
[INFO] [stdout] test coordinator::shard_registry::tests::test_least_loaded_shard ... ok
[INFO] [stdout] test coordinator::tests::test_document_routing ... ok
[INFO] [stdout] test coordinator::shard_registry::tests::test_update_metrics ... ok
[INFO] [stdout] test coordinator::shard_registry::tests::test_total_documents ... ok
[INFO] [stdout] test coordinator::tests::test_advance_tick ... ok
[INFO] [stdout] test coordinator::tick_barrier::tests::test_barrier_creation ... ok
[INFO] [stdout] test coordinator::tests::test_cluster_stats ... ok
[INFO] [stdout] test hashing::tests::test_add_shard_minimal_redistribution ... ok
[INFO] [stdout] test coordinator::tests::test_register_shard ... ok
[INFO] [stdout] test coordinator::tick_barrier::tests::test_phase_completion ... ok
[INFO] [stdout] test coordinator::tick_barrier::tests::test_reset_for_tick ... ok
[INFO] [stdout] test hashing::tests::test_custom_virtual_nodes ... ok
[INFO] [stdout] test coordinator::tests::test_replica_shards ... ok
[INFO] [stdout] test bench::tests::test_quick_benchmark ... FAILED
[INFO] [stdout] test bench::tests::test_benchmark_shard_distribution ... FAILED
[INFO] [stdout] test hashing::tests::test_replica_shards ... ok
[INFO] [stdout] test hashing::tests::test_shard_id_display ... ok
[INFO] [stdout] test coordinator::tick_barrier::tests::test_completed_count ... ok
[INFO] [stdout] test hashing::tests::test_zero_shards_panics - should panic ... ok
[INFO] [stdout] test bench::tests::test_create_bench_cluster ... ok
[INFO] [stdout] test coordinator::tick_barrier::tests::test_update_shard_count ... ok
[INFO] [stdout] test query::distributed::tests::test_aggregate_global_df ... ok
[INFO] [stdout] test hashing::tests::test_consistency ... ok
[INFO] [stdout] test hashing::tests::test_distribution ... ok
[INFO] [stdout] test query::distributed::tests::test_empty_shards ... ok
[INFO] [stdout] test query::distributed::tests::test_config_defaults ... ok
[INFO] [stdout] test hashing::tests::test_get_shard_for_key ... ok
[INFO] [stdout] test query::tests::test_merge_results_sorting ... ok
[INFO] [stdout] test hashing::tests::test_default ... ok
[INFO] [stdout] test query::distributed::tests::test_empty_query ... ok
[INFO] [stdout] test query::tests::test_merge_results_truncates ... ok
[INFO] [stdout] test hashing::tests::test_new_ring ... ok
[INFO] [stdout] test query::tests::test_merge_results_empty ... ok
[INFO] [stdout] test hashing::tests::test_remove_shard ... ok
[INFO] [stdout] test query::distributed::tests::test_tokenize ... ok
[INFO] [stdout] test query::distributed::tests::test_engine_creation ... ok
[INFO] [stdout] test query::distributed::tests::test_merge_results ... ok
[INFO] [stdout] test query::distributed::tests::test_local_query ... ok
[INFO] [stdout] test query::tests::test_tokenize_lowercase ... ok
[INFO] [stdout] test query::tests::test_tokenize_trims_punctuation ... ok
[INFO] [stdout] test query::tests::test_tokenize_basic ... ok
[INFO] [stdout] test query::tests::test_tokenize_filters_short_words ... ok
[INFO] [stdout] test rpc::client::tests::test_client_config_default ... ok
[INFO] [stdout] test rpc::client::tests::test_coordinator_client_new ... ok
[INFO] [stdout] test rpc::client::tests::test_coordinator_client_with_config ... ok
[INFO] [stdout] test rpc::client::tests::test_shard_client_pool_clone ... ok
[INFO] [stdout] test rpc::client::tests::test_shard_client_pool_register ... ok
[INFO] [stdout] test rpc::client::tests::test_shard_client_pool_clear_cache ... ok
[INFO] [stdout] test rpc::client::tests::test_shard_client_pool_invalidate_client ... ok
[INFO] [stdout] test rpc::client::tests::test_coordinator_client_invalidate ... ok
[INFO] [stdout] test rpc::client::tests::test_shard_client_pool_unregister ... ok
[INFO] [stdout] test rpc::client::tests::test_shard_client_pool_with_config ... ok
[INFO] [stdout] test rpc::client::tests::test_coordinator_client_clone ... ok
[INFO] [stdout] test rpc::server::tests::test_coordinator_server_start_tick ... ok
[INFO] [stdout] test rpc::server::tests::test_coordinator_server_get_global_df ... ok
[INFO] [stdout] test rpc::server::tests::test_coordinator_server_current_tick ... ok
[INFO] [stdout] test rpc::server::tests::test_coordinator_server_register ... ok
[INFO] [stdout] test rpc::server::tests::test_coordinator_server_list_shards ... ok
[INFO] [stdout] test rpc::client::tests::test_shard_client_pool_get_client_not_registered ... ok
[INFO] [stdout] test rpc::server::tests::test_coordinator_server_unregister ... ok
[INFO] [stdout] test rpc::server::tests::test_shard_server_get_neighbors_empty ... ok
[INFO] [stdout] test rpc::server::tests::test_coordinator_server_tick_status ... ok
[INFO] [stdout] test rpc::server::tests::test_coordinator_server_route_document ... ok
[INFO] [stdout] test rpc::server::tests::test_shard_server_get_node_not_found ... ok
[INFO] [stdout] test rpc::server::tests::test_coordinator_server_unregister_not_found ... ok
[INFO] [stdout] test rpc::server::tests::test_shard_server_health_check ... ok
[INFO] [stdout] test rpc::server::tests::test_shard_server_local_query ... ok
[INFO] [stdout] test coordinator::tick_barrier::tests::test_wait_all_completes ... ok
[INFO] [stdout] test rpc::server::tests::test_shard_server_get_term_frequencies ... ok
[INFO] [stdout] test rpc::server::tests::test_shard_server_tick_phase ... ok
[INFO] [stdout] test runner::tests::test_config_custom ... ok
[INFO] [stdout] test rpc::server::tests::test_shard_server_receive_signals ... ok
[INFO] [stdout] test rpc::server::tests::test_shard_server_resolve_ghost_nodes_empty ... ok
[INFO] [stdout] test rpc::server::tests::test_shard_server_ingest_document ... ok
[INFO] [stdout] test runner::tests::test_multiple_ticks ... ok
[INFO] [stdout] test runner::tests::test_runner_creation ... ok
[INFO] [stdout] test runner::tests::test_concurrent_ticks ... ok
[INFO] [stdout] test runner::tests::test_tick_result_methods ... ok
[INFO] [stdout] test runner::tests::test_single_tick ... ok
[INFO] [stdout] test shard::edge_resolver::tests::test_add_and_get_outgoing_edges ... ok
[INFO] [stdout] test shard::edge_resolver::tests::test_edges_by_shard ... ok
[INFO] [stdout] test shard::edge_resolver::tests::test_pending_by_shard ... ok
[INFO] [stdout] test shard::edge_resolver::tests::test_pending_edges ... ok
[INFO] [stdout] test shard::edge_resolver::tests::test_new ... ok
[INFO] [stdout] test shard::edge_resolver::tests::test_remove_node_edges ... ok
[INFO] [stdout] test shard::edge_resolver::tests::test_decay_edges ... ok
[INFO] [stdout] test shard::edge_resolver::tests::test_clear ... ok
[INFO] [stdout] test shard::edge_resolver::tests::test_connected_shards ... ok
[INFO] [stdout] test shard::edge_resolver::tests::test_stats ... ok
[INFO] [stdout] test shard::edge_resolver::tests::test_take_pending ... ok
[INFO] [stdout] test shard::edge_resolver::tests::test_with_capacity ... ok
[INFO] [stdout] test shard::ghost_cache::tests::test_clear ... ok
[INFO] [stdout] test shard::ghost_cache::tests::test_insert_and_get ... ok
[INFO] [stdout] test shard::edge_resolver::tests::test_default ... ok
[INFO] [stdout] test shard::ghost_cache::tests::test_invalidate_shard ... ok
[INFO] [stdout] test shard::edge_resolver::tests::test_remove_shard_edges ... ok
[INFO] [stdout] test shard::edge_resolver::tests::test_multiple_edges_same_source ... ok
[INFO] [stdout] test shard::edge_resolver::tests::test_add_incoming_edge ... ok
[INFO] [stdout] test shard::ghost_cache::tests::test_nodes_from_shard ... ok
[INFO] [stdout] test shard::edge_resolver::tests::test_add_outgoing_edges_batch ... ok
[INFO] [stdout] test shard::edge_resolver::tests::test_strengthen_edge ... ok
[INFO] [stdout] test shard::edge_resolver::tests::test_edge_counts ... ok
[INFO] [stdout] test shard::ghost_cache::tests::test_stats ... ok
[INFO] [stdout] test shard::tests::test_execute_local_query ... ok
[INFO] [stdout] test shard::ghost_cache::tests::test_lru_eviction ... ok
[INFO] [stdout] test shard::tests::test_health ... ok
[INFO] [stdout] test shard::tests::test_add_pending_cross_edge ... ok
[INFO] [stdout] test shard::tests::test_add_peer ... ok
[INFO] [stdout] test shard::tests::test_get_term_frequencies ... ok
[INFO] [stdout] test shard::tests::test_ingest_document_direct ... ok
[INFO] [stdout] test shard::tests::test_new_sharded_colony ... ok
[INFO] [stdout] test shard::tests::test_tick_phase_act ... ok
[INFO] [stdout] test types::tests::test_cross_shard_edge ... ok
[INFO] [stdout] test types::tests::test_distributed_config_default ... ok
[INFO] [stdout] test shard::tests::test_remove_peer_invalidates_ghosts ... ok
[INFO] [stdout] test types::tests::test_node_address ... ok
[INFO] [stdout] test shard::tests::test_shard_info ... ok
[INFO] [stdout] test shard::tests::test_tick_phase_sense ... ok
[INFO] [stdout] test types::tests::test_ghost_node_resolution ... ok
[INFO] [stdout] test shard::tests::test_tick_and_run ... ok
[INFO] [stdout] test shard::tests::test_node_count_and_document_count ... ok
[INFO] [stdout] test shard::tests::test_with_ghost_cache_size ... ok
[INFO] [stdout] test shard::tests::test_owns_document ... ok
[INFO] [stdout] test types::tests::test_local_query_request ... ok
[INFO] [stdout] test types::tests::test_phase_result ... ok
[INFO] [stdout] test types::tests::test_tick_phase_display ... ok
[INFO] [stdout] test types::tests::test_scored_node_ordering ... ok
[INFO] [stdout] test types::tests::test_shard_health ... ok
[INFO] [stdout] test types::tests::test_shard_id ... ok
[INFO] [stdout] test types::tests::test_shard_info_new ... ok
[INFO] [stdout] test bench::tests::test_bench_results_csv ... ok
[INFO] [stderr] error: test failed, to rerun pass `--lib`
[INFO] [stdout] test coordinator::shard_registry::tests::test_online_shards ... ok
[INFO] [stdout] test coordinator::shard_registry::tests::test_registry_creation ... ok
[INFO] [stdout] 
[INFO] [stdout] failures:
[INFO] [stdout] 
[INFO] [stdout] ---- bench::tests::test_quick_benchmark stdout ----
[INFO] [stdout] 
[INFO] [stdout] thread 'bench::tests::test_quick_benchmark' (1720) panicked at src/bench.rs:520:9:
[INFO] [stdout] assertion failed: result.total_time.as_millis() > 0
[INFO] [stdout] stack backtrace:
[INFO] [stdout]    0:     0x63744caca871 - <<std[617be2ca0a6fd877]::sys::backtrace::BacktraceLock>::print::DisplayBacktrace as core[a373ad73a504971]::fmt::Display>::fmt
[INFO] [stdout]    1:     0x63744cae176a - core[a373ad73a504971]::fmt::write
[INFO] [stdout]    2:     0x63744cacf36c - <alloc[2e1b2a31b91974c5]::vec::Vec<u8> as core[a373ad73a504971]::io::write::Write>::write_fmt
[INFO] [stdout]    3:     0x63744caa6036 - std[617be2ca0a6fd877]::panicking::default_hook::{closure#0}
[INFO] [stdout]    4:     0x63744cac2bd9 - std[617be2ca0a6fd877]::panicking::default_hook
[INFO] [stdout]    5:     0x63744ca116d0 - test[aada8e7e76ba119b]::test_main_inner::{closure#0}
[INFO] [stdout]    6:     0x63744cac2f02 - std[617be2ca0a6fd877]::panicking::panic_with_hook
[INFO] [stdout]    7:     0x63744caa6114 - std[617be2ca0a6fd877]::panicking::panic_handler::{closure#0}
[INFO] [stdout]    8:     0x63744ca9e839 - std[617be2ca0a6fd877]::sys::backtrace::__rust_end_short_backtrace::<std[617be2ca0a6fd877]::panicking::panic_handler::{closure#0}, !>
[INFO] [stdout]    9:     0x63744caa6dfd - __rustc[ea4f61d10b84890b]::rust_begin_unwind
[INFO] [stdout]   10:     0x63744cae1ecc - core[a373ad73a504971]::panicking::panic_fmt
[INFO] [stdout]   11:     0x63744cae1e92 - core[a373ad73a504971]::panicking::panic
[INFO] [stdout]   12:     0x63744ca01727 - phago_distributed[6d49a5196063ce1a]::bench::tests::test_quick_benchmark::{closure#0}
[INFO] [stdout]   13:     0x63744c9e5e83 - <tokio[3f6edda61132b530]::runtime::scheduler::current_thread::Context>::enter::<core[a373ad73a504971]::task::poll::Poll<()>, <tokio[3f6edda61132b530]::runtime::scheduler::current_thread::CoreGuard>::block_on<core[a373ad73a504971]::pin::Pin<&mut core[a373ad73a504971]::pin::Pin<&mut dyn core[a373ad73a504971]::future::future::Future<Output = ()>>>>::{closure#0}::{closure#0}>
[INFO] [stdout]   14:     0x63744c9d3fcc - <tokio[3f6edda61132b530]::runtime::context::scoped::Scoped<tokio[3f6edda61132b530]::runtime::scheduler::Context>>::set::<<tokio[3f6edda61132b530]::runtime::scheduler::current_thread::CoreGuard>::enter<<tokio[3f6edda61132b530]::runtime::scheduler::current_thread::CoreGuard>::block_on<core[a373ad73a504971]::pin::Pin<&mut core[a373ad73a504971]::pin::Pin<&mut dyn core[a373ad73a504971]::future::future::Future<Output = ()>>>>::{closure#0}, core[a373ad73a504971]::option::Option<()>>::{closure#0}, (alloc[2e1b2a31b91974c5]::boxed::Box<tokio[3f6edda61132b530]::runtime::scheduler::current_thread::Core>, core[a373ad73a504971]::option::Option<()>)>
[INFO] [stdout]   15:     0x63744c9e5a9f - <tokio[3f6edda61132b530]::runtime::scheduler::current_thread::CurrentThread>::block_on::<core[a373ad73a504971]::pin::Pin<&mut dyn core[a373ad73a504971]::future::future::Future<Output = ()>>>
[INFO] [stdout]   16:     0x63744c9b92b2 - <tokio[3f6edda61132b530]::runtime::runtime::Runtime>::block_on::<core[a373ad73a504971]::pin::Pin<&mut dyn core[a373ad73a504971]::future::future::Future<Output = ()>>>
[INFO] [stdout]   17:     0x63744ca036de - <phago_distributed[6d49a5196063ce1a]::bench::tests::test_quick_benchmark::{closure#0} as core[a373ad73a504971]::ops::function::FnOnce<()>>::call_once
[INFO] [stdout]   18:     0x63744ca04b1b - test[aada8e7e76ba119b]::__rust_begin_short_backtrace::<core[a373ad73a504971]::result::Result<(), alloc[2e1b2a31b91974c5]::string::String>, fn() -> core[a373ad73a504971]::result::Result<(), alloc[2e1b2a31b91974c5]::string::String>>
[INFO] [stdout]   19:     0x63744ca11cf5 - test[aada8e7e76ba119b]::run_test::{closure#0}
[INFO] [stdout]   20:     0x63744ca0b5e4 - std[617be2ca0a6fd877]::sys::backtrace::__rust_begin_short_backtrace::<test[aada8e7e76ba119b]::run_test::{closure#1}, ()>
[INFO] [stdout]   21:     0x63744ca14d82 - <std[617be2ca0a6fd877]::thread::lifecycle::spawn_unchecked<test[aada8e7e76ba119b]::run_test::{closure#1}, ()>::{closure#1} as core[a373ad73a504971]::ops::function::FnOnce<()>>::call_once::{shim:vtable#0}
[INFO] [stdout]   22:     0x63744caca08f - <std[617be2ca0a6fd877]::sys::thread::unix::Thread>::new::thread_start
[INFO] [stdout]   23:     0x7ba6eef16dfa - <unknown>
[INFO] [stdout]   24:     0x7ba6eefaa3d4 - clone
[INFO] [stdout]   25:                0x0 - <unknown>
[INFO] [stdout] 
[INFO] [stdout] ---- bench::tests::test_benchmark_shard_distribution stdout ----
[INFO] [stdout] 
[INFO] [stdout] thread 'bench::tests::test_benchmark_shard_distribution' (1716) panicked at src/bench.rs:577:9:
[INFO] [stdout] assertion failed: result.total_time.as_millis() > 0
[INFO] [stdout] stack backtrace:
[INFO] [stdout]    0:     0x63744caca871 - <<std[617be2ca0a6fd877]::sys::backtrace::BacktraceLock>::print::DisplayBacktrace as core[a373ad73a504971]::fmt::Display>::fmt
[INFO] [stdout]    1:     0x63744cae176a - core[a373ad73a504971]::fmt::write
[INFO] [stdout]    2:     0x63744cacf36c - <alloc[2e1b2a31b91974c5]::vec::Vec<u8> as core[a373ad73a504971]::io::write::Write>::write_fmt
[INFO] [stdout]    3:     0x63744caa6036 - std[617be2ca0a6fd877]::panicking::default_hook::{closure#0}
[INFO] [stdout]    4:     0x63744cac2bd9 - std[617be2ca0a6fd877]::panicking::default_hook
[INFO] [stdout]    5:     0x63744ca116d0 - test[aada8e7e76ba119b]::test_main_inner::{closure#0}
[INFO] [stdout]    6:     0x63744cac2f02 - std[617be2ca0a6fd877]::panicking::panic_with_hook
[INFO] [stdout]    7:     0x63744caa6114 - std[617be2ca0a6fd877]::panicking::panic_handler::{closure#0}
[INFO] [stdout]    8:     0x63744ca9e839 - std[617be2ca0a6fd877]::sys::backtrace::__rust_end_short_backtrace::<std[617be2ca0a6fd877]::panicking::panic_handler::{closure#0}, !>
[INFO] [stdout]    9:     0x63744caa6dfd - __rustc[ea4f61d10b84890b]::rust_begin_unwind
[INFO] [stdout]   10:     0x63744cae1ecc - core[a373ad73a504971]::panicking::panic_fmt
[INFO] [stdout]   11:     0x63744cae1e92 - core[a373ad73a504971]::panicking::panic
[INFO] [stdout]   12:     0x63744ca020bf - phago_distributed[6d49a5196063ce1a]::bench::tests::test_benchmark_shard_distribution::{closure#0}
[INFO] [stdout]   13:     0x63744c9e5e83 - <tokio[3f6edda61132b530]::runtime::scheduler::current_thread::Context>::enter::<core[a373ad73a504971]::task::poll::Poll<()>, <tokio[3f6edda61132b530]::runtime::scheduler::current_thread::CoreGuard>::block_on<core[a373ad73a504971]::pin::Pin<&mut core[a373ad73a504971]::pin::Pin<&mut dyn core[a373ad73a504971]::future::future::Future<Output = ()>>>>::{closure#0}::{closure#0}>
[INFO] [stdout]   14:     0x63744c9d3fcc - <tokio[3f6edda61132b530]::runtime::context::scoped::Scoped<tokio[3f6edda61132b530]::runtime::scheduler::Context>>::set::<<tokio[3f6edda61132b530]::runtime::scheduler::current_thread::CoreGuard>::enter<<tokio[3f6edda61132b530]::runtime::scheduler::current_thread::CoreGuard>::block_on<core[a373ad73a504971]::pin::Pin<&mut core[a373ad73a504971]::pin::Pin<&mut dyn core[a373ad73a504971]::future::future::Future<Output = ()>>>>::{closure#0}, core[a373ad73a504971]::option::Option<()>>::{closure#0}, (alloc[2e1b2a31b91974c5]::boxed::Box<tokio[3f6edda61132b530]::runtime::scheduler::current_thread::Core>, core[a373ad73a504971]::option::Option<()>)>
[INFO] [stdout]   15:     0x63744c9e5a9f - <tokio[3f6edda61132b530]::runtime::scheduler::current_thread::CurrentThread>::block_on::<core[a373ad73a504971]::pin::Pin<&mut dyn core[a373ad73a504971]::future::future::Future<Output = ()>>>
[INFO] [stdout]   16:     0x63744c9b92b2 - <tokio[3f6edda61132b530]::runtime::runtime::Runtime>::block_on::<core[a373ad73a504971]::pin::Pin<&mut dyn core[a373ad73a504971]::future::future::Future<Output = ()>>>
[INFO] [stdout]   17:     0x63744ca046fe - <phago_distributed[6d49a5196063ce1a]::bench::tests::test_benchmark_shard_distribution::{closure#0} as core[a373ad73a504971]::ops::function::FnOnce<()>>::call_once
[INFO] [stdout]   18:     0x63744ca04b1b - test[aada8e7e76ba119b]::__rust_begin_short_backtrace::<core[a373ad73a504971]::result::Result<(), alloc[2e1b2a31b91974c5]::string::String>, fn() -> core[a373ad73a504971]::result::Result<(), alloc[2e1b2a31b91974c5]::string::String>>
[INFO] [stdout]   19:     0x63744ca11cf5 - test[aada8e7e76ba119b]::run_test::{closure#0}
[INFO] [stdout]   20:     0x63744ca0b5e4 - std[617be2ca0a6fd877]::sys::backtrace::__rust_begin_short_backtrace::<test[aada8e7e76ba119b]::run_test::{closure#1}, ()>
[INFO] [stdout]   21:     0x63744ca14d82 - <std[617be2ca0a6fd877]::thread::lifecycle::spawn_unchecked<test[aada8e7e76ba119b]::run_test::{closure#1}, ()>::{closure#1} as core[a373ad73a504971]::ops::function::FnOnce<()>>::call_once::{shim:vtable#0}
[INFO] [stdout]   22:     0x63744caca08f - <std[617be2ca0a6fd877]::sys::thread::unix::Thread>::new::thread_start
[INFO] [stdout]   23:     0x7ba6eef16dfa - <unknown>
[INFO] [stdout]   24:     0x7ba6eefaa3d4 - clone
[INFO] [stdout]   25:                0x0 - <unknown>
[INFO] [stdout] 
[INFO] [stdout] 
[INFO] [stdout] failures:
[INFO] [stdout]     bench::tests::test_benchmark_shard_distribution
[INFO] [stdout]     bench::tests::test_quick_benchmark
[INFO] [stdout] 
[INFO] [stdout] test result: FAILED. 144 passed; 2 failed; 0 ignored; 0 measured; 0 filtered out; finished in 0.06s
[INFO] [stdout] 
[INFO] running `Command { std: "docker" "inspect" "17a7235370cf94dd706a7d9a91254d88868305957a557c5b768716f0ec76982b", kill_on_drop: false }`
[INFO] running `Command { std: "docker" "rm" "-f" "17a7235370cf94dd706a7d9a91254d88868305957a557c5b768716f0ec76982b", kill_on_drop: false }`
[INFO] [stdout] 17a7235370cf94dd706a7d9a91254d88868305957a557c5b768716f0ec76982b
