[INFO] fetching crate ph-temp 0.12.0...
[INFO] testing ph-temp-0.12.0 against 1.100.0-beta.1+cargoflags=--release for beta-release-1.100-2
[INFO] extracting crate ph-temp 0.12.0 into /workspace/builds/worker-0-tc2/source
[INFO] started tweaking crates.io crate ph-temp 0.12.0
[INFO] finished tweaking crates.io crate ph-temp 0.12.0
[INFO] tweaked toml for crates.io crate ph-temp 0.12.0 written to /workspace/builds/worker-0-tc2/source/Cargo.toml
[INFO] validating manifest of crates.io crate ph-temp 0.12.0 on toolchain 1.100.0-beta.1
[INFO] running `Command { std: CARGO_HOME="/workspace/cargo-home" RUSTUP_HOME="/workspace/rustup-home" "/workspace/cargo-home/bin/cargo" "+1.100.0-beta.1" "metadata" "--manifest-path" "Cargo.toml" "--no-deps", kill_on_drop: false }`
[INFO] crate crates.io crate ph-temp 0.12.0 already has a lockfile, it will not be regenerated
[INFO] running `Command { std: CARGO_HOME="/workspace/cargo-home" RUSTUP_HOME="/workspace/rustup-home" "/workspace/cargo-home/bin/cargo" "+1.100.0-beta.1" "fetch" "--manifest-path" "Cargo.toml", kill_on_drop: false }`
[INFO] running `Command { std: "docker" "create" "-v" "/var/lib/crater-agent-workspace/builds/worker-0-tc2/source:/opt/rustwide/workdir:ro,Z" "-v" "/var/lib/crater-agent-workspace/builds/worker-0-tc2/target:/opt/rustwide/target:rw,Z" "-v" "/var/lib/crater-agent-workspace/cargo-home:/opt/rustwide/cargo-home:ro,Z" "-v" "/var/lib/crater-agent-workspace/rustup-home:/opt/rustwide/rustup-home:ro,Z" "-m" "1610612736" "--network" "none" "ghcr.io/rust-lang/crates-build-env/linux@sha256:77db811e55d90add9212f6832c23229e3de5f1c1f9905e8cb07319ea15df73ac" "sleep" "infinity", kill_on_drop: false }`
[INFO] [stdout] d7129917c87e210951d1474aa334678a44cde3e52c93b103ff83a56f9f38294c
[INFO] running `Command { std: "docker" "start" "d7129917c87e210951d1474aa334678a44cde3e52c93b103ff83a56f9f38294c", kill_on_drop: false }`
[INFO] running `Command { std: "docker" "inspect" "d7129917c87e210951d1474aa334678a44cde3e52c93b103ff83a56f9f38294c", kill_on_drop: false }`
[INFO] running `Command { std: "docker" "exec" "-e" "SOURCE_DIR=/opt/rustwide/workdir" "-e" "CARGO_HOME=/opt/rustwide/cargo-home" "-e" "RUSTUP_HOME=/opt/rustwide/rustup-home" "-e" "CARGO_TARGET_DIR=/opt/rustwide/target" "-w" "/opt/rustwide/workdir" "--user" "0:0" "d7129917c87e210951d1474aa334678a44cde3e52c93b103ff83a56f9f38294c" "/opt/rustwide/cargo-home/bin/cargo" "+1.100.0-beta.1" "metadata" "--no-deps" "--format-version=1", kill_on_drop: false }`
[INFO] running `Command { std: "docker" "inspect" "d7129917c87e210951d1474aa334678a44cde3e52c93b103ff83a56f9f38294c", kill_on_drop: false }`
[INFO] running `Command { std: "docker" "exec" "-e" "SOURCE_DIR=/opt/rustwide/workdir" "-e" "CARGO_HOME=/opt/rustwide/cargo-home" "-e" "RUSTUP_HOME=/opt/rustwide/rustup-home" "-e" "CARGO_TARGET_DIR=/opt/rustwide/target" "-e" "CARGO_INCREMENTAL=0" "-e" "RUST_BACKTRACE=full" "-e" "RUSTFLAGS=--cap-lints=warn" "-e" "RUSTDOCFLAGS=--cap-lints=warn" "-w" "/opt/rustwide/workdir" "--user" "0:0" "d7129917c87e210951d1474aa334678a44cde3e52c93b103ff83a56f9f38294c" "/opt/rustwide/cargo-home/bin/cargo" "+1.100.0-beta.1" "build" "--frozen" "--message-format=json" "--release", kill_on_drop: false }`
[INFO] [stderr]    Compiling libc v0.2.182
[INFO] [stderr]    Compiling zerocopy v0.8.39
[INFO] [stderr]    Compiling quote v1.0.44
[INFO] [stderr]    Compiling bitflags v2.11.0
[INFO] [stderr]    Compiling syn v1.0.109
[INFO] [stderr]    Compiling aho-corasick v1.1.4
[INFO] [stderr]    Compiling memoffset v0.7.1
[INFO] [stderr]    Compiling regex-syntax v0.8.9
[INFO] [stderr]    Compiling anyhow v1.0.101
[INFO] [stderr]    Compiling syn v2.0.116
[INFO] [stderr]    Compiling proc-macro-error-attr2 v2.0.0
[INFO] [stderr]    Compiling proc-macro-error-attr v1.0.4
[INFO] [stderr]    Compiling proc-macro-error2 v2.0.1
[INFO] [stderr]    Compiling combine v4.6.7
[INFO] [stderr]    Compiling getrandom v0.4.1
[INFO] [stderr]    Compiling rustix v1.1.3
[INFO] [stderr]    Compiling zstd-safe v7.2.4
[INFO] [stderr]    Compiling rayon v1.11.0
[INFO] [stderr]    Compiling jobserver v0.1.34
[INFO] [stderr]    Compiling cc v1.2.56
[INFO] [stderr]    Compiling nix v0.26.4
[INFO] [stderr]    Compiling zstd-sys v2.0.16+zstd.1.5.7
[INFO] [stderr]    Compiling regex-automata v0.4.14
[INFO] [stderr]    Compiling darling_core v0.21.3
[INFO] [stderr]    Compiling zerocopy-derive v0.8.39
[INFO] [stderr]    Compiling thiserror-impl v1.0.69
[INFO] [stderr]    Compiling regex v1.12.3
[INFO] [stderr]    Compiling enum-as-inner v0.6.1
[INFO] [stderr]    Compiling thiserror v1.0.69
[INFO] [stderr]    Compiling impl-tools-lib v0.11.4
[INFO] [stderr]    Compiling sysctl v0.5.5
[INFO] [stderr]    Compiling getrandom v0.3.4
[INFO] [stderr]    Compiling rand_core v0.9.5
[INFO] [stderr]    Compiling mmap-rs v0.6.1
[INFO] [stderr]    Compiling thiserror-impl v2.0.18
[INFO] [stderr]    Compiling darling_macro v0.21.3
[INFO] [stderr]    Compiling impl-tools v0.11.4
[INFO] [stderr]    Compiling mem_dbg-derive v0.2.1
[INFO] [stderr]    Compiling proc-macro-error v1.0.4
[INFO] [stderr]    Compiling arrayvec v0.7.6
[INFO] [stderr]    Compiling clap_lex v1.0.0
[INFO] [stderr]    Compiling simd-adler32 v0.3.8
[INFO] [stderr]    Compiling linux-raw-sys v0.11.0
[INFO] [stderr]    Compiling clap_builder v4.5.59
[INFO] [stderr]    Compiling thiserror v2.0.18
[INFO] [stderr]    Compiling miniz_oxide v0.8.9
[INFO] [stderr]    Compiling num-format v0.4.4
[INFO] [stderr]    Compiling itertools v0.10.5
[INFO] [stderr]    Compiling mem_dbg v0.3.4
[INFO] [stderr]    Compiling epserde-derive v0.11.0
[INFO] [stderr]    Compiling darling v0.21.3
[INFO] [stderr]    Compiling env_filter v1.0.0
[INFO] [stderr]    Compiling ppv-lite86 v0.2.21
[INFO] [stderr]    Compiling half v2.7.1
[INFO] [stderr]    Compiling pluralizer v0.5.0
[INFO] [stderr]    Compiling rand_chacha v0.9.0
[INFO] [stderr]    Compiling common_traits v0.12.0
[INFO] [stderr]    Compiling lender-derive v0.1.3
[INFO] [stderr]    Compiling value-traits-derive v0.2.1
[INFO] [stderr]    Compiling clap_derive v4.5.55
[INFO] [stderr]    Compiling sealed v0.6.0
[INFO] [stderr]    Compiling sysinfo v0.38.2
[INFO] [stderr]    Compiling arbitrary-chunks v0.4.1
[INFO] [stderr]    Compiling jiff v0.2.20
[INFO] [stderr]    Compiling fastrand v2.3.0
[INFO] [stderr]    Compiling stable_try_trait_v2 v1.75.1
[INFO] [stderr]    Compiling partition v0.1.2
[INFO] [stderr]    Compiling fallible-iterator v0.3.0
[INFO] [stderr]    Compiling rdst v0.20.14
[INFO] [stderr]    Compiling lender v0.4.2
[INFO] [stderr]    Compiling tempfile v3.25.0
[INFO] [stderr]    Compiling clap v4.5.59
[INFO] [stderr]    Compiling dsi-progress-logger v0.8.4
[INFO] [stderr]    Compiling epserde v0.11.5
[INFO] [stderr]    Compiling thread-priority v3.0.0
[INFO] [stderr]    Compiling flate2 v1.1.9
[INFO] [stderr]    Compiling value-traits v0.2.1
[INFO] [stderr]    Compiling rand v0.9.2
[INFO] [stderr]    Compiling ambassador v0.4.2
[INFO] [stderr]    Compiling derive_setters v0.1.9
[INFO] [stderr]    Compiling lambert_w v1.2.34
[INFO] [stderr]    Compiling derivative v2.2.0
[INFO] [stderr]    Compiling crossbeam-channel v0.5.15
[INFO] [stderr]    Compiling dyn_size_of v0.4.5
[INFO] [stderr]    Compiling sync-cell-slice v0.9.12
[INFO] [stderr]    Compiling bitm v0.5.2
[INFO] [stderr]    Compiling voracious_radix_sort v1.2.0
[INFO] [stderr]    Compiling binout v0.3.1
[INFO] [stderr]    Compiling seedable_hash v0.2.3
[INFO] [stderr]    Compiling env_logger v0.11.9
[INFO] [stderr]    Compiling zstd v0.13.3
[INFO] [stderr]    Compiling sux v0.10.3
[INFO] [stderr]    Compiling ph-temp v0.12.0 (/opt/rustwide/workdir)
[INFO] [stdout] warning: use of deprecated module `std::isize`: all constants in this module replaced by associated constants on the type
[INFO] [stdout]  --> src/phast/compressed_array.rs:1:15
[INFO] [stdout]   |
[INFO] [stdout] 1 | use std::{io, isize, marker::PhantomData};
[INFO] [stdout]   |               ^^^^^
[INFO] [stdout]   |
[INFO] [stdout]   = note: `#[warn(deprecated)]` on by default
[INFO] [stdout] 
[INFO] [stdout] 
[INFO] [stdout] warning: use of deprecated constant `std::isize::MIN`: replaced by the `MIN` associated constant on this type
[INFO] [stdout]   --> src/phast/compressed_array.rs:94:35
[INFO] [stdout]    |
[INFO] [stdout] 94 |         let mut max_diff = isize::MIN;   // max value - predicted difference = max correction
[INFO] [stdout]    |                                   ^^^
[INFO] [stdout] 
[INFO] [stdout] 
[INFO] [stdout] warning: use of deprecated constant `std::isize::MAX`: replaced by the `MAX` associated constant on this type
[INFO] [stdout]   --> src/phast/compressed_array.rs:95:35
[INFO] [stdout]    |
[INFO] [stdout] 95 |         let mut min_diff = isize::MAX;   // min value - predicted difference = min correction
[INFO] [stdout]    |                                   ^^^
[INFO] [stdout] 
[INFO] [stdout] 
[INFO] [stdout] warning: use of deprecated module `std::usize`: all constants in this module replaced by associated constants on the type
[INFO] [stdout]  --> src/phast/function.rs:1:27
[INFO] [stdout]   |
[INFO] [stdout] 1 | use std::{hash::Hash, io, usize};
[INFO] [stdout]   |                           ^^^^^
[INFO] [stdout] 
[INFO] [stdout] 
[INFO] [stdout] warning: use of deprecated constant `std::usize::MAX`: replaced by the `MAX` associated constant on this type
[INFO] [stdout]    --> src/phast/function.rs:245:16
[INFO] [stdout]     |
[INFO] [stdout] 245 |         usize::MAX
[INFO] [stdout]     |                ^^^
[INFO] [stdout] 
[INFO] [stdout] 
[INFO] [stdout] warning: use of deprecated constant `std::usize::MAX`: replaced by the `MAX` associated constant on this type
[INFO] [stdout]    --> src/phast/function.rs:345:48
[INFO] [stdout]     |
[INFO] [stdout] 345 |                         unassigned.push(usize::MAX);
[INFO] [stdout]     |                                                ^^^
[INFO] [stdout] 
[INFO] [stdout] 
[INFO] [stdout] warning: use of deprecated module `std::usize`: all constants in this module replaced by associated constants on the type
[INFO] [stdout]  --> src/phast/function2.rs:1:27
[INFO] [stdout]   |
[INFO] [stdout] 1 | use std::{hash::Hash, io, usize};
[INFO] [stdout]   |                           ^^^^^
[INFO] [stdout] 
[INFO] [stdout] 
[INFO] [stdout] warning: use of deprecated constant `std::usize::MAX`: replaced by the `MAX` associated constant on this type
[INFO] [stdout]    --> src/phast/function2.rs:179:48
[INFO] [stdout]     |
[INFO] [stdout] 179 |                         unassigned.push(usize::MAX);
[INFO] [stdout]     |                                                ^^^
[INFO] [stdout] 
[INFO] [stdout] 
[INFO] [stdout] warning: use of deprecated constant `std::usize::MAX`: replaced by the `MAX` associated constant on this type
[INFO] [stdout]    --> src/phast/function2.rs:207:48
[INFO] [stdout]     |
[INFO] [stdout] 207 |                         unassigned.push(usize::MAX);
[INFO] [stdout]     |                                                ^^^
[INFO] [stdout] 
[INFO] [stdout] 
[INFO] [stderr]     Finished `release` profile [optimized] target(s) in 4m 50s
[INFO] [stderr] warning: the following packages contain code that will be rejected by a future version of Rust: proc-macro-error2 v2.0.1
[INFO] [stderr] note: to see what the problems were, use the option `--future-incompat-report`, or run `cargo report future-incompatibilities --id 2`
[INFO] running `Command { std: "docker" "inspect" "d7129917c87e210951d1474aa334678a44cde3e52c93b103ff83a56f9f38294c", kill_on_drop: false }`
[INFO] running `Command { std: "docker" "exec" "-e" "SOURCE_DIR=/opt/rustwide/workdir" "-e" "CARGO_HOME=/opt/rustwide/cargo-home" "-e" "RUSTUP_HOME=/opt/rustwide/rustup-home" "-e" "CARGO_TARGET_DIR=/opt/rustwide/target" "-e" "CARGO_INCREMENTAL=0" "-e" "RUST_BACKTRACE=full" "-e" "RUSTFLAGS=--cap-lints=warn" "-e" "RUSTDOCFLAGS=--cap-lints=warn" "-w" "/opt/rustwide/workdir" "--user" "0:0" "d7129917c87e210951d1474aa334678a44cde3e52c93b103ff83a56f9f38294c" "/opt/rustwide/cargo-home/bin/cargo" "+1.100.0-beta.1" "test" "--frozen" "--no-run" "--message-format=json" "--release", kill_on_drop: false }`
[INFO] [stderr]    Compiling num-traits v0.2.19
[INFO] [stderr]    Compiling serde_derive v1.0.228
[INFO] [stderr]    Compiling plotters-backend v0.3.7
[INFO] [stderr]    Compiling ciborium-ll v0.2.2
[INFO] [stderr]    Compiling serde_json v1.0.149
[INFO] [stderr]    Compiling itertools v0.10.5
[INFO] [stderr]    Compiling cast v0.3.0
[INFO] [stderr]    Compiling is-terminal v0.4.17
[INFO] [stderr]    Compiling anes v0.1.6
[INFO] [stderr]    Compiling oorandom v11.1.5
[INFO] [stderr]    Compiling plotters-svg v0.3.7
[INFO] [stderr]    Compiling num-complex v0.4.6
[INFO] [stderr]    Compiling plotters v0.3.7
[INFO] [stderr]    Compiling criterion-plot v0.5.0
[INFO] [stderr]    Compiling lambert_w v1.2.34
[INFO] [stderr]    Compiling sux v0.10.3
[INFO] [stderr]    Compiling serde v1.0.228
[INFO] [stderr]    Compiling tinytemplate v1.2.1
[INFO] [stderr]    Compiling ciborium v0.2.2
[INFO] [stderr]    Compiling criterion v0.5.1
[INFO] [stderr]    Compiling ph-temp v0.12.0 (/opt/rustwide/workdir)
[INFO] [stdout] warning: use of deprecated module `std::isize`: all constants in this module replaced by associated constants on the type
[INFO] [stdout]  --> src/phast/compressed_array.rs:1:15
[INFO] [stdout]   |
[INFO] [stdout] 1 | use std::{io, isize, marker::PhantomData};
[INFO] [stdout]   |               ^^^^^
[INFO] [stdout]   |
[INFO] [stdout]   = note: `#[warn(deprecated)]` on by default
[INFO] [stdout] 
[INFO] [stdout] 
[INFO] [stdout] warning: use of deprecated constant `std::isize::MIN`: replaced by the `MIN` associated constant on this type
[INFO] [stdout]   --> src/phast/compressed_array.rs:94:35
[INFO] [stdout]    |
[INFO] [stdout] 94 |         let mut max_diff = isize::MIN;   // max value - predicted difference = max correction
[INFO] [stdout]    |                                   ^^^
[INFO] [stdout] 
[INFO] [stdout] 
[INFO] [stdout] warning: use of deprecated constant `std::isize::MAX`: replaced by the `MAX` associated constant on this type
[INFO] [stdout]   --> src/phast/compressed_array.rs:95:35
[INFO] [stdout]    |
[INFO] [stdout] 95 |         let mut min_diff = isize::MAX;   // min value - predicted difference = min correction
[INFO] [stdout]    |                                   ^^^
[INFO] [stdout] 
[INFO] [stdout] 
[INFO] [stdout] warning: use of deprecated module `std::usize`: all constants in this module replaced by associated constants on the type
[INFO] [stdout]  --> src/phast/function.rs:1:27
[INFO] [stdout]   |
[INFO] [stdout] 1 | use std::{hash::Hash, io, usize};
[INFO] [stdout]   |                           ^^^^^
[INFO] [stdout] 
[INFO] [stdout] 
[INFO] [stdout] warning: use of deprecated constant `std::usize::MAX`: replaced by the `MAX` associated constant on this type
[INFO] [stdout]    --> src/phast/function.rs:245:16
[INFO] [stdout]     |
[INFO] [stdout] 245 |         usize::MAX
[INFO] [stdout]     |                ^^^
[INFO] [stdout] 
[INFO] [stdout] 
[INFO] [stdout] warning: use of deprecated constant `std::usize::MAX`: replaced by the `MAX` associated constant on this type
[INFO] [stdout]    --> src/phast/function.rs:345:48
[INFO] [stdout]     |
[INFO] [stdout] 345 |                         unassigned.push(usize::MAX);
[INFO] [stdout]     |                                                ^^^
[INFO] [stdout] 
[INFO] [stdout] 
[INFO] [stdout] warning: use of deprecated module `std::usize`: all constants in this module replaced by associated constants on the type
[INFO] [stdout]  --> src/phast/function2.rs:1:27
[INFO] [stdout]   |
[INFO] [stdout] 1 | use std::{hash::Hash, io, usize};
[INFO] [stdout]   |                           ^^^^^
[INFO] [stdout] 
[INFO] [stdout] 
[INFO] [stdout] warning: use of deprecated constant `std::usize::MAX`: replaced by the `MAX` associated constant on this type
[INFO] [stdout]    --> src/phast/function2.rs:179:48
[INFO] [stdout]     |
[INFO] [stdout] 179 |                         unassigned.push(usize::MAX);
[INFO] [stdout]     |                                                ^^^
[INFO] [stdout] 
[INFO] [stdout] 
[INFO] [stdout] warning: use of deprecated constant `std::usize::MAX`: replaced by the `MAX` associated constant on this type
[INFO] [stdout]    --> src/phast/function2.rs:207:48
[INFO] [stdout]     |
[INFO] [stdout] 207 |                         unassigned.push(usize::MAX);
[INFO] [stdout]     |                                                ^^^
[INFO] [stdout] 
[INFO] [stdout] 
[INFO] [stdout] warning: use of deprecated module `std::isize`: all constants in this module replaced by associated constants on the type
[INFO] [stdout]  --> src/phast/compressed_array.rs:1:15
[INFO] [stdout]   |
[INFO] [stdout] 1 | use std::{io, isize, marker::PhantomData};
[INFO] [stdout]   |               ^^^^^
[INFO] [stdout]   |
[INFO] [stdout]   = note: `#[warn(deprecated)]` on by default
[INFO] [stdout] 
[INFO] [stdout] 
[INFO] [stdout] warning: use of deprecated constant `std::isize::MIN`: replaced by the `MIN` associated constant on this type
[INFO] [stdout]   --> src/phast/compressed_array.rs:94:35
[INFO] [stdout]    |
[INFO] [stdout] 94 |         let mut max_diff = isize::MIN;   // max value - predicted difference = max correction
[INFO] [stdout]    |                                   ^^^
[INFO] [stdout] 
[INFO] [stdout] 
[INFO] [stdout] warning: use of deprecated constant `std::isize::MAX`: replaced by the `MAX` associated constant on this type
[INFO] [stdout]   --> src/phast/compressed_array.rs:95:35
[INFO] [stdout]    |
[INFO] [stdout] 95 |         let mut min_diff = isize::MAX;   // min value - predicted difference = min correction
[INFO] [stdout]    |                                   ^^^
[INFO] [stdout] 
[INFO] [stdout] 
[INFO] [stdout] warning: use of deprecated module `std::usize`: all constants in this module replaced by associated constants on the type
[INFO] [stdout]  --> src/phast/function.rs:1:27
[INFO] [stdout]   |
[INFO] [stdout] 1 | use std::{hash::Hash, io, usize};
[INFO] [stdout]   |                           ^^^^^
[INFO] [stdout] 
[INFO] [stdout] 
[INFO] [stdout] warning: use of deprecated constant `std::usize::MAX`: replaced by the `MAX` associated constant on this type
[INFO] [stdout]    --> src/phast/function.rs:245:16
[INFO] [stdout]     |
[INFO] [stdout] 245 |         usize::MAX
[INFO] [stdout]     |                ^^^
[INFO] [stdout] 
[INFO] [stdout] 
[INFO] [stdout] warning: use of deprecated constant `std::usize::MAX`: replaced by the `MAX` associated constant on this type
[INFO] [stdout]    --> src/phast/function.rs:345:48
[INFO] [stdout]     |
[INFO] [stdout] 345 |                         unassigned.push(usize::MAX);
[INFO] [stdout]     |                                                ^^^
[INFO] [stdout] 
[INFO] [stdout] 
[INFO] [stdout] warning: use of deprecated module `std::usize`: all constants in this module replaced by associated constants on the type
[INFO] [stdout]  --> src/phast/function2.rs:1:27
[INFO] [stdout]   |
[INFO] [stdout] 1 | use std::{hash::Hash, io, usize};
[INFO] [stdout]   |                           ^^^^^
[INFO] [stdout] 
[INFO] [stdout] 
[INFO] [stdout] warning: use of deprecated constant `std::usize::MAX`: replaced by the `MAX` associated constant on this type
[INFO] [stdout]    --> src/phast/function2.rs:179:48
[INFO] [stdout]     |
[INFO] [stdout] 179 |                         unassigned.push(usize::MAX);
[INFO] [stdout]     |                                                ^^^
[INFO] [stdout] 
[INFO] [stdout] 
[INFO] [stdout] warning: use of deprecated constant `std::usize::MAX`: replaced by the `MAX` associated constant on this type
[INFO] [stdout]    --> src/phast/function2.rs:207:48
[INFO] [stdout]     |
[INFO] [stdout] 207 |                         unassigned.push(usize::MAX);
[INFO] [stdout]     |                                                ^^^
[INFO] [stdout] 
[INFO] [stdout] 
[INFO] [stderr]     Finished `release` profile [optimized] target(s) in 1m 39s
[INFO] [stderr] warning: the following packages contain code that will be rejected by a future version of Rust: proc-macro-error2 v2.0.1
[INFO] [stderr] note: to see what the problems were, use the option `--future-incompat-report`, or run `cargo report future-incompatibilities --id 2`
[INFO] running `Command { std: "docker" "inspect" "d7129917c87e210951d1474aa334678a44cde3e52c93b103ff83a56f9f38294c", kill_on_drop: false }`
[INFO] running `Command { std: "docker" "exec" "-e" "SOURCE_DIR=/opt/rustwide/workdir" "-e" "CARGO_HOME=/opt/rustwide/cargo-home" "-e" "RUSTUP_HOME=/opt/rustwide/rustup-home" "-e" "CARGO_TARGET_DIR=/opt/rustwide/target" "-e" "CARGO_INCREMENTAL=0" "-e" "RUST_BACKTRACE=full" "-e" "RUSTFLAGS=--cap-lints=warn" "-e" "RUSTDOCFLAGS=--cap-lints=warn" "-w" "/opt/rustwide/workdir" "--user" "0:0" "d7129917c87e210951d1474aa334678a44cde3e52c93b103ff83a56f9f38294c" "/opt/rustwide/cargo-home/bin/cargo" "+1.100.0-beta.1" "test" "--frozen" "--release", kill_on_drop: false }`
[INFO] [stderr] warning: use of deprecated module `std::isize`: all constants in this module replaced by associated constants on the type
[INFO] [stderr]  --> src/phast/compressed_array.rs:1:15
[INFO] [stderr]   |
[INFO] [stderr] 1 | use std::{io, isize, marker::PhantomData};
[INFO] [stderr]   |               ^^^^^
[INFO] [stderr]   |
[INFO] [stderr]   = note: `#[warn(deprecated)]` on by default
[INFO] [stderr] 
[INFO] [stderr] warning: use of deprecated constant `std::isize::MIN`: replaced by the `MIN` associated constant on this type
[INFO] [stderr]   --> src/phast/compressed_array.rs:94:35
[INFO] [stderr]    |
[INFO] [stderr] 94 |         let mut max_diff = isize::MIN;   // max value - predicted difference = max correction
[INFO] [stderr]    |                                   ^^^
[INFO] [stderr] 
[INFO] [stderr] warning: use of deprecated constant `std::isize::MAX`: replaced by the `MAX` associated constant on this type
[INFO] [stderr]   --> src/phast/compressed_array.rs:95:35
[INFO] [stderr]    |
[INFO] [stderr] 95 |         let mut min_diff = isize::MAX;   // min value - predicted difference = min correction
[INFO] [stderr]    |                                   ^^^
[INFO] [stderr] 
[INFO] [stderr] warning: use of deprecated module `std::usize`: all constants in this module replaced by associated constants on the type
[INFO] [stderr]  --> src/phast/function.rs:1:27
[INFO] [stderr]   |
[INFO] [stderr] 1 | use std::{hash::Hash, io, usize};
[INFO] [stderr]   |                           ^^^^^
[INFO] [stderr] 
[INFO] [stderr] warning: use of deprecated constant `std::usize::MAX`: replaced by the `MAX` associated constant on this type
[INFO] [stderr]    --> src/phast/function.rs:245:16
[INFO] [stderr]     |
[INFO] [stderr] 245 |         usize::MAX
[INFO] [stderr]     |                ^^^
[INFO] [stderr] 
[INFO] [stderr] warning: use of deprecated constant `std::usize::MAX`: replaced by the `MAX` associated constant on this type
[INFO] [stderr]    --> src/phast/function.rs:345:48
[INFO] [stderr]     |
[INFO] [stderr] 345 |                         unassigned.push(usize::MAX);
[INFO] [stderr]     |                                                ^^^
[INFO] [stderr] 
[INFO] [stderr] warning: use of deprecated module `std::usize`: all constants in this module replaced by associated constants on the type
[INFO] [stderr]  --> src/phast/function2.rs:1:27
[INFO] [stderr]   |
[INFO] [stderr] 1 | use std::{hash::Hash, io, usize};
[INFO] [stderr]   |                           ^^^^^
[INFO] [stderr] 
[INFO] [stderr] warning: use of deprecated constant `std::usize::MAX`: replaced by the `MAX` associated constant on this type
[INFO] [stderr]    --> src/phast/function2.rs:179:48
[INFO] [stderr]     |
[INFO] [stderr] 179 |                         unassigned.push(usize::MAX);
[INFO] [stderr]     |                                                ^^^
[INFO] [stderr] 
[INFO] [stderr] warning: use of deprecated constant `std::usize::MAX`: replaced by the `MAX` associated constant on this type
[INFO] [stderr]    --> src/phast/function2.rs:207:48
[INFO] [stderr]     |
[INFO] [stderr] 207 |                         unassigned.push(usize::MAX);
[INFO] [stderr]     |                                                ^^^
[INFO] [stderr] 
[INFO] [stderr] warning: `ph-temp` (lib) generated 9 warnings
[INFO] [stderr] warning: `ph-temp` (lib test) generated 9 warnings (9 duplicates)
[INFO] [stderr]     Finished `release` profile [optimized] target(s) in 0.22s
[INFO] [stderr] warning: the following packages contain code that will be rejected by a future version of Rust: proc-macro-error2 v2.0.1
[INFO] [stderr] note: to see what the problems were, use the option `--future-incompat-report`, or run `cargo report future-incompatibilities --id 2`
[INFO] [stderr]      Running unittests src/lib.rs (/opt/rustwide/target/release/build/ph-temp/fd0ed0493a774b44/out/ph_temp-fd0ed0493a774b44)
[INFO] [stdout] 
[INFO] [stdout] running 20 tests
[INFO] [stdout] test fmph::function::tests::test_fmph_for_over_2to32_keys ... ignored, uses much memory and time
[INFO] [stdout] test fmph::function::tests::test_small ... ok
[INFO] [stdout] test fmph::gofunction::tests::test_duplicates_partial ... ok
[INFO] [stdout] test fmph::function::tests::test_duplicates_partial ... ok
[INFO] [stdout] test fmph::gofunction::tests::test_duplicates ... ok
[INFO] [stdout] test fmph::gofunction::tests::test_fmphgo_for_over_2to32_keys ... ignored, uses much memory and time
[INFO] [stdout] test fmph::gofunction::tests::test_small_bits ... ok
[INFO] [stdout] test fmph::gofunction::tests::test_small_powers_of_two ... ok
[INFO] [stdout] test phast::function2::tests::test_small ... ok
[INFO] [stdout] test phast::function::tests::test_small ... ok
[INFO] [stdout] test phast::perfect::tests::test_medium_k ... ok
[INFO] [stdout] test fmph::gofunction::tests::test_medium ... ok
[INFO] [stdout] test phast::perfect::tests::test_medium ... ok
[INFO] [stdout] test fmph::function::tests::test_dynamic_par ... ok
[INFO] [stdout] test fmph::function::tests::test_large_size ... ok
[INFO] [stdout] test fmph::function::tests::test_dynamic ... ok
[INFO] [stdout] test phast::perfect::tests::test_small ... ok
[INFO] [stdout] test phast::perfect::tests::test_small_k ... ok
[INFO] [stdout] test fmph::function::tests::test_duplicates ... ok
[INFO] [stdout] test fmph::gofunction::tests::test_large_size ... ok
[INFO] [stdout] 
[INFO] [stdout] test result: ok. 18 passed; 0 failed; 2 ignored; 0 measured; 0 filtered out; finished in 0.37s
[INFO] [stdout] 
[INFO] [stderr]    Doc-tests ph_temp
[INFO] [stdout] 
[INFO] [stdout] running 4 tests
[INFO] [stdout] test src/fmph/keyset.rs - fmph::keyset::CachedKeySet<K,DynamicKeySet<PI>>::dynamic_with_len (line 882) ... FAILED
[INFO] [stdout] test src/fmph/keyset.rs - fmph::keyset::CachedKeySet<K,DynamicKeySet<PI>>::dynamic (line 863) ... FAILED
[INFO] [stdout] test src/lib.rs - (line 35) ... FAILED
[INFO] [stdout] test src/lib.rs - (line 48) ... FAILED
[INFO] [stdout] 
[INFO] [stdout] failures:
[INFO] [stdout] 
[INFO] [stdout] ---- src/fmph/keyset.rs - fmph::keyset::CachedKeySet<K,DynamicKeySet<PI>>::dynamic_with_len (line 882) stdout ----
[INFO] [stdout] error[E0433]: cannot find module or crate `ph` in this scope
[INFO] [stdout]    --> src/fmph/keyset.rs:883:6
[INFO] [stdout]     |
[INFO] [stdout] 883 | use {ph::fmph::keyset::{KeySet, CachedKeySet}, rayon::iter::{ParallelIterator, IntoParallelIterator}};
[INFO] [stdout]     |      ^^ use of unresolved module or unlinked crate `ph`
[INFO] [stdout]     |
[INFO] [stdout]     = help: if you wanted to use a crate named `ph`, use `cargo add ph` to add it to your `Cargo.toml`
[INFO] [stdout] 
[INFO] [stdout] error: aborting due to 1 previous error
[INFO] [stdout] 
[INFO] [stdout] For more information about this error, try `rustc --explain E0433`.
[INFO] [stdout] Couldn't compile the test.
[INFO] [stdout] ---- src/fmph/keyset.rs - fmph::keyset::CachedKeySet<K,DynamicKeySet<PI>>::dynamic (line 863) stdout ----
[INFO] [stdout] error[E0433]: cannot find module or crate `ph` in this scope
[INFO] [stdout]    --> src/fmph/keyset.rs:864:6
[INFO] [stdout]     |
[INFO] [stdout] 864 | use {ph::fmph::keyset::{KeySet, CachedKeySet}, rayon::iter::{ParallelIterator, IntoParallelIterator}};
[INFO] [stdout]     |      ^^ use of unresolved module or unlinked crate `ph`
[INFO] [stdout]     |
[INFO] [stdout]     = help: if you wanted to use a crate named `ph`, use `cargo add ph` to add it to your `Cargo.toml`
[INFO] [stdout] 
[INFO] [stdout] error: aborting due to 1 previous error
[INFO] [stdout] 
[INFO] [stdout] For more information about this error, try `rustc --explain E0433`.
[INFO] [stdout] Couldn't compile the test.
[INFO] [stdout] ---- src/lib.rs - (line 35) stdout ----
[INFO] [stdout] error[E0432]: unresolved import `ph`
[INFO] [stdout]   --> src/lib.rs:36:5
[INFO] [stdout]    |
[INFO] [stdout] 36 | use ph::fmph;
[INFO] [stdout]    |     ^^ use of unresolved module or unlinked crate `ph`
[INFO] [stdout]    |
[INFO] [stdout]    = help: if you wanted to use a crate named `ph`, use `cargo add ph` to add it to your `Cargo.toml`
[INFO] [stdout] 
[INFO] [stdout] error: aborting due to 1 previous error
[INFO] [stdout] 
[INFO] [stdout] For more information about this error, try `rustc --explain E0432`.
[INFO] [stdout] Couldn't compile the test.
[INFO] [stdout] ---- src/lib.rs - (line 48) stdout ----
[INFO] [stdout] error[E0432]: unresolved import `ph`
[INFO] [stdout]   --> src/lib.rs:49:5
[INFO] [stdout]    |
[INFO] [stdout] 49 | use ph::fmph;
[INFO] [stdout]    |     ^^ use of unresolved module or unlinked crate `ph`
[INFO] [stdout]    |
[INFO] [stdout]    = help: if you wanted to use a crate named `ph`, use `cargo add ph` to add it to your `Cargo.toml`
[INFO] [stdout] 
[INFO] [stdout] error: aborting due to 1 previous error
[INFO] [stdout] 
[INFO] [stdout] For more information about this error, try `rustc --explain E0432`.
[INFO] [stdout] Couldn't compile the test.
[INFO] [stdout] 
[INFO] [stdout] failures:
[INFO] [stdout]     src/fmph/keyset.rs - fmph::keyset::CachedKeySet<K,DynamicKeySet<PI>>::dynamic (line 863)
[INFO] [stdout]     src/fmph/keyset.rs - fmph::keyset::CachedKeySet<K,DynamicKeySet<PI>>::dynamic_with_len (line 882)
[INFO] [stdout]     src/lib.rs - (line 35)
[INFO] [stdout]     src/lib.rs - (line 48)
[INFO] [stdout] 
[INFO] [stdout] test result: FAILED. 0 passed; 4 failed; 0 ignored; 0 measured; 0 filtered out; finished in 0.22s
[INFO] [stdout] 
[INFO] [stderr] error: doctest failed, to rerun pass `--doc`
[INFO] running `Command { std: "docker" "inspect" "d7129917c87e210951d1474aa334678a44cde3e52c93b103ff83a56f9f38294c", kill_on_drop: false }`
[INFO] running `Command { std: "docker" "rm" "-f" "d7129917c87e210951d1474aa334678a44cde3e52c93b103ff83a56f9f38294c", kill_on_drop: false }`
[INFO] [stdout] d7129917c87e210951d1474aa334678a44cde3e52c93b103ff83a56f9f38294c
