[INFO] fetching crate pgqrs 0.15.3...
[INFO] testing pgqrs-0.15.3 against 1.99.0-beta.8+cargoflags=--release for beta-release-1.100-2
[INFO] extracting crate pgqrs 0.15.3 into /workspace/builds/worker-2-tc1/source
[INFO] started tweaking crates.io crate pgqrs 0.15.3
[INFO] finished tweaking crates.io crate pgqrs 0.15.3
[INFO] tweaked toml for crates.io crate pgqrs 0.15.3 written to /workspace/builds/worker-2-tc1/source/Cargo.toml
[INFO] validating manifest of crates.io crate pgqrs 0.15.3 on toolchain 1.99.0-beta.8
[INFO] running `Command { std: CARGO_HOME="/workspace/cargo-home" RUSTUP_HOME="/workspace/rustup-home" "/workspace/cargo-home/bin/cargo" "+1.99.0-beta.8" "metadata" "--manifest-path" "Cargo.toml" "--no-deps", kill_on_drop: false }`
[INFO] crate crates.io crate pgqrs 0.15.3 already has a lockfile, it will not be regenerated
[INFO] running `Command { std: CARGO_HOME="/workspace/cargo-home" RUSTUP_HOME="/workspace/rustup-home" "/workspace/cargo-home/bin/cargo" "+1.99.0-beta.8" "fetch" "--manifest-path" "Cargo.toml", kill_on_drop: false }`
[INFO] [stderr]     Updating crates.io index
[INFO] [stderr]  Downloading crates ...
[INFO] [stderr]   Downloaded turso_macros v0.4.2
[INFO] [stderr]   Downloaded turso v0.4.2
[INFO] [stderr]   Downloaded turso_sync_sdk_kit v0.4.2
[INFO] [stderr]   Downloaded turso_sync_engine v0.4.2
[INFO] [stderr]   Downloaded turso_parser v0.4.2
[INFO] [stderr]   Downloaded bloom v0.3.2
[INFO] [stderr]   Downloaded cfg_block v0.1.1
[INFO] [stderr]   Downloaded softaes v0.1.3
[INFO] [stderr]   Downloaded pack1 v1.0.0
[INFO] [stderr]   Downloaded branches v0.4.4
[INFO] [stderr]   Downloaded turso_sdk_kit_macros v0.4.2
[INFO] [stderr]   Downloaded testing_table v0.3.0
[INFO] [stderr]   Downloaded tabled_derive v0.11.0
[INFO] [stderr]   Downloaded turso_ext v0.4.2
[INFO] [stderr]   Downloaded prost-derive v0.14.1
[INFO] [stderr]   Downloaded bit-vec v0.4.4
[INFO] [stderr]   Downloaded prost v0.14.1
[INFO] [stderr]   Downloaded crossbeam-skiplist v0.1.3
[INFO] [stderr]   Downloaded turso_sdk_kit v0.4.2
[INFO] [stderr]   Downloaded rapidhash v4.2.0
[INFO] [stderr]   Downloaded intrusive-collections v0.9.7
[INFO] [stderr]   Downloaded papergrid v0.17.0
[INFO] [stderr]   Downloaded simsimd v6.5.12
[INFO] [stderr]   Downloaded roaring v0.11.3
[INFO] [stderr]   Downloaded io-uring v0.7.11
[INFO] [stderr]   Downloaded rsa v0.9.9
[INFO] [stderr]   Downloaded pgqrs-macros v0.15.3
[INFO] [stderr]   Downloaded aws-lc-rs v1.16.0
[INFO] [stderr]   Downloaded git2 v0.20.3
[INFO] [stderr]   Downloaded tabled v0.20.0
[INFO] [stderr]   Downloaded object_store v0.12.5
[INFO] [stderr]   Downloaded libz-sys v1.1.23
[INFO] [stderr]   Downloaded aegis v0.9.7
[INFO] [stderr]   Downloaded turso_core v0.4.2
[INFO] [stderr]   Downloaded libgit2-sys v0.18.3+1.9.2
[INFO] [stderr]   Downloaded aws-types v1.3.12
[INFO] [stderr]   Downloaded aws-smithy-types v1.4.4
[INFO] [stderr]   Downloaded aws-smithy-runtime-api v1.11.4
[INFO] [stderr]   Downloaded aws-smithy-async v1.2.13
[INFO] [stderr]   Downloaded aws-credential-types v1.2.12
[INFO] [stderr]   Downloaded aws-smithy-observability v0.2.5
[INFO] [stderr]   Downloaded aws-smithy-xml v0.60.14
[INFO] [stderr]   Downloaded aws-smithy-runtime v1.10.1
[INFO] [stderr]   Downloaded aws-smithy-http-client v1.1.10
[INFO] [stderr]   Downloaded aws-smithy-http v0.63.4
[INFO] [stderr]   Downloaded aws-smithy-eventstream v0.60.19
[INFO] [stderr]   Downloaded aws-sigv4 v1.4.0
[INFO] [stderr]   Downloaded aws-sdk-sso v1.94.0
[INFO] [stderr]   Downloaded aws-sdk-ssooidc v1.96.0
[INFO] [stderr]   Downloaded aws-runtime v1.7.0
[INFO] [stderr]   Downloaded aws-smithy-json v0.62.4
[INFO] [stderr]   Downloaded aws-smithy-query v0.60.14
[INFO] [stderr]   Downloaded aws-sdk-sts v1.98.0
[INFO] [stderr]   Downloaded aws-config v1.8.14
[INFO] running `Command { std: "docker" "create" "-v" "/var/lib/crater-agent-workspace/builds/worker-2-tc1/source:/opt/rustwide/workdir:ro,Z" "-v" "/var/lib/crater-agent-workspace/builds/worker-2-tc1/target:/opt/rustwide/target:rw,Z" "-v" "/var/lib/crater-agent-workspace/cargo-home:/opt/rustwide/cargo-home:ro,Z" "-v" "/var/lib/crater-agent-workspace/rustup-home:/opt/rustwide/rustup-home:ro,Z" "-m" "1610612736" "--network" "none" "ghcr.io/rust-lang/crates-build-env/linux@sha256:77db811e55d90add9212f6832c23229e3de5f1c1f9905e8cb07319ea15df73ac" "sleep" "infinity", kill_on_drop: false }`
[INFO] [stdout] adc9b72fd84093754d1671bfbc2cce62d2d9596c6601793ecff9d95eb9a209ed
[INFO] running `Command { std: "docker" "start" "adc9b72fd84093754d1671bfbc2cce62d2d9596c6601793ecff9d95eb9a209ed", kill_on_drop: false }`
[INFO] running `Command { std: "docker" "inspect" "adc9b72fd84093754d1671bfbc2cce62d2d9596c6601793ecff9d95eb9a209ed", kill_on_drop: false }`
[INFO] running `Command { std: "docker" "exec" "-e" "SOURCE_DIR=/opt/rustwide/workdir" "-e" "CARGO_HOME=/opt/rustwide/cargo-home" "-e" "RUSTUP_HOME=/opt/rustwide/rustup-home" "-e" "CARGO_TARGET_DIR=/opt/rustwide/target" "-w" "/opt/rustwide/workdir" "--user" "0:0" "adc9b72fd84093754d1671bfbc2cce62d2d9596c6601793ecff9d95eb9a209ed" "/opt/rustwide/cargo-home/bin/cargo" "+1.99.0-beta.8" "metadata" "--no-deps" "--format-version=1", kill_on_drop: false }`
[INFO] running `Command { std: "docker" "inspect" "adc9b72fd84093754d1671bfbc2cce62d2d9596c6601793ecff9d95eb9a209ed", kill_on_drop: false }`
[INFO] running `Command { std: "docker" "exec" "-e" "SOURCE_DIR=/opt/rustwide/workdir" "-e" "CARGO_HOME=/opt/rustwide/cargo-home" "-e" "RUSTUP_HOME=/opt/rustwide/rustup-home" "-e" "CARGO_TARGET_DIR=/opt/rustwide/target" "-e" "CARGO_INCREMENTAL=0" "-e" "RUST_BACKTRACE=full" "-e" "RUSTFLAGS=--cap-lints=warn" "-e" "RUSTDOCFLAGS=--cap-lints=warn" "-w" "/opt/rustwide/workdir" "--user" "0:0" "adc9b72fd84093754d1671bfbc2cce62d2d9596c6601793ecff9d95eb9a209ed" "/opt/rustwide/cargo-home/bin/cargo" "+1.99.0-beta.8" "build" "--frozen" "--message-format=json" "--release", kill_on_drop: false }`
[INFO] [stderr]    Compiling proc-macro2 v1.0.103
[INFO] [stderr]    Compiling quote v1.0.42
[INFO] [stderr]    Compiling unicode-ident v1.0.22
[INFO] [stderr]    Compiling libc v0.2.178
[INFO] [stderr]    Compiling find-msvc-tools v0.1.7
[INFO] [stderr]    Compiling zerocopy v0.8.31
[INFO] [stderr]    Compiling typenum v1.19.0
[INFO] [stderr]    Compiling litemap v0.8.1
[INFO] [stderr]    Compiling writeable v0.6.2
[INFO] [stderr]    Compiling thiserror v2.0.17
[INFO] [stderr]    Compiling rustls v0.23.35
[INFO] [stderr]    Compiling serde_json v1.0.145
[INFO] [stderr]    Compiling icu_normalizer_data v2.1.1
[INFO] [stderr]    Compiling icu_properties_data v2.1.2
[INFO] [stderr]    Compiling pin-project-lite v0.2.16
[INFO] [stderr]    Compiling rustls-pki-types v1.13.1
[INFO] [stderr]    Compiling futures-core v0.3.31
[INFO] [stderr]    Compiling crypto-common v0.1.7
[INFO] [stderr]    Compiling once_cell v1.21.3
[INFO] [stderr]    Compiling crossbeam-utils v0.8.21
[INFO] [stderr]    Compiling memchr v2.7.6
[INFO] [stderr]    Compiling digest v0.10.7
[INFO] [stderr]    Compiling futures-sink v0.3.31
[INFO] [stderr]    Compiling bytes v1.11.0
[INFO] [stderr]    Compiling foldhash v0.1.5
[INFO] [stderr]    Compiling tinyvec_macros v0.1.1
[INFO] [stderr]    Compiling cc v1.2.52
[INFO] [stderr]    Compiling tracing-core v0.1.35
[INFO] [stderr]    Compiling tinyvec v1.10.0
[INFO] [stderr]    Compiling form_urlencoded v1.2.2
[INFO] [stderr]    Compiling hashbrown v0.15.5
[INFO] [stderr]    Compiling webpki-roots v1.0.4
[INFO] [stderr]    Compiling concurrent-queue v2.5.0
[INFO] [stderr]    Compiling num-traits v0.2.19
[INFO] [stderr]    Compiling pin-utils v0.1.0
[INFO] [stderr]    Compiling futures-io v0.3.31
[INFO] [stderr]    Compiling slab v0.4.11
[INFO] [stderr]    Compiling iana-time-zone v0.1.64
[INFO] [stderr]    Compiling ryu v1.0.20
[INFO] [stderr]    Compiling itoa v1.0.15
[INFO] [stderr]    Compiling hashbrown v0.16.1
[INFO] [stderr]    Compiling crc-catalog v2.4.0
[INFO] [stderr]    Compiling parking v2.2.1
[INFO] [stderr]    Compiling futures-task v0.3.31
[INFO] [stderr]    Compiling event-listener v5.4.1
[INFO] [stderr]    Compiling generic-array v0.14.7
[INFO] [stderr]    Compiling futures-util v0.3.31
[INFO] [stderr]    Compiling crc v3.4.0
[INFO] [stderr]    Compiling chrono v0.4.42
[INFO] [stderr]    Compiling unicode-normalization v0.1.25
[INFO] [stderr]    Compiling webpki-roots v0.26.11
[INFO] [stderr]    Compiling syn v2.0.111
[INFO] [stderr]    Compiling indexmap v2.12.1
[INFO] [stderr]    Compiling getrandom v0.2.16
[INFO] [stderr]    Compiling mio v1.1.1
[INFO] [stderr]    Compiling socket2 v0.6.1
[INFO] [stderr]    Compiling rand_core v0.6.4
[INFO] [stderr]    Compiling block-buffer v0.10.4
[INFO] [stderr]    Compiling hashlink v0.10.0
[INFO] [stderr]    Compiling crossbeam-queue v0.3.12
[INFO] [stderr]    Compiling tokio v1.49.0
[INFO] [stderr]    Compiling base64 v0.22.1
[INFO] [stderr]    Compiling hmac v0.12.1
[INFO] [stderr]    Compiling sha2 v0.10.9
[INFO] [stderr]    Compiling unicode-properties v0.1.4
[INFO] [stderr]    Compiling unicode-bidi v0.3.18
[INFO] [stderr]    Compiling uuid v1.19.0
[INFO] [stderr]    Compiling ring v0.17.14
[INFO] [stderr]    Compiling ppv-lite86 v0.2.21
[INFO] [stderr]    Compiling hkdf v0.12.4
[INFO] [stderr]    Compiling md-5 v0.10.6
[INFO] [stderr]    Compiling rand_chacha v0.3.1
[INFO] [stderr]    Compiling getrandom v0.3.4
[INFO] [stderr]    Compiling stringprep v0.1.5
[INFO] [stderr]    Compiling futures-channel v0.3.31
[INFO] [stderr]    Compiling atoi v2.0.0
[INFO] [stderr]    Compiling home v0.5.12
[INFO] [stderr]    Compiling rand v0.8.5
[INFO] [stderr]    Compiling whoami v1.6.1
[INFO] [stderr]    Compiling bitflags v2.10.0
[INFO] [stderr]    Compiling dotenvy v0.15.7
[INFO] [stderr]    Compiling hex v0.4.3
[INFO] [stderr]    Compiling byteorder v1.5.0
[INFO] [stderr]    Compiling proc-macro-error-attr2 v2.0.0
[INFO] [stderr]    Compiling bytecount v0.6.9
[INFO] [stderr]    Compiling papergrid v0.17.0
[INFO] [stderr]    Compiling testing_table v0.3.0
[INFO] [stderr]    Compiling synstructure v0.13.2
[INFO] [stderr]    Compiling proc-macro-error2 v2.0.1
[INFO] [stderr]    Compiling zerofrom-derive v0.1.6
[INFO] [stderr]    Compiling yoke-derive v0.8.1
[INFO] [stderr]    Compiling serde_derive v1.0.228
[INFO] [stderr]    Compiling zerovec-derive v0.11.2
[INFO] [stderr]    Compiling displaydoc v0.2.5
[INFO] [stderr]    Compiling tracing-attributes v0.1.31
[INFO] [stderr]    Compiling thiserror-impl v2.0.17
[INFO] [stderr]    Compiling tokio-macros v2.6.0
[INFO] [stderr]    Compiling futures-macro v0.3.31
[INFO] [stderr]    Compiling thiserror-impl v1.0.69
[INFO] [stderr]    Compiling tabled_derive v0.11.0
[INFO] [stderr]    Compiling async-trait v0.1.89
[INFO] [stderr]    Compiling pgqrs-macros v0.15.3
[INFO] [stderr]    Compiling zerofrom v0.1.6
[INFO] [stderr]    Compiling yoke v0.8.1
[INFO] [stderr]    Compiling tracing v0.1.43
[INFO] [stderr]    Compiling thiserror v1.0.69
[INFO] [stderr]    Compiling tabled v0.20.0
[INFO] [stderr]    Compiling zerovec v0.11.5
[INFO] [stderr]    Compiling zerotrie v0.2.3
[INFO] [stderr]    Compiling tokio-stream v0.1.17
[INFO] [stderr]    Compiling rustls-webpki v0.103.8
[INFO] [stderr]    Compiling tinystr v0.8.2
[INFO] [stderr]    Compiling potential_utf v0.1.4
[INFO] [stderr]    Compiling icu_locale_core v2.1.1
[INFO] [stderr]    Compiling icu_collections v2.1.1
[INFO] [stderr]    Compiling icu_provider v2.1.1
[INFO] [stderr]    Compiling serde v1.0.228
[INFO] [stderr]    Compiling icu_properties v2.1.2
[INFO] [stderr]    Compiling smallvec v1.15.1
[INFO] [stderr]    Compiling either v1.15.0
[INFO] [stderr]    Compiling serde_yaml v0.9.34+deprecated
[INFO] [stderr]    Compiling parking_lot_core v0.9.12
[INFO] [stderr]    Compiling icu_normalizer v2.1.1
[INFO] [stderr]    Compiling parking_lot v0.12.5
[INFO] [stderr]    Compiling futures-intrusive v0.5.0
[INFO] [stderr]    Compiling idna_adapter v1.2.1
[INFO] [stderr]    Compiling idna v1.1.0
[INFO] [stderr]    Compiling url v2.5.7
[INFO] [stderr]    Compiling sqlx-core v0.8.6
[INFO] [stderr]    Compiling sqlx-postgres v0.8.6
[INFO] [stderr]    Compiling sqlx-macros-core v0.8.6
[INFO] [stderr]    Compiling sqlx-macros v0.8.6
[INFO] [stderr]    Compiling sqlx v0.8.6
[INFO] [stderr]    Compiling pgqrs v0.15.3 (/opt/rustwide/workdir)
[INFO] [stderr]     Finished `release` profile [optimized] target(s) in 2m 21s
[INFO] [stderr] warning: the following packages contain code that will be rejected by a future version of Rust: proc-macro-error2 v2.0.1
[INFO] [stderr] note: to see what the problems were, use the option `--future-incompat-report`, or run `cargo report future-incompatibilities --id 1`
[INFO] running `Command { std: "docker" "inspect" "adc9b72fd84093754d1671bfbc2cce62d2d9596c6601793ecff9d95eb9a209ed", kill_on_drop: false }`
[INFO] running `Command { std: "docker" "exec" "-e" "SOURCE_DIR=/opt/rustwide/workdir" "-e" "CARGO_HOME=/opt/rustwide/cargo-home" "-e" "RUSTUP_HOME=/opt/rustwide/rustup-home" "-e" "CARGO_TARGET_DIR=/opt/rustwide/target" "-e" "CARGO_INCREMENTAL=0" "-e" "RUST_BACKTRACE=full" "-e" "RUSTFLAGS=--cap-lints=warn" "-e" "RUSTDOCFLAGS=--cap-lints=warn" "-w" "/opt/rustwide/workdir" "--user" "0:0" "adc9b72fd84093754d1671bfbc2cce62d2d9596c6601793ecff9d95eb9a209ed" "/opt/rustwide/cargo-home/bin/cargo" "+1.99.0-beta.8" "test" "--frozen" "--no-run" "--message-format=json" "--release", kill_on_drop: false }`
[INFO] [stderr]    Compiling futures-sink v0.3.31
[INFO] [stderr]    Compiling tokio v1.49.0
[INFO] [stderr]    Compiling async-stream-impl v0.3.6
[INFO] [stderr]    Compiling difflib v0.4.0
[INFO] [stderr]    Compiling regex-automata v0.4.13
[INFO] [stderr]    Compiling sdd v3.0.10
[INFO] [stderr]    Compiling assert_cmd v2.2.0
[INFO] [stderr]    Compiling wait-timeout v0.2.1
[INFO] [stderr]    Compiling serial_test_derive v3.2.0
[INFO] [stderr]    Compiling ctor v0.2.9
[INFO] [stderr]    Compiling futures-channel v0.3.31
[INFO] [stderr]    Compiling scc v2.4.0
[INFO] [stderr]    Compiling async-stream v0.3.6
[INFO] [stderr]    Compiling predicates v3.1.4
[INFO] [stderr]    Compiling futures-util v0.3.31
[INFO] [stderr]    Compiling bstr v1.12.1
[INFO] [stderr]    Compiling futures-executor v0.3.31
[INFO] [stderr]    Compiling futures v0.3.31
[INFO] [stderr]    Compiling serial_test v3.2.0
[INFO] [stderr]    Compiling tokio-stream v0.1.17
[INFO] [stderr]    Compiling sqlx-core v0.8.6
[INFO] [stderr]    Compiling tokio-test v0.4.4
[INFO] [stderr]    Compiling sqlx-postgres v0.8.6
[INFO] [stderr]    Compiling sqlx v0.8.6
[INFO] [stderr]    Compiling pgqrs v0.15.3 (/opt/rustwide/workdir)
[INFO] [stderr]     Finished `release` profile [optimized] target(s) in 1m 04s
[INFO] [stderr] warning: the following packages contain code that will be rejected by a future version of Rust: proc-macro-error2 v2.0.1
[INFO] [stderr] note: to see what the problems were, use the option `--future-incompat-report`, or run `cargo report future-incompatibilities --id 1`
[INFO] running `Command { std: "docker" "inspect" "adc9b72fd84093754d1671bfbc2cce62d2d9596c6601793ecff9d95eb9a209ed", kill_on_drop: false }`
[INFO] running `Command { std: "docker" "exec" "-e" "SOURCE_DIR=/opt/rustwide/workdir" "-e" "CARGO_HOME=/opt/rustwide/cargo-home" "-e" "RUSTUP_HOME=/opt/rustwide/rustup-home" "-e" "CARGO_TARGET_DIR=/opt/rustwide/target" "-e" "CARGO_INCREMENTAL=0" "-e" "RUST_BACKTRACE=full" "-e" "RUSTFLAGS=--cap-lints=warn" "-e" "RUSTDOCFLAGS=--cap-lints=warn" "-w" "/opt/rustwide/workdir" "--user" "0:0" "adc9b72fd84093754d1671bfbc2cce62d2d9596c6601793ecff9d95eb9a209ed" "/opt/rustwide/cargo-home/bin/cargo" "+1.99.0-beta.8" "test" "--frozen" "--release", kill_on_drop: false }`
[INFO] [stderr]     Finished `release` profile [optimized] target(s) in 0.46s
[INFO] [stderr] warning: the following packages contain code that will be rejected by a future version of Rust: proc-macro-error2 v2.0.1
[INFO] [stderr] note: to see what the problems were, use the option `--future-incompat-report`, or run `cargo report future-incompatibilities --id 1`
[INFO] [stderr]      Running unittests src/lib.rs (/opt/rustwide/target/release/deps/pgqrs-646aef75a757ffb8)
[INFO] [stdout] 
[INFO] [stdout] running 41 tests
[INFO] [stdout] test config::tests::test_from_dsn_with_schema_invalid ... ok
[INFO] [stdout] test config::tests::test_from_env_complete ... ok
[INFO] [stdout] test config::tests::test_from_dsn_basic ... ok
[INFO] [stdout] test config::tests::test_from_env_missing_dsn ... ok
[INFO] [stdout] test config::tests::test_from_env_sqlite_use_wal_override ... ok
[INFO] [stdout] test config::tests::test_from_dsn_with_schema_valid ... ok
[INFO] [stdout] test config::tests::test_load_no_config_source ... ok
[INFO] [stdout] test config::tests::test_from_file_with_schema ... ok
[INFO] [stdout] test config::tests::test_from_file_minimal ... ok
[INFO] [stdout] test config::tests::test_load_with_dsn_priority_over_file ... ok
[INFO] [stdout] test config::tests::test_load_with_explicit_dsn ... ok
[INFO] [stdout] test config::tests::test_from_env_with_invalid_schema ... ok
[INFO] [stdout] test config::tests::test_from_env_with_schema ... ok
[INFO] [stdout] test config::tests::test_load_with_explicit_config_file ... ok
[INFO] [stdout] test config::tests::test_load_fallback_to_env_vars ... ok
[INFO] [stdout] test config::tests::test_from_file_nonexistent ... ok
[INFO] [stdout] test config::tests::test_from_file_complete ... ok
[INFO] [stdout] test config::tests::test_from_file_with_invalid_schema ... ok
[INFO] [stdout] test config::tests::test_from_file_invalid_yaml ... ok
[INFO] [stdout] test config::tests::test_from_dsn_with_string ... ok
[INFO] [stdout] test rate_limit::tests::test_try_acquire_depletes_tokens ... ok
[INFO] [stdout] test rate_limit::tests::test_new_bucket_has_full_capacity ... ok
[INFO] [stdout] test config::tests::test_from_env_minimal ... ok
[INFO] [stdout] test config::tests::test_from_file_missing_dsn ... ok
[INFO] [stdout] test config::tests::test_from_env_invalid_numbers ... ok
[INFO] [stdout] test config::tests::test_validate_schema_name_invalid ... ok
[INFO] [stdout] test validation::tests::test_validate_payload_size ... ok
[INFO] [stdout] test config::tests::test_validate_schema_name_valid ... ok
[INFO] [stdout] test validation::tests::test_validate_object_depth ... ok
[INFO] [stdout] test rate_limit::tests::test_zero_burst_capacity_panics - should panic ... ok
[INFO] [stdout] test store::tests::detect_rejects_unsupported_dsn ... ok
[INFO] [stdout] test validation::tests::test_default_config ... ok
[INFO] [stdout] test validation::tests::test_required_keys ... ok
[INFO] [stdout] test validation::tests::test_validate_string_length ... ok
[INFO] [stdout] test validation::tests::test_forbidden_keys ... ok
[INFO] [stdout] test rate_limit::tests::test_concurrent_access ... ok
[INFO] [stdout] test config::tests::test_load_env_file_priority ... ok
[INFO] [stdout] test rate_limit::tests::test_rate_limit_status_utilization ... ok
[INFO] [stdout] test rate_limit::tests::test_zero_rate_limit ... ok
[INFO] [stdout] test rate_limit::tests::test_tokens_dont_exceed_capacity ... ok
[INFO] [stdout] test rate_limit::tests::test_tokens_refill_over_time ... ok
[INFO] [stdout] 
[INFO] [stdout] test result: ok. 41 passed; 0 failed; 0 ignored; 0 measured; 0 filtered out; finished in 0.16s
[INFO] [stdout] 
[INFO] [stderr]      Running unittests src/bin/s3_process_helper.rs (/opt/rustwide/target/release/deps/s3_process_helper-799e50e766fd2883)
[INFO] [stdout] 
[INFO] [stderr]      Running unittests src/bin/setup_test_schemas.rs (/opt/rustwide/target/release/deps/setup_test_schemas-3df247aa268e004d)
[INFO] [stdout] running 0 tests
[INFO] [stdout] 
[INFO] [stdout] test result: ok. 0 passed; 0 failed; 0 ignored; 0 measured; 0 filtered out; finished in 0.00s
[INFO] [stdout] 
[INFO] [stdout] 
[INFO] [stdout] running 0 tests
[INFO] [stdout] 
[INFO] [stdout] test result: ok. 0 passed; 0 failed; 0 ignored; 0 measured; 0 filtered out; finished in 0.00s
[INFO] [stdout] 
[INFO] [stderr]    Doc-tests pgqrs
[INFO] [stdout] 
[INFO] [stdout] running 20 tests
[INFO] [stdout] test src/builders/admin.rs - builders::admin::admin (line 11) - compile ... ok
[INFO] [stdout] test src/lib.rs - dequeue (line 182) - compile ... ok
[INFO] [stdout] test src/builders/enqueue.rs - builders::enqueue::enqueue (line 10) - compile ... ok
[INFO] [stdout] test src/lib.rs - consumer (line 151) - compile ... ok
[INFO] [stdout] test src/builders/producer.rs - builders::producer::producer (line 8) - compile ... ok
[INFO] [stdout] test src/lib.rs - admin (line 125) - compile ... ok
[INFO] [stdout] test src/builders/consumer.rs - builders::consumer::consumer (line 8) - compile ... ok
[INFO] [stdout] test src/builders/dequeue.rs - builders::dequeue::dequeue (line 276) - compile ... ok
[INFO] [stdout] test src/lib.rs - enqueue (line 164) - compile ... ok
[INFO] [stdout] test src/lib.rs - (line 13) - compile ... FAILED
[INFO] [stdout] test src/error.rs - error::TransientStepError (line 16) ... ok
[INFO] [stdout] test src/lib.rs - workflow (line 211) - compile ... FAILED
[INFO] [stdout] test src/lib.rs - tables (line 199) - compile ... ok
[INFO] [stdout] test src/store/any.rs - store::any::AnyStore::connect_with_dsn (line 116) - compile ... ok
[INFO] [stdout] test src/lib.rs - run (line 237) - compile ... FAILED
[INFO] [stdout] test src/builders/step.rs - builders::step::step (line 7) - compile ... FAILED
[INFO] [stdout] test src/lib.rs - step (line 261) - compile ... FAILED
[INFO] [stdout] test src/builders/run.rs - builders::run::run (line 8) - compile ... FAILED
[INFO] [stdout] test src/builders/tables.rs - builders::tables::tables (line 7) - compile ... ok
[INFO] [stdout] test src/lib.rs - producer (line 138) - compile ... ok
[INFO] [stdout] 
[INFO] [stdout] failures:
[INFO] [stdout] 
[INFO] [stdout] ---- src/lib.rs - (line 13) stdout ----
[INFO] [stdout] error[E0425]: cannot find value `archive_files` in this scope
[INFO] [stdout]   --> src/lib.rs:41:11
[INFO] [stdout]    |
[INFO] [stdout] 41 |     .name(archive_files)
[INFO] [stdout]    |           ^^^^^^^^^^^^^ not found in this scope
[INFO] [stdout] 
[INFO] [stdout] error[E0425]: cannot find value `archive_files` in this scope
[INFO] [stdout]   --> src/lib.rs:45:44
[INFO] [stdout]    |
[INFO] [stdout] 45 | let consumer = pgqrs::consumer("worker-1", archive_files.name())
[INFO] [stdout]    |                                            ^^^^^^^^^^^^^ not found in this scope
[INFO] [stdout] 
[INFO] [stdout] error[E0425]: cannot find value `archive_files` in this scope
[INFO] [stdout]   --> src/lib.rs:55:11
[INFO] [stdout]    |
[INFO] [stdout] 55 |     .name(archive_files)
[INFO] [stdout]    |           ^^^^^^^^^^^^^ not found in this scope
[INFO] [stdout] 
[INFO] [stdout] error: aborting due to 3 previous errors
[INFO] [stdout] 
[INFO] [stdout] For more information about this error, try `rustc --explain E0425`.
[INFO] [stdout] Couldn't compile the test.
[INFO] [stdout] ---- src/lib.rs - workflow (line 211) stdout ----
[INFO] [stdout] error[E0425]: cannot find value `archive_files` in this scope
[INFO] [stdout]    --> src/lib.rs:218:11
[INFO] [stdout]     |
[INFO] [stdout] 218 |     .name(archive_files)
[INFO] [stdout]     |           ^^^^^^^^^^^^^ not found in this scope
[INFO] [stdout] 
[INFO] [stdout] error[E0425]: cannot find value `archive_files` in this scope
[INFO] [stdout]    --> src/lib.rs:222:11
[INFO] [stdout]     |
[INFO] [stdout] 222 |     .name(archive_files)
[INFO] [stdout]     |           ^^^^^^^^^^^^^ not found in this scope
[INFO] [stdout] 
[INFO] [stdout] error: aborting due to 2 previous errors
[INFO] [stdout] 
[INFO] [stdout] For more information about this error, try `rustc --explain E0425`.
[INFO] [stdout] Couldn't compile the test.
[INFO] [stdout] ---- src/lib.rs - run (line 237) stdout ----
[INFO] [stdout] error[E0425]: cannot find type `Run` in this scope
[INFO] [stdout]    --> src/lib.rs:242:1
[INFO] [stdout]     |
[INFO] [stdout] 242 | #[pgqrs::pgqrs_workflow(name = "archive_files")]
[INFO] [stdout]     | ^^^^^^^^^^^^^^^^^^^^^^^^^^^^^^^^^^^^^^^^^^^^^^^^ not found in this scope
[INFO] [stdout]     |
[INFO] [stdout]     = note: this error originates in the attribute macro `pgqrs::pgqrs_workflow` (in Nightly builds, run with -Z macro-backtrace for more info)
[INFO] [stdout] 
[INFO] [stdout] error: aborting due to 1 previous error
[INFO] [stdout] 
[INFO] [stdout] For more information about this error, try `rustc --explain E0425`.
[INFO] [stdout] Couldn't compile the test.
[INFO] [stdout] ---- src/builders/step.rs - builders::step::step (line 7) stdout ----
[INFO] [stdout] error[E0308]: mismatched types
[INFO] [stdout]   --> src/builders/step.rs:13:11
[INFO] [stdout]    |
[INFO] [stdout] 13 |     .name("archive_files")
[INFO] [stdout]    |      ---- ^^^^^^^^^^^^^^^ expected `WorkflowDef<_, _>`, found `&str`
[INFO] [stdout]    |      |
[INFO] [stdout]    |      arguments to this method are incorrect
[INFO] [stdout]    |
[INFO] [stdout]    = note: expected struct `WorkflowDef<_, _>`
[INFO] [stdout]            found reference `&'static str`
[INFO] [stdout] note: method defined here
[INFO] [stdout]   --> src/builders/workflow.rs:48:12
[INFO] [stdout]    |
[INFO] [stdout] 48 |     pub fn name(mut self, workflow: WorkflowDef<TInput, TOutput>) -> Self {
[INFO] [stdout]    |            ^^^^
[INFO] [stdout] 
[INFO] [stdout] error[E0599]: no method named `store` found for struct `WorkflowBuilder<TInput, TOutput>` in the current scope
[INFO] [stdout]   --> src/builders/step.rs:14:6
[INFO] [stdout]    |
[INFO] [stdout] 12 |   let message = pgqrs::workflow()
[INFO] [stdout]    |  _______________-
[INFO] [stdout] 13 | |     .name("archive_files")
[INFO] [stdout] 14 | |     .store(&store)
[INFO] [stdout]    | |     -^^^^^ method not found in `WorkflowBuilder<_, _>`
[INFO] [stdout]    | |_____|
[INFO] [stdout]    |
[INFO] [stdout] 
[INFO] [stdout] error: aborting due to 2 previous errors
[INFO] [stdout] 
[INFO] [stdout] Some errors have detailed explanations: E0308, E0599.
[INFO] [stdout] For more information about an error, try `rustc --explain E0308`.
[INFO] [stdout] Couldn't compile the test.
[INFO] [stdout] ---- src/lib.rs - step (line 261) stdout ----
[INFO] [stdout] error[E0425]: cannot find type `Run` in this scope
[INFO] [stdout]    --> src/lib.rs:266:1
[INFO] [stdout]     |
[INFO] [stdout] 266 | #[pgqrs::pgqrs_workflow(name = "archive_files")]
[INFO] [stdout]     | ^^^^^^^^^^^^^^^^^^^^^^^^^^^^^^^^^^^^^^^^^^^^^^^^ not found in this scope
[INFO] [stdout]     |
[INFO] [stdout]     = note: this error originates in the attribute macro `pgqrs::pgqrs_workflow` (in Nightly builds, run with -Z macro-backtrace for more info)
[INFO] [stdout] 
[INFO] [stdout] error: aborting due to 1 previous error
[INFO] [stdout] 
[INFO] [stdout] For more information about this error, try `rustc --explain E0425`.
[INFO] [stdout] Couldn't compile the test.
[INFO] [stdout] ---- src/builders/run.rs - builders::run::run (line 8) stdout ----
[INFO] [stdout] error[E0308]: mismatched types
[INFO] [stdout]   --> src/builders/run.rs:14:11
[INFO] [stdout]    |
[INFO] [stdout] 14 |     .name("archive_files")
[INFO] [stdout]    |      ---- ^^^^^^^^^^^^^^^ expected `WorkflowDef<_, _>`, found `&str`
[INFO] [stdout]    |      |
[INFO] [stdout]    |      arguments to this method are incorrect
[INFO] [stdout]    |
[INFO] [stdout]    = note: expected struct `WorkflowDef<_, _>`
[INFO] [stdout]            found reference `&'static str`
[INFO] [stdout] note: method defined here
[INFO] [stdout]   --> src/builders/workflow.rs:48:12
[INFO] [stdout]    |
[INFO] [stdout] 48 |     pub fn name(mut self, workflow: WorkflowDef<TInput, TOutput>) -> Self {
[INFO] [stdout]    |            ^^^^
[INFO] [stdout] 
[INFO] [stdout] error[E0599]: no method named `store` found for struct `WorkflowBuilder<TInput, TOutput>` in the current scope
[INFO] [stdout]   --> src/builders/run.rs:15:6
[INFO] [stdout]    |
[INFO] [stdout] 13 |   let message = pgqrs::workflow()
[INFO] [stdout]    |  _______________-
[INFO] [stdout] 14 | |     .name("archive_files")
[INFO] [stdout] 15 | |     .store(&store)
[INFO] [stdout]    | |     -^^^^^ method not found in `WorkflowBuilder<_, _>`
[INFO] [stdout]    | |_____|
[INFO] [stdout]    |
[INFO] [stdout] 
[INFO] [stdout] error: aborting due to 2 previous errors
[INFO] [stdout] 
[INFO] [stdout] Some errors have detailed explanations: E0308, E0599.
[INFO] [stdout] For more information about an error, try `rustc --explain E0308`.
[INFO] [stdout] Couldn't compile the test.
[INFO] [stdout] 
[INFO] [stdout] failures:
[INFO] [stdout]     src/builders/run.rs - builders::run::run (line 8)
[INFO] [stdout]     src/builders/step.rs - builders::step::step (line 7)
[INFO] [stdout]     src/lib.rs - (line 13)
[INFO] [stdout]     src/lib.rs - run (line 237)
[INFO] [stdout]     src/lib.rs - step (line 261)
[INFO] [stdout]     src/lib.rs - workflow (line 211)
[INFO] [stdout] 
[INFO] [stdout] test result: FAILED. 14 passed; 6 failed; 0 ignored; 0 measured; 0 filtered out; finished in 0.74s
[INFO] [stdout] 
[INFO] [stderr] error: doctest failed, to rerun pass `--doc`
[INFO] running `Command { std: "docker" "inspect" "adc9b72fd84093754d1671bfbc2cce62d2d9596c6601793ecff9d95eb9a209ed", kill_on_drop: false }`
[INFO] running `Command { std: "docker" "rm" "-f" "adc9b72fd84093754d1671bfbc2cce62d2d9596c6601793ecff9d95eb9a209ed", kill_on_drop: false }`
[INFO] [stdout] adc9b72fd84093754d1671bfbc2cce62d2d9596c6601793ecff9d95eb9a209ed
