[INFO] fetching crate pgkit 0.4.1...
[INFO] testing pgkit-0.4.1 against 1.100.0-beta.1+cargoflags=--release for beta-release-1.100-2
[INFO] extracting crate pgkit 0.4.1 into /workspace/builds/worker-5-tc2/source
[INFO] started tweaking crates.io crate pgkit 0.4.1
[INFO] removed 0 missing tests
[INFO] finished tweaking crates.io crate pgkit 0.4.1
[INFO] tweaked toml for crates.io crate pgkit 0.4.1 written to /workspace/builds/worker-5-tc2/source/Cargo.toml
[INFO] validating manifest of crates.io crate pgkit 0.4.1 on toolchain 1.100.0-beta.1
[INFO] running `Command { std: CARGO_HOME="/workspace/cargo-home" RUSTUP_HOME="/workspace/rustup-home" "/workspace/cargo-home/bin/cargo" "+1.100.0-beta.1" "metadata" "--manifest-path" "Cargo.toml" "--no-deps", kill_on_drop: false }`
[INFO] crate crates.io crate pgkit 0.4.1 already has a lockfile, it will not be regenerated
[INFO] running `Command { std: CARGO_HOME="/workspace/cargo-home" RUSTUP_HOME="/workspace/rustup-home" "/workspace/cargo-home/bin/cargo" "+1.100.0-beta.1" "fetch" "--manifest-path" "Cargo.toml", kill_on_drop: false }`
[INFO] running `Command { std: "docker" "create" "-v" "/var/lib/crater-agent-workspace/builds/worker-5-tc2/source:/opt/rustwide/workdir:ro,Z" "-v" "/var/lib/crater-agent-workspace/builds/worker-5-tc2/target:/opt/rustwide/target:rw,Z" "-v" "/var/lib/crater-agent-workspace/cargo-home:/opt/rustwide/cargo-home:ro,Z" "-v" "/var/lib/crater-agent-workspace/rustup-home:/opt/rustwide/rustup-home:ro,Z" "-m" "1610612736" "--network" "none" "ghcr.io/rust-lang/crates-build-env/linux@sha256:77db811e55d90add9212f6832c23229e3de5f1c1f9905e8cb07319ea15df73ac" "sleep" "infinity", kill_on_drop: false }`
[INFO] [stdout] cf8b23e0a4aa68d7f2fcbd942ff3092d4d671a0f6f073f963cd34e6c1d68ab38
[INFO] running `Command { std: "docker" "start" "cf8b23e0a4aa68d7f2fcbd942ff3092d4d671a0f6f073f963cd34e6c1d68ab38", kill_on_drop: false }`
[INFO] running `Command { std: "docker" "inspect" "cf8b23e0a4aa68d7f2fcbd942ff3092d4d671a0f6f073f963cd34e6c1d68ab38", kill_on_drop: false }`
[INFO] running `Command { std: "docker" "exec" "-e" "SOURCE_DIR=/opt/rustwide/workdir" "-e" "CARGO_HOME=/opt/rustwide/cargo-home" "-e" "RUSTUP_HOME=/opt/rustwide/rustup-home" "-e" "CARGO_TARGET_DIR=/opt/rustwide/target" "-w" "/opt/rustwide/workdir" "--user" "0:0" "cf8b23e0a4aa68d7f2fcbd942ff3092d4d671a0f6f073f963cd34e6c1d68ab38" "/opt/rustwide/cargo-home/bin/cargo" "+1.100.0-beta.1" "metadata" "--no-deps" "--format-version=1", kill_on_drop: false }`
[INFO] running `Command { std: "docker" "inspect" "cf8b23e0a4aa68d7f2fcbd942ff3092d4d671a0f6f073f963cd34e6c1d68ab38", kill_on_drop: false }`
[INFO] running `Command { std: "docker" "exec" "-e" "SOURCE_DIR=/opt/rustwide/workdir" "-e" "CARGO_HOME=/opt/rustwide/cargo-home" "-e" "RUSTUP_HOME=/opt/rustwide/rustup-home" "-e" "CARGO_TARGET_DIR=/opt/rustwide/target" "-e" "CARGO_INCREMENTAL=0" "-e" "RUST_BACKTRACE=full" "-e" "RUSTFLAGS=--cap-lints=warn" "-e" "RUSTDOCFLAGS=--cap-lints=warn" "-w" "/opt/rustwide/workdir" "--user" "0:0" "cf8b23e0a4aa68d7f2fcbd942ff3092d4d671a0f6f073f963cd34e6c1d68ab38" "/opt/rustwide/cargo-home/bin/cargo" "+1.100.0-beta.1" "build" "--frozen" "--message-format=json" "--release", kill_on_drop: false }`
[INFO] [stderr]    Compiling unicode-ident v1.0.25
[INFO] [stderr]    Compiling serde_core v1.0.229
[INFO] [stderr]    Compiling generic-array v0.14.9
[INFO] [stderr]    Compiling num-traits v0.2.19
[INFO] [stderr]    Compiling serde v1.0.229
[INFO] [stderr]    Compiling rand_core v0.10.1
[INFO] [stderr]    Compiling getrandom v0.4.3
[INFO] [stderr]    Compiling crossbeam-utils v0.8.23
[INFO] [stderr]    Compiling digest v0.11.3
[INFO] [stderr]    Compiling parking_lot_core v0.9.12
[INFO] [stderr]    Compiling rust_decimal v1.43.0
[INFO] [stderr]    Compiling futures-sink v0.3.34
[INFO] [stderr]    Compiling serde_json v1.0.151
[INFO] [stderr]    Compiling parking v2.2.1
[INFO] [stderr]    Compiling arrayvec v0.7.8
[INFO] [stderr]    Compiling futures-io v0.3.34
[INFO] [stderr]    Compiling crc-catalog v2.5.0
[INFO] [stderr]    Compiling proc-macro2 v1.0.107
[INFO] [stderr]    Compiling tinyvec v1.13.3
[INFO] [stderr]    Compiling indexmap v2.14.2
[INFO] [stderr]    Compiling chacha20 v0.10.2
[INFO] [stderr]    Compiling crc v3.4.0
[INFO] [stderr]    Compiling futures-util v0.3.34
[INFO] [stderr]    Compiling hmac v0.13.0
[INFO] [stderr]    Compiling parking_lot v0.12.5
[INFO] [stderr]    Compiling event-listener v5.4.2
[INFO] [stderr]    Compiling hashlink v0.11.1
[INFO] [stderr]    Compiling either v1.18.0
[INFO] [stderr]    Compiling hkdf v0.13.0
[INFO] [stderr]    Compiling md-5 v0.11.0
[INFO] [stderr]    Compiling sha2 v0.11.0
[INFO] [stderr]    Compiling futures-intrusive v0.5.0
[INFO] [stderr]    Compiling rand v0.10.2
[INFO] [stderr]    Compiling quote v1.0.47
[INFO] [stderr]    Compiling unicode-normalization v0.1.25
[INFO] [stderr]    Compiling futures-channel v0.3.34
[INFO] [stderr]    Compiling whoami v2.1.3
[INFO] [stderr]    Compiling syn v3.0.6
[INFO] [stderr]    Compiling syn v2.0.119
[INFO] [stderr]    Compiling byteorder v1.5.0
[INFO] [stderr]    Compiling crossbeam-queue v0.3.14
[INFO] [stderr]    Compiling tokio v1.53.1
[INFO] [stderr]    Compiling block-buffer v0.10.4
[INFO] [stderr]    Compiling crypto-common v0.1.6
[INFO] [stderr]    Compiling digest v0.10.7
[INFO] [stderr]    Compiling stringprep v0.1.5
[INFO] [stderr]    Compiling sha2 v0.10.9
[INFO] [stderr]    Compiling atoi v2.0.0
[INFO] [stderr]    Compiling synstructure v0.14.0
[INFO] [stderr]    Compiling zerovec-derive v0.11.6
[INFO] [stderr]    Compiling displaydoc v0.2.7
[INFO] [stderr]    Compiling serde_derive v1.0.229
[INFO] [stderr]    Compiling thiserror-impl v2.0.20
[INFO] [stderr]    Compiling zerofrom-derive v0.1.8
[INFO] [stderr]    Compiling yoke-derive v0.8.3
[INFO] [stderr]    Compiling uuid v1.26.1
[INFO] [stderr]    Compiling zerofrom v0.1.8
[INFO] [stderr]    Compiling yoke v0.8.3
[INFO] [stderr]    Compiling thiserror v2.0.20
[INFO] [stderr]    Compiling zerovec v0.11.8
[INFO] [stderr]    Compiling zerotrie v0.2.5
[INFO] [stderr]    Compiling tinystr v0.8.4
[INFO] [stderr]    Compiling potential_utf v0.1.6
[INFO] [stderr]    Compiling tracing-attributes v0.1.31
[INFO] [stderr]    Compiling rust_decimal_macros v1.40.0
[INFO] [stderr]    Compiling strum_macros v0.28.0
[INFO] [stderr]    Compiling pgkit-macros v0.4.1
[INFO] [stderr]    Compiling icu_collections v2.3.0
[INFO] [stderr]    Compiling icu_locale_core v2.3.0
[INFO] [stderr]    Compiling tracing v0.1.44
[INFO] [stderr]    Compiling strum v0.28.0
[INFO] [stderr]    Compiling icu_provider v2.3.1
[INFO] [stderr]    Compiling icu_properties v2.3.0
[INFO] [stderr]    Compiling icu_normalizer v2.3.0
[INFO] [stderr]    Compiling chrono v0.4.45
[INFO] [stderr]    Compiling idna_adapter v1.2.2
[INFO] [stderr]    Compiling idna v1.1.0
[INFO] [stderr]    Compiling url v2.5.8
[INFO] [stderr]    Compiling sqlx-core v0.9.0
[INFO] [stderr]    Compiling sqlx-postgres v0.9.0
[INFO] [stderr]    Compiling sqlx v0.9.0
[INFO] [stderr]    Compiling pgkit v0.4.1 (/opt/rustwide/workdir)
[INFO] [stderr]     Finished `release` profile [optimized] target(s) in 50.69s
[INFO] running `Command { std: "docker" "inspect" "cf8b23e0a4aa68d7f2fcbd942ff3092d4d671a0f6f073f963cd34e6c1d68ab38", kill_on_drop: false }`
[INFO] running `Command { std: "docker" "exec" "-e" "SOURCE_DIR=/opt/rustwide/workdir" "-e" "CARGO_HOME=/opt/rustwide/cargo-home" "-e" "RUSTUP_HOME=/opt/rustwide/rustup-home" "-e" "CARGO_TARGET_DIR=/opt/rustwide/target" "-e" "CARGO_INCREMENTAL=0" "-e" "RUST_BACKTRACE=full" "-e" "RUSTFLAGS=--cap-lints=warn" "-e" "RUSTDOCFLAGS=--cap-lints=warn" "-w" "/opt/rustwide/workdir" "--user" "0:0" "cf8b23e0a4aa68d7f2fcbd942ff3092d4d671a0f6f073f963cd34e6c1d68ab38" "/opt/rustwide/cargo-home/bin/cargo" "+1.100.0-beta.1" "test" "--frozen" "--no-run" "--message-format=json" "--release", kill_on_drop: false }`
[INFO] [stderr]    Compiling syn v3.0.6
[INFO] [stderr]    Compiling typenum v1.20.1
[INFO] [stderr]    Compiling stable_deref_trait v1.2.1
[INFO] [stderr]    Compiling serde_core v1.0.229
[INFO] [stderr]    Compiling serde v1.0.229
[INFO] [stderr]    Compiling writeable v0.6.4
[INFO] [stderr]    Compiling litemap v0.8.3
[INFO] [stderr]    Compiling utf8_iter v1.0.4
[INFO] [stderr]    Compiling generic-array v0.14.9
[INFO] [stderr]    Compiling icu_normalizer_data v2.3.0
[INFO] [stderr]    Compiling icu_properties_data v2.3.0
[INFO] [stderr]    Compiling cmov v0.5.4
[INFO] [stderr]    Compiling num-traits v0.2.19
[INFO] [stderr]    Compiling futures-core v0.3.34
[INFO] [stderr]    Compiling parking_lot_core v0.9.12
[INFO] [stderr]    Compiling scopeguard v1.2.0
[INFO] [stderr]    Compiling mio v1.2.3
[INFO] [stderr]    Compiling socket2 v0.6.5
[INFO] [stderr]    Compiling crossbeam-utils v0.8.23
[INFO] [stderr]    Compiling allocator-api2 v0.2.21
[INFO] [stderr]    Compiling lock_api v0.4.14
[INFO] [stderr]    Compiling futures-sink v0.3.34
[INFO] [stderr]    Compiling foldhash v0.2.0
[INFO] [stderr]    Compiling cpufeatures v0.3.1
[INFO] [stderr]    Compiling thiserror v2.0.20
[INFO] [stderr]    Compiling rand_core v0.10.1
[INFO] [stderr]    Compiling rust_decimal v1.43.0
[INFO] [stderr]    Compiling form_urlencoded v1.2.2
[INFO] [stderr]    Compiling tracing-core v0.1.36
[INFO] [stderr]    Compiling ctutils v0.4.2
[INFO] [stderr]    Compiling hashbrown v0.16.1
[INFO] [stderr]    Compiling serde_json v1.0.151
[INFO] [stderr]    Compiling getrandom v0.4.3
[INFO] [stderr]    Compiling hashbrown v0.17.1
[INFO] [stderr]    Compiling tinyvec v1.13.3
[INFO] [stderr]    Compiling crc-catalog v2.5.0
[INFO] [stderr]    Compiling arrayvec v0.7.8
[INFO] [stderr]    Compiling futures-io v0.3.34
[INFO] [stderr]    Compiling iana-time-zone v0.1.65
[INFO] [stderr]    Compiling parking v2.2.1
[INFO] [stderr]    Compiling cpufeatures v0.2.17
[INFO] [stderr]    Compiling futures-task v0.3.34
[INFO] [stderr]    Compiling crossbeam-queue v0.3.14
[INFO] [stderr]    Compiling crc v3.4.0
[INFO] [stderr]    Compiling chacha20 v0.10.2
[INFO] [stderr]    Compiling event-listener v5.4.2
[INFO] [stderr]    Compiling uuid v1.26.1
[INFO] [stderr]    Compiling unicode-normalization v0.1.25
[INFO] [stderr]    Compiling tokio v1.53.1
[INFO] [stderr]    Compiling futures-util v0.3.34
[INFO] [stderr]    Compiling tracing v0.1.44
[INFO] [stderr]    Compiling unicode-properties v0.1.4
[INFO] [stderr]    Compiling unicode-bidi v0.3.18
[INFO] [stderr]    Compiling hashlink v0.11.1
[INFO] [stderr]    Compiling base64 v0.22.1
[INFO] [stderr]    Compiling rand v0.10.2
[INFO] [stderr]    Compiling indexmap v2.14.2
[INFO] [stderr]    Compiling futures-channel v0.3.34
[INFO] [stderr]    Compiling dotenvy v0.15.7
[INFO] [stderr]    Compiling whoami v2.1.3
[INFO] [stderr]    Compiling byteorder v1.5.0
[INFO] [stderr]    Compiling hex v0.4.3
[INFO] [stderr]    Compiling hybrid-array v0.4.15
[INFO] [stderr]    Compiling chrono v0.4.45
[INFO] [stderr]    Compiling stringprep v0.1.5
[INFO] [stderr]    Compiling atoi v2.0.0
[INFO] [stderr]    Compiling block-buffer v0.12.1
[INFO] [stderr]    Compiling crypto-common v0.2.2
[INFO] [stderr]    Compiling crypto-common v0.1.6
[INFO] [stderr]    Compiling block-buffer v0.10.4
[INFO] [stderr]    Compiling digest v0.10.7
[INFO] [stderr]    Compiling sha2 v0.10.9
[INFO] [stderr]    Compiling digest v0.11.3
[INFO] [stderr]    Compiling hmac v0.13.0
[INFO] [stderr]    Compiling sha2 v0.11.0
[INFO] [stderr]    Compiling md-5 v0.11.0
[INFO] [stderr]    Compiling hkdf v0.13.0
[INFO] [stderr]    Compiling synstructure v0.14.0
[INFO] [stderr]    Compiling zerovec-derive v0.11.6
[INFO] [stderr]    Compiling serde_derive v1.0.229
[INFO] [stderr]    Compiling displaydoc v0.2.7
[INFO] [stderr]    Compiling thiserror-impl v2.0.20
[INFO] [stderr]    Compiling tokio-macros v2.7.2
[INFO] [stderr]    Compiling async-trait v0.1.92
[INFO] [stderr]    Compiling zerofrom-derive v0.1.8
[INFO] [stderr]    Compiling yoke-derive v0.8.3
[INFO] [stderr]    Compiling tokio-stream v0.1.19
[INFO] [stderr]    Compiling zerofrom v0.1.8
[INFO] [stderr]    Compiling yoke v0.8.3
[INFO] [stderr]    Compiling zerovec v0.11.8
[INFO] [stderr]    Compiling zerotrie v0.2.5
[INFO] [stderr]    Compiling tinystr v0.8.4
[INFO] [stderr]    Compiling potential_utf v0.1.6
[INFO] [stderr]    Compiling icu_collections v2.3.0
[INFO] [stderr]    Compiling icu_locale_core v2.3.0
[INFO] [stderr]    Compiling icu_provider v2.3.1
[INFO] [stderr]    Compiling icu_properties v2.3.0
[INFO] [stderr]    Compiling smallvec v1.16.1
[INFO] [stderr]    Compiling either v1.18.0
[INFO] [stderr]    Compiling icu_normalizer v2.3.0
[INFO] [stderr]    Compiling parking_lot v0.12.5
[INFO] [stderr]    Compiling futures-intrusive v0.5.0
[INFO] [stderr]    Compiling idna_adapter v1.2.2
[INFO] [stderr]    Compiling idna v1.1.0
[INFO] [stderr]    Compiling url v2.5.8
[INFO] [stderr]    Compiling sqlx-core v0.9.0
[INFO] [stderr]    Compiling sqlx-postgres v0.9.0
[INFO] [stderr]    Compiling sqlx-macros-core v0.9.0
[INFO] [stderr]    Compiling sqlx-macros v0.9.0
[INFO] [stderr]    Compiling sqlx v0.9.0
[INFO] [stderr]    Compiling pgkit v0.4.1 (/opt/rustwide/workdir)
[INFO] [stderr]     Finished `release` profile [optimized] target(s) in 1m 39s
[INFO] running `Command { std: "docker" "inspect" "cf8b23e0a4aa68d7f2fcbd942ff3092d4d671a0f6f073f963cd34e6c1d68ab38", kill_on_drop: false }`
[INFO] running `Command { std: "docker" "exec" "-e" "SOURCE_DIR=/opt/rustwide/workdir" "-e" "CARGO_HOME=/opt/rustwide/cargo-home" "-e" "RUSTUP_HOME=/opt/rustwide/rustup-home" "-e" "CARGO_TARGET_DIR=/opt/rustwide/target" "-e" "CARGO_INCREMENTAL=0" "-e" "RUST_BACKTRACE=full" "-e" "RUSTFLAGS=--cap-lints=warn" "-e" "RUSTDOCFLAGS=--cap-lints=warn" "-w" "/opt/rustwide/workdir" "--user" "0:0" "cf8b23e0a4aa68d7f2fcbd942ff3092d4d671a0f6f073f963cd34e6c1d68ab38" "/opt/rustwide/cargo-home/bin/cargo" "+1.100.0-beta.1" "test" "--frozen" "--release", kill_on_drop: false }`
[INFO] [stderr]     Finished `release` profile [optimized] target(s) in 0.33s
[INFO] [stderr]      Running unittests src/lib.rs (/opt/rustwide/target/release/build/pgkit/981e65ad056190df/out/pgkit-981e65ad056190df)
[INFO] [stdout] 
[INFO] [stdout] running 255 tests
[INFO] [stdout] test errors::repository::tests::cursor_pagination_error_converts_via_from ... ok
[INFO] [stdout] test errors::repository::tests::pool_closed_is_never_retryable ... ok
[INFO] [stdout] test errors::repository::tests::non_sqlx_variants_are_never_retryable ... ok
[INFO] [stdout] test errors::repository::tests::sqlx_non_database_error_maps_to_sqlx ... ok
[INFO] [stdout] test errors::repository::tests::mid_statement_failures_require_idempotency ... ok
[INFO] [stdout] test errors::repository::tests::pool_timeout_is_always_retryable ... ok
[INFO] [stdout] test full_text_search::tests::build_tsquery_strips_metacharacters ... ok
[INFO] [stdout] test errors::repository::tests::sqlx_without_source_is_never_retryable ... ok
[INFO] [stdout] test pagination::cursor::filters_signature::tests::is_deterministic ... ok
[INFO] [stdout] test full_text_search::tests::build_tsquery_caps_the_term_count ... ok
[INFO] [stdout] test pagination::cursor::pagination::tests::accepts_matching_filters ... ok
[INFO] [stdout] test pagination::cursor::pagination::tests::drops_cursor_when_filters_change ... ok
[INFO] [stdout] test errors::repository::tests::sqlx_row_not_found_maps_to_row_not_found ... ok
[INFO] [stdout] test pagination::cursor::pagination::tests::effective_limit_passes_through_normal_value ... ok
[INFO] [stdout] test pagination::cursor::pagination::tests::fetch_limit_is_effective_plus_one ... ok
[INFO] [stdout] test pagination::cursor::pagination::tests::has_no_cursor_and_default_limit_with_default_ordering ... ok
[INFO] [stdout] test pagination::cursor::pagination::tests::keeps_cursor_on_column_type_it_cannot_classify ... ok
[INFO] [stdout] test ordering::order::tests::direction_falls_back_to_default ... ok
[INFO] [stdout] test full_text_search::tests::build_tsquery_joins_prefix_terms ... ok
[INFO] [stdout] test pagination::cursor::filters_signature::tests::produces_16_char_hex ... ok
[INFO] [stdout] test full_text_search::tests::build_tsquery_strips_tsquery_syntax_chars ... ok
[INFO] [stdout] test pagination::cursor::pagination::tests::keeps_cursor_with_enum_value_on_by_name_column ... ok
[INFO] [stdout] test ordering::order::tests::column_falls_back_to_default ... ok
[INFO] [stdout] test pagination::cursor::pagination::tests::keeps_cursor_with_null_value_on_by_name_column ... ok
[INFO] [stdout] test pagination::cursor::pagination::tests::keeps_matching_scalar_values ... ok
[INFO] [stdout] test ordering::direction::tests::display_is_uppercase ... ok
[INFO] [stdout] test pagination::cursor::pagination::tests::effective_limit_clamps_to_max ... ok
[INFO] [stdout] test pagination::cursor::pagination::tests::mismatch_error_names_the_value_and_column_types ... ok
[INFO] [stdout] test ordering::order::tests::new_round_trips_field_and_direction ... ok
[INFO] [stdout] test ordering::direction::tests::default_is_asc ... ok
[INFO] [stdout] test errors::repository::tests::transient_sqlstates_are_classified ... ok
[INFO] [stdout] test pagination::cursor::pagination::tests::rejects_text_value_on_timestamptz_column ... ok
[INFO] [stdout] test pagination::cursor::pagination::tests::zero_limit_uses_default ... ok
[INFO] [stdout] test pagination::cursor::payload::tests::decode_invalid_json_returns_error ... ok
[INFO] [stdout] test pagination::cursor::payload::tests::decode_invalid_utf8_returns_error ... ok
[INFO] [stdout] test pagination::cursor::pagination::tests::reconcile_drops_cursor_when_col_mismatches ... ok
[INFO] [stdout] test pagination::cursor::pagination::tests::rejects_text_value_on_uuid_column ... ok
[INFO] [stdout] test pagination::cursor::payload::tests::decode_fails_when_id_type_mismatches ... ok
[INFO] [stdout] test pagination::cursor::pagination::tests::try_new_returns_err_when_sort_column_not_in_projection ... ok
[INFO] [stdout] test pagination::cursor::pagination::tests::try_new_succeeds_when_projection_only_has_pk ... ok
[INFO] [stdout] test pagination::cursor::payload::tests::encode_decode_roundtrip_uuid ... ok
[INFO] [stdout] test pagination::cursor::payload::tests::decode_invalid_base64_returns_error ... ok
[INFO] [stdout] test pagination::cursor::sqlx_ext::tests::query_builder_cursor_paginate_no_cursor ... ok
[INFO] [stdout] test pagination::offset::pagination::tests::offset_pagination_second_page ... ok
[INFO] [stdout] test pagination::offset::pagination::tests::offset_pagination_zero_page_treated_as_first ... ok
[INFO] [stdout] test pagination::offset::sqlx_ext::tests::query_builder_paginate_appends_limit_offset ... ok
[INFO] [stdout] test pagination::offset::sqlx_ext::tests::query_builder_paginate_clamps_via_pagination_struct ... ok
[INFO] [stdout] test pagination::offset::sqlx_ext::tests::select_paginate_chains_with_where ... ok
[INFO] [stdout] test pagination::offset::sqlx_ext::tests::select_paginate_first_page ... ok
[INFO] [stdout] test pagination::offset::sqlx_ext::tests::select_paginate_second_page ... ok
[INFO] [stdout] test pagination::cursor::pagination::tests::rejects_enum_value_on_builtin_column ... ok
[INFO] [stdout] test pagination::cursor::filters_signature::tests::different_filters_produce_different_signatures ... ok
[INFO] [stdout] test pagination::cursor::sqlx_ext::tests::query_builder_cursor_paginate_with_cursor ... ok
[INFO] [stdout] test pagination::cursor::pagination::tests::rejects_scalar_value_on_by_name_column ... ok
[INFO] [stdout] test pagination::offset::pagination::tests::offset_pagination_clamps_page_size ... ok
[INFO] [stdout] test pagination::cursor::pagination::tests::rejects_text_value_on_integer_column ... ok
[INFO] [stdout] test pool::config::tests::defaults_match_field_docs ... ok
[INFO] [stdout] test pagination::cursor::pagination::tests::rejects_timestamp_value_on_uuid_column ... ok
[INFO] [stdout] test pagination::cursor::pagination::tests::try_new_accepts_matching_cursor_with_valid_projection ... ok
[INFO] [stdout] test pagination::cursor::payload::tests::encode_decode_roundtrip_enum ... ok
[INFO] [stdout] test pagination::cursor::payload::tests::encode_decode_roundtrip_i32 ... ok
[INFO] [stdout] test query_builder::delete_builder::builder::tests::delete_all_requires_explicit_opt_in ... ok
[INFO] [stdout] test pagination::cursor::sqlx_ext::tests::a_query_with_a_where_is_joined_with_and ... ok
[INFO] [stdout] test pagination::cursor::sqlx_ext::tests::a_query_without_a_where_gets_one ... ok
[INFO] [stdout] test pagination::cursor::pagination::tests::accepts_matching_cursor ... ok
[INFO] [stdout] test pagination::offset::pagination::tests::offset_pagination_first_page_is_zero ... ok
[INFO] [stdout] test pagination::cursor::pagination::tests::try_new_accepts_when_sort_column_is_projected ... ok
[INFO] [stdout] test query_builder::delete_builder::builder::tests::delete_returning_all ... ok
[INFO] [stdout] test query_builder::delete_builder::builder::tests::delete_returning_columns ... ok
[INFO] [stdout] test query_builder::delete_builder::builder::tests::delete_using_auxiliary_table ... ok
[INFO] [stdout] test query_builder::delete_builder::builder::tests::delete_with_when_conditional ... ok
[INFO] [stdout] test query_builder::insert_builder::builder::tests::aliased_typed_columns_in_returning_render_unqualified_with_alias ... ok
[INFO] [stdout] test query_builder::delete_builder::builder::tests::delete_with_where_eq ... ok
[INFO] [stdout] test query_builder::delete_builder::builder::tests::typed_columns_in_returning_render_unqualified ... ok
[INFO] [stdout] test query_builder::insert_builder::builder::tests::aliased_table_is_rendered_with_alias ... ok
[INFO] [stdout] test query_builder::insert_builder::builder::tests::bulk_multiple_rows ... ok
[INFO] [stdout] test query_builder::insert_builder::builder::tests::on_conflict_do_update_set_value_and_raw ... ok
[INFO] [stdout] test query_builder::insert_builder::builder::tests::on_conflict_do_nothing ... ok
[INFO] [stdout] test query_builder::insert_builder::builder::tests::on_conflict_on_constraint ... ok
[INFO] [stdout] test query_builder::insert_builder::builder::tests::on_conflict_do_update_set_excluded ... ok
[INFO] [stdout] test query_builder::insert_builder::builder::tests::paired_single_row ... ok
[INFO] [stdout] test query_builder::insert_builder::builder::tests::typed_columns_in_on_conflict_do_update_render_unqualified ... ok
[INFO] [stdout] test query_builder::insert_builder::builder::tests::paired_with_returning_all ... ok
[INFO] [stdout] test query_builder::delete_builder::builder::tests::delete_with_in_clause ... ok
[INFO] [stdout] test query_builder::insert_builder::builder::tests::paired_with_returning_columns ... ok
[INFO] [stdout] test query_builder::delete_builder::builder::tests::delete_with_multiple_predicates ... ok
[INFO] [stdout] test query_builder::insert_builder::builder::tests::on_conflict_any ... ok
[INFO] [stdout] test query_builder::insert_builder::builder::tests::returning_raw ... ok
[INFO] [stdout] test query_builder::insert_builder::builder::tests::typed_columns_in_returning_render_unqualified ... ok
[INFO] [stdout] test query_builder::insert_builder::builder::tests::typed_columns_in_value_render_unqualified ... ok
[INFO] [stdout] test query_builder::insert_builder::builder::tests::typed_columns_with_table_alias_still_render_unqualified_in_value ... ok
[INFO] [stdout] test query_builder::select_builder::builder::cursor_paginate_tests::cursor_paginate_with_uuid_id ... ok
[INFO] [stdout] test query_builder::select_builder::builder::cursor_paginate_tests::select_cursor_paginate_with_cursor_asc_null_val ... ok
[INFO] [stdout] test query_builder::select_builder::builder::cursor_paginate_tests::select_cursor_paginate_with_cursor_asc ... ok
[INFO] [stdout] test query_builder::insert_builder::builder::tests::with_select_uses_subquery ... ok
[INFO] [stdout] test query_builder::insert_builder::builder::tests::value_if_some_skips_none ... ok
[INFO] [stdout] test query_builder::insert_builder::builder::tests::value_raw_is_inlined ... ok
[INFO] [stdout] test query_builder::delete_builder::builder::tests::delete_filtered_only_by_an_empty_not_in_panics - should panic ... ok
[INFO] [stdout] test query_builder::select_builder::builder::cursor_paginate_tests::select_cursor_paginate_with_cursor_desc ... ok
[INFO] [stdout] test query_builder::select_builder::builder::cursor_paginate_tests::select_cursor_paginate_with_cursor_desc_null_val ... ok
[INFO] [stdout] test query_builder::select_builder::builder::tests::expr_with_binds_parameter ... ok
[INFO] [stdout] test query_builder::delete_builder::builder::tests::build_without_from_panics - should panic ... ok
[INFO] [stdout] test pool::get::tests::session_timeouts_are_applied ... FAILED
[INFO] [stdout] test query_builder::insert_builder::builder::tests::build_without_into_panics - should panic ... ok
[INFO] [stdout] test query_builder::insert_builder::builder::tests::typed_columns_in_bulk_form_render_unqualified ... ok
[INFO] [stdout] test query_builder::select_builder::builder::cursor_paginate_tests::select_cursor_paginate_no_cursor_emits_order_and_limit ... ok
[INFO] [stdout] test query_builder::delete_builder::builder::tests::delete_without_where_clause_panics - should panic ... ok
[INFO] [stdout] test query_builder::insert_builder::builder::tests::typed_columns_in_on_conflict_target_render_unqualified ... ok
[INFO] [stdout] test query_builder::insert_builder::builder::tests::build_without_values_panics - should panic ... ok
[INFO] [stdout] test query_builder::select_builder::builder::tests::all_columns_of_with_table_alias_accepts_static_and_runtime_aliases ... ok
[INFO] [stdout] test query_builder::select_builder::builder::tests::full_join_with_empty_on_panics - should panic ... ok
[INFO] [stdout] test query_builder::select_builder::builder::tests::include_filters_soft_deleted_related_in_on ... ok
[INFO] [stdout] test query_builder::select_builder::builder::tests::include_if_some_none_is_a_noop ... ok
[INFO] [stdout] test query_builder::select_builder::builder::tests::from_raw_can_be_a_subquery ... ok
[INFO] [stdout] test query_builder::select_builder::builder::tests::include_projects_prefixed_columns_and_inner_joins ... ok
[INFO] [stdout] test query_builder::select_builder::builder::tests::include_if_some_some_inner_joins ... ok
[INFO] [stdout] test query_builder::select_builder::builder::tests::include_nullable_if_true_left_joins ... ok
[INFO] [stdout] test query_builder::select_builder::builder::tests::include_if_false_is_a_noop ... ok
[INFO] [stdout] test query_builder::select_builder::builder::tests::include_if_true_inner_joins ... ok
[INFO] [stdout] test query_builder::insert_builder::builder::tests::mixing_value_and_columns_panics - should panic ... ok
[INFO] [stdout] test query_builder::select_builder::builder::tests::include_with_builds_custom_on_without_soft_delete_filter ... ok
[INFO] [stdout] test query_builder::select_builder::builder::tests::include_nullable_with_uses_left_join_and_custom_on ... ok
[INFO] [stdout] test query_builder::select_builder::builder::tests::include_nullable_if_false_and_if_some_none_are_noops ... ok
[INFO] [stdout] test query_builder::select_builder::builder::tests::include_nullable_filters_soft_deleted_related_in_on ... ok
[INFO] [stdout] test query_builder::select_builder::builder::tests::include_nullable_uses_left_join ... ok
[INFO] [stdout] test query_builder::select_builder::builder::tests::inner_join_with_empty_on_panics - should panic ... ok
[INFO] [stdout] test query_builder::select_builder::builder::tests::join_on_with_extra_bound_filter ... ok
[INFO] [stdout] test query_builder::select_builder::builder::tests::left_join_with_empty_on_panics - should panic ... ok
[INFO] [stdout] test query_builder::select_builder::builder::tests::select_cross_join ... ok
[INFO] [stdout] test query_builder::select_builder::builder::tests::select_distinct ... ok
[INFO] [stdout] test query_builder::select_builder::builder::tests::select_distinct_on ... ok
[INFO] [stdout] test query_builder::select_builder::builder::tests::join_on_with_or_eq ... ok
[INFO] [stdout] test query_builder::select_builder::builder::tests::select_columns_from_table ... ok
[INFO] [stdout] test query_builder::select_builder::builder::tests::select_distinct_on_multiple_columns ... ok
[INFO] [stdout] test query_builder::select_builder::builder::tests::select_count ... ok
[INFO] [stdout] test query_builder::select_builder::builder::tests::join_on_with_or_raw ... ok
[INFO] [stdout] test query_builder::select_builder::builder::tests::select_count_distinct ... ok
[INFO] [stdout] test query_builder::select_builder::builder::tests::select_star_from_table ... ok
[INFO] [stdout] test query_builder::select_builder::builder::tests::select_for_update ... ok
[INFO] [stdout] test query_builder::select_builder::builder::tests::right_join_with_empty_on_panics - should panic ... ok
[INFO] [stdout] test query_builder::select_builder::builder::tests::select_union ... ok
[INFO] [stdout] test query_builder::select_builder::builder::tests::select_with_alias_and_column_as ... ok
[INFO] [stdout] test query_builder::select_builder::builder::tests::select_union_all ... ok
[INFO] [stdout] test query_builder::select_builder::builder::tests::select_for_update_of_skip_locked ... ok
[INFO] [stdout] test query_builder::select_builder::builder::tests::select_union_arm_with_order_and_limit_is_parenthesized ... ok
[INFO] [stdout] test query_builder::select_builder::builder::tests::select_exists_wraps ... ok
[INFO] [stdout] test query_builder::select_builder::builder::tests::select_with_cte_raw ... ok
[INFO] [stdout] test query_builder::select_builder::builder::tests::select_with_cte_select_subquery ... ok
[INFO] [stdout] test query_builder::select_builder::builder::tests::select_with_group_by_and_having ... ok
[INFO] [stdout] test query_builder::select_builder::builder::tests::select_with_inner_join ... ok
[INFO] [stdout] test query_builder::select_builder::builder::tests::select_with_order_by_and_limit ... ok
[INFO] [stdout] test query_builder::update_builder::builder::tests::build_without_sets_panics - should panic ... ok
[INFO] [stdout] test query_builder::update_builder::builder::tests::build_without_table_panics - should panic ... ok
[INFO] [stdout] test query_builder::update_builder::builder::tests::set_raw_uses_expression ... ok
[INFO] [stdout] test query_builder::select_builder::builder::tests::select_with_left_and_right_joins ... ok
[INFO] [stdout] test query_builder::update_builder::builder::tests::set_if_some_skips_none ... ok
[INFO] [stdout] test query_builder::update_builder::builder::tests::soft_delete_pattern ... ok
[INFO] [stdout] test query_builder::update_builder::builder::tests::is_empty_tracks_set_count ... ok
[INFO] [stdout] test query_builder::update_builder::builder::tests::simple_update_with_where ... ok
[INFO] [stdout] test query_builder::update_builder::builder::tests::set_if_some_includes_some ... ok
[INFO] [stdout] test query_builder::update_builder::builder::tests::typed_columns_in_set_render_unqualified ... ok
[INFO] [stdout] test query_builder::select_builder::builder::tests::select_with_nulls_order ... ok
[INFO] [stdout] test query_builder::update_builder::builder::tests::typed_columns_with_table_alias_still_render_unqualified_in_set ... ok
[INFO] [stdout] test query_builder::update_builder::builder::tests::update_all_requires_explicit_opt_in ... ok
[INFO] [stdout] test query_builder::update_builder::builder::tests::update_with_a_real_condition_beside_an_empty_not_in_is_allowed ... ok
[INFO] [stdout] test query_builder::update_builder::builder::tests::update_with_returning_all ... ok
[INFO] [stdout] test query_builder::update_builder::builder::tests::set_nullable::absent_skips_field ... ok
[INFO] [stdout] test query_builder::update_builder::builder::tests::update_filtered_only_by_an_empty_not_in_panics - should panic ... ok
[INFO] [stdout] test query_builder::update_builder::builder::tests::update_from_auxiliary_table ... ok
[INFO] [stdout] test query_builder::select_builder::builder::tests::select_with_where ... ok
[INFO] [stdout] test query_builder::update_builder::builder::tests::typed_columns_in_returning_render_unqualified ... ok
[INFO] [stdout] test query_builder::update_builder::builder::tests::update_with_returning_columns ... ok
[INFO] [stdout] test query_builder::where_builder::builder::tests::grouping_generates_correct_sql ... ok
[INFO] [stdout] test query_builder::where_builder::builder::tests::multiple_conditions_with_and_and_or_generate_correct_sql ... ok
[INFO] [stdout] test query_builder::where_builder::builder::tests::or_where_any_generates_correct_sql ... ok
[INFO] [stdout] test query_builder::where_builder::builder::tests::or_where_all_generates_correct_sql ... ok
[INFO] [stdout] test query_builder::where_builder::builder::tests::nested_grouping_generates_correct_sql ... ok
[INFO] [stdout] test query_builder::update_builder::builder::tests::set_nullable::explicit_null_emits_null ... ok
[INFO] [stdout] test query_builder::where_builder::builder::tests::or_where_exists_generates_correct_sql ... ok
[INFO] [stdout] test query_builder::where_builder::builder::tests::or_where_between_generates_correct_sql ... ok
[INFO] [stdout] test query_builder::update_builder::builder::tests::multiple_set_clauses ... ok
[INFO] [stdout] test query_builder::where_builder::builder::tests::or_group_after_where_generates_correct_sql ... ok
[INFO] [stdout] test query_builder::where_builder::builder::tests::or_where_in_with_empty_vec_matches_nothing ... ok
[INFO] [stdout] test query_builder::where_builder::builder::tests::or_where_not_between_generates_correct_sql ... ok
[INFO] [stdout] test query_builder::where_builder::builder::tests::or_where_raw_generates_correct_sql ... ok
[INFO] [stdout] test query_builder::where_builder::builder::tests::or_where_not_in_with_empty_vec_matches_everything ... ok
[INFO] [stdout] test query_builder::where_builder::builder::tests::or_where_raw_with_generates_correct_sql ... ok
[INFO] [stdout] test query_builder::where_builder::builder::tests::where_all_generates_correct_sql ... ok
[INFO] [stdout] test query_builder::update_builder::builder::tests::set_nullable::value_binds_value ... ok
[INFO] [stdout] test query_builder::where_builder::builder::tests::is_empty_returns_correct_state ... ok
[INFO] [stdout] test query_builder::where_builder::builder::tests::uniform_or_chain_stays_flat ... ok
[INFO] [stdout] test query_builder::where_builder::builder::tests::where_col_applies_many_where_conditions ... ok
[INFO] [stdout] test query_builder::where_builder::builder::tests::where_any_generates_correct_sql ... ok
[INFO] [stdout] test query_builder::where_builder::builder::tests::where_col_applies_single_where_condition ... ok
[INFO] [stdout] test query_builder::where_builder::builder::tests::when_skips_condition_when_condition_is_false ... ok
[INFO] [stdout] test query_builder::where_builder::builder::tests::where_any_with_empty_vec_binds_empty_array ... ok
[INFO] [stdout] test query_builder::where_builder::builder::tests::where_between_generates_correct_sql ... ok
[INFO] [stdout] test query_builder::where_builder::builder::tests::where_all_with_empty_vec_binds_empty_array ... ok
[INFO] [stdout] test query_builder::where_builder::builder::tests::where_exists_generates_correct_sql ... ok
[INFO] [stdout] test query_builder::where_builder::builder::tests::mixed_and_or_inside_group_parenthesizes ... ok
[INFO] [stdout] test query_builder::where_builder::builder::tests::where_in_generates_correct_sql ... ok
[INFO] [stdout] test query_builder::where_builder::builder::tests::or_where_col_applies_many_where_condition ... ok
[INFO] [stdout] test query_builder::update_builder::builder::tests::update_without_where_clause_panics - should panic ... ok
[INFO] [stdout] test query_builder::where_builder::builder::tests::where_exists_with_generates_correct_sql ... ok
[INFO] [stdout] test query_builder::where_builder::builder::tests::where_col_matches_col_mixed_with_or_parenthesizes ... ok
[INFO] [stdout] test query_builder::where_builder::builder::tests::where_eq_generates_correct_sql ... ok
[INFO] [stdout] test query_builder::where_builder::builder::tests::empty_where_clause_does_not_generate_sql ... ok
[INFO] [stdout] test query_builder::where_builder::builder::tests::where_in_with_empty_vec_matches_nothing ... ok
[INFO] [stdout] test query_builder::where_builder::builder::tests::when_generates_correct_sql_when_condition_is_true ... ok
[INFO] [stdout] test query_builder::where_builder::builder::tests::where_lt_generates_correct_sql ... ok
[INFO] [stdout] test query_builder::where_builder::builder::tests::where_not_between_generates_correct_sql ... ok
[INFO] [stdout] test query_builder::where_builder::builder::tests::where_not_exists_generates_correct_sql ... ok
[INFO] [stdout] test query_builder::where_builder::builder::tests::where_not_exists_with_generates_correct_sql ... ok
[INFO] [stdout] test query_builder::where_builder::builder::tests::where_not_in_generates_correct_sql ... ok
[INFO] [stdout] test query_builder::where_builder::builder::tests::where_not_in_with_empty_vec_matches_everything ... ok
[INFO] [stdout] test query_builder::where_builder::builder::tests::where_not_null_generates_correct_sql ... ok
[INFO] [stdout] test query_builder::where_builder::builder::tests::where_col_if_some_generates_correct_sql_when_some ... ok
[INFO] [stdout] test query_builder::where_builder::builder::tests::where_col_if_some_skips_condition_when_none ... ok
[INFO] [stdout] test query_builder::where_builder::builder::tests::where_col_matches_col_binds_nothing ... ok
[INFO] [stdout] test query_builder::where_builder::builder::tests::where_null_generates_correct_sql ... ok
[INFO] [stdout] test query_builder::where_builder::builder::tests::where_raw_combines_with_other_conditions ... ok
[INFO] [stdout] test query_builder::where_builder::builder::tests::where_raw_generates_correct_sql ... ok
[INFO] [stdout] test query_builder::where_builder::builder::tests::where_raw_with_if_some_applies_when_some ... ok
[INFO] [stdout] test query_builder::where_builder::builder::tests::where_raw_with_if_some_skips_when_none ... ok
[INFO] [stdout] test query_builder::where_builder::builder::tests::where_raw_with_multiple_values ... ok
[INFO] [stdout] test retry::backoff_policy::tests::default_is_linear ... ok
[INFO] [stdout] test retry::policy::tests::delay_is_capped_at_max ... ok
[INFO] [stdout] test query_builder::where_builder::builder::tests::where_gt_generates_correct_sql ... ok
[INFO] [stdout] test query_builder::where_builder::builder::tests::where_lte_generates_correct_sql ... ok
[INFO] [stdout] test retry::policy::tests::exponential_backoff_doubles ... ok
[INFO] [stdout] test query_builder::where_builder::builder::tests::where_ne_generates_correct_sql ... ok
[INFO] [stdout] test query_builder::where_builder::builder::tests::where_raw_in_group ... ok
[INFO] [stdout] test retry::policy::tests::fixed_backoff_is_constant ... ok
[INFO] [stdout] test retry::policy::tests::idempotent_defaults_off_and_chains ... ok
[INFO] [stdout] test retry::policy::tests::overflow_saturates_to_max ... ok
[INFO] [stdout] test retry::policy::tests::zero_tries_clamps_to_one ... ok
[INFO] [stdout] test retry::policy::tests::jittered_delay_stays_in_bounds ... ok
[INFO] [stdout] test types::column_ref::tests::alias_tuple_with_column_qualified_by_alias ... ok
[INFO] [stdout] test retry::policy::tests::linear_backoff_grows_by_base ... ok
[INFO] [stdout] test query_builder::where_builder::builder::tests::where_gte_generates_correct_sql ... ok
[INFO] [stdout] test types::column_ref::tests::aliased_qualifier_with_aliased_column ... ok
[INFO] [stdout] test types::table_ref::tests::owned_string_works ... ok
[INFO] [stdout] test types::column_ref::tests::bare_displays_as_is ... ok
[INFO] [stdout] test types::column_ref::tests::column_with_alias_renders_aliased_only_via_aliased ... ok
[INFO] [stdout] test types::column_ref::tests::unqualified_aliased_renders_column_and_alias_only ... ok
[INFO] [stdout] test types::column_ref::tests::database_table_column_qualified_by_table_name ... ok
[INFO] [stdout] test query_builder::where_builder::builder::tests::where_raw_with_combines_with_standard_conditions ... ok
[INFO] [stdout] test types::column_ref::tests::unqualified_leaves_pre_qualified_bare_unchanged ... ok
[INFO] [stdout] test query_builder::where_builder::builder::tests::where_raw_with_generates_correct_sql ... ok
[INFO] [stdout] test retry::policy::tests::jittered_delay_respects_max_cap ... ok
[INFO] [stdout] test types::column_ref::tests::unqualified_strips_qualifier_for_all_variants ... ok
[INFO] [stdout] test types::table_ref::tests::bare_displays_as_name ... ok
[INFO] [stdout] test types::table_ref::tests::database_table_becomes_bare ... ok
[INFO] [stdout] test types::table_ref::tests::database_table_tuple_becomes_aliased ... ok
[INFO] [stdout] test query_builder::where_builder::builder::tests::where_any_op_generates_correct_sql ... ok
[INFO] [stdout] 
[INFO] [stdout] failures:
[INFO] [stdout] 
[INFO] [stdout] ---- pool::get::tests::session_timeouts_are_applied stdout ----
[INFO] [stderr] error: test failed, to rerun pass `--lib`
[INFO] [stdout] 
[INFO] [stdout] thread 'pool::get::tests::session_timeouts_are_applied' (3529) panicked at /opt/rustwide/cargo-home/registry/src/index.crates.io-1949cf8c6b5b557f/sqlx-postgres-0.9.0/src/testing/mod.rs:93:44:
[INFO] [stdout] DATABASE_URL must be set: EnvVar(NotPresent)
[INFO] [stdout] stack backtrace:
[INFO] [stdout]    0:     0x5925df6fadd1 - <<std[617be2ca0a6fd877]::sys::backtrace::BacktraceLock>::print::DisplayBacktrace as core[a373ad73a504971]::fmt::Display>::fmt
[INFO] [stdout]    1:     0x5925df711e3a - core[a373ad73a504971]::fmt::write
[INFO] [stdout]    2:     0x5925df6ff63c - <alloc[2e1b2a31b91974c5]::vec::Vec<u8> as core[a373ad73a504971]::io::write::Write>::write_fmt
[INFO] [stdout]    3:     0x5925df6d5c76 - std[617be2ca0a6fd877]::panicking::default_hook::{closure#0}
[INFO] [stdout]    4:     0x5925df6f2b39 - std[617be2ca0a6fd877]::panicking::default_hook
[INFO] [stdout]    5:     0x5925df5a5570 - test[aada8e7e76ba119b]::test_main_inner::{closure#0}
[INFO] [stdout]    6:     0x5925df6f2e62 - std[617be2ca0a6fd877]::panicking::panic_with_hook
[INFO] [stdout]    7:     0x5925df6d5d22 - std[617be2ca0a6fd877]::panicking::panic_handler::{closure#0}
[INFO] [stdout]    8:     0x5925df6ce719 - std[617be2ca0a6fd877]::sys::backtrace::__rust_end_short_backtrace::<std[617be2ca0a6fd877]::panicking::panic_handler::{closure#0}, !>
[INFO] [stdout]    9:     0x5925df6d6bbd - __rustc[ea4f61d10b84890b]::rust_begin_unwind
[INFO] [stdout]   10:     0x5925df71259c - core[a373ad73a504971]::panicking::panic_fmt
[INFO] [stdout]   11:     0x5925df712372 - core[a373ad73a504971]::result::unwrap_failed
[INFO] [stdout]   12:     0x5925df47187d - sqlx_core[a6b9b670f86385a4]::testing::run_test::<sqlx_postgres[b046858a63709512]::database::Postgres, sqlx_core[a6b9b670f86385a4]::testing::run_test_with_pool<sqlx_postgres[b046858a63709512]::database::Postgres, fn(sqlx_core[a6b9b670f86385a4]::pool::Pool<sqlx_postgres[b046858a63709512]::database::Postgres>) -> pgkit[442f3e9e19badf33]::pool::get::tests::session_timeouts_are_applied::session_timeouts_are_applied::{closure#0}, pgkit[442f3e9e19badf33]::pool::get::tests::session_timeouts_are_applied::session_timeouts_are_applied::{closure#0}>::{closure#0}, sqlx_core[a6b9b670f86385a4]::testing::run_test_with_pool<sqlx_postgres[b046858a63709512]::database::Postgres, fn(sqlx_core[a6b9b670f86385a4]::pool::Pool<sqlx_postgres[b046858a63709512]::database::Postgres>) -> pgkit[442f3e9e19badf33]::pool::get::tests::session_timeouts_are_applied::session_timeouts_are_applied::{closure#0}, pgkit[442f3e9e19badf33]::pool::get::tests::session_timeouts_are_applied::session_timeouts_are_applied::{closure#0}>::{closure#0}::{closure#0}>::{closure#0}
[INFO] [stdout]   13:     0x5925df4f0693 - <tokio[a4c51ec55f2a97ea]::runtime::scheduler::current_thread::CurrentThread>::block_on::<sqlx_core[a6b9b670f86385a4]::testing::run_test<sqlx_postgres[b046858a63709512]::database::Postgres, sqlx_core[a6b9b670f86385a4]::testing::run_test_with_pool<sqlx_postgres[b046858a63709512]::database::Postgres, fn(sqlx_core[a6b9b670f86385a4]::pool::Pool<sqlx_postgres[b046858a63709512]::database::Postgres>) -> pgkit[442f3e9e19badf33]::pool::get::tests::session_timeouts_are_applied::session_timeouts_are_applied::{closure#0}, pgkit[442f3e9e19badf33]::pool::get::tests::session_timeouts_are_applied::session_timeouts_are_applied::{closure#0}>::{closure#0}, sqlx_core[a6b9b670f86385a4]::testing::run_test_with_pool<sqlx_postgres[b046858a63709512]::database::Postgres, fn(sqlx_core[a6b9b670f86385a4]::pool::Pool<sqlx_postgres[b046858a63709512]::database::Postgres>) -> pgkit[442f3e9e19badf33]::pool::get::tests::session_timeouts_are_applied::session_timeouts_are_applied::{closure#0}, pgkit[442f3e9e19badf33]::pool::get::tests::session_timeouts_are_applied::session_timeouts_are_applied::{closure#0}>::{closure#0}::{closure#0}>::{closure#0}>
[INFO] [stdout]   14:     0x5925df505984 - <tokio[a4c51ec55f2a97ea]::runtime::runtime::Runtime>::block_on::<sqlx_core[a6b9b670f86385a4]::testing::run_test<sqlx_postgres[b046858a63709512]::database::Postgres, sqlx_core[a6b9b670f86385a4]::testing::run_test_with_pool<sqlx_postgres[b046858a63709512]::database::Postgres, fn(sqlx_core[a6b9b670f86385a4]::pool::Pool<sqlx_postgres[b046858a63709512]::database::Postgres>) -> pgkit[442f3e9e19badf33]::pool::get::tests::session_timeouts_are_applied::session_timeouts_are_applied::{closure#0}, pgkit[442f3e9e19badf33]::pool::get::tests::session_timeouts_are_applied::session_timeouts_are_applied::{closure#0}>::{closure#0}, sqlx_core[a6b9b670f86385a4]::testing::run_test_with_pool<sqlx_postgres[b046858a63709512]::database::Postgres, fn(sqlx_core[a6b9b670f86385a4]::pool::Pool<sqlx_postgres[b046858a63709512]::database::Postgres>) -> pgkit[442f3e9e19badf33]::pool::get::tests::session_timeouts_are_applied::session_timeouts_are_applied::{closure#0}, pgkit[442f3e9e19badf33]::pool::get::tests::session_timeouts_are_applied::session_timeouts_are_applied::{closure#0}>::{closure#0}::{closure#0}>::{closure#0}>
[INFO] [stdout]   15:     0x5925df51aa74 - sqlx_core[a6b9b670f86385a4]::rt::test_block_on::<sqlx_core[a6b9b670f86385a4]::testing::run_test<sqlx_postgres[b046858a63709512]::database::Postgres, sqlx_core[a6b9b670f86385a4]::testing::run_test_with_pool<sqlx_postgres[b046858a63709512]::database::Postgres, fn(sqlx_core[a6b9b670f86385a4]::pool::Pool<sqlx_postgres[b046858a63709512]::database::Postgres>) -> pgkit[442f3e9e19badf33]::pool::get::tests::session_timeouts_are_applied::session_timeouts_are_applied::{closure#0}, pgkit[442f3e9e19badf33]::pool::get::tests::session_timeouts_are_applied::session_timeouts_are_applied::{closure#0}>::{closure#0}, sqlx_core[a6b9b670f86385a4]::testing::run_test_with_pool<sqlx_postgres[b046858a63709512]::database::Postgres, fn(sqlx_core[a6b9b670f86385a4]::pool::Pool<sqlx_postgres[b046858a63709512]::database::Postgres>) -> pgkit[442f3e9e19badf33]::pool::get::tests::session_timeouts_are_applied::session_timeouts_are_applied::{closure#0}, pgkit[442f3e9e19badf33]::pool::get::tests::session_timeouts_are_applied::session_timeouts_are_applied::{closure#0}>::{closure#0}::{closure#0}>::{closure#0}>
[INFO] [stdout]   16:     0x5925df4dd905 - <pgkit[442f3e9e19badf33]::pool::get::tests::session_timeouts_are_applied::{closure#0} as core[a373ad73a504971]::ops::function::FnOnce<()>>::call_once
[INFO] [stdout]   17:     0x5925df5989bb - test[aada8e7e76ba119b]::__rust_begin_short_backtrace::<core[a373ad73a504971]::result::Result<(), alloc[2e1b2a31b91974c5]::string::String>, fn() -> core[a373ad73a504971]::result::Result<(), alloc[2e1b2a31b91974c5]::string::String>>
[INFO] [stdout]   18:     0x5925df5a5b95 - test[aada8e7e76ba119b]::run_test::{closure#0}
[INFO] [stdout]   19:     0x5925df59f484 - std[617be2ca0a6fd877]::sys::backtrace::__rust_begin_short_backtrace::<test[aada8e7e76ba119b]::run_test::{closure#1}, ()>
[INFO] [stdout]   20:     0x5925df5a8c22 - <std[617be2ca0a6fd877]::thread::lifecycle::spawn_unchecked<test[aada8e7e76ba119b]::run_test::{closure#1}, ()>::{closure#1} as core[a373ad73a504971]::ops::function::FnOnce<()>>::call_once::{shim:vtable#0}
[INFO] [stdout]   21:     0x5925df6fa27f - <std[617be2ca0a6fd877]::sys::thread::unix::Thread>::new::thread_start
[INFO] [stdout]   22:     0x728f3db98dfa - <unknown>
[INFO] [stdout]   23:     0x728f3dc2c3d4 - clone
[INFO] [stdout]   24:                0x0 - <unknown>
[INFO] [stdout] 
[INFO] [stdout] 
[INFO] [stdout] failures:
[INFO] [stdout]     pool::get::tests::session_timeouts_are_applied
[INFO] [stdout] 
[INFO] [stdout] test result: FAILED. 254 passed; 1 failed; 0 ignored; 0 measured; 0 filtered out; finished in 0.04s
[INFO] [stdout] 
[INFO] running `Command { std: "docker" "inspect" "cf8b23e0a4aa68d7f2fcbd942ff3092d4d671a0f6f073f963cd34e6c1d68ab38", kill_on_drop: false }`
[INFO] running `Command { std: "docker" "rm" "-f" "cf8b23e0a4aa68d7f2fcbd942ff3092d4d671a0f6f073f963cd34e6c1d68ab38", kill_on_drop: false }`
[INFO] [stdout] cf8b23e0a4aa68d7f2fcbd942ff3092d4d671a0f6f073f963cd34e6c1d68ab38
