[INFO] fetching crate pgdrift-core 0.1.2...
[INFO] testing pgdrift-core-0.1.2 against 1.99.0-beta.8+cargoflags=--release for beta-release-1.100-2
[INFO] extracting crate pgdrift-core 0.1.2 into /workspace/builds/worker-7-tc1/source
[INFO] started tweaking crates.io crate pgdrift-core 0.1.2
[INFO] removed 0 missing tests
[INFO] finished tweaking crates.io crate pgdrift-core 0.1.2
[INFO] tweaked toml for crates.io crate pgdrift-core 0.1.2 written to /workspace/builds/worker-7-tc1/source/Cargo.toml
[INFO] validating manifest of crates.io crate pgdrift-core 0.1.2 on toolchain 1.99.0-beta.8
[INFO] running `Command { std: CARGO_HOME="/workspace/cargo-home" RUSTUP_HOME="/workspace/rustup-home" "/workspace/cargo-home/bin/cargo" "+1.99.0-beta.8" "metadata" "--manifest-path" "Cargo.toml" "--no-deps", kill_on_drop: false }`
[INFO] crate crates.io crate pgdrift-core 0.1.2 already has a lockfile, it will not be regenerated
[INFO] running `Command { std: CARGO_HOME="/workspace/cargo-home" RUSTUP_HOME="/workspace/rustup-home" "/workspace/cargo-home/bin/cargo" "+1.99.0-beta.8" "fetch" "--manifest-path" "Cargo.toml", kill_on_drop: false }`
[INFO] [stderr]     Updating crates.io index
[INFO] [stderr]  Downloading crates ...
[INFO] [stderr]   Downloaded pgdrift-db v0.1.2
[INFO] [stderr]   Downloaded zmij v1.0.3
[INFO] [stderr]   Downloaded parse-display v0.9.1
[INFO] [stderr]   Downloaded rsa v0.9.9
[INFO] [stderr]   Downloaded webpki-roots v1.0.4
[INFO] [stderr]   Downloaded parse-display-derive v0.9.1
[INFO] [stderr]   Downloaded docker_credential v1.3.2
[INFO] [stderr]   Downloaded testcontainers v0.27.3
[INFO] [stderr]   Downloaded bollard v0.20.2
[INFO] [stderr]   Downloaded bollard-buildkit-proto v0.7.0
[INFO] [stderr]   Downloaded bollard-stubs v1.52.1-rc.29.1.3
[INFO] [stderr]   Downloaded astral-tokio-tar v0.6.2
[INFO] [stderr]   Downloaded console v0.16.2
[INFO] running `Command { std: "docker" "create" "-v" "/var/lib/crater-agent-workspace/builds/worker-7-tc1/source:/opt/rustwide/workdir:ro,Z" "-v" "/var/lib/crater-agent-workspace/builds/worker-7-tc1/target:/opt/rustwide/target:rw,Z" "-v" "/var/lib/crater-agent-workspace/cargo-home:/opt/rustwide/cargo-home:ro,Z" "-v" "/var/lib/crater-agent-workspace/rustup-home:/opt/rustwide/rustup-home:ro,Z" "-m" "1610612736" "--network" "none" "ghcr.io/rust-lang/crates-build-env/linux@sha256:77db811e55d90add9212f6832c23229e3de5f1c1f9905e8cb07319ea15df73ac" "sleep" "infinity", kill_on_drop: false }`
[INFO] [stdout] 004ada311dd1fd5a9471a2ab405ceac7e7b207e129f1c4c7be6e39f916db9bcd
[INFO] running `Command { std: "docker" "start" "004ada311dd1fd5a9471a2ab405ceac7e7b207e129f1c4c7be6e39f916db9bcd", kill_on_drop: false }`
[INFO] running `Command { std: "docker" "inspect" "004ada311dd1fd5a9471a2ab405ceac7e7b207e129f1c4c7be6e39f916db9bcd", kill_on_drop: false }`
[INFO] running `Command { std: "docker" "exec" "-e" "SOURCE_DIR=/opt/rustwide/workdir" "-e" "CARGO_HOME=/opt/rustwide/cargo-home" "-e" "RUSTUP_HOME=/opt/rustwide/rustup-home" "-e" "CARGO_TARGET_DIR=/opt/rustwide/target" "-w" "/opt/rustwide/workdir" "--user" "0:0" "004ada311dd1fd5a9471a2ab405ceac7e7b207e129f1c4c7be6e39f916db9bcd" "/opt/rustwide/cargo-home/bin/cargo" "+1.99.0-beta.8" "metadata" "--no-deps" "--format-version=1", kill_on_drop: false }`
[INFO] running `Command { std: "docker" "inspect" "004ada311dd1fd5a9471a2ab405ceac7e7b207e129f1c4c7be6e39f916db9bcd", kill_on_drop: false }`
[INFO] running `Command { std: "docker" "exec" "-e" "SOURCE_DIR=/opt/rustwide/workdir" "-e" "CARGO_HOME=/opt/rustwide/cargo-home" "-e" "RUSTUP_HOME=/opt/rustwide/rustup-home" "-e" "CARGO_TARGET_DIR=/opt/rustwide/target" "-e" "CARGO_INCREMENTAL=0" "-e" "RUST_BACKTRACE=full" "-e" "RUSTFLAGS=--cap-lints=warn" "-e" "RUSTDOCFLAGS=--cap-lints=warn" "-w" "/opt/rustwide/workdir" "--user" "0:0" "004ada311dd1fd5a9471a2ab405ceac7e7b207e129f1c4c7be6e39f916db9bcd" "/opt/rustwide/cargo-home/bin/cargo" "+1.99.0-beta.8" "build" "--frozen" "--message-format=json" "--release", kill_on_drop: false }`
[INFO] [stderr]    Compiling proc-macro2 v1.0.104
[INFO] [stderr]    Compiling zmij v1.0.3
[INFO] [stderr]    Compiling errno v0.3.14
[INFO] [stderr]    Compiling mio v1.1.1
[INFO] [stderr]    Compiling socket2 v0.6.1
[INFO] [stderr]    Compiling signal-hook-registry v1.4.8
[INFO] [stderr]    Compiling serde_json v1.0.149
[INFO] [stderr]    Compiling quote v1.0.42
[INFO] [stderr]    Compiling syn v2.0.111
[INFO] [stderr]    Compiling serde_derive v1.0.228
[INFO] [stderr]    Compiling tokio-macros v2.6.0
[INFO] [stderr]    Compiling tokio v1.49.0
[INFO] [stderr]    Compiling serde v1.0.228
[INFO] [stderr]    Compiling pgdrift-core v0.1.2 (/opt/rustwide/workdir)
[INFO] [stderr]     Finished `release` profile [optimized] target(s) in 18.76s
[INFO] running `Command { std: "docker" "inspect" "004ada311dd1fd5a9471a2ab405ceac7e7b207e129f1c4c7be6e39f916db9bcd", kill_on_drop: false }`
[INFO] running `Command { std: "docker" "exec" "-e" "SOURCE_DIR=/opt/rustwide/workdir" "-e" "CARGO_HOME=/opt/rustwide/cargo-home" "-e" "RUSTUP_HOME=/opt/rustwide/rustup-home" "-e" "CARGO_TARGET_DIR=/opt/rustwide/target" "-e" "CARGO_INCREMENTAL=0" "-e" "RUST_BACKTRACE=full" "-e" "RUSTFLAGS=--cap-lints=warn" "-e" "RUSTDOCFLAGS=--cap-lints=warn" "-w" "/opt/rustwide/workdir" "--user" "0:0" "004ada311dd1fd5a9471a2ab405ceac7e7b207e129f1c4c7be6e39f916db9bcd" "/opt/rustwide/cargo-home/bin/cargo" "+1.99.0-beta.8" "test" "--frozen" "--no-run" "--message-format=json" "--release", kill_on_drop: false }`
[INFO] [stderr]    Compiling find-msvc-tools v0.1.6
[INFO] [stderr]    Compiling libc v0.2.178
[INFO] [stderr]    Compiling zerocopy v0.8.31
[INFO] [stderr]    Compiling syn v2.0.111
[INFO] [stderr]    Compiling futures-io v0.3.31
[INFO] [stderr]    Compiling crossbeam-utils v0.8.21
[INFO] [stderr]    Compiling getrandom v0.2.16
[INFO] [stderr]    Compiling serde_json v1.0.149
[INFO] [stderr]    Compiling rustls-pki-types v1.13.2
[INFO] [stderr]    Compiling litemap v0.8.1
[INFO] [stderr]    Compiling writeable v0.6.2
[INFO] [stderr]    Compiling rustls v0.23.35
[INFO] [stderr]    Compiling icu_properties_data v2.1.2
[INFO] [stderr]    Compiling icu_normalizer_data v2.1.1
[INFO] [stderr]    Compiling pin-project-lite v0.2.16
[INFO] [stderr]    Compiling zeroize v1.8.2
[INFO] [stderr]    Compiling digest v0.10.7
[INFO] [stderr]    Compiling http-body-util v0.1.3
[INFO] [stderr]    Compiling futures-core v0.3.31
[INFO] [stderr]    Compiling crypto-common v0.1.7
[INFO] [stderr]    Compiling cc v1.2.51
[INFO] [stderr]    Compiling parking_lot_core v0.9.12
[INFO] [stderr]    Compiling scopeguard v1.2.0
[INFO] [stderr]    Compiling untrusted v0.9.0
[INFO] [stderr]    Compiling zmij v1.0.3
[INFO] [stderr]    Compiling lock_api v0.4.14
[INFO] [stderr]    Compiling percent-encoding v2.3.2
[INFO] [stderr]    Compiling tinyvec_macros v0.1.1
[INFO] [stderr]    Compiling futures-sink v0.3.31
[INFO] [stderr]    Compiling matchit v0.8.4
[INFO] [stderr]    Compiling bytes v1.11.1
[INFO] [stderr]    Compiling utf8_iter v1.0.4
[INFO] [stderr]    Compiling tinyvec v1.10.0
[INFO] [stderr]    Compiling form_urlencoded v1.2.2
[INFO] [stderr]    Compiling concurrent-queue v2.5.0
[INFO] [stderr]    Compiling num-traits v0.2.19
[INFO] [stderr]    Compiling webpki-roots v1.0.4
[INFO] [stderr]    Compiling axum-core v0.5.6
[INFO] [stderr]    Compiling tracing-core v0.1.36
[INFO] [stderr]    Compiling num-integer v0.1.46
[INFO] [stderr]    Compiling thiserror v2.0.17
[INFO] [stderr]    Compiling crc-catalog v2.4.0
[INFO] [stderr]    Compiling futures-task v0.3.31
[INFO] [stderr]    Compiling pin-utils v0.1.0
[INFO] [stderr]    Compiling socket2 v0.6.1
[INFO] [stderr]    Compiling mio v1.1.1
[INFO] [stderr]    Compiling slab v0.4.11
[INFO] [stderr]    Compiling portable-atomic v1.13.0
[INFO] [stderr]    Compiling parking v2.2.1
[INFO] [stderr]    Compiling indexmap v2.12.1
[INFO] [stderr]    Compiling rand_core v0.6.4
[INFO] [stderr]    Compiling event-listener v5.4.1
[INFO] [stderr]    Compiling futures-util v0.3.31
[INFO] [stderr]    Compiling sha2 v0.10.9
[INFO] [stderr]    Compiling unicode-normalization v0.1.25
[INFO] [stderr]    Compiling webpki-roots v0.26.11
[INFO] [stderr]    Compiling crc v3.4.0
[INFO] [stderr]    Compiling crossbeam-queue v0.3.12
[INFO] [stderr]    Compiling ppv-lite86 v0.2.21
[INFO] [stderr]    Compiling ring v0.17.14
[INFO] [stderr]    Compiling tokio v1.49.0
[INFO] [stderr]    Compiling getrandom v0.3.4
[INFO] [stderr]    Compiling hashlink v0.10.0
[INFO] [stderr]    Compiling hmac v0.12.1
[INFO] [stderr]    Compiling ureq-proto v0.5.3
[INFO] [stderr]    Compiling aho-corasick v1.1.4
[INFO] [stderr]    Compiling rustix v1.1.3
[INFO] [stderr]    Compiling unicode-properties v0.1.4
[INFO] [stderr]    Compiling unicode-bidi v0.3.18
[INFO] [stderr]    Compiling rand_chacha v0.3.1
[INFO] [stderr]    Compiling regex-syntax v0.8.8
[INFO] [stderr]    Compiling base64 v0.22.1
[INFO] [stderr]    Compiling bollard-buildkit-proto v0.7.0
[INFO] [stderr]    Compiling rand v0.8.5
[INFO] [stderr]    Compiling stringprep v0.1.5
[INFO] [stderr]    Compiling atoi v2.0.0
[INFO] [stderr]    Compiling deranged v0.5.5
[INFO] [stderr]    Compiling rand_core v0.9.3
[INFO] [stderr]    Compiling hkdf v0.12.4
[INFO] [stderr]    Compiling num-bigint v0.4.6
[INFO] [stderr]    Compiling futures-channel v0.3.31
[INFO] [stderr]    Compiling md-5 v0.10.6
[INFO] [stderr]    Compiling whoami v1.6.1
[INFO] [stderr]    Compiling home v0.5.12
[INFO] [stderr]    Compiling dotenvy v0.15.7
[INFO] [stderr]    Compiling byteorder v1.5.0
[INFO] [stderr]    Compiling chacha20 v0.10.0
[INFO] [stderr]    Compiling rand_chacha v0.9.0
[INFO] [stderr]    Compiling getrandom v0.4.2
[INFO] [stderr]    Compiling num-iter v0.1.45
[INFO] [stderr]    Compiling synstructure v0.13.2
[INFO] [stderr]    Compiling darling_core v0.21.3
[INFO] [stderr]    Compiling time v0.3.47
[INFO] [stderr]    Compiling num-complex v0.4.6
[INFO] [stderr]    Compiling openssl-probe v0.2.0
[INFO] [stderr]    Compiling regex-automata v0.4.13
[INFO] [stderr]    Compiling rustls-native-certs v0.8.3
[INFO] [stderr]    Compiling rand v0.9.4
[INFO] [stderr]    Compiling rand v0.10.1
[INFO] [stderr]    Compiling num-rational v0.4.2
[INFO] [stderr]    Compiling num v0.4.3
[INFO] [stderr]    Compiling filetime v0.2.26
[INFO] [stderr]    Compiling console v0.16.2
[INFO] [stderr]    Compiling serde_derive v1.0.228
[INFO] [stderr]    Compiling zerofrom-derive v0.1.6
[INFO] [stderr]    Compiling yoke-derive v0.8.1
[INFO] [stderr]    Compiling zerovec-derive v0.11.2
[INFO] [stderr]    Compiling displaydoc v0.2.5
[INFO] [stderr]    Compiling tokio-macros v2.6.0
[INFO] [stderr]    Compiling tracing-attributes v0.1.31
[INFO] [stderr]    Compiling futures-macro v0.3.31
[INFO] [stderr]    Compiling thiserror-impl v2.0.17
[INFO] [stderr]    Compiling zerofrom v0.1.6
[INFO] [stderr]    Compiling yoke v0.8.1
[INFO] [stderr]    Compiling zerovec v0.11.5
[INFO] [stderr]    Compiling zerotrie v0.2.3
[INFO] [stderr]    Compiling pin-project-internal v1.1.10
[INFO] [stderr]    Compiling rustls-webpki v0.103.13
[INFO] [stderr]    Compiling async-trait v0.1.89
[INFO] [stderr]    Compiling tracing v0.1.44
[INFO] [stderr]    Compiling tokio-stream v0.1.17
[INFO] [stderr]    Compiling darling_macro v0.21.3
[INFO] [stderr]    Compiling tinystr v0.8.2
[INFO] [stderr]    Compiling potential_utf v0.1.4
[INFO] [stderr]    Compiling structmeta-derive v0.3.0
[INFO] [stderr]    Compiling darling v0.21.3
[INFO] [stderr]    Compiling icu_locale_core v2.1.1
[INFO] [stderr]    Compiling icu_collections v2.1.1
[INFO] [stderr]    Compiling regex v1.12.2
[INFO] [stderr]    Compiling serde_repr v0.1.20
[INFO] [stderr]    Compiling async-stream-impl v0.3.6
[INFO] [stderr]    Compiling serde_with_macros v3.16.1
[INFO] [stderr]    Compiling async-stream v0.3.6
[INFO] [stderr]    Compiling xattr v1.6.1
[INFO] [stderr]    Compiling ferroid v2.0.0
[INFO] [stderr]    Compiling etcetera v0.11.0
[INFO] [stderr]    Compiling indicatif v0.18.4
[INFO] [stderr]    Compiling pin-project v1.1.10
[INFO] [stderr]    Compiling structmeta v0.3.0
[INFO] [stderr]    Compiling icu_provider v2.1.1
[INFO] [stderr]    Compiling serde_with v3.16.1
[INFO] [stderr]    Compiling parse-display-derive v0.9.1
[INFO] [stderr]    Compiling serde v1.0.228
[INFO] [stderr]    Compiling icu_properties v2.1.2
[INFO] [stderr]    Compiling either v1.15.0
[INFO] [stderr]    Compiling smallvec v1.15.1
[INFO] [stderr]    Compiling serde_urlencoded v0.7.1
[INFO] [stderr]    Compiling docker_credential v1.3.2
[INFO] [stderr]    Compiling itertools v0.14.0
[INFO] [stderr]    Compiling icu_normalizer v2.1.1
[INFO] [stderr]    Compiling parse-display v0.9.1
[INFO] [stderr]    Compiling parking_lot v0.12.5
[INFO] [stderr]    Compiling idna_adapter v1.2.1
[INFO] [stderr]    Compiling idna v1.1.0
[INFO] [stderr]    Compiling futures-intrusive v0.5.0
[INFO] [stderr]    Compiling futures-executor v0.3.31
[INFO] [stderr]    Compiling url v2.5.7
[INFO] [stderr]    Compiling futures v0.3.31
[INFO] [stderr]    Compiling prost-derive v0.14.1
[INFO] [stderr]    Compiling prost v0.14.1
[INFO] [stderr]    Compiling sqlx-core v0.8.6
[INFO] [stderr]    Compiling prost-types v0.14.1
[INFO] [stderr]    Compiling sqlx-postgres v0.8.6
[INFO] [stderr]    Compiling tokio-util v0.7.17
[INFO] [stderr]    Compiling pgdrift-core v0.1.2 (/opt/rustwide/workdir)
[INFO] [stderr]    Compiling astral-tokio-tar v0.6.2
[INFO] [stderr]    Compiling h2 v0.4.12
[INFO] [stderr]    Compiling tower v0.5.2
[INFO] [stderr]    Compiling axum v0.8.8
[INFO] [stderr]    Compiling sqlx-macros-core v0.8.6
[INFO] [stderr]    Compiling ureq v3.1.4
[INFO] [stderr]    Compiling tokio-rustls v0.26.4
[INFO] [stderr]    Compiling sqlx-macros v0.8.6
[INFO] [stderr]    Compiling hyper v1.8.1
[INFO] [stderr]    Compiling hyper-util v0.1.19
[INFO] [stderr]    Compiling hyper-timeout v0.5.2
[INFO] [stderr]    Compiling hyper-rustls v0.27.7
[INFO] [stderr]    Compiling hyperlocal v0.9.1
[INFO] [stderr]    Compiling tonic v0.14.2
[INFO] [stderr]    Compiling sqlx v0.8.6
[INFO] [stderr]    Compiling tonic-prost v0.14.2
[INFO] [stderr]    Compiling bollard-stubs v1.52.1-rc.29.1.3
[INFO] [stderr]    Compiling bollard v0.20.2
[INFO] [stderr]    Compiling testcontainers v0.27.3
[INFO] [stderr]    Compiling pgdrift-db v0.1.2
[INFO] [stderr]     Finished `release` profile [optimized] target(s) in 3m 46s
[INFO] running `Command { std: "docker" "inspect" "004ada311dd1fd5a9471a2ab405ceac7e7b207e129f1c4c7be6e39f916db9bcd", kill_on_drop: false }`
[INFO] running `Command { std: "docker" "exec" "-e" "SOURCE_DIR=/opt/rustwide/workdir" "-e" "CARGO_HOME=/opt/rustwide/cargo-home" "-e" "RUSTUP_HOME=/opt/rustwide/rustup-home" "-e" "CARGO_TARGET_DIR=/opt/rustwide/target" "-e" "CARGO_INCREMENTAL=0" "-e" "RUST_BACKTRACE=full" "-e" "RUSTFLAGS=--cap-lints=warn" "-e" "RUSTDOCFLAGS=--cap-lints=warn" "-w" "/opt/rustwide/workdir" "--user" "0:0" "004ada311dd1fd5a9471a2ab405ceac7e7b207e129f1c4c7be6e39f916db9bcd" "/opt/rustwide/cargo-home/bin/cargo" "+1.99.0-beta.8" "test" "--frozen" "--release", kill_on_drop: false }`
[INFO] [stderr]     Finished `release` profile [optimized] target(s) in 0.49s
[INFO] [stderr]      Running unittests src/lib.rs (/opt/rustwide/target/release/deps/pgdrift_core-1d4ec5cbb57ef2e2)
[INFO] [stdout] 
[INFO] [stdout] running 56 tests
[INFO] [stdout] test analyzer::tests::test_deep_nesting ... ok
[INFO] [stdout] test analyzer::tests::test_flat_object ... ok
[INFO] [stdout] test analyzer::tests::test_multiple_documents_density ... ok
[INFO] [stdout] test analyzer::tests::test_nested_object ... ok
[INFO] [stdout] test analyzer::tests::test_array_with_objects ... ok
[INFO] [stdout] test drift::tests::test_custom_config_thresholds ... ok
[INFO] [stdout] test drift::tests::test_drift_issue_description ... ok
[INFO] [stdout] test analyzer::tests::test_null_tracking ... ok
[INFO] [stdout] test drift::tests::test_ghost_key_below_threshold ... ok
[INFO] [stdout] test drift::tests::test_type_inconsistency_critical_threshold ... ok
[INFO] [stdout] test drift::tests::test_missing_key_detection ... ok
[INFO] [stdout] test drift::tests::test_type_inconsistency_detection ... ok
[INFO] [stdout] test analyzer::tests::test_empty_array ... ok
[INFO] [stdout] test analyzer::tests::test_type_inconsistency ... ok
[INFO] [stdout] test index::tests::test_btree_has_extraction_and_where ... ok
[INFO] [stdout] test index::tests::test_high_density_recommends_gin ... ok
[INFO] [stdout] test index::tests::test_index_name_generation_basic ... ok
[INFO] [stdout] test index::tests::test_index_name_generation_truncation ... ok
[INFO] [stdout] test index::tests::test_index_name_generation_with_arrays ... ok
[INFO] [stdout] test drift::tests::test_detect_drift_comprehensive ... ok
[INFO] [stdout] test drift::tests::test_missing_key_warning_threshold ... ok
[INFO] [stdout] test index::tests::test_index_name_special_chars_removed ... ok
[INFO] [stdout] test index::tests::test_calculate_simple_hash ... ok
[INFO] [stdout] test index::tests::test_index_priority_to_name ... ok
[INFO] [stdout] test analyzer::tests::test_examples_collection ... ok
[INFO] [stdout] test drift::tests::test_schema_evolution_deprecated_naming ... ok
[INFO] [stdout] test index::tests::test_json_path_to_sql_conditions_simple ... ok
[INFO] [stdout] test drift::tests::test_ghost_key_detection ... ok
[INFO] [stdout] test drift::tests::test_type_inconsistency_below_threshold ... ok
[INFO] [stdout] test drift::tests::test_schema_evolution_version_marker ... ok
[INFO] [stdout] test drift::tests::test_missing_key_above_threshold ... ok
[INFO] [stdout] test drift::tests::test_severity_ordering ... ok
[INFO] [stdout] test index::tests::test_medium_density_boolean_recommends_btree ... ok
[INFO] [stdout] test index::tests::test_medium_density_number_recommends_btree ... ok
[INFO] [stdout] test index::tests::test_custom_medium_density_threshold ... ok
[INFO] [stdout] test index::tests::test_json_path_to_sql_conditions_nested ... ok
[INFO] [stdout] test index::tests::test_gin_recommendation_has_complete_sql ... ok
[INFO] [stdout] test index::tests::test_get_dominant_type ... ok
[INFO] [stdout] test index::tests::test_index_type_to_name ... ok
[INFO] [stdout] test index::tests::test_is_scalar_type ... ok
[INFO] [stdout] test index::tests::test_json_path_escaping ... ok
[INFO] [stdout] test index::tests::test_medium_density_string_recommends_btree ... ok
[INFO] [stdout] test index::tests::test_multiple_high_density_creates_single_gin ... ok
[INFO] [stdout] test index::tests::test_recommendation_contains_field_path ... ok
[INFO] [stdout] test index::tests::test_json_path_to_sql_conditions_with_array ... ok
[INFO] [stdout] test index::tests::test_partial_gin_has_where_clause ... ok
[INFO] [stdout] test index::tests::test_skips_object_types ... ok
[INFO] [stdout] test index::tests::test_priority_sorting ... ok
[INFO] [stdout] test types::tests::test_json_type_display ... ok
[INFO] [stdout] test index::tests::test_sparse_field_recommends_partial_gin ... ok
[INFO] [stdout] test types::tests::test_jsoon_type_from_value ... ok
[INFO] [stdout] test index::tests::test_multiple_recommendations ... ok
[INFO] [stdout] test index::tests::test_respects_min_occurrences_threshold ... ok
[INFO] [stdout] test index::tests::test_skips_array_types ... ok
[INFO] [stderr]      Running tests/integration_test.rs (/opt/rustwide/target/release/deps/integration_test-70104a4a3c6b0da4)
[INFO] [stdout] test index::tests::test_skips_low_occurrence_fields ... ok
[INFO] [stdout] test index::tests::test_custom_high_density_threshold ... ok
[INFO] [stdout] 
[INFO] [stdout] test result: ok. 56 passed; 0 failed; 0 ignored; 0 measured; 0 filtered out; finished in 0.01s
[INFO] [stdout] 
[INFO] [stdout] 
[INFO] [stdout] running 4 tests
[INFO] [stdout] test test_analyzer_detects_ghost_keys ... FAILED
[INFO] [stdout] test test_analyzer_handles_deep_nesting ... FAILED
[INFO] [stdout] test test_analyzer_detects_type_inconsistency ... FAILED
[INFO] [stdout] test test_analyzer_with_consistent_schema ... FAILED
[INFO] [stdout] 
[INFO] [stdout] failures:
[INFO] [stdout] 
[INFO] [stdout] ---- test_analyzer_detects_ghost_keys stdout ----
[INFO] [stdout] 
[INFO] [stdout] thread 'test_analyzer_detects_ghost_keys' (4348) panicked at tests/integration_test.rs:90:34:
[INFO] [stdout] Failed to create test database: Client(Init(SocketNotFoundError("/var/run/docker.sock")))
[INFO] [stdout] stack backtrace:
[INFO] [stdout]    0:     0x58ffdb68cc51 - <<std[70759c8f55707aa4]::sys::backtrace::BacktraceLock>::print::DisplayBacktrace as core[df12db4294e9bfd3]::fmt::Display>::fmt
[INFO] [stdout]    1:     0x58ffdb6a4cda - core[df12db4294e9bfd3]::fmt::write
[INFO] [stdout]    2:     0x58ffdb691bac - <alloc[2182bb758b4b3781]::vec::Vec<u8> as core[df12db4294e9bfd3]::io::write::Write>::write_fmt
[INFO] [stdout]    3:     0x58ffdb666896 - std[70759c8f55707aa4]::panicking::default_hook::{closure#0}
[INFO] [stdout]    4:     0x58ffdb6840b9 - std[70759c8f55707aa4]::panicking::default_hook
[INFO] [stdout]    5:     0x58ffdb22c600 - test[9d35eded1c95d3be]::test_main_inner::<test[9d35eded1c95d3be]::test_main_static::{closure#0}>::{closure#0}
[INFO] [stdout]    6:     0x58ffdb6843e2 - std[70759c8f55707aa4]::panicking::panic_with_hook
[INFO] [stdout]    7:     0x58ffdb666942 - std[70759c8f55707aa4]::panicking::panic_handler::{closure#0}
[INFO] [stdout]    8:     0x58ffdb65f3b9 - std[70759c8f55707aa4]::sys::backtrace::__rust_end_short_backtrace::<std[70759c8f55707aa4]::panicking::panic_handler::{closure#0}, !>
[INFO] [stdout]    9:     0x58ffdb66772d - __rustc[8fa7c3cbc660c2b3]::rust_begin_unwind
[INFO] [stdout]   10:     0x58ffdb6a54bc - core[df12db4294e9bfd3]::panicking::panic_fmt
[INFO] [stdout]   11:     0x58ffdb6a5292 - core[df12db4294e9bfd3]::result::unwrap_failed
[INFO] [stdout]   12:     0x58ffdb1bb8d4 - integration_test[d242f13772c28c6f]::test_analyzer_detects_ghost_keys::{closure#0}
[INFO] [stdout]   13:     0x58ffdb1d5a7b - <tokio[7d743338f1b3cf96]::runtime::runtime::Runtime>::block_on::<core[df12db4294e9bfd3]::pin::Pin<&mut dyn core[df12db4294e9bfd3]::future::future::Future<Output = ()>>>
[INFO] [stdout]   14:     0x58ffdb1d4c4e - <integration_test[d242f13772c28c6f]::test_analyzer_detects_ghost_keys::{closure#0} as core[df12db4294e9bfd3]::ops::function::FnOnce<()>>::call_once
[INFO] [stdout]   15:     0x58ffdb21f8eb - test[9d35eded1c95d3be]::__rust_begin_short_backtrace::<core[df12db4294e9bfd3]::result::Result<(), alloc[2182bb758b4b3781]::string::String>, fn() -> core[df12db4294e9bfd3]::result::Result<(), alloc[2182bb758b4b3781]::string::String>>
[INFO] [stdout]   16:     0x58ffdb22cf55 - test[9d35eded1c95d3be]::run_test::{closure#0}
[INFO] [stdout]   17:     0x58ffdb226814 - std[70759c8f55707aa4]::sys::backtrace::__rust_begin_short_backtrace::<test[9d35eded1c95d3be]::run_test::{closure#1}, ()>
[INFO] [stdout]   18:     0x58ffdb2300b2 - <std[70759c8f55707aa4]::thread::lifecycle::spawn_unchecked<test[9d35eded1c95d3be]::run_test::{closure#1}, ()>::{closure#1} as core[df12db4294e9bfd3]::ops::function::FnOnce<()>>::call_once::{shim:vtable#0}
[INFO] [stdout]   19:     0x58ffdb68bae9 - <std[70759c8f55707aa4]::sys::thread::unix::Thread>::new::thread_start
[INFO] [stdout]   20:     0x70179900ddfa - <unknown>
[INFO] [stdout]   21:     0x7017990a13d4 - clone
[INFO] [stdout]   22:                0x0 - <unknown>
[INFO] [stdout] 
[INFO] [stdout] ---- test_analyzer_handles_deep_nesting stdout ----
[INFO] [stdout] 
[INFO] [stdout] thread 'test_analyzer_handles_deep_nesting' (4350) panicked at tests/integration_test.rs:120:34:
[INFO] [stdout] Failed to create test database: Client(Init(SocketNotFoundError("/var/run/docker.sock")))
[INFO] [stdout] stack backtrace:
[INFO] [stdout]    0:     0x58ffdb68cc51 - <<std[70759c8f55707aa4]::sys::backtrace::BacktraceLock>::print::DisplayBacktrace as core[df12db4294e9bfd3]::fmt::Display>::fmt
[INFO] [stdout]    1:     0x58ffdb6a4cda - core[df12db4294e9bfd3]::fmt::write
[INFO] [stdout]    2:     0x58ffdb691bac - <alloc[2182bb758b4b3781]::vec::Vec<u8> as core[df12db4294e9bfd3]::io::write::Write>::write_fmt
[INFO] [stdout]    3:     0x58ffdb666896 - std[70759c8f55707aa4]::panicking::default_hook::{closure#0}
[INFO] [stdout]    4:     0x58ffdb6840b9 - std[70759c8f55707aa4]::panicking::default_hook
[INFO] [stdout]    5:     0x58ffdb22c600 - test[9d35eded1c95d3be]::test_main_inner::<test[9d35eded1c95d3be]::test_main_static::{closure#0}>::{closure#0}
[INFO] [stdout]    6:     0x58ffdb6843e2 - std[70759c8f55707aa4]::panicking::panic_with_hook
[INFO] [stdout]    7:     0x58ffdb666942 - std[70759c8f55707aa4]::panicking::panic_handler::{closure#0}
[INFO] [stdout]    8:     0x58ffdb65f3b9 - std[70759c8f55707aa4]::sys::backtrace::__rust_end_short_backtrace::<std[70759c8f55707aa4]::panicking::panic_handler::{closure#0}, !>
[INFO] [stdout]    9:     0x58ffdb66772d - __rustc[8fa7c3cbc660c2b3]::rust_begin_unwind
[INFO] [stdout]   10:     0x58ffdb6a54bc - core[df12db4294e9bfd3]::panicking::panic_fmt
[INFO] [stdout]   11:     0x58ffdb6a5292 - core[df12db4294e9bfd3]::result::unwrap_failed
[INFO] [stdout]   12:     0x58ffdb1bdc7c - integration_test[d242f13772c28c6f]::test_analyzer_handles_deep_nesting::{closure#0}
[INFO] [stdout]   13:     0x58ffdb1d5a7b - <tokio[7d743338f1b3cf96]::runtime::runtime::Runtime>::block_on::<core[df12db4294e9bfd3]::pin::Pin<&mut dyn core[df12db4294e9bfd3]::future::future::Future<Output = ()>>>
[INFO] [stdout]   14:     0x58ffdb1d4dae - <integration_test[d242f13772c28c6f]::test_analyzer_handles_deep_nesting::{closure#0} as core[df12db4294e9bfd3]::ops::function::FnOnce<()>>::call_once
[INFO] [stdout]   15:     0x58ffdb21f8eb - test[9d35eded1c95d3be]::__rust_begin_short_backtrace::<core[df12db4294e9bfd3]::result::Result<(), alloc[2182bb758b4b3781]::string::String>, fn() -> core[df12db4294e9bfd3]::result::Result<(), alloc[2182bb758b4b3781]::string::String>>
[INFO] [stdout]   16:     0x58ffdb22cf55 - test[9d35eded1c95d3be]::run_test::{closure#0}
[INFO] [stdout]   17:     0x58ffdb226814 - std[70759c8f55707aa4]::sys::backtrace::__rust_begin_short_backtrace::<test[9d35eded1c95d3be]::run_test::{closure#1}, ()>
[INFO] [stdout]   18:     0x58ffdb2300b2 - <std[70759c8f55707aa4]::thread::lifecycle::spawn_unchecked<test[9d35eded1c95d3be]::run_test::{closure#1}, ()>::{closure#1} as core[df12db4294e9bfd3]::ops::function::FnOnce<()>>::call_once::{shim:vtable#0}
[INFO] [stdout]   19:     0x58ffdb68bae9 - <std[70759c8f55707aa4]::sys::thread::unix::Thread>::new::thread_start
[INFO] [stdout]   20:     0x70179900ddfa - <unknown>
[INFO] [stdout]   21:     0x7017990a13d4 - clone
[INFO] [stdout]   22:                0x0 - <unknown>
[INFO] [stdout] 
[INFO] [stdout] ---- test_analyzer_detects_type_inconsistency stdout ----
[INFO] [stdout] 
[INFO] [stdout] thread 'test_analyzer_detects_type_inconsistency' (4349) panicked at tests/integration_test.rs:52:34:
[INFO] [stdout] Failed to create test database: Client(Init(SocketNotFoundError("/var/run/docker.sock")))
[INFO] [stdout] stack backtrace:
[INFO] [stdout]    0:     0x58ffdb68cc51 - <<std[70759c8f55707aa4]::sys::backtrace::BacktraceLock>::print::DisplayBacktrace as core[df12db4294e9bfd3]::fmt::Display>::fmt
[INFO] [stdout]    1:     0x58ffdb6a4cda - core[df12db4294e9bfd3]::fmt::write
[INFO] [stdout]    2:     0x58ffdb691bac - <alloc[2182bb758b4b3781]::vec::Vec<u8> as core[df12db4294e9bfd3]::io::write::Write>::write_fmt
[INFO] [stdout]    3:     0x58ffdb666896 - std[70759c8f55707aa4]::panicking::default_hook::{closure#0}
[INFO] [stdout]    4:     0x58ffdb6840b9 - std[70759c8f55707aa4]::panicking::default_hook
[INFO] [stdout]    5:     0x58ffdb22c600 - test[9d35eded1c95d3be]::test_main_inner::<test[9d35eded1c95d3be]::test_main_static::{closure#0}>::{closure#0}
[INFO] [stdout]    6:     0x58ffdb6843e2 - std[70759c8f55707aa4]::panicking::panic_with_hook
[INFO] [stdout]    7:     0x58ffdb666942 - std[70759c8f55707aa4]::panicking::panic_handler::{closure#0}
[INFO] [stdout]    8:     0x58ffdb65f3b9 - std[70759c8f55707aa4]::sys::backtrace::__rust_end_short_backtrace::<std[70759c8f55707aa4]::panicking::panic_handler::{closure#0}, !>
[INFO] [stdout]    9:     0x58ffdb66772d - __rustc[8fa7c3cbc660c2b3]::rust_begin_unwind
[INFO] [stdout]   10:     0x58ffdb6a54bc - core[df12db4294e9bfd3]::panicking::panic_fmt
[INFO] [stdout]   11:     0x58ffdb6a5292 - core[df12db4294e9bfd3]::result::unwrap_failed
[INFO] [stdout]   12:     0x58ffdb1c2871 - integration_test[d242f13772c28c6f]::test_analyzer_detects_type_inconsistency::{closure#0}
[INFO] [stdout]   13:     0x58ffdb1d5a7b - <tokio[7d743338f1b3cf96]::runtime::runtime::Runtime>::block_on::<core[df12db4294e9bfd3]::pin::Pin<&mut dyn core[df12db4294e9bfd3]::future::future::Future<Output = ()>>>
[INFO] [stdout]   14:     0x58ffdb1d506e - <integration_test[d242f13772c28c6f]::test_analyzer_detects_type_inconsistency::{closure#0} as core[df12db4294e9bfd3]::ops::function::FnOnce<()>>::call_once
[INFO] [stdout]   15:     0x58ffdb21f8eb - test[9d35eded1c95d3be]::__rust_begin_short_backtrace::<core[df12db4294e9bfd3]::result::Result<(), alloc[2182bb758b4b3781]::string::String>, fn() -> core[df12db4294e9bfd3]::result::Result<(), alloc[2182bb758b4b3781]::string::String>>
[INFO] [stdout]   16:     0x58ffdb22cf55 - test[9d35eded1c95d3be]::run_test::{closure#0}
[INFO] [stdout]   17:     0x58ffdb226814 - std[70759c8f55707aa4]::sys::backtrace::__rust_begin_short_backtrace::<test[9d35eded1c95d3be]::run_test::{closure#1}, ()>
[INFO] [stdout]   18:     0x58ffdb2300b2 - <std[70759c8f55707aa4]::thread::lifecycle::spawn_unchecked<test[9d35eded1c95d3be]::run_test::{closure#1}, ()>::{closure#1} as core[df12db4294e9bfd3]::ops::function::FnOnce<()>>::call_once::{shim:vtable#0}
[INFO] [stdout]   19:     0x58ffdb68bae9 - <std[70759c8f55707aa4]::sys::thread::unix::Thread>::new::thread_start
[INFO] [stdout]   20:     0x70179900ddfa - <unknown>
[INFO] [stdout]   21:     0x7017990a13d4 - clone
[INFO] [stdout]   22:                0x0 - <unknown>
[INFO] [stdout] 
[INFO] [stdout] ---- test_analyzer_with_consistent_schema stdout ----
[INFO] [stdout] 
[INFO] [stdout] thread 'test_analyzer_with_consistent_schema' (4351) panicked at tests/integration_test.rs:8:34:
[INFO] [stdout] Failed to create test database: Client(Init(SocketNotFoundError("/var/run/docker.sock")))
[INFO] [stdout] stack backtrace:
[INFO] [stdout]    0:     0x58ffdb68cc51 - <<std[70759c8f55707aa4]::sys::backtrace::BacktraceLock>::print::DisplayBacktrace as core[df12db4294e9bfd3]::fmt::Display>::fmt
[INFO] [stdout]    1:     0x58ffdb6a4cda - core[df12db4294e9bfd3]::fmt::write
[INFO] [stdout]    2:     0x58ffdb691bac - <alloc[2182bb758b4b3781]::vec::Vec<u8> as core[df12db4294e9bfd3]::io::write::Write>::write_fmt
[INFO] [stdout]    3:     0x58ffdb666896 - std[70759c8f55707aa4]::panicking::default_hook::{closure#0}
[INFO] [stdout]    4:     0x58ffdb6840b9 - std[70759c8f55707aa4]::panicking::default_hook
[INFO] [stdout]    5:     0x58ffdb22c600 - test[9d35eded1c95d3be]::test_main_inner::<test[9d35eded1c95d3be]::test_main_static::{closure#0}>::{closure#0}
[INFO] [stdout]    6:     0x58ffdb6843e2 - std[70759c8f55707aa4]::panicking::panic_with_hook
[INFO] [stdout]    7:     0x58ffdb666942 - std[70759c8f55707aa4]::panicking::panic_handler::{closure#0}
[INFO] [stdout]    8:     0x58ffdb65f3b9 - std[70759c8f55707aa4]::sys::backtrace::__rust_end_short_backtrace::<std[70759c8f55707aa4]::panicking::panic_handler::{closure#0}, !>
[INFO] [stdout]    9:     0x58ffdb66772d - __rustc[8fa7c3cbc660c2b3]::rust_begin_unwind
[INFO] [stdout]   10:     0x58ffdb6a54bc - core[df12db4294e9bfd3]::panicking::panic_fmt
[INFO] [stdout]   11:     0x58ffdb6a5292 - core[df12db4294e9bfd3]::result::unwrap_failed
[INFO] [stdout]   12:     0x58ffdb1c0b68 - integration_test[d242f13772c28c6f]::test_analyzer_with_consistent_schema::{closure#0}
[INFO] [stdout]   13:     0x58ffdb1d5a7b - <tokio[7d743338f1b3cf96]::runtime::runtime::Runtime>::block_on::<core[df12db4294e9bfd3]::pin::Pin<&mut dyn core[df12db4294e9bfd3]::future::future::Future<Output = ()>>>
[INFO] [stdout]   14:     0x58ffdb1d4f0e - <integration_test[d242f13772c28c6f]::test_analyzer_with_consistent_schema::{closure#0} as core[df12db4294e9bfd3]::ops::function::FnOnce<()>>::call_once
[INFO] [stdout]   15:     0x58ffdb21f8eb - test[9d35eded1c95d3be]::__rust_begin_short_backtrace::<core[df12db4294e9bfd3]::result::Result<(), alloc[2182bb758b4b3781]::string::String>, fn() -> core[df12db4294e9bfd3]::result::Result<(), alloc[2182bb758b4b3781]::string::String>>
[INFO] [stdout]   16:     0x58ffdb22cf55 - test[9d35eded1c95d3be]::run_test::{closure#0}
[INFO] [stdout]   17:     0x58ffdb226814 - std[70759c8f55707aa4]::sys::backtrace::__rust_begin_short_backtrace::<test[9d35eded1c95d3be]::run_test::{closure#1}, ()>
[INFO] [stdout]   18:     0x58ffdb2300b2 - <std[70759c8f55707aa4]::thread::lifecycle::spawn_unchecked<test[9d35eded1c95d3be]::run_test::{closure#1}, ()>::{closure#1} as core[df12db4294e9bfd3]::ops::function::FnOnce<()>>::call_once::{shim:vtable#0}
[INFO] [stdout]   19:     0x58ffdb68bae9 - <std[70759c8f55707aa4]::sys::thread::unix::Thread>::new::thread_start
[INFO] [stdout]   20:     0x70179900ddfa - <unknown>
[INFO] [stdout]   21:     0x7017990a13d4 - clone
[INFO] [stdout]   22:                0x0 - <unknown>
[INFO] [stdout] 
[INFO] [stdout] 
[INFO] [stdout] failures:
[INFO] [stdout]     test_analyzer_detects_ghost_keys
[INFO] [stdout]     test_analyzer_detects_type_inconsistency
[INFO] [stdout]     test_analyzer_handles_deep_nesting
[INFO] [stdout]     test_analyzer_with_consistent_schema
[INFO] [stdout] 
[INFO] [stdout] test result: FAILED. 0 passed; 4 failed; 0 ignored; 0 measured; 0 filtered out; finished in 0.02s
[INFO] [stdout] 
[INFO] [stderr] error: test failed, to rerun pass `--test integration_test`
[INFO] running `Command { std: "docker" "inspect" "004ada311dd1fd5a9471a2ab405ceac7e7b207e129f1c4c7be6e39f916db9bcd", kill_on_drop: false }`
[INFO] running `Command { std: "docker" "rm" "-f" "004ada311dd1fd5a9471a2ab405ceac7e7b207e129f1c4c7be6e39f916db9bcd", kill_on_drop: false }`
[INFO] [stdout] 004ada311dd1fd5a9471a2ab405ceac7e7b207e129f1c4c7be6e39f916db9bcd
