[INFO] fetching crate pgdb 0.10.1...
[INFO] testing pgdb-0.10.1 against 1.100.0-beta.1+cargoflags=--release for beta-release-1.100-2
[INFO] extracting crate pgdb 0.10.1 into /workspace/builds/worker-2-tc2/source
[INFO] started tweaking crates.io crate pgdb 0.10.1
[INFO] removed 0 missing tests
[INFO] finished tweaking crates.io crate pgdb 0.10.1
[INFO] tweaked toml for crates.io crate pgdb 0.10.1 written to /workspace/builds/worker-2-tc2/source/Cargo.toml
[INFO] validating manifest of crates.io crate pgdb 0.10.1 on toolchain 1.100.0-beta.1
[INFO] running `Command { std: CARGO_HOME="/workspace/cargo-home" RUSTUP_HOME="/workspace/rustup-home" "/workspace/cargo-home/bin/cargo" "+1.100.0-beta.1" "metadata" "--manifest-path" "Cargo.toml" "--no-deps", kill_on_drop: false }`
[INFO] crate crates.io crate pgdb 0.10.1 already has a lockfile, it will not be regenerated
[INFO] running `Command { std: CARGO_HOME="/workspace/cargo-home" RUSTUP_HOME="/workspace/rustup-home" "/workspace/cargo-home/bin/cargo" "+1.100.0-beta.1" "fetch" "--manifest-path" "Cargo.toml", kill_on_drop: false }`
[INFO] running `Command { std: "docker" "create" "-v" "/var/lib/crater-agent-workspace/builds/worker-2-tc2/source:/opt/rustwide/workdir:ro,Z" "-v" "/var/lib/crater-agent-workspace/builds/worker-2-tc2/target:/opt/rustwide/target:rw,Z" "-v" "/var/lib/crater-agent-workspace/cargo-home:/opt/rustwide/cargo-home:ro,Z" "-v" "/var/lib/crater-agent-workspace/rustup-home:/opt/rustwide/rustup-home:ro,Z" "-m" "1610612736" "--network" "none" "ghcr.io/rust-lang/crates-build-env/linux@sha256:77db811e55d90add9212f6832c23229e3de5f1c1f9905e8cb07319ea15df73ac" "sleep" "infinity", kill_on_drop: false }`
[INFO] [stdout] 0cfc0a16f4e729dda6c13c302b81edf1eb0615689eab50ac132799dc2817f1a1
[INFO] running `Command { std: "docker" "start" "0cfc0a16f4e729dda6c13c302b81edf1eb0615689eab50ac132799dc2817f1a1", kill_on_drop: false }`
[INFO] running `Command { std: "docker" "inspect" "0cfc0a16f4e729dda6c13c302b81edf1eb0615689eab50ac132799dc2817f1a1", kill_on_drop: false }`
[INFO] running `Command { std: "docker" "exec" "-e" "SOURCE_DIR=/opt/rustwide/workdir" "-e" "CARGO_HOME=/opt/rustwide/cargo-home" "-e" "RUSTUP_HOME=/opt/rustwide/rustup-home" "-e" "CARGO_TARGET_DIR=/opt/rustwide/target" "-w" "/opt/rustwide/workdir" "--user" "0:0" "0cfc0a16f4e729dda6c13c302b81edf1eb0615689eab50ac132799dc2817f1a1" "/opt/rustwide/cargo-home/bin/cargo" "+1.100.0-beta.1" "metadata" "--no-deps" "--format-version=1", kill_on_drop: false }`
[INFO] running `Command { std: "docker" "inspect" "0cfc0a16f4e729dda6c13c302b81edf1eb0615689eab50ac132799dc2817f1a1", kill_on_drop: false }`
[INFO] running `Command { std: "docker" "exec" "-e" "SOURCE_DIR=/opt/rustwide/workdir" "-e" "CARGO_HOME=/opt/rustwide/cargo-home" "-e" "RUSTUP_HOME=/opt/rustwide/rustup-home" "-e" "CARGO_TARGET_DIR=/opt/rustwide/target" "-e" "CARGO_INCREMENTAL=0" "-e" "RUST_BACKTRACE=full" "-e" "RUSTFLAGS=--cap-lints=warn" "-e" "RUSTDOCFLAGS=--cap-lints=warn" "-w" "/opt/rustwide/workdir" "--user" "0:0" "0cfc0a16f4e729dda6c13c302b81edf1eb0615689eab50ac132799dc2817f1a1" "/opt/rustwide/cargo-home/bin/cargo" "+1.100.0-beta.1" "build" "--frozen" "--message-format=json" "--release", kill_on_drop: false }`
[INFO] [stderr]    Compiling smallvec v1.15.2
[INFO] [stderr]    Compiling syn v3.0.3
[INFO] [stderr]    Compiling syn v2.0.119
[INFO] [stderr]    Compiling nix v0.31.3
[INFO] [stderr]    Compiling rand v0.10.2
[INFO] [stderr]    Compiling which v8.0.5
[INFO] [stderr]    Compiling tempfile v3.27.0
[INFO] [stderr]    Compiling hex_fmt v0.3.0
[INFO] [stderr]    Compiling zerovec-derive v0.11.4
[INFO] [stderr]    Compiling displaydoc v0.2.7
[INFO] [stderr]    Compiling serde_derive v1.0.229
[INFO] [stderr]    Compiling thiserror-impl v2.0.20
[INFO] [stderr]    Compiling synstructure v0.13.2
[INFO] [stderr]    Compiling thiserror v2.0.20
[INFO] [stderr]    Compiling process_guard v0.5.0
[INFO] [stderr]    Compiling zerofrom-derive v0.1.7
[INFO] [stderr]    Compiling yoke-derive v0.8.2
[INFO] [stderr]    Compiling zerofrom v0.1.8
[INFO] [stderr]    Compiling yoke v0.8.3
[INFO] [stderr]    Compiling zerovec v0.11.7
[INFO] [stderr]    Compiling zerotrie v0.2.5
[INFO] [stderr]    Compiling tinystr v0.8.4
[INFO] [stderr]    Compiling potential_utf v0.1.6
[INFO] [stderr]    Compiling icu_collections v2.3.0
[INFO] [stderr]    Compiling icu_locale_core v2.3.0
[INFO] [stderr]    Compiling serde v1.0.229
[INFO] [stderr]    Compiling envy v0.4.2
[INFO] [stderr]    Compiling icu_provider v2.3.0
[INFO] [stderr]    Compiling icu_normalizer v2.3.0
[INFO] [stderr]    Compiling icu_properties v2.3.0
[INFO] [stderr]    Compiling idna_adapter v1.2.2
[INFO] [stderr]    Compiling idna v1.1.0
[INFO] [stderr]    Compiling url v2.5.8
[INFO] [stderr]    Compiling pgdb v0.10.1 (/opt/rustwide/workdir)
[INFO] [stderr]     Finished `release` profile [optimized] target(s) in 32.01s
[INFO] running `Command { std: "docker" "inspect" "0cfc0a16f4e729dda6c13c302b81edf1eb0615689eab50ac132799dc2817f1a1", kill_on_drop: false }`
[INFO] running `Command { std: "docker" "exec" "-e" "SOURCE_DIR=/opt/rustwide/workdir" "-e" "CARGO_HOME=/opt/rustwide/cargo-home" "-e" "RUSTUP_HOME=/opt/rustwide/rustup-home" "-e" "CARGO_TARGET_DIR=/opt/rustwide/target" "-e" "CARGO_INCREMENTAL=0" "-e" "RUST_BACKTRACE=full" "-e" "RUSTFLAGS=--cap-lints=warn" "-e" "RUSTDOCFLAGS=--cap-lints=warn" "-w" "/opt/rustwide/workdir" "--user" "0:0" "0cfc0a16f4e729dda6c13c302b81edf1eb0615689eab50ac132799dc2817f1a1" "/opt/rustwide/cargo-home/bin/cargo" "+1.100.0-beta.1" "test" "--frozen" "--no-run" "--message-format=json" "--release", kill_on_drop: false }`
[INFO] [stderr]    Compiling pgdb v0.10.1 (/opt/rustwide/workdir)
[INFO] [stderr]     Finished `release` profile [optimized] target(s) in 4.61s
[INFO] running `Command { std: "docker" "inspect" "0cfc0a16f4e729dda6c13c302b81edf1eb0615689eab50ac132799dc2817f1a1", kill_on_drop: false }`
[INFO] running `Command { std: "docker" "exec" "-e" "SOURCE_DIR=/opt/rustwide/workdir" "-e" "CARGO_HOME=/opt/rustwide/cargo-home" "-e" "RUSTUP_HOME=/opt/rustwide/rustup-home" "-e" "CARGO_TARGET_DIR=/opt/rustwide/target" "-e" "CARGO_INCREMENTAL=0" "-e" "RUST_BACKTRACE=full" "-e" "RUSTFLAGS=--cap-lints=warn" "-e" "RUSTDOCFLAGS=--cap-lints=warn" "-w" "/opt/rustwide/workdir" "--user" "0:0" "0cfc0a16f4e729dda6c13c302b81edf1eb0615689eab50ac132799dc2817f1a1" "/opt/rustwide/cargo-home/bin/cargo" "+1.100.0-beta.1" "test" "--frozen" "--release", kill_on_drop: false }`
[INFO] [stderr]     Finished `release` profile [optimized] target(s) in 0.14s
[INFO] [stderr]      Running unittests src/lib.rs (/opt/rustwide/target/release/build/pgdb/d18003b2bb7e6b25/out/pgdb-d18003b2bb7e6b25)
[INFO] [stdout] 
[INFO] [stdout] running 10 tests
[INFO] [stdout] test tests::forceful_shutdown_waits_before_removing_temporary_directory ... FAILED
[INFO] [stdout] test config::tests::fast_mode_overrides_are_optional ... ok
[INFO] [stdout] test tests::ensure_proper_db_reuse_when_using_fixtures ... FAILED
[INFO] [stdout] test tests::external_db_cleanup_on_drop ... ok
[INFO] [stdout] test config::tests::parses_prefixed_environment ... ok
[INFO] [stdout] test tests::connection_parameters_decode_socket_urls ... ok
[INFO] [stdout] test tests::can_change_superuser_pw ... FAILED
[INFO] [stdout] test tests::fast_mode_disables_runtime_durability ... FAILED
[INFO] [stdout] test tests::instances_support_isolated_sockets_and_tcp ... FAILED
[INFO] [stdout] test tests::shutdown_policy_respects_mode_and_explicit_timeout ... ok
[INFO] [stdout] 
[INFO] [stdout] failures:
[INFO] [stdout] 
[INFO] [stdout] ---- tests::forceful_shutdown_waits_before_removing_temporary_directory stdout ----
[INFO] [stdout] 
[INFO] [stdout] thread 'tests::forceful_shutdown_waits_before_removing_temporary_directory' (712) panicked at src/lib.rs:931:14:
[INFO] [stdout] could not build postgres database: FindPostgres(CannotFindBinaryPath)
[INFO] [stdout] stack backtrace:
[INFO] [stdout]    0:     0x5e4af6968441 - <<std[617be2ca0a6fd877]::sys::backtrace::BacktraceLock>::print::DisplayBacktrace as core[a373ad73a504971]::fmt::Display>::fmt
[INFO] [stdout]    1:     0x5e4af697ed0a - core[a373ad73a504971]::fmt::write
[INFO] [stdout]    2:     0x5e4af696cebc - <alloc[2e1b2a31b91974c5]::vec::Vec<u8> as core[a373ad73a504971]::io::write::Write>::write_fmt
[INFO] [stdout]    3:     0x5e4af69421a6 - std[617be2ca0a6fd877]::panicking::default_hook::{closure#0}
[INFO] [stdout]    4:     0x5e4af695f849 - std[617be2ca0a6fd877]::panicking::default_hook
[INFO] [stdout]    5:     0x5e4af68dd070 - test[aada8e7e76ba119b]::test_main_inner::{closure#0}
[INFO] [stdout]    6:     0x5e4af695fa02 - std[617be2ca0a6fd877]::panicking::panic_with_hook
[INFO] [stdout]    7:     0x5e4af6942252 - std[617be2ca0a6fd877]::panicking::panic_handler::{closure#0}
[INFO] [stdout]    8:     0x5e4af693ac09 - std[617be2ca0a6fd877]::sys::backtrace::__rust_end_short_backtrace::<std[617be2ca0a6fd877]::panicking::panic_handler::{closure#0}, !>
[INFO] [stdout]    9:     0x5e4af694304d - __rustc[ea4f61d10b84890b]::rust_begin_unwind
[INFO] [stdout]   10:     0x5e4af697f43c - core[a373ad73a504971]::panicking::panic_fmt
[INFO] [stdout]   11:     0x5e4af697f212 - core[a373ad73a504971]::result::unwrap_failed
[INFO] [stdout]   12:     0x5e4af68b5509 - <pgdb[eb967eee32c61c87]::tests::forceful_shutdown_waits_before_removing_temporary_directory::{closure#0} as core[a373ad73a504971]::ops::function::FnOnce<()>>::call_once
[INFO] [stdout]   13:     0x5e4af68d04bb - test[aada8e7e76ba119b]::__rust_begin_short_backtrace::<core[a373ad73a504971]::result::Result<(), alloc[2e1b2a31b91974c5]::string::String>, fn() -> core[a373ad73a504971]::result::Result<(), alloc[2e1b2a31b91974c5]::string::String>>
[INFO] [stdout]   14:     0x5e4af68dd695 - test[aada8e7e76ba119b]::run_test::{closure#0}
[INFO] [stdout]   15:     0x5e4af68d6f84 - std[617be2ca0a6fd877]::sys::backtrace::__rust_begin_short_backtrace::<test[aada8e7e76ba119b]::run_test::{closure#1}, ()>
[INFO] [stdout]   16:     0x5e4af68e0722 - <std[617be2ca0a6fd877]::thread::lifecycle::spawn_unchecked<test[aada8e7e76ba119b]::run_test::{closure#1}, ()>::{closure#1} as core[a373ad73a504971]::ops::function::FnOnce<()>>::call_once::{shim:vtable#0}
[INFO] [stdout]   17:     0x5e4af69671ef - <std[617be2ca0a6fd877]::sys::thread::unix::Thread>::new::thread_start
[INFO] [stdout]   18:     0x7308c5283dfa - <unknown>
[INFO] [stdout]   19:     0x7308c53173d4 - clone
[INFO] [stdout]   20:                0x0 - <unknown>
[INFO] [stdout] 
[INFO] [stdout] ---- tests::ensure_proper_db_reuse_when_using_fixtures stdout ----
[INFO] [stdout] 
[INFO] [stdout] thread 'tests::ensure_proper_db_reuse_when_using_fixtures' (709) panicked at src/db_instance.rs:169:48:
[INFO] [stdout] failed to start global postgres DB: FindPostgres(CannotFindBinaryPath)
[INFO] [stdout] stack backtrace:
[INFO] [stdout]    0:     0x5e4af6968441 - <<std[617be2ca0a6fd877]::sys::backtrace::BacktraceLock>::print::DisplayBacktrace as core[a373ad73a504971]::fmt::Display>::fmt
[INFO] [stdout]    1:     0x5e4af697ed0a - core[a373ad73a504971]::fmt::write
[INFO] [stdout]    2:     0x5e4af696cebc - <alloc[2e1b2a31b91974c5]::vec::Vec<u8> as core[a373ad73a504971]::io::write::Write>::write_fmt
[INFO] [stdout]    3:     0x5e4af69421a6 - std[617be2ca0a6fd877]::panicking::default_hook::{closure#0}
[INFO] [stdout]    4:     0x5e4af695f849 - std[617be2ca0a6fd877]::panicking::default_hook
[INFO] [stdout]    5:     0x5e4af68dd070 - test[aada8e7e76ba119b]::test_main_inner::{closure#0}
[INFO] [stdout]    6:     0x5e4af695fa02 - std[617be2ca0a6fd877]::panicking::panic_with_hook
[INFO] [stdout]    7:     0x5e4af6942252 - std[617be2ca0a6fd877]::panicking::panic_handler::{closure#0}
[INFO] [stdout]    8:     0x5e4af693ac09 - std[617be2ca0a6fd877]::sys::backtrace::__rust_end_short_backtrace::<std[617be2ca0a6fd877]::panicking::panic_handler::{closure#0}, !>
[INFO] [stdout]    9:     0x5e4af694304d - __rustc[ea4f61d10b84890b]::rust_begin_unwind
[INFO] [stdout]   10:     0x5e4af697f43c - core[a373ad73a504971]::panicking::panic_fmt
[INFO] [stdout]   11:     0x5e4af697f212 - core[a373ad73a504971]::result::unwrap_failed
[INFO] [stdout]   12:     0x5e4af68bd4ae - pgdb[eb967eee32c61c87]::db_instance::db_fixture
[INFO] [stdout]   13:     0x5e4af68b3591 - <pgdb[eb967eee32c61c87]::tests::ensure_proper_db_reuse_when_using_fixtures::{closure#0} as core[a373ad73a504971]::ops::function::FnOnce<()>>::call_once
[INFO] [stdout]   14:     0x5e4af68d04bb - test[aada8e7e76ba119b]::__rust_begin_short_backtrace::<core[a373ad73a504971]::result::Result<(), alloc[2e1b2a31b91974c5]::string::String>, fn() -> core[a373ad73a504971]::result::Result<(), alloc[2e1b2a31b91974c5]::string::String>>
[INFO] [stdout]   15:     0x5e4af68dd695 - test[aada8e7e76ba119b]::run_test::{closure#0}
[INFO] [stdout]   16:     0x5e4af68d6f84 - std[617be2ca0a6fd877]::sys::backtrace::__rust_begin_short_backtrace::<test[aada8e7e76ba119b]::run_test::{closure#1}, ()>
[INFO] [stdout]   17:     0x5e4af68e0722 - <std[617be2ca0a6fd877]::thread::lifecycle::spawn_unchecked<test[aada8e7e76ba119b]::run_test::{closure#1}, ()>::{closure#1} as core[a373ad73a504971]::ops::function::FnOnce<()>>::call_once::{shim:vtable#0}
[INFO] [stdout]   18:     0x5e4af69671ef - <std[617be2ca0a6fd877]::sys::thread::unix::Thread>::new::thread_start
[INFO] [stdout]   19:     0x7308c5283dfa - <unknown>
[INFO] [stdout]   20:     0x7308c53173d4 - clone
[INFO] [stdout]   21:                0x0 - <unknown>
[INFO] [stdout] 
[INFO] [stdout] ---- tests::can_change_superuser_pw stdout ----
[INFO] [stdout] 
[INFO] [stdout] thread 'tests::can_change_superuser_pw' (707) panicked at src/lib.rs:865:14:
[INFO] [stdout] could not build postgres database: FindPostgres(CannotFindBinaryPath)
[INFO] [stdout] stack backtrace:
[INFO] [stdout]    0:     0x5e4af6968441 - <<std[617be2ca0a6fd877]::sys::backtrace::BacktraceLock>::print::DisplayBacktrace as core[a373ad73a504971]::fmt::Display>::fmt
[INFO] [stdout]    1:     0x5e4af697ed0a - core[a373ad73a504971]::fmt::write
[INFO] [stdout]    2:     0x5e4af696cebc - <alloc[2e1b2a31b91974c5]::vec::Vec<u8> as core[a373ad73a504971]::io::write::Write>::write_fmt
[INFO] [stdout]    3:     0x5e4af69421a6 - std[617be2ca0a6fd877]::panicking::default_hook::{closure#0}
[INFO] [stdout]    4:     0x5e4af695f849 - std[617be2ca0a6fd877]::panicking::default_hook
[INFO] [stdout]    5:     0x5e4af68dd070 - test[aada8e7e76ba119b]::test_main_inner::{closure#0}
[INFO] [stdout]    6:     0x5e4af695fa02 - std[617be2ca0a6fd877]::panicking::panic_with_hook
[INFO] [stdout]    7:     0x5e4af6942252 - std[617be2ca0a6fd877]::panicking::panic_handler::{closure#0}
[INFO] [stdout]    8:     0x5e4af693ac09 - std[617be2ca0a6fd877]::sys::backtrace::__rust_end_short_backtrace::<std[617be2ca0a6fd877]::panicking::panic_handler::{closure#0}, !>
[INFO] [stdout]    9:     0x5e4af694304d - __rustc[ea4f61d10b84890b]::rust_begin_unwind
[INFO] [stdout]   10:     0x5e4af697f43c - core[a373ad73a504971]::panicking::panic_fmt
[INFO] [stdout]   11:     0x5e4af697f212 - core[a373ad73a504971]::result::unwrap_failed
[INFO] [stdout]   12:     0x5e4af68b1d4b - <pgdb[eb967eee32c61c87]::tests::can_change_superuser_pw::{closure#0} as core[a373ad73a504971]::ops::function::FnOnce<()>>::call_once
[INFO] [stdout]   13:     0x5e4af68d04bb - test[aada8e7e76ba119b]::__rust_begin_short_backtrace::<core[a373ad73a504971]::result::Result<(), alloc[2e1b2a31b91974c5]::string::String>, fn() -> core[a373ad73a504971]::result::Result<(), alloc[2e1b2a31b91974c5]::string::String>>
[INFO] [stdout]   14:     0x5e4af68dd695 - test[aada8e7e76ba119b]::run_test::{closure#0}
[INFO] [stdout]   15:     0x5e4af68d6f84 - std[617be2ca0a6fd877]::sys::backtrace::__rust_begin_short_backtrace::<test[aada8e7e76ba119b]::run_test::{closure#1}, ()>
[INFO] [stdout]   16:     0x5e4af68e0722 - <std[617be2ca0a6fd877]::thread::lifecycle::spawn_unchecked<test[aada8e7e76ba119b]::run_test::{closure#1}, ()>::{closure#1} as core[a373ad73a504971]::ops::function::FnOnce<()>>::call_once::{shim:vtable#0}
[INFO] [stdout]   17:     0x5e4af69671ef - <std[617be2ca0a6fd877]::sys::thread::unix::Thread>::new::thread_start
[INFO] [stdout]   18:     0x7308c5283dfa - <unknown>
[INFO] [stdout]   19:     0x7308c53173d4 - clone
[INFO] [stdout]   20:                0x0 - <unknown>
[INFO] [stdout] 
[INFO] [stdout] ---- tests::fast_mode_disables_runtime_durability stdout ----
[INFO] [stdout] 
[INFO] [stdout] thread 'tests::fast_mode_disables_runtime_durability' (711) panicked at src/lib.rs:880:14:
[INFO] [stdout] could not build postgres database: FindPostgres(CannotFindBinaryPath)
[INFO] [stdout] stack backtrace:
[INFO] [stdout]    0:     0x5e4af6968441 - <<std[617be2ca0a6fd877]::sys::backtrace::BacktraceLock>::print::DisplayBacktrace as core[a373ad73a504971]::fmt::Display>::fmt
[INFO] [stdout]    1:     0x5e4af697ed0a - core[a373ad73a504971]::fmt::write
[INFO] [stdout]    2:     0x5e4af696cebc - <alloc[2e1b2a31b91974c5]::vec::Vec<u8> as core[a373ad73a504971]::io::write::Write>::write_fmt
[INFO] [stdout]    3:     0x5e4af69421a6 - std[617be2ca0a6fd877]::panicking::default_hook::{closure#0}
[INFO] [stdout]    4:     0x5e4af695f849 - std[617be2ca0a6fd877]::panicking::default_hook
[INFO] [stdout]    5:     0x5e4af68dd070 - test[aada8e7e76ba119b]::test_main_inner::{closure#0}
[INFO] [stdout]    6:     0x5e4af695fa02 - std[617be2ca0a6fd877]::panicking::panic_with_hook
[INFO] [stdout]    7:     0x5e4af6942252 - std[617be2ca0a6fd877]::panicking::panic_handler::{closure#0}
[INFO] [stdout]    8:     0x5e4af693ac09 - std[617be2ca0a6fd877]::sys::backtrace::__rust_end_short_backtrace::<std[617be2ca0a6fd877]::panicking::panic_handler::{closure#0}, !>
[INFO] [stdout]    9:     0x5e4af694304d - __rustc[ea4f61d10b84890b]::rust_begin_unwind
[INFO] [stdout]   10:     0x5e4af697f43c - core[a373ad73a504971]::panicking::panic_fmt
[INFO] [stdout]   11:     0x5e4af697f212 - core[a373ad73a504971]::result::unwrap_failed
[INFO] [stdout]   12:     0x5e4af68b31c8 - <pgdb[eb967eee32c61c87]::tests::fast_mode_disables_runtime_durability::{closure#0} as core[a373ad73a504971]::ops::function::FnOnce<()>>::call_once
[INFO] [stdout]   13:     0x5e4af68d04bb - test[aada8e7e76ba119b]::__rust_begin_short_backtrace::<core[a373ad73a504971]::result::Result<(), alloc[2e1b2a31b91974c5]::string::String>, fn() -> core[a373ad73a504971]::result::Result<(), alloc[2e1b2a31b91974c5]::string::String>>
[INFO] [stdout]   14:     0x5e4af68dd695 - test[aada8e7e76ba119b]::run_test::{closure#0}
[INFO] [stdout]   15:     0x5e4af68d6f84 - std[617be2ca0a6fd877]::sys::backtrace::__rust_begin_short_backtrace::<test[aada8e7e76ba119b]::run_test::{closure#1}, ()>
[INFO] [stdout]   16:     0x5e4af68e0722 - <std[617be2ca0a6fd877]::thread::lifecycle::spawn_unchecked<test[aada8e7e76ba119b]::run_test::{closure#1}, ()>::{closure#1} as core[a373ad73a504971]::ops::function::FnOnce<()>>::call_once::{shim:vtable#0}
[INFO] [stdout]   17:     0x5e4af69671ef - <std[617be2ca0a6fd877]::sys::thread::unix::Thread>::new::thread_start
[INFO] [stdout]   18:     0x7308c5283dfa - <unknown>
[INFO] [stdout]   19:     0x7308c53173d4 - clone
[INFO] [stdout]   20:                0x0 - <unknown>
[INFO] [stdout] 
[INFO] [stdout] ---- tests::instances_support_isolated_sockets_and_tcp stdout ----
[INFO] [stdout] 
[INFO] [stdout] thread 'tests::instances_support_isolated_sockets_and_tcp' (713) panicked at src/lib.rs:902:14:
[INFO] [stdout] could not build postgres database: FindPostgres(CannotFindBinaryPath)
[INFO] [stdout] stack backtrace:
[INFO] [stdout]    0:     0x5e4af6968441 - <<std[617be2ca0a6fd877]::sys::backtrace::BacktraceLock>::print::DisplayBacktrace as core[a373ad73a504971]::fmt::Display>::fmt
[INFO] [stdout]    1:     0x5e4af697ed0a - core[a373ad73a504971]::fmt::write
[INFO] [stdout]    2:     0x5e4af696cebc - <alloc[2e1b2a31b91974c5]::vec::Vec<u8> as core[a373ad73a504971]::io::write::Write>::write_fmt
[INFO] [stdout]    3:     0x5e4af69421a6 - std[617be2ca0a6fd877]::panicking::default_hook::{closure#0}
[INFO] [stdout]    4:     0x5e4af695f849 - std[617be2ca0a6fd877]::panicking::default_hook
[INFO] [stdout]    5:     0x5e4af68dd070 - test[aada8e7e76ba119b]::test_main_inner::{closure#0}
[INFO] [stdout]    6:     0x5e4af695fa02 - std[617be2ca0a6fd877]::panicking::panic_with_hook
[INFO] [stdout]    7:     0x5e4af6942252 - std[617be2ca0a6fd877]::panicking::panic_handler::{closure#0}
[INFO] [stdout]    8:     0x5e4af693ac09 - std[617be2ca0a6fd877]::sys::backtrace::__rust_end_short_backtrace::<std[617be2ca0a6fd877]::panicking::panic_handler::{closure#0}, !>
[INFO] [stdout]    9:     0x5e4af694304d - __rustc[ea4f61d10b84890b]::rust_begin_unwind
[INFO] [stdout]   10:     0x5e4af697f43c - core[a373ad73a504971]::panicking::panic_fmt
[INFO] [stdout]   11:     0x5e4af697f212 - core[a373ad73a504971]::result::unwrap_failed
[INFO] [stdout]   12:     0x5e4af68b45a1 - <pgdb[eb967eee32c61c87]::tests::instances_support_isolated_sockets_and_tcp::{closure#0} as core[a373ad73a504971]::ops::function::FnOnce<()>>::call_once
[INFO] [stdout]   13:     0x5e4af68d04bb - test[aada8e7e76ba119b]::__rust_begin_short_backtrace::<core[a373ad73a504971]::result::Result<(), alloc[2e1b2a31b91974c5]::string::String>, fn() -> core[a373ad73a504971]::result::Result<(), alloc[2e1b2a31b91974c5]::string::String>>
[INFO] [stdout]   14:     0x5e4af68dd695 - test[aada8e7e76ba119b]::run_test::{closure#0}
[INFO] [stdout]   15:     0x5e4af68d6f84 - std[617be2ca0a6fd877]::sys::backtrace::__rust_begin_short_backtrace::<test[aada8e7e76ba119b]::run_test::{closure#1}, ()>
[INFO] [stdout]   16:     0x5e4af68e0722 - <std[617be2ca0a6fd877]::thread::lifecycle::spawn_unchecked<test[aada8e7e76ba119b]::run_test::{closure#1}, ()>::{closure#1} as core[a373ad73a504971]::ops::function::FnOnce<()>>::call_once::{shim:vtable#0}
[INFO] [stdout]   17:     0x5e4af69671ef - <std[617be2ca0a6fd877]::sys::thread::unix::Thread>::new::thread_start
[INFO] [stdout]   18:     0x7308c5283dfa - <unknown>
[INFO] [stdout]   19:     0x7308c53173d4 - clone
[INFO] [stdout]   20:                0x0 - <unknown>
[INFO] [stdout] 
[INFO] [stdout] 
[INFO] [stdout] failures:
[INFO] [stdout]     tests::can_change_superuser_pw
[INFO] [stdout]     tests::ensure_proper_db_reuse_when_using_fixtures
[INFO] [stdout]     tests::fast_mode_disables_runtime_durability
[INFO] [stdout]     tests::forceful_shutdown_waits_before_removing_temporary_directory
[INFO] [stdout]     tests::instances_support_isolated_sockets_and_tcp
[INFO] [stdout] 
[INFO] [stdout] test result: FAILED. 5 passed; 5 failed; 0 ignored; 0 measured; 0 filtered out; finished in 0.01s
[INFO] [stdout] 
[INFO] [stderr] error: test failed, to rerun pass `--lib`
[INFO] running `Command { std: "docker" "inspect" "0cfc0a16f4e729dda6c13c302b81edf1eb0615689eab50ac132799dc2817f1a1", kill_on_drop: false }`
[INFO] running `Command { std: "docker" "rm" "-f" "0cfc0a16f4e729dda6c13c302b81edf1eb0615689eab50ac132799dc2817f1a1", kill_on_drop: false }`
[INFO] [stdout] 0cfc0a16f4e729dda6c13c302b81edf1eb0615689eab50ac132799dc2817f1a1
