[INFO] fetching crate pg2sqlite-core 0.1.4...
[INFO] testing pg2sqlite-core-0.1.4 against 1.99.0-beta.8+cargoflags=--release for beta-release-1.100-2
[INFO] extracting crate pg2sqlite-core 0.1.4 into /workspace/builds/worker-7-tc1/source
[INFO] started tweaking crates.io crate pg2sqlite-core 0.1.4
[INFO] removed 0 missing tests
[INFO] finished tweaking crates.io crate pg2sqlite-core 0.1.4
[INFO] tweaked toml for crates.io crate pg2sqlite-core 0.1.4 written to /workspace/builds/worker-7-tc1/source/Cargo.toml
[INFO] validating manifest of crates.io crate pg2sqlite-core 0.1.4 on toolchain 1.99.0-beta.8
[INFO] running `Command { std: CARGO_HOME="/workspace/cargo-home" RUSTUP_HOME="/workspace/rustup-home" "/workspace/cargo-home/bin/cargo" "+1.99.0-beta.8" "metadata" "--manifest-path" "Cargo.toml" "--no-deps", kill_on_drop: false }`
[INFO] crate crates.io crate pg2sqlite-core 0.1.4 already has a lockfile, it will not be regenerated
[INFO] running `Command { std: CARGO_HOME="/workspace/cargo-home" RUSTUP_HOME="/workspace/rustup-home" "/workspace/cargo-home/bin/cargo" "+1.99.0-beta.8" "fetch" "--manifest-path" "Cargo.toml", kill_on_drop: false }`
[INFO] [stderr]  Downloading crates ...
[INFO] [stderr]   Downloaded sqlparser v0.61.0
[INFO] running `Command { std: "docker" "create" "-v" "/var/lib/crater-agent-workspace/builds/worker-7-tc1/source:/opt/rustwide/workdir:ro,Z" "-v" "/var/lib/crater-agent-workspace/builds/worker-7-tc1/target:/opt/rustwide/target:rw,Z" "-v" "/var/lib/crater-agent-workspace/cargo-home:/opt/rustwide/cargo-home:ro,Z" "-v" "/var/lib/crater-agent-workspace/rustup-home:/opt/rustwide/rustup-home:ro,Z" "-m" "1610612736" "--network" "none" "ghcr.io/rust-lang/crates-build-env/linux@sha256:77db811e55d90add9212f6832c23229e3de5f1c1f9905e8cb07319ea15df73ac" "sleep" "infinity", kill_on_drop: false }`
[INFO] [stdout] 005bcf774500d86894f4d15436b7086f537fb05d99dc577dabdb7f3dc0f27a93
[INFO] running `Command { std: "docker" "start" "005bcf774500d86894f4d15436b7086f537fb05d99dc577dabdb7f3dc0f27a93", kill_on_drop: false }`
[INFO] running `Command { std: "docker" "inspect" "005bcf774500d86894f4d15436b7086f537fb05d99dc577dabdb7f3dc0f27a93", kill_on_drop: false }`
[INFO] running `Command { std: "docker" "exec" "-e" "SOURCE_DIR=/opt/rustwide/workdir" "-e" "CARGO_HOME=/opt/rustwide/cargo-home" "-e" "RUSTUP_HOME=/opt/rustwide/rustup-home" "-e" "CARGO_TARGET_DIR=/opt/rustwide/target" "-w" "/opt/rustwide/workdir" "--user" "0:0" "005bcf774500d86894f4d15436b7086f537fb05d99dc577dabdb7f3dc0f27a93" "/opt/rustwide/cargo-home/bin/cargo" "+1.99.0-beta.8" "metadata" "--no-deps" "--format-version=1", kill_on_drop: false }`
[INFO] running `Command { std: "docker" "inspect" "005bcf774500d86894f4d15436b7086f537fb05d99dc577dabdb7f3dc0f27a93", kill_on_drop: false }`
[INFO] running `Command { std: "docker" "exec" "-e" "SOURCE_DIR=/opt/rustwide/workdir" "-e" "CARGO_HOME=/opt/rustwide/cargo-home" "-e" "RUSTUP_HOME=/opt/rustwide/rustup-home" "-e" "CARGO_TARGET_DIR=/opt/rustwide/target" "-e" "CARGO_INCREMENTAL=0" "-e" "RUST_BACKTRACE=full" "-e" "RUSTFLAGS=--cap-lints=warn" "-e" "RUSTDOCFLAGS=--cap-lints=warn" "-w" "/opt/rustwide/workdir" "--user" "0:0" "005bcf774500d86894f4d15436b7086f537fb05d99dc577dabdb7f3dc0f27a93" "/opt/rustwide/cargo-home/bin/cargo" "+1.99.0-beta.8" "build" "--frozen" "--message-format=json" "--release", kill_on_drop: false }`
[INFO] [stderr]    Compiling object v0.37.3
[INFO] [stderr]    Compiling stacker v0.1.23
[INFO] [stderr]    Compiling recursive-proc-macro-impl v0.1.1
[INFO] [stderr]    Compiling sqlparser_derive v0.5.0
[INFO] [stderr]    Compiling thiserror-impl v2.0.18
[INFO] [stderr]    Compiling thiserror v2.0.18
[INFO] [stderr]    Compiling ar_archive_writer v0.5.1
[INFO] [stderr]    Compiling psm v0.1.30
[INFO] [stderr]    Compiling recursive v0.1.1
[INFO] [stderr]    Compiling sqlparser v0.61.0
[INFO] [stderr]    Compiling pg2sqlite-core v0.1.4 (/opt/rustwide/workdir)
[INFO] [stderr]     Finished `release` profile [optimized] target(s) in 1m 22s
[INFO] running `Command { std: "docker" "inspect" "005bcf774500d86894f4d15436b7086f537fb05d99dc577dabdb7f3dc0f27a93", kill_on_drop: false }`
[INFO] running `Command { std: "docker" "exec" "-e" "SOURCE_DIR=/opt/rustwide/workdir" "-e" "CARGO_HOME=/opt/rustwide/cargo-home" "-e" "RUSTUP_HOME=/opt/rustwide/rustup-home" "-e" "CARGO_TARGET_DIR=/opt/rustwide/target" "-e" "CARGO_INCREMENTAL=0" "-e" "RUST_BACKTRACE=full" "-e" "RUSTFLAGS=--cap-lints=warn" "-e" "RUSTDOCFLAGS=--cap-lints=warn" "-w" "/opt/rustwide/workdir" "--user" "0:0" "005bcf774500d86894f4d15436b7086f537fb05d99dc577dabdb7f3dc0f27a93" "/opt/rustwide/cargo-home/bin/cargo" "+1.99.0-beta.8" "test" "--frozen" "--no-run" "--message-format=json" "--release", kill_on_drop: false }`
[INFO] [stderr]    Compiling pg2sqlite-core v0.1.4 (/opt/rustwide/workdir)
[INFO] [stderr]     Finished `release` profile [optimized] target(s) in 9.80s
[INFO] running `Command { std: "docker" "inspect" "005bcf774500d86894f4d15436b7086f537fb05d99dc577dabdb7f3dc0f27a93", kill_on_drop: false }`
[INFO] running `Command { std: "docker" "exec" "-e" "SOURCE_DIR=/opt/rustwide/workdir" "-e" "CARGO_HOME=/opt/rustwide/cargo-home" "-e" "RUSTUP_HOME=/opt/rustwide/rustup-home" "-e" "CARGO_TARGET_DIR=/opt/rustwide/target" "-e" "CARGO_INCREMENTAL=0" "-e" "RUST_BACKTRACE=full" "-e" "RUSTFLAGS=--cap-lints=warn" "-e" "RUSTDOCFLAGS=--cap-lints=warn" "-w" "/opt/rustwide/workdir" "--user" "0:0" "005bcf774500d86894f4d15436b7086f537fb05d99dc577dabdb7f3dc0f27a93" "/opt/rustwide/cargo-home/bin/cargo" "+1.99.0-beta.8" "test" "--frozen" "--release", kill_on_drop: false }`
[INFO] [stderr]     Finished `release` profile [optimized] target(s) in 0.04s
[INFO] [stdout] 
[INFO] [stderr]      Running unittests src/lib.rs (/opt/rustwide/target/release/deps/pg2sqlite_core-542c7b7528b755c2)
[INFO] [stdout] running 76 tests
[INFO] [stderr]      Running tests/golden_tests.rs (/opt/rustwide/target/release/deps/golden_tests-026e9b66c30d0a30)
[INFO] [stdout] test ir::ident::tests::test_starts_with_digit ... ok
[INFO] [stderr] error: test failed, to rerun pass `--test golden_tests`
[INFO] [stdout] test ir::ident::tests::test_needs_quotes_reserved ... ok
[INFO] [stdout] test ir::ident::tests::test_needs_quotes_special_chars ... ok
[INFO] [stdout] test ir::ident::tests::test_ident_quoted_preserves ... ok
[INFO] [stdout] test ir::ident::tests::test_to_sql ... ok
[INFO] [stdout] test ir::ident::tests::test_no_quotes_simple ... ok
[INFO] [stdout] test ir::ident::tests::test_ident_new_normalizes ... ok
[INFO] [stdout] test pg::parser::tests::test_parse_identity_native ... ok
[INFO] [stdout] test pg::normalize::tests::test_normalize_include_all_schemas ... ok
[INFO] [stdout] test pg::normalize::tests::test_normalize_custom_schema ... ok
[INFO] [stdout] test pg::normalize::tests::test_normalize_unqualified_passes ... ok
[INFO] [stdout] test pg::parser::tests::test_non_ddl_ignored ... ok
[INFO] [stdout] test pg::parser::tests::test_parse_create_index ... ok
[INFO] [stdout] test pg::parser::tests::test_parse_any_array_to_in_list ... ok
[INFO] [stdout] test pg::parser::tests::test_parse_check_constraint ... ok
[INFO] [stdout] test pg::parser::tests::test_parse_identity_with_schema ... ok
[INFO] [stdout] test pg::parser::tests::test_parse_column_default ... ok
[INFO] [stdout] test pg::parser::tests::test_parse_create_type_enum ... ok
[INFO] [stdout] test sqlite::render::tests::test_render_default_current_timestamp ... ok
[INFO] [stdout] test pg::normalize::tests::test_normalize_filters_schema ... ok
[INFO] [stdout] test tests::test_alter_table_constraint_merged ... ok
[INFO] [stdout] test pg::parser::tests::test_parse_alter_table_add_constraint ... ok
[INFO] [stdout] test tests::test_fk_ordering ... ok
[INFO] [stdout] test pg::parser::tests::test_parse_schema_qualified_table ... ok
[INFO] [stdout] test pg::parser::tests::test_parse_unique_index ... ok
[INFO] [stdout] test sqlite::render::tests::test_render_composite_pk ... ok
[INFO] [stdout] test pg::parser::tests::test_parse_simple_table ... ok
[INFO] [stdout] test sqlite::render::tests::test_render_simple_table ... ok
[INFO] [stdout] test tests::test_basic_conversion ... ok
[INFO] [stdout] test sqlite::render::tests::test_render_with_pragma ... ok
[INFO] [stdout] test sqlite::render::tests::test_render_fk_with_cascade ... ok
[INFO] [stdout] test tests::test_boolean_conversion ... ok
[INFO] [stdout] test tests::test_fk_with_pragma ... ok
[INFO] [stdout] test tests::test_strict_mode_fails_on_lossy ... ok
[INFO] [stdout] test tests::test_include_all_schemas ... ok
[INFO] [stdout] test tests::test_timestamp_default_now ... ok
[INFO] [stdout] test transform::constraint::tests::test_fk_dropped_when_disabled ... ok
[INFO] [stdout] test tests::test_schema_filtering ... ok
[INFO] [stdout] test transform::constraint::tests::test_fk_kept_when_enabled ... ok
[INFO] [stdout] test transform::index::tests::test_simple_index_passthrough ... ok
[INFO] [stdout] test tests::test_varchar_length_dropped ... ok
[INFO] [stdout] test sqlite::render::tests::test_render_index ... ok
[INFO] [stdout] test transform::expr_map::tests::test_cast_stripped ... ok
[INFO] [stdout] test transform::planner::tests::test_alter_target_missing ... ok
[INFO] [stdout] test transform::expr_map::tests::test_compatible_function_passthrough ... ok
[INFO] [stdout] test transform::expr_map::tests::test_literal_passthrough ... ok
[INFO] [stdout] test transform::expr_map::tests::test_now_to_current_timestamp ... ok
[INFO] [stdout] test transform::expr_map::tests::test_unsupported_function ... ok
[INFO] [stdout] test transform::index::tests::test_partial_index_with_compatible_where ... ok
[INFO] [stdout] test transform::name_resolve::tests::test_strip_schemas_single ... ok
[INFO] [stdout] test transform::name_resolve::tests::test_collision_prefixing ... ok
[INFO] [stdout] test tests::test_identity_pk_autoincrement ... ok
[INFO] [stdout] test transform::topo::tests::test_chain_dependency ... ok
[INFO] [stdout] test transform::expr_map::tests::test_nextval_removed ... ok
[INFO] [stdout] test transform::constraint::tests::test_single_integer_pk_promoted ... ok
[INFO] [stdout] test transform::planner::tests::test_identity_with_pk_autoincrement ... ok
[INFO] [stdout] test transform::planner::tests::test_identity_without_pk ... ok
[INFO] [stdout] test transform::expr_map::tests::test_boolean_to_integer ... ok
[INFO] [stdout] test transform::topo::tests::test_no_deps_alphabetical ... ok
[INFO] [stdout] test transform::type_map::tests::test_array_type ... ok
[INFO] [stdout] test transform::index::tests::test_gin_method_warned ... ok
[INFO] [stdout] test transform::planner::tests::test_merge_alter_constraints ... ok
[INFO] [stdout] test transform::planner::tests::test_serial_not_pk ... ok
[INFO] [stdout] test transform::planner::tests::test_serial_sole_pk ... ok
[INFO] [stdout] test transform::topo::tests::test_cycle_falls_back_to_alphabetical ... ok
[INFO] [stdout] test transform::topo::tests::test_simple_dependency ... ok
[INFO] [stdout] test transform::type_map::tests::test_boolean_type ... ok
[INFO] [stdout] test transform::type_map::tests::test_bytea_type ... ok
[INFO] [stdout] test transform::type_map::tests::test_enum_type ... ok
[INFO] [stdout] test transform::type_map::tests::test_timestamp_with_tz ... ok
[INFO] [stdout] test transform::type_map::tests::test_uuid_type ... ok
[INFO] [stdout] test transform::type_map::tests::test_numeric_type ... ok
[INFO] [stdout] test transform::type_map::tests::test_integer_types ... ok
[INFO] [stdout] test transform::type_map::tests::test_real_types ... ok
[INFO] [stdout] test transform::type_map::tests::test_text_types ... ok
[INFO] [stdout] test pg::parser::tests::test_parse_foreign_key_with_actions ... ok
[INFO] [stdout] 
[INFO] [stdout] test result: ok. 76 passed; 0 failed; 0 ignored; 0 measured; 0 filtered out; finished in 0.07s
[INFO] [stdout] 
[INFO] [stdout] 
[INFO] [stdout] running 8 tests
[INFO] [stdout] test test_golden_serial_types ... FAILED
[INFO] [stdout] test test_golden_various_types ... FAILED
[INFO] [stdout] test test_golden_check_constraint ... FAILED
[INFO] [stdout] test test_golden_foreign_keys ... FAILED
[INFO] [stdout] test test_golden_foreign_keys_enabled ... FAILED
[INFO] [stdout] test test_golden_basic_table ... FAILED
[INFO] [stdout] test test_golden_alter_identity ... FAILED
[INFO] [stdout] test test_golden_composite_pk ... FAILED
[INFO] [stdout] 
[INFO] [stdout] failures:
[INFO] [stdout] 
[INFO] [stdout] ---- test_golden_serial_types stdout ----
[INFO] [stdout] 
[INFO] [stdout] thread 'test_golden_serial_types' (571) panicked at tests/golden_tests.rs:18:29:
[INFO] [stdout] Failed to read fixture /opt/rustwide/tests/fixtures/serial_types.sql: No such file or directory (os error 2)
[INFO] [stdout] stack backtrace:
[INFO] [stdout]    0:     0x60f51a0bda01 - <<std[70759c8f55707aa4]::sys::backtrace::BacktraceLock>::print::DisplayBacktrace as core[df12db4294e9bfd3]::fmt::Display>::fmt
[INFO] [stdout]    1:     0x60f51a0d3dba - core[df12db4294e9bfd3]::fmt::write
[INFO] [stdout]    2:     0x60f51a0c1f0c - <alloc[2182bb758b4b3781]::vec::Vec<u8> as core[df12db4294e9bfd3]::io::write::Write>::write_fmt
[INFO] [stdout]    3:     0x60f51a099836 - std[70759c8f55707aa4]::panicking::default_hook::{closure#0}
[INFO] [stdout]    4:     0x60f51a0b5bc9 - std[70759c8f55707aa4]::panicking::default_hook
[INFO] [stdout]    5:     0x60f519c5d120 - test[9d35eded1c95d3be]::test_main_inner::<test[9d35eded1c95d3be]::test_main_static::{closure#0}>::{closure#0}
[INFO] [stdout]    6:     0x60f51a0b5ef2 - std[70759c8f55707aa4]::panicking::panic_with_hook
[INFO] [stdout]    7:     0x60f51a0998e2 - std[70759c8f55707aa4]::panicking::panic_handler::{closure#0}
[INFO] [stdout]    8:     0x60f51a0924d9 - std[70759c8f55707aa4]::sys::backtrace::__rust_end_short_backtrace::<std[70759c8f55707aa4]::panicking::panic_handler::{closure#0}, !>
[INFO] [stdout]    9:     0x60f51a09a4dd - __rustc[8fa7c3cbc660c2b3]::rust_begin_unwind
[INFO] [stdout]   10:     0x60f51a0d44ec - core[df12db4294e9bfd3]::panicking::panic_fmt
[INFO] [stdout]   11:     0x60f519c4f809 - golden_tests[86b8023de05792ec]::run_golden_test::{closure#0}
[INFO] [stdout]   12:     0x60f519c4fdb0 - golden_tests[86b8023de05792ec]::run_golden_test
[INFO] [stdout]   13:     0x60f519c500d6 - <golden_tests[86b8023de05792ec]::test_golden_serial_types::{closure#0} as core[df12db4294e9bfd3]::ops::function::FnOnce<()>>::call_once
[INFO] [stdout]   14:     0x60f519c5040b - test[9d35eded1c95d3be]::__rust_begin_short_backtrace::<core[df12db4294e9bfd3]::result::Result<(), alloc[2182bb758b4b3781]::string::String>, fn() -> core[df12db4294e9bfd3]::result::Result<(), alloc[2182bb758b4b3781]::string::String>>
[INFO] [stdout]   15:     0x60f519c5da75 - test[9d35eded1c95d3be]::run_test::{closure#0}
[INFO] [stdout]   16:     0x60f519c57334 - std[70759c8f55707aa4]::sys::backtrace::__rust_begin_short_backtrace::<test[9d35eded1c95d3be]::run_test::{closure#1}, ()>
[INFO] [stdout]   17:     0x60f519c60bd2 - <std[70759c8f55707aa4]::thread::lifecycle::spawn_unchecked<test[9d35eded1c95d3be]::run_test::{closure#1}, ()>::{closure#1} as core[df12db4294e9bfd3]::ops::function::FnOnce<()>>::call_once::{shim:vtable#0}
[INFO] [stdout]   18:     0x60f51a0bcf59 - <std[70759c8f55707aa4]::sys::thread::unix::Thread>::new::thread_start
[INFO] [stdout]   19:     0x7e6ca57c9dfa - <unknown>
[INFO] [stdout]   20:     0x7e6ca585d3d4 - clone
[INFO] [stdout]   21:                0x0 - <unknown>
[INFO] [stdout] 
[INFO] [stdout] ---- test_golden_various_types stdout ----
[INFO] [stdout] 
[INFO] [stdout] thread 'test_golden_various_types' (572) panicked at tests/golden_tests.rs:18:29:
[INFO] [stdout] Failed to read fixture /opt/rustwide/tests/fixtures/various_types.sql: No such file or directory (os error 2)
[INFO] [stdout] stack backtrace:
[INFO] [stdout]    0:     0x60f51a0bda01 - <<std[70759c8f55707aa4]::sys::backtrace::BacktraceLock>::print::DisplayBacktrace as core[df12db4294e9bfd3]::fmt::Display>::fmt
[INFO] [stdout]    1:     0x60f51a0d3dba - core[df12db4294e9bfd3]::fmt::write
[INFO] [stdout]    2:     0x60f51a0c1f0c - <alloc[2182bb758b4b3781]::vec::Vec<u8> as core[df12db4294e9bfd3]::io::write::Write>::write_fmt
[INFO] [stdout]    3:     0x60f51a099836 - std[70759c8f55707aa4]::panicking::default_hook::{closure#0}
[INFO] [stdout]    4:     0x60f51a0b5bc9 - std[70759c8f55707aa4]::panicking::default_hook
[INFO] [stdout]    5:     0x60f519c5d120 - test[9d35eded1c95d3be]::test_main_inner::<test[9d35eded1c95d3be]::test_main_static::{closure#0}>::{closure#0}
[INFO] [stdout]    6:     0x60f51a0b5ef2 - std[70759c8f55707aa4]::panicking::panic_with_hook
[INFO] [stdout]    7:     0x60f51a0998e2 - std[70759c8f55707aa4]::panicking::panic_handler::{closure#0}
[INFO] [stdout]    8:     0x60f51a0924d9 - std[70759c8f55707aa4]::sys::backtrace::__rust_end_short_backtrace::<std[70759c8f55707aa4]::panicking::panic_handler::{closure#0}, !>
[INFO] [stdout]    9:     0x60f51a09a4dd - __rustc[8fa7c3cbc660c2b3]::rust_begin_unwind
[INFO] [stdout]   10:     0x60f51a0d44ec - core[df12db4294e9bfd3]::panicking::panic_fmt
[INFO] [stdout]   11:     0x60f519c4f809 - golden_tests[86b8023de05792ec]::run_golden_test::{closure#0}
[INFO] [stdout]   12:     0x60f519c4fdb0 - golden_tests[86b8023de05792ec]::run_golden_test
[INFO] [stdout]   13:     0x60f519c50166 - <golden_tests[86b8023de05792ec]::test_golden_various_types::{closure#0} as core[df12db4294e9bfd3]::ops::function::FnOnce<()>>::call_once
[INFO] [stdout]   14:     0x60f519c5040b - test[9d35eded1c95d3be]::__rust_begin_short_backtrace::<core[df12db4294e9bfd3]::result::Result<(), alloc[2182bb758b4b3781]::string::String>, fn() -> core[df12db4294e9bfd3]::result::Result<(), alloc[2182bb758b4b3781]::string::String>>
[INFO] [stdout]   15:     0x60f519c5da75 - test[9d35eded1c95d3be]::run_test::{closure#0}
[INFO] [stdout]   16:     0x60f519c57334 - std[70759c8f55707aa4]::sys::backtrace::__rust_begin_short_backtrace::<test[9d35eded1c95d3be]::run_test::{closure#1}, ()>
[INFO] [stdout]   17:     0x60f519c60bd2 - <std[70759c8f55707aa4]::thread::lifecycle::spawn_unchecked<test[9d35eded1c95d3be]::run_test::{closure#1}, ()>::{closure#1} as core[df12db4294e9bfd3]::ops::function::FnOnce<()>>::call_once::{shim:vtable#0}
[INFO] [stdout]   18:     0x60f51a0bcf59 - <std[70759c8f55707aa4]::sys::thread::unix::Thread>::new::thread_start
[INFO] [stdout]   19:     0x7e6ca57c9dfa - <unknown>
[INFO] [stdout]   20:     0x7e6ca585d3d4 - clone
[INFO] [stdout]   21:                0x0 - <unknown>
[INFO] [stdout] 
[INFO] [stdout] ---- test_golden_check_constraint stdout ----
[INFO] [stdout] 
[INFO] [stdout] thread 'test_golden_check_constraint' (567) panicked at tests/golden_tests.rs:18:29:
[INFO] [stdout] Failed to read fixture /opt/rustwide/tests/fixtures/check_constraint.sql: No such file or directory (os error 2)
[INFO] [stdout] stack backtrace:
[INFO] [stdout]    0:     0x60f51a0bda01 - <<std[70759c8f55707aa4]::sys::backtrace::BacktraceLock>::print::DisplayBacktrace as core[df12db4294e9bfd3]::fmt::Display>::fmt
[INFO] [stdout]    1:     0x60f51a0d3dba - core[df12db4294e9bfd3]::fmt::write
[INFO] [stdout]    2:     0x60f51a0c1f0c - <alloc[2182bb758b4b3781]::vec::Vec<u8> as core[df12db4294e9bfd3]::io::write::Write>::write_fmt
[INFO] [stdout]    3:     0x60f51a099836 - std[70759c8f55707aa4]::panicking::default_hook::{closure#0}
[INFO] [stdout]    4:     0x60f51a0b5bc9 - std[70759c8f55707aa4]::panicking::default_hook
[INFO] [stdout]    5:     0x60f519c5d120 - test[9d35eded1c95d3be]::test_main_inner::<test[9d35eded1c95d3be]::test_main_static::{closure#0}>::{closure#0}
[INFO] [stdout]    6:     0x60f51a0b5ef2 - std[70759c8f55707aa4]::panicking::panic_with_hook
[INFO] [stdout]    7:     0x60f51a0998e2 - std[70759c8f55707aa4]::panicking::panic_handler::{closure#0}
[INFO] [stdout]    8:     0x60f51a0924d9 - std[70759c8f55707aa4]::sys::backtrace::__rust_end_short_backtrace::<std[70759c8f55707aa4]::panicking::panic_handler::{closure#0}, !>
[INFO] [stdout]    9:     0x60f51a09a4dd - __rustc[8fa7c3cbc660c2b3]::rust_begin_unwind
[INFO] [stdout]   10:     0x60f51a0d44ec - core[df12db4294e9bfd3]::panicking::panic_fmt
[INFO] [stdout]   11:     0x60f519c4f809 - golden_tests[86b8023de05792ec]::run_golden_test::{closure#0}
[INFO] [stdout]   12:     0x60f519c4fdb0 - golden_tests[86b8023de05792ec]::run_golden_test
[INFO] [stdout]   13:     0x60f519c50286 - <golden_tests[86b8023de05792ec]::test_golden_check_constraint::{closure#0} as core[df12db4294e9bfd3]::ops::function::FnOnce<()>>::call_once
[INFO] [stdout]   14:     0x60f519c5040b - test[9d35eded1c95d3be]::__rust_begin_short_backtrace::<core[df12db4294e9bfd3]::result::Result<(), alloc[2182bb758b4b3781]::string::String>, fn() -> core[df12db4294e9bfd3]::result::Result<(), alloc[2182bb758b4b3781]::string::String>>
[INFO] [stdout]   15:     0x60f519c5da75 - test[9d35eded1c95d3be]::run_test::{closure#0}
[INFO] [stdout]   16:     0x60f519c57334 - std[70759c8f55707aa4]::sys::backtrace::__rust_begin_short_backtrace::<test[9d35eded1c95d3be]::run_test::{closure#1}, ()>
[INFO] [stdout]   17:     0x60f519c60bd2 - <std[70759c8f55707aa4]::thread::lifecycle::spawn_unchecked<test[9d35eded1c95d3be]::run_test::{closure#1}, ()>::{closure#1} as core[df12db4294e9bfd3]::ops::function::FnOnce<()>>::call_once::{shim:vtable#0}
[INFO] [stdout]   18:     0x60f51a0bcf59 - <std[70759c8f55707aa4]::sys::thread::unix::Thread>::new::thread_start
[INFO] [stdout]   19:     0x7e6ca57c9dfa - <unknown>
[INFO] [stdout]   20:     0x7e6ca585d3d4 - clone
[INFO] [stdout]   21:                0x0 - <unknown>
[INFO] [stdout] 
[INFO] [stdout] ---- test_golden_foreign_keys stdout ----
[INFO] [stdout] 
[INFO] [stdout] thread 'test_golden_foreign_keys' (569) panicked at tests/golden_tests.rs:18:29:
[INFO] [stdout] Failed to read fixture /opt/rustwide/tests/fixtures/foreign_keys.sql: No such file or directory (os error 2)
[INFO] [stdout] stack backtrace:
[INFO] [stdout]    0:     0x60f51a0bda01 - <<std[70759c8f55707aa4]::sys::backtrace::BacktraceLock>::print::DisplayBacktrace as core[df12db4294e9bfd3]::fmt::Display>::fmt
[INFO] [stdout]    1:     0x60f51a0d3dba - core[df12db4294e9bfd3]::fmt::write
[INFO] [stdout]    2:     0x60f51a0c1f0c - <alloc[2182bb758b4b3781]::vec::Vec<u8> as core[df12db4294e9bfd3]::io::write::Write>::write_fmt
[INFO] [stdout]    3:     0x60f51a099836 - std[70759c8f55707aa4]::panicking::default_hook::{closure#0}
[INFO] [stdout]    4:     0x60f51a0b5bc9 - std[70759c8f55707aa4]::panicking::default_hook
[INFO] [stdout]    5:     0x60f519c5d120 - test[9d35eded1c95d3be]::test_main_inner::<test[9d35eded1c95d3be]::test_main_static::{closure#0}>::{closure#0}
[INFO] [stdout]    6:     0x60f51a0b5ef2 - std[70759c8f55707aa4]::panicking::panic_with_hook
[INFO] [stdout]    7:     0x60f51a0998e2 - std[70759c8f55707aa4]::panicking::panic_handler::{closure#0}
[INFO] [stdout]    8:     0x60f51a0924d9 - std[70759c8f55707aa4]::sys::backtrace::__rust_end_short_backtrace::<std[70759c8f55707aa4]::panicking::panic_handler::{closure#0}, !>
[INFO] [stdout]    9:     0x60f51a09a4dd - __rustc[8fa7c3cbc660c2b3]::rust_begin_unwind
[INFO] [stdout]   10:     0x60f51a0d44ec - core[df12db4294e9bfd3]::panicking::panic_fmt
[INFO] [stdout]   11:     0x60f519c4f809 - golden_tests[86b8023de05792ec]::run_golden_test::{closure#0}
[INFO] [stdout]   12:     0x60f519c4fdb0 - golden_tests[86b8023de05792ec]::run_golden_test
[INFO] [stdout]   13:     0x60f519c50046 - <golden_tests[86b8023de05792ec]::test_golden_foreign_keys::{closure#0} as core[df12db4294e9bfd3]::ops::function::FnOnce<()>>::call_once
[INFO] [stdout]   14:     0x60f519c5040b - test[9d35eded1c95d3be]::__rust_begin_short_backtrace::<core[df12db4294e9bfd3]::result::Result<(), alloc[2182bb758b4b3781]::string::String>, fn() -> core[df12db4294e9bfd3]::result::Result<(), alloc[2182bb758b4b3781]::string::String>>
[INFO] [stdout]   15:     0x60f519c5da75 - test[9d35eded1c95d3be]::run_test::{closure#0}
[INFO] [stdout]   16:     0x60f519c57334 - std[70759c8f55707aa4]::sys::backtrace::__rust_begin_short_backtrace::<test[9d35eded1c95d3be]::run_test::{closure#1}, ()>
[INFO] [stdout]   17:     0x60f519c60bd2 - <std[70759c8f55707aa4]::thread::lifecycle::spawn_unchecked<test[9d35eded1c95d3be]::run_test::{closure#1}, ()>::{closure#1} as core[df12db4294e9bfd3]::ops::function::FnOnce<()>>::call_once::{shim:vtable#0}
[INFO] [stdout]   18:     0x60f51a0bcf59 - <std[70759c8f55707aa4]::sys::thread::unix::Thread>::new::thread_start
[INFO] [stdout]   19:     0x7e6ca57c9dfa - <unknown>
[INFO] [stdout]   20:     0x7e6ca585d3d4 - clone
[INFO] [stdout]   21:                0x0 - <unknown>
[INFO] [stdout] 
[INFO] [stdout] ---- test_golden_foreign_keys_enabled stdout ----
[INFO] [stdout] 
[INFO] [stdout] thread 'test_golden_foreign_keys_enabled' (570) panicked at tests/golden_tests.rs:18:29:
[INFO] [stdout] Failed to read fixture /opt/rustwide/tests/fixtures/foreign_keys.sql: No such file or directory (os error 2)
[INFO] [stdout] stack backtrace:
[INFO] [stdout]    0:     0x60f51a0bda01 - <<std[70759c8f55707aa4]::sys::backtrace::BacktraceLock>::print::DisplayBacktrace as core[df12db4294e9bfd3]::fmt::Display>::fmt
[INFO] [stdout]    1:     0x60f51a0d3dba - core[df12db4294e9bfd3]::fmt::write
[INFO] [stdout]    2:     0x60f51a0c1f0c - <alloc[2182bb758b4b3781]::vec::Vec<u8> as core[df12db4294e9bfd3]::io::write::Write>::write_fmt
[INFO] [stdout]    3:     0x60f51a099836 - std[70759c8f55707aa4]::panicking::default_hook::{closure#0}
[INFO] [stdout]    4:     0x60f51a0b5bc9 - std[70759c8f55707aa4]::panicking::default_hook
[INFO] [stdout]    5:     0x60f519c5d120 - test[9d35eded1c95d3be]::test_main_inner::<test[9d35eded1c95d3be]::test_main_static::{closure#0}>::{closure#0}
[INFO] [stdout]    6:     0x60f51a0b5ef2 - std[70759c8f55707aa4]::panicking::panic_with_hook
[INFO] [stdout]    7:     0x60f51a0998e2 - std[70759c8f55707aa4]::panicking::panic_handler::{closure#0}
[INFO] [stdout]    8:     0x60f51a0924d9 - std[70759c8f55707aa4]::sys::backtrace::__rust_end_short_backtrace::<std[70759c8f55707aa4]::panicking::panic_handler::{closure#0}, !>
[INFO] [stdout]    9:     0x60f51a09a4dd - __rustc[8fa7c3cbc660c2b3]::rust_begin_unwind
[INFO] [stdout]   10:     0x60f51a0d44ec - core[df12db4294e9bfd3]::panicking::panic_fmt
[INFO] [stdout]   11:     0x60f519c4f809 - golden_tests[86b8023de05792ec]::run_golden_test::{closure#0}
[INFO] [stdout]   12:     0x60f519c4fdb0 - golden_tests[86b8023de05792ec]::run_golden_test
[INFO] [stdout]   13:     0x60f519c50351 - <golden_tests[86b8023de05792ec]::test_golden_foreign_keys_enabled::{closure#0} as core[df12db4294e9bfd3]::ops::function::FnOnce<()>>::call_once
[INFO] [stdout]   14:     0x60f519c5040b - test[9d35eded1c95d3be]::__rust_begin_short_backtrace::<core[df12db4294e9bfd3]::result::Result<(), alloc[2182bb758b4b3781]::string::String>, fn() -> core[df12db4294e9bfd3]::result::Result<(), alloc[2182bb758b4b3781]::string::String>>
[INFO] [stdout]   15:     0x60f519c5da75 - test[9d35eded1c95d3be]::run_test::{closure#0}
[INFO] [stdout]   16:     0x60f519c57334 - std[70759c8f55707aa4]::sys::backtrace::__rust_begin_short_backtrace::<test[9d35eded1c95d3be]::run_test::{closure#1}, ()>
[INFO] [stdout]   17:     0x60f519c60bd2 - <std[70759c8f55707aa4]::thread::lifecycle::spawn_unchecked<test[9d35eded1c95d3be]::run_test::{closure#1}, ()>::{closure#1} as core[df12db4294e9bfd3]::ops::function::FnOnce<()>>::call_once::{shim:vtable#0}
[INFO] [stdout]   18:     0x60f51a0bcf59 - <std[70759c8f55707aa4]::sys::thread::unix::Thread>::new::thread_start
[INFO] [stdout]   19:     0x7e6ca57c9dfa - <unknown>
[INFO] [stdout]   20:     0x7e6ca585d3d4 - clone
[INFO] [stdout]   21:                0x0 - <unknown>
[INFO] [stdout] 
[INFO] [stdout] ---- test_golden_basic_table stdout ----
[INFO] [stdout] 
[INFO] [stdout] thread 'test_golden_basic_table' (566) panicked at tests/golden_tests.rs:18:29:
[INFO] [stdout] Failed to read fixture /opt/rustwide/tests/fixtures/basic_table.sql: No such file or directory (os error 2)
[INFO] [stdout] stack backtrace:
[INFO] [stdout]    0:     0x60f51a0bda01 - <<std[70759c8f55707aa4]::sys::backtrace::BacktraceLock>::print::DisplayBacktrace as core[df12db4294e9bfd3]::fmt::Display>::fmt
[INFO] [stdout]    1:     0x60f51a0d3dba - core[df12db4294e9bfd3]::fmt::write
[INFO] [stdout]    2:     0x60f51a0c1f0c - <alloc[2182bb758b4b3781]::vec::Vec<u8> as core[df12db4294e9bfd3]::io::write::Write>::write_fmt
[INFO] [stdout]    3:     0x60f51a099836 - std[70759c8f55707aa4]::panicking::default_hook::{closure#0}
[INFO] [stdout]    4:     0x60f51a0b5bc9 - std[70759c8f55707aa4]::panicking::default_hook
[INFO] [stdout]    5:     0x60f519c5d120 - test[9d35eded1c95d3be]::test_main_inner::<test[9d35eded1c95d3be]::test_main_static::{closure#0}>::{closure#0}
[INFO] [stdout]    6:     0x60f51a0b5ef2 - std[70759c8f55707aa4]::panicking::panic_with_hook
[INFO] [stdout]    7:     0x60f51a0998e2 - std[70759c8f55707aa4]::panicking::panic_handler::{closure#0}
[INFO] [stdout]    8:     0x60f51a0924d9 - std[70759c8f55707aa4]::sys::backtrace::__rust_end_short_backtrace::<std[70759c8f55707aa4]::panicking::panic_handler::{closure#0}, !>
[INFO] [stdout]    9:     0x60f51a09a4dd - __rustc[8fa7c3cbc660c2b3]::rust_begin_unwind
[INFO] [stdout]   10:     0x60f51a0d44ec - core[df12db4294e9bfd3]::panicking::panic_fmt
[INFO] [stdout]   11:     0x60f519c4f809 - golden_tests[86b8023de05792ec]::run_golden_test::{closure#0}
[INFO] [stdout]   12:     0x60f519c4fdb0 - golden_tests[86b8023de05792ec]::run_golden_test
[INFO] [stdout]   13:     0x60f519c4ff26 - <golden_tests[86b8023de05792ec]::test_golden_basic_table::{closure#0} as core[df12db4294e9bfd3]::ops::function::FnOnce<()>>::call_once
[INFO] [stdout]   14:     0x60f519c5040b - test[9d35eded1c95d3be]::__rust_begin_short_backtrace::<core[df12db4294e9bfd3]::result::Result<(), alloc[2182bb758b4b3781]::string::String>, fn() -> core[df12db4294e9bfd3]::result::Result<(), alloc[2182bb758b4b3781]::string::String>>
[INFO] [stdout]   15:     0x60f519c5da75 - test[9d35eded1c95d3be]::run_test::{closure#0}
[INFO] [stdout]   16:     0x60f519c57334 - std[70759c8f55707aa4]::sys::backtrace::__rust_begin_short_backtrace::<test[9d35eded1c95d3be]::run_test::{closure#1}, ()>
[INFO] [stdout]   17:     0x60f519c60bd2 - <std[70759c8f55707aa4]::thread::lifecycle::spawn_unchecked<test[9d35eded1c95d3be]::run_test::{closure#1}, ()>::{closure#1} as core[df12db4294e9bfd3]::ops::function::FnOnce<()>>::call_once::{shim:vtable#0}
[INFO] [stdout]   18:     0x60f51a0bcf59 - <std[70759c8f55707aa4]::sys::thread::unix::Thread>::new::thread_start
[INFO] [stdout]   19:     0x7e6ca57c9dfa - <unknown>
[INFO] [stdout]   20:     0x7e6ca585d3d4 - clone
[INFO] [stdout]   21:                0x0 - <unknown>
[INFO] [stdout] 
[INFO] [stdout] ---- test_golden_alter_identity stdout ----
[INFO] [stdout] 
[INFO] [stdout] thread 'test_golden_alter_identity' (565) panicked at tests/golden_tests.rs:18:29:
[INFO] [stdout] Failed to read fixture /opt/rustwide/tests/fixtures/alter_identity.sql: No such file or directory (os error 2)
[INFO] [stdout] stack backtrace:
[INFO] [stdout]    0:     0x60f51a0bda01 - <<std[70759c8f55707aa4]::sys::backtrace::BacktraceLock>::print::DisplayBacktrace as core[df12db4294e9bfd3]::fmt::Display>::fmt
[INFO] [stdout]    1:     0x60f51a0d3dba - core[df12db4294e9bfd3]::fmt::write
[INFO] [stdout]    2:     0x60f51a0c1f0c - <alloc[2182bb758b4b3781]::vec::Vec<u8> as core[df12db4294e9bfd3]::io::write::Write>::write_fmt
[INFO] [stdout]    3:     0x60f51a099836 - std[70759c8f55707aa4]::panicking::default_hook::{closure#0}
[INFO] [stdout]    4:     0x60f51a0b5bc9 - std[70759c8f55707aa4]::panicking::default_hook
[INFO] [stdout]    5:     0x60f519c5d120 - test[9d35eded1c95d3be]::test_main_inner::<test[9d35eded1c95d3be]::test_main_static::{closure#0}>::{closure#0}
[INFO] [stdout]    6:     0x60f51a0b5ef2 - std[70759c8f55707aa4]::panicking::panic_with_hook
[INFO] [stdout]    7:     0x60f51a0998e2 - std[70759c8f55707aa4]::panicking::panic_handler::{closure#0}
[INFO] [stdout]    8:     0x60f51a0924d9 - std[70759c8f55707aa4]::sys::backtrace::__rust_end_short_backtrace::<std[70759c8f55707aa4]::panicking::panic_handler::{closure#0}, !>
[INFO] [stdout]    9:     0x60f51a09a4dd - __rustc[8fa7c3cbc660c2b3]::rust_begin_unwind
[INFO] [stdout]   10:     0x60f51a0d44ec - core[df12db4294e9bfd3]::panicking::panic_fmt
[INFO] [stdout]   11:     0x60f519c4f809 - golden_tests[86b8023de05792ec]::run_golden_test::{closure#0}
[INFO] [stdout]   12:     0x60f519c4fdb0 - golden_tests[86b8023de05792ec]::run_golden_test
[INFO] [stdout]   13:     0x60f519c501f6 - <golden_tests[86b8023de05792ec]::test_golden_alter_identity::{closure#0} as core[df12db4294e9bfd3]::ops::function::FnOnce<()>>::call_once
[INFO] [stdout]   14:     0x60f519c5040b - test[9d35eded1c95d3be]::__rust_begin_short_backtrace::<core[df12db4294e9bfd3]::result::Result<(), alloc[2182bb758b4b3781]::string::String>, fn() -> core[df12db4294e9bfd3]::result::Result<(), alloc[2182bb758b4b3781]::string::String>>
[INFO] [stdout]   15:     0x60f519c5da75 - test[9d35eded1c95d3be]::run_test::{closure#0}
[INFO] [stdout]   16:     0x60f519c57334 - std[70759c8f55707aa4]::sys::backtrace::__rust_begin_short_backtrace::<test[9d35eded1c95d3be]::run_test::{closure#1}, ()>
[INFO] [stdout]   17:     0x60f519c60bd2 - <std[70759c8f55707aa4]::thread::lifecycle::spawn_unchecked<test[9d35eded1c95d3be]::run_test::{closure#1}, ()>::{closure#1} as core[df12db4294e9bfd3]::ops::function::FnOnce<()>>::call_once::{shim:vtable#0}
[INFO] [stdout]   18:     0x60f51a0bcf59 - <std[70759c8f55707aa4]::sys::thread::unix::Thread>::new::thread_start
[INFO] [stdout]   19:     0x7e6ca57c9dfa - <unknown>
[INFO] [stdout]   20:     0x7e6ca585d3d4 - clone
[INFO] [stdout]   21:                0x0 - <unknown>
[INFO] [stdout] 
[INFO] [stdout] ---- test_golden_composite_pk stdout ----
[INFO] [stdout] 
[INFO] [stdout] thread 'test_golden_composite_pk' (568) panicked at tests/golden_tests.rs:18:29:
[INFO] [stdout] Failed to read fixture /opt/rustwide/tests/fixtures/composite_pk.sql: No such file or directory (os error 2)
[INFO] [stdout] stack backtrace:
[INFO] [stdout]    0:     0x60f51a0bda01 - <<std[70759c8f55707aa4]::sys::backtrace::BacktraceLock>::print::DisplayBacktrace as core[df12db4294e9bfd3]::fmt::Display>::fmt
[INFO] [stdout]    1:     0x60f51a0d3dba - core[df12db4294e9bfd3]::fmt::write
[INFO] [stdout]    2:     0x60f51a0c1f0c - <alloc[2182bb758b4b3781]::vec::Vec<u8> as core[df12db4294e9bfd3]::io::write::Write>::write_fmt
[INFO] [stdout]    3:     0x60f51a099836 - std[70759c8f55707aa4]::panicking::default_hook::{closure#0}
[INFO] [stdout]    4:     0x60f51a0b5bc9 - std[70759c8f55707aa4]::panicking::default_hook
[INFO] [stdout]    5:     0x60f519c5d120 - test[9d35eded1c95d3be]::test_main_inner::<test[9d35eded1c95d3be]::test_main_static::{closure#0}>::{closure#0}
[INFO] [stdout]    6:     0x60f51a0b5ef2 - std[70759c8f55707aa4]::panicking::panic_with_hook
[INFO] [stdout]    7:     0x60f51a0998e2 - std[70759c8f55707aa4]::panicking::panic_handler::{closure#0}
[INFO] [stdout]    8:     0x60f51a0924d9 - std[70759c8f55707aa4]::sys::backtrace::__rust_end_short_backtrace::<std[70759c8f55707aa4]::panicking::panic_handler::{closure#0}, !>
[INFO] [stdout]    9:     0x60f51a09a4dd - __rustc[8fa7c3cbc660c2b3]::rust_begin_unwind
[INFO] [stdout]   10:     0x60f51a0d44ec - core[df12db4294e9bfd3]::panicking::panic_fmt
[INFO] [stdout]   11:     0x60f519c4f809 - golden_tests[86b8023de05792ec]::run_golden_test::{closure#0}
[INFO] [stdout]   12:     0x60f519c4fdb0 - golden_tests[86b8023de05792ec]::run_golden_test
[INFO] [stdout]   13:     0x60f519c4ffb6 - <golden_tests[86b8023de05792ec]::test_golden_composite_pk::{closure#0} as core[df12db4294e9bfd3]::ops::function::FnOnce<()>>::call_once
[INFO] [stdout]   14:     0x60f519c5040b - test[9d35eded1c95d3be]::__rust_begin_short_backtrace::<core[df12db4294e9bfd3]::result::Result<(), alloc[2182bb758b4b3781]::string::String>, fn() -> core[df12db4294e9bfd3]::result::Result<(), alloc[2182bb758b4b3781]::string::String>>
[INFO] [stdout]   15:     0x60f519c5da75 - test[9d35eded1c95d3be]::run_test::{closure#0}
[INFO] [stdout]   16:     0x60f519c57334 - std[70759c8f55707aa4]::sys::backtrace::__rust_begin_short_backtrace::<test[9d35eded1c95d3be]::run_test::{closure#1}, ()>
[INFO] [stdout]   17:     0x60f519c60bd2 - <std[70759c8f55707aa4]::thread::lifecycle::spawn_unchecked<test[9d35eded1c95d3be]::run_test::{closure#1}, ()>::{closure#1} as core[df12db4294e9bfd3]::ops::function::FnOnce<()>>::call_once::{shim:vtable#0}
[INFO] [stdout]   18:     0x60f51a0bcf59 - <std[70759c8f55707aa4]::sys::thread::unix::Thread>::new::thread_start
[INFO] [stdout]   19:     0x7e6ca57c9dfa - <unknown>
[INFO] [stdout]   20:     0x7e6ca585d3d4 - clone
[INFO] [stdout]   21:                0x0 - <unknown>
[INFO] [stdout] 
[INFO] [stdout] 
[INFO] [stdout] failures:
[INFO] [stdout]     test_golden_alter_identity
[INFO] [stdout]     test_golden_basic_table
[INFO] [stdout]     test_golden_check_constraint
[INFO] [stdout]     test_golden_composite_pk
[INFO] [stdout]     test_golden_foreign_keys
[INFO] [stdout]     test_golden_foreign_keys_enabled
[INFO] [stdout]     test_golden_serial_types
[INFO] [stdout]     test_golden_various_types
[INFO] [stdout] 
[INFO] [stdout] test result: FAILED. 0 passed; 8 failed; 0 ignored; 0 measured; 0 filtered out; finished in 0.03s
[INFO] [stdout] 
[INFO] running `Command { std: "docker" "inspect" "005bcf774500d86894f4d15436b7086f537fb05d99dc577dabdb7f3dc0f27a93", kill_on_drop: false }`
[INFO] running `Command { std: "docker" "rm" "-f" "005bcf774500d86894f4d15436b7086f537fb05d99dc577dabdb7f3dc0f27a93", kill_on_drop: false }`
[INFO] [stdout] 005bcf774500d86894f4d15436b7086f537fb05d99dc577dabdb7f3dc0f27a93
