[INFO] fetching crate pfctl 0.7.0...
[INFO] testing pfctl-0.7.0 against 1.99.0-beta.8+cargoflags=--release for beta-release-1.100-2
[INFO] extracting crate pfctl 0.7.0 into /workspace/builds/worker-3-tc1/source
[INFO] started tweaking crates.io crate pfctl 0.7.0
[INFO] removed 0 missing examples
[INFO] removed 0 missing tests
[INFO] finished tweaking crates.io crate pfctl 0.7.0
[INFO] tweaked toml for crates.io crate pfctl 0.7.0 written to /workspace/builds/worker-3-tc1/source/Cargo.toml
[INFO] validating manifest of crates.io crate pfctl 0.7.0 on toolchain 1.99.0-beta.8
[INFO] running `Command { std: CARGO_HOME="/workspace/cargo-home" RUSTUP_HOME="/workspace/rustup-home" "/workspace/cargo-home/bin/cargo" "+1.99.0-beta.8" "metadata" "--manifest-path" "Cargo.toml" "--no-deps", kill_on_drop: false }`
[INFO] crate crates.io crate pfctl 0.7.0 already has a lockfile, it will not be regenerated
[INFO] running `Command { std: CARGO_HOME="/workspace/cargo-home" RUSTUP_HOME="/workspace/rustup-home" "/workspace/cargo-home/bin/cargo" "+1.99.0-beta.8" "fetch" "--manifest-path" "Cargo.toml", kill_on_drop: false }`
[INFO] [stderr]     Updating crates.io index
[INFO] [stderr]  Downloading crates ...
[INFO] [stderr]   Downloaded tun v0.7.22
[INFO] [stderr]   Downloaded c2rust-bitfields-derive v0.20.0
[INFO] [stderr]   Downloaded ioctl-sys v0.8.0
[INFO] [stderr]   Downloaded c2rust-bitfields v0.20.0
[INFO] [stderr]   Downloaded wintun-bindings v0.7.32
[INFO] running `Command { std: "docker" "create" "-v" "/var/lib/crater-agent-workspace/builds/worker-3-tc1/source:/opt/rustwide/workdir:ro,Z" "-v" "/var/lib/crater-agent-workspace/builds/worker-3-tc1/target:/opt/rustwide/target:rw,Z" "-v" "/var/lib/crater-agent-workspace/cargo-home:/opt/rustwide/cargo-home:ro,Z" "-v" "/var/lib/crater-agent-workspace/rustup-home:/opt/rustwide/rustup-home:ro,Z" "-m" "1610612736" "--network" "none" "ghcr.io/rust-lang/crates-build-env/linux@sha256:77db811e55d90add9212f6832c23229e3de5f1c1f9905e8cb07319ea15df73ac" "sleep" "infinity", kill_on_drop: false }`
[INFO] [stdout] 19ad913be0c37742abdb396dfb1ce7f38cebae15eb988f45bda55032c10624bb
[INFO] running `Command { std: "docker" "start" "19ad913be0c37742abdb396dfb1ce7f38cebae15eb988f45bda55032c10624bb", kill_on_drop: false }`
[INFO] running `Command { std: "docker" "inspect" "19ad913be0c37742abdb396dfb1ce7f38cebae15eb988f45bda55032c10624bb", kill_on_drop: false }`
[INFO] running `Command { std: "docker" "exec" "-e" "SOURCE_DIR=/opt/rustwide/workdir" "-e" "CARGO_HOME=/opt/rustwide/cargo-home" "-e" "RUSTUP_HOME=/opt/rustwide/rustup-home" "-e" "CARGO_TARGET_DIR=/opt/rustwide/target" "-w" "/opt/rustwide/workdir" "--user" "0:0" "19ad913be0c37742abdb396dfb1ce7f38cebae15eb988f45bda55032c10624bb" "/opt/rustwide/cargo-home/bin/cargo" "+1.99.0-beta.8" "metadata" "--no-deps" "--format-version=1", kill_on_drop: false }`
[INFO] running `Command { std: "docker" "inspect" "19ad913be0c37742abdb396dfb1ce7f38cebae15eb988f45bda55032c10624bb", kill_on_drop: false }`
[INFO] running `Command { std: "docker" "exec" "-e" "SOURCE_DIR=/opt/rustwide/workdir" "-e" "CARGO_HOME=/opt/rustwide/cargo-home" "-e" "RUSTUP_HOME=/opt/rustwide/rustup-home" "-e" "CARGO_TARGET_DIR=/opt/rustwide/target" "-e" "CARGO_INCREMENTAL=0" "-e" "RUST_BACKTRACE=full" "-e" "RUSTFLAGS=--cap-lints=warn" "-e" "RUSTDOCFLAGS=--cap-lints=warn" "-w" "/opt/rustwide/workdir" "--user" "0:0" "19ad913be0c37742abdb396dfb1ce7f38cebae15eb988f45bda55032c10624bb" "/opt/rustwide/cargo-home/bin/cargo" "+1.99.0-beta.8" "build" "--frozen" "--message-format=json" "--release", kill_on_drop: false }`
[INFO] [stderr]    Compiling ipnetwork v0.21.1
[INFO] [stderr]    Compiling ioctl-sys v0.8.0
[INFO] [stderr]    Compiling quote v1.0.40
[INFO] [stderr]    Compiling syn v2.0.106
[INFO] [stderr]    Compiling darling_core v0.20.11
[INFO] [stderr]    Compiling darling_macro v0.20.11
[INFO] [stderr]    Compiling darling v0.20.11
[INFO] [stderr]    Compiling derive_builder_core v0.20.2
[INFO] [stderr]    Compiling derive_builder_macro v0.20.2
[INFO] [stderr]    Compiling derive_builder v0.20.2
[INFO] [stderr]    Compiling pfctl v0.7.0 (/opt/rustwide/workdir)
[INFO] [stdout] warning: value assigned to `elem2` is never read
[INFO] [stdout]    --> src/pooladdr.rs:109:13
[INFO] [stdout]     |
[INFO] [stdout] 109 |             elem2.entries.tqe_prev = &mut elem1.entries.tqe_next;
[INFO] [stdout]     |             ^^^^^^^^^^^^^^^^^^^^^^^^^^^^^^^^^^^^^^^^^^^^^^^^^^^^
[INFO] [stdout]     |
[INFO] [stdout]     = help: maybe it is overwritten before being read?
[INFO] [stdout]     = note: `#[warn(unused_assignments)]` (part of `#[warn(unused)]`) on by default
[INFO] [stdout] 
[INFO] [stdout] 
[INFO] [stdout] warning: value assigned to `first_elem` is never read
[INFO] [stdout]    --> src/pooladdr.rs:120:13
[INFO] [stdout]     |
[INFO] [stdout] 120 |             first_elem.entries.tqe_prev = &mut list.tqh_first;
[INFO] [stdout]     |             ^^^^^^^^^^^^^^^^^^^^^^^^^^^^^^^^^^^^^^^^^^^^^^^^^
[INFO] [stdout]     |
[INFO] [stdout]     = help: maybe it is overwritten before being read?
[INFO] [stdout] 
[INFO] [stdout] 
[INFO] [stderr]     Finished `release` profile [optimized] target(s) in 11.70s
[INFO] running `Command { std: "docker" "inspect" "19ad913be0c37742abdb396dfb1ce7f38cebae15eb988f45bda55032c10624bb", kill_on_drop: false }`
[INFO] running `Command { std: "docker" "exec" "-e" "SOURCE_DIR=/opt/rustwide/workdir" "-e" "CARGO_HOME=/opt/rustwide/cargo-home" "-e" "RUSTUP_HOME=/opt/rustwide/rustup-home" "-e" "CARGO_TARGET_DIR=/opt/rustwide/target" "-e" "CARGO_INCREMENTAL=0" "-e" "RUST_BACKTRACE=full" "-e" "RUSTFLAGS=--cap-lints=warn" "-e" "RUSTDOCFLAGS=--cap-lints=warn" "-w" "/opt/rustwide/workdir" "--user" "0:0" "19ad913be0c37742abdb396dfb1ce7f38cebae15eb988f45bda55032c10624bb" "/opt/rustwide/cargo-home/bin/cargo" "+1.99.0-beta.8" "test" "--frozen" "--no-run" "--message-format=json" "--release", kill_on_drop: false }`
[INFO] [stderr]    Compiling libc v0.2.175
[INFO] [stderr]    Compiling thiserror-impl v2.0.16
[INFO] [stderr]    Compiling assert_matches v1.5.0
[INFO] [stderr]    Compiling scopeguard v1.2.0
[INFO] [stderr]    Compiling nix v0.30.1
[INFO] [stderr]    Compiling thiserror v2.0.16
[INFO] [stderr]    Compiling getrandom v0.3.3
[INFO] [stderr]    Compiling pfctl v0.7.0 (/opt/rustwide/workdir)
[INFO] [stderr]    Compiling uuid v1.18.1
[INFO] [stderr]    Compiling tun v0.7.22
[INFO] [stdout] warning: value assigned to `elem2` is never read
[INFO] [stdout]    --> src/pooladdr.rs:109:13
[INFO] [stdout]     |
[INFO] [stdout] 109 |             elem2.entries.tqe_prev = &mut elem1.entries.tqe_next;
[INFO] [stdout]     |             ^^^^^^^^^^^^^^^^^^^^^^^^^^^^^^^^^^^^^^^^^^^^^^^^^^^^
[INFO] [stdout]     |
[INFO] [stdout]     = help: maybe it is overwritten before being read?
[INFO] [stdout]     = note: `#[warn(unused_assignments)]` (part of `#[warn(unused)]`) on by default
[INFO] [stdout] 
[INFO] [stdout] 
[INFO] [stdout] warning: value assigned to `first_elem` is never read
[INFO] [stdout]    --> src/pooladdr.rs:120:13
[INFO] [stdout]     |
[INFO] [stdout] 120 |             first_elem.entries.tqe_prev = &mut list.tqh_first;
[INFO] [stdout]     |             ^^^^^^^^^^^^^^^^^^^^^^^^^^^^^^^^^^^^^^^^^^^^^^^^^
[INFO] [stdout]     |
[INFO] [stdout]     = help: maybe it is overwritten before being read?
[INFO] [stdout] 
[INFO] [stdout] 
[INFO] [stdout] warning: value assigned to `elem2` is never read
[INFO] [stdout]    --> src/pooladdr.rs:109:13
[INFO] [stdout]     |
[INFO] [stdout] 109 |             elem2.entries.tqe_prev = &mut elem1.entries.tqe_next;
[INFO] [stdout]     |             ^^^^^^^^^^^^^^^^^^^^^^^^^^^^^^^^^^^^^^^^^^^^^^^^^^^^
[INFO] [stdout]     |
[INFO] [stdout]     = help: maybe it is overwritten before being read?
[INFO] [stdout]     = note: `#[warn(unused_assignments)]` (part of `#[warn(unused)]`) on by default
[INFO] [stdout] 
[INFO] [stdout] 
[INFO] [stdout] warning: value assigned to `first_elem` is never read
[INFO] [stdout]    --> src/pooladdr.rs:120:13
[INFO] [stdout]     |
[INFO] [stdout] 120 |             first_elem.entries.tqe_prev = &mut list.tqh_first;
[INFO] [stdout]     |             ^^^^^^^^^^^^^^^^^^^^^^^^^^^^^^^^^^^^^^^^^^^^^^^^^
[INFO] [stdout]     |
[INFO] [stdout]     = help: maybe it is overwritten before being read?
[INFO] [stdout] 
[INFO] [stdout] 
[INFO] [stderr]     Finished `release` profile [optimized] target(s) in 10.01s
[INFO] running `Command { std: "docker" "inspect" "19ad913be0c37742abdb396dfb1ce7f38cebae15eb988f45bda55032c10624bb", kill_on_drop: false }`
[INFO] running `Command { std: "docker" "exec" "-e" "SOURCE_DIR=/opt/rustwide/workdir" "-e" "CARGO_HOME=/opt/rustwide/cargo-home" "-e" "RUSTUP_HOME=/opt/rustwide/rustup-home" "-e" "CARGO_TARGET_DIR=/opt/rustwide/target" "-e" "CARGO_INCREMENTAL=0" "-e" "RUST_BACKTRACE=full" "-e" "RUSTFLAGS=--cap-lints=warn" "-e" "RUSTDOCFLAGS=--cap-lints=warn" "-w" "/opt/rustwide/workdir" "--user" "0:0" "19ad913be0c37742abdb396dfb1ce7f38cebae15eb988f45bda55032c10624bb" "/opt/rustwide/cargo-home/bin/cargo" "+1.99.0-beta.8" "test" "--frozen" "--release", kill_on_drop: false }`
[INFO] [stderr] warning: value assigned to `elem2` is never read
[INFO] [stderr]    --> src/pooladdr.rs:109:13
[INFO] [stderr]     |
[INFO] [stderr] 109 |             elem2.entries.tqe_prev = &mut elem1.entries.tqe_next;
[INFO] [stderr]     |             ^^^^^^^^^^^^^^^^^^^^^^^^^^^^^^^^^^^^^^^^^^^^^^^^^^^^
[INFO] [stderr]     |
[INFO] [stderr]     = help: maybe it is overwritten before being read?
[INFO] [stderr]     = note: `#[warn(unused_assignments)]` (part of `#[warn(unused)]`) on by default
[INFO] [stderr] 
[INFO] [stderr] warning: value assigned to `first_elem` is never read
[INFO] [stderr]    --> src/pooladdr.rs:120:13
[INFO] [stderr]     |
[INFO] [stderr] 120 |             first_elem.entries.tqe_prev = &mut list.tqh_first;
[INFO] [stderr]     |             ^^^^^^^^^^^^^^^^^^^^^^^^^^^^^^^^^^^^^^^^^^^^^^^^^
[INFO] [stderr]     |
[INFO] [stderr]     = help: maybe it is overwritten before being read?
[INFO] [stderr] 
[INFO] [stderr] warning: `pfctl` (lib) generated 2 warnings
[INFO] [stderr] warning: `pfctl` (lib test) generated 2 warnings (2 duplicates)
[INFO] [stderr]     Finished `release` profile [optimized] target(s) in 0.09s
[INFO] [stderr]      Running unittests src/lib.rs (/opt/rustwide/target/release/deps/pfctl-b619ea428432f7fe)
[INFO] [stdout] 
[INFO] [stdout] running 18 tests
[INFO] [stdout] test rule::filter_rule_tests::af_compatibility_ipv6 ... ok
[INFO] [stdout] test rule::filter_rule_tests::correct_af_default ... ok
[INFO] [stdout] test rule::filter_rule_tests::state_policy_incompatible_modulate ... ok
[INFO] [stdout] test rule::filter_rule_tests::state_policy_incompatible_synproxy ... ok
[INFO] [stdout] test rule::filter_rule_tests::state_policy_none ... ok
[INFO] [stdout] test state::tests::test_parse_ipv4_address ... ok
[INFO] [stdout] test state::tests::test_parse_ipv6_address ... ok
[INFO] [stdout] test rule::filter_rule_tests::af_compatibility_ipv4 ... ok
[INFO] [stdout] test rule::filter_rule_tests::af_incompatible_from_to ... ok
[INFO] [stdout] test rule::filter_rule_tests::state_policy_correct_default ... ok
[INFO] [stdout] test tests::compare_cstr_without_nul - should panic ... ok
[INFO] [stdout] test tests::compare_different_strings ... ok
[INFO] [stdout] test rule::filter_rule_tests::state_policy_synproxy ... ok
[INFO] [stdout] test rule::filter_rule_tests::state_policy_keep ... ok
[INFO] [stdout] test tests::compare_long_short_strings ... ok
[INFO] [stdout] test rule::filter_rule_tests::state_policy_modulate ... ok
[INFO] [stdout] test tests::compare_same_strings ... ok
[INFO] [stderr]      Running tests/anchors.rs (/opt/rustwide/target/release/deps/anchors-ed6074233d633d9c)
[INFO] [stdout] test tests::compare_short_long_strings ... ok
[INFO] [stdout] 
[INFO] [stdout] test result: ok. 18 passed; 0 failed; 0 ignored; 0 measured; 0 filtered out; finished in 0.02s
[INFO] [stdout] 
[INFO] [stdout] 
[INFO] [stdout] running 2 tests
[INFO] [stdout] test add_filter_anchor ... FAILED
[INFO] [stdout] test remove_filter_anchor ... FAILED
[INFO] [stdout] 
[INFO] [stdout] failures:
[INFO] [stdout] 
[INFO] [stdout] ---- add_filter_anchor stdout ----
[INFO] [stdout] NOTE: Make sure there are not other PF rules interfering with this test.
[INFO] [stdout] 
[INFO] [stdout] thread 'add_filter_anchor' (931) panicked at tests/helper/pfcli.rs:10:10:
[INFO] [stdout] Failed to run pfctl: Os { code: 2, kind: NotFound, message: "No such file or directory" }
[INFO] [stdout] stack backtrace:
[INFO] [stdout]    0:     0x6454f7963611 - <<std[70759c8f55707aa4]::sys::backtrace::BacktraceLock>::print::DisplayBacktrace as core[df12db4294e9bfd3]::fmt::Display>::fmt
[INFO] [stdout]    1:     0x6454f7977b8a - core[df12db4294e9bfd3]::fmt::write
[INFO] [stdout]    2:     0x6454f7967c9c - <alloc[2182bb758b4b3781]::vec::Vec<u8> as core[df12db4294e9bfd3]::io::write::Write>::write_fmt
[INFO] [stdout]    3:     0x6454f793fa56 - std[70759c8f55707aa4]::panicking::default_hook::{closure#0}
[INFO] [stdout]    4:     0x6454f795bcc9 - std[70759c8f55707aa4]::panicking::default_hook
[INFO] [stdout]    5:     0x6454f78f7930 - test[9d35eded1c95d3be]::test_main_inner::<test[9d35eded1c95d3be]::test_main_static::{closure#0}>::{closure#0}
[INFO] [stdout]    6:     0x6454f795be82 - std[70759c8f55707aa4]::panicking::panic_with_hook
[INFO] [stdout]    7:     0x6454f793fb02 - std[70759c8f55707aa4]::panicking::panic_handler::{closure#0}
[INFO] [stdout]    8:     0x6454f7938889 - std[70759c8f55707aa4]::sys::backtrace::__rust_end_short_backtrace::<std[70759c8f55707aa4]::panicking::panic_handler::{closure#0}, !>
[INFO] [stdout]    9:     0x6454f79406fd - __rustc[8fa7c3cbc660c2b3]::rust_begin_unwind
[INFO] [stdout]   10:     0x6454f79782bc - core[df12db4294e9bfd3]::panicking::panic_fmt
[INFO] [stdout]   11:     0x6454f7978092 - core[df12db4294e9bfd3]::result::unwrap_failed
[INFO] [stdout]   12:     0x6454f78e9522 - anchors[24f5ac301a16d2d4]::helper::pfcli::is_enabled
[INFO] [stdout]   13:     0x6454f78e868b - <anchors[24f5ac301a16d2d4]::add_filter_anchor::{closure#0} as core[df12db4294e9bfd3]::ops::function::FnOnce<()>>::call_once
[INFO] [stderr] error: test failed, to rerun pass `--test anchors`
[INFO] [stdout]   14:     0x6454f78eac1b - test[9d35eded1c95d3be]::__rust_begin_short_backtrace::<core[df12db4294e9bfd3]::result::Result<(), alloc[2182bb758b4b3781]::string::String>, fn() -> core[df12db4294e9bfd3]::result::Result<(), alloc[2182bb758b4b3781]::string::String>>
[INFO] [stdout]   15:     0x6454f78f8285 - test[9d35eded1c95d3be]::run_test::{closure#0}
[INFO] [stdout]   16:     0x6454f78f1b44 - std[70759c8f55707aa4]::sys::backtrace::__rust_begin_short_backtrace::<test[9d35eded1c95d3be]::run_test::{closure#1}, ()>
[INFO] [stdout]   17:     0x6454f78fb3e2 - <std[70759c8f55707aa4]::thread::lifecycle::spawn_unchecked<test[9d35eded1c95d3be]::run_test::{closure#1}, ()>::{closure#1} as core[df12db4294e9bfd3]::ops::function::FnOnce<()>>::call_once::{shim:vtable#0}
[INFO] [stdout]   18:     0x6454f7962ee9 - <std[70759c8f55707aa4]::sys::thread::unix::Thread>::new::thread_start
[INFO] [stdout]   19:     0x7f2bdfe77dfa - <unknown>
[INFO] [stdout]   20:     0x7f2bdff0b3d4 - clone
[INFO] [stdout]   21:                0x0 - <unknown>
[INFO] [stdout] 
[INFO] [stdout] ---- remove_filter_anchor stdout ----
[INFO] [stdout] NOTE: Make sure there are not other PF rules interfering with this test.
[INFO] [stdout] 
[INFO] [stdout] thread 'remove_filter_anchor' (932) panicked at tests/helper/pfcli.rs:10:10:
[INFO] [stdout] Failed to run pfctl: Os { code: 2, kind: NotFound, message: "No such file or directory" }
[INFO] [stdout] stack backtrace:
[INFO] [stdout]    0:     0x6454f7963611 - <<std[70759c8f55707aa4]::sys::backtrace::BacktraceLock>::print::DisplayBacktrace as core[df12db4294e9bfd3]::fmt::Display>::fmt
[INFO] [stdout]    1:     0x6454f7977b8a - core[df12db4294e9bfd3]::fmt::write
[INFO] [stdout]    2:     0x6454f7967c9c - <alloc[2182bb758b4b3781]::vec::Vec<u8> as core[df12db4294e9bfd3]::io::write::Write>::write_fmt
[INFO] [stdout]    3:     0x6454f793fa56 - std[70759c8f55707aa4]::panicking::default_hook::{closure#0}
[INFO] [stdout]    4:     0x6454f795bcc9 - std[70759c8f55707aa4]::panicking::default_hook
[INFO] [stdout]    5:     0x6454f78f7930 - test[9d35eded1c95d3be]::test_main_inner::<test[9d35eded1c95d3be]::test_main_static::{closure#0}>::{closure#0}
[INFO] [stdout]    6:     0x6454f795be82 - std[70759c8f55707aa4]::panicking::panic_with_hook
[INFO] [stdout]    7:     0x6454f793fb02 - std[70759c8f55707aa4]::panicking::panic_handler::{closure#0}
[INFO] [stdout]    8:     0x6454f7938889 - std[70759c8f55707aa4]::sys::backtrace::__rust_end_short_backtrace::<std[70759c8f55707aa4]::panicking::panic_handler::{closure#0}, !>
[INFO] [stdout]    9:     0x6454f79406fd - __rustc[8fa7c3cbc660c2b3]::rust_begin_unwind
[INFO] [stdout]   10:     0x6454f79782bc - core[df12db4294e9bfd3]::panicking::panic_fmt
[INFO] [stdout]   11:     0x6454f7978092 - core[df12db4294e9bfd3]::result::unwrap_failed
[INFO] [stdout]   12:     0x6454f78e9522 - anchors[24f5ac301a16d2d4]::helper::pfcli::is_enabled
[INFO] [stdout]   13:     0x6454f78e8acb - <anchors[24f5ac301a16d2d4]::remove_filter_anchor::{closure#0} as core[df12db4294e9bfd3]::ops::function::FnOnce<()>>::call_once
[INFO] [stdout]   14:     0x6454f78eac1b - test[9d35eded1c95d3be]::__rust_begin_short_backtrace::<core[df12db4294e9bfd3]::result::Result<(), alloc[2182bb758b4b3781]::string::String>, fn() -> core[df12db4294e9bfd3]::result::Result<(), alloc[2182bb758b4b3781]::string::String>>
[INFO] [stdout]   15:     0x6454f78f8285 - test[9d35eded1c95d3be]::run_test::{closure#0}
[INFO] [stdout]   16:     0x6454f78f1b44 - std[70759c8f55707aa4]::sys::backtrace::__rust_begin_short_backtrace::<test[9d35eded1c95d3be]::run_test::{closure#1}, ()>
[INFO] [stdout]   17:     0x6454f78fb3e2 - <std[70759c8f55707aa4]::thread::lifecycle::spawn_unchecked<test[9d35eded1c95d3be]::run_test::{closure#1}, ()>::{closure#1} as core[df12db4294e9bfd3]::ops::function::FnOnce<()>>::call_once::{shim:vtable#0}
[INFO] [stdout]   18:     0x6454f7962ee9 - <std[70759c8f55707aa4]::sys::thread::unix::Thread>::new::thread_start
[INFO] [stdout]   19:     0x7f2bdfe77dfa - <unknown>
[INFO] [stdout]   20:     0x7f2bdff0b3d4 - clone
[INFO] [stdout]   21:                0x0 - <unknown>
[INFO] [stdout] 
[INFO] [stdout] 
[INFO] [stdout] failures:
[INFO] [stdout]     add_filter_anchor
[INFO] [stdout]     remove_filter_anchor
[INFO] [stdout] 
[INFO] [stdout] test result: FAILED. 0 passed; 2 failed; 0 ignored; 0 measured; 0 filtered out; finished in 0.02s
[INFO] [stdout] 
[INFO] running `Command { std: "docker" "inspect" "19ad913be0c37742abdb396dfb1ce7f38cebae15eb988f45bda55032c10624bb", kill_on_drop: false }`
[INFO] running `Command { std: "docker" "rm" "-f" "19ad913be0c37742abdb396dfb1ce7f38cebae15eb988f45bda55032c10624bb", kill_on_drop: false }`
[INFO] [stdout] 19ad913be0c37742abdb396dfb1ce7f38cebae15eb988f45bda55032c10624bb
