[INFO] fetching crate pfcl-repl 0.1.5...
[INFO] testing pfcl-repl-0.1.5 against 1.100.0-beta.1+cargoflags=--release for beta-release-1.100-2
[INFO] extracting crate pfcl-repl 0.1.5 into /workspace/builds/worker-4-tc2/source
[INFO] started tweaking crates.io crate pfcl-repl 0.1.5
[INFO] removed 0 missing tests
[INFO] finished tweaking crates.io crate pfcl-repl 0.1.5
[INFO] tweaked toml for crates.io crate pfcl-repl 0.1.5 written to /workspace/builds/worker-4-tc2/source/Cargo.toml
[INFO] validating manifest of crates.io crate pfcl-repl 0.1.5 on toolchain 1.100.0-beta.1
[INFO] running `Command { std: CARGO_HOME="/workspace/cargo-home" RUSTUP_HOME="/workspace/rustup-home" "/workspace/cargo-home/bin/cargo" "+1.100.0-beta.1" "metadata" "--manifest-path" "Cargo.toml" "--no-deps", kill_on_drop: false }`
[INFO] crate crates.io crate pfcl-repl 0.1.5 already has a lockfile, it will not be regenerated
[INFO] running `Command { std: CARGO_HOME="/workspace/cargo-home" RUSTUP_HOME="/workspace/rustup-home" "/workspace/cargo-home/bin/cargo" "+1.100.0-beta.1" "fetch" "--manifest-path" "Cargo.toml", kill_on_drop: false }`
[INFO] [stderr] warning: `package.homepage` is redundant with `package.repository`
[INFO] [stderr]   --> Cargo.toml:40:12
[INFO] [stderr]    |
[INFO] [stderr] 40 | homepage = "https://codeberg.org/vickov/pfcl"
[INFO] [stderr]    |            ^^^^^^^^^^^^^^^^^^^^^^^^^^^^^^^^^^
[INFO] [stderr] ...
[INFO] [stderr] 45 | repository = "https://codeberg.org/vickov/pfcl"
[INFO] [stderr]    |              ----------------------------------
[INFO] [stderr]    |
[INFO] [stderr]    = note: `cargo::redundant_homepage` is set to `warn` by default
[INFO] [stderr] help: consider removing `package.homepage`
[INFO] [stderr] warning: `pfcl-repl` (manifest) generated 1 warning
[INFO] running `Command { std: "docker" "create" "-v" "/var/lib/crater-agent-workspace/builds/worker-4-tc2/source:/opt/rustwide/workdir:ro,Z" "-v" "/var/lib/crater-agent-workspace/builds/worker-4-tc2/target:/opt/rustwide/target:rw,Z" "-v" "/var/lib/crater-agent-workspace/cargo-home:/opt/rustwide/cargo-home:ro,Z" "-v" "/var/lib/crater-agent-workspace/rustup-home:/opt/rustwide/rustup-home:ro,Z" "-m" "1610612736" "--network" "none" "ghcr.io/rust-lang/crates-build-env/linux@sha256:77db811e55d90add9212f6832c23229e3de5f1c1f9905e8cb07319ea15df73ac" "sleep" "infinity", kill_on_drop: false }`
[INFO] [stdout] 4aaa6e08e7d3e5c9ddd8f1b3c60d8fab54a4773037029ebf6de6faf09c7c7e20
[INFO] running `Command { std: "docker" "start" "4aaa6e08e7d3e5c9ddd8f1b3c60d8fab54a4773037029ebf6de6faf09c7c7e20", kill_on_drop: false }`
[INFO] running `Command { std: "docker" "inspect" "4aaa6e08e7d3e5c9ddd8f1b3c60d8fab54a4773037029ebf6de6faf09c7c7e20", kill_on_drop: false }`
[INFO] running `Command { std: "docker" "exec" "-e" "SOURCE_DIR=/opt/rustwide/workdir" "-e" "CARGO_HOME=/opt/rustwide/cargo-home" "-e" "RUSTUP_HOME=/opt/rustwide/rustup-home" "-e" "CARGO_TARGET_DIR=/opt/rustwide/target" "-w" "/opt/rustwide/workdir" "--user" "0:0" "4aaa6e08e7d3e5c9ddd8f1b3c60d8fab54a4773037029ebf6de6faf09c7c7e20" "/opt/rustwide/cargo-home/bin/cargo" "+1.100.0-beta.1" "metadata" "--no-deps" "--format-version=1", kill_on_drop: false }`
[INFO] running `Command { std: "docker" "inspect" "4aaa6e08e7d3e5c9ddd8f1b3c60d8fab54a4773037029ebf6de6faf09c7c7e20", kill_on_drop: false }`
[INFO] running `Command { std: "docker" "exec" "-e" "SOURCE_DIR=/opt/rustwide/workdir" "-e" "CARGO_HOME=/opt/rustwide/cargo-home" "-e" "RUSTUP_HOME=/opt/rustwide/rustup-home" "-e" "CARGO_TARGET_DIR=/opt/rustwide/target" "-e" "CARGO_INCREMENTAL=0" "-e" "RUST_BACKTRACE=full" "-e" "RUSTFLAGS=--cap-lints=warn" "-e" "RUSTDOCFLAGS=--cap-lints=warn" "-w" "/opt/rustwide/workdir" "--user" "0:0" "4aaa6e08e7d3e5c9ddd8f1b3c60d8fab54a4773037029ebf6de6faf09c7c7e20" "/opt/rustwide/cargo-home/bin/cargo" "+1.100.0-beta.1" "build" "--frozen" "--message-format=json" "--release", kill_on_drop: false }`
[INFO] [stderr] warning: `package.homepage` is redundant with `package.repository`
[INFO] [stderr]   --> Cargo.toml:40:12
[INFO] [stderr]    |
[INFO] [stderr] 40 | homepage = "https://codeberg.org/vickov/pfcl"
[INFO] [stderr]    |            ^^^^^^^^^^^^^^^^^^^^^^^^^^^^^^^^^^
[INFO] [stderr] ...
[INFO] [stderr] 45 | repository = "https://codeberg.org/vickov/pfcl"
[INFO] [stderr]    |              ----------------------------------
[INFO] [stderr]    |
[INFO] [stderr]    = note: `cargo::redundant_homepage` is set to `warn` by default
[INFO] [stderr] help: consider removing `package.homepage`
[INFO] [stderr] warning: `pfcl-repl` (manifest) generated 1 warning
[INFO] [stderr]    Compiling once_cell v1.21.4
[INFO] [stderr]    Compiling unsafe-libyaml v0.2.11
[INFO] [stderr]    Compiling indexmap v2.14.0
[INFO] [stderr]    Compiling zerocopy v0.8.54
[INFO] [stderr]    Compiling syn v2.0.118
[INFO] [stderr]    Compiling sha2 v0.10.9
[INFO] [stderr]    Compiling md-5 v0.10.6
[INFO] [stderr]    Compiling serde_derive v1.0.228
[INFO] [stderr]    Compiling serde v1.0.228
[INFO] [stderr]    Compiling ahash v0.8.12
[INFO] [stderr]    Compiling hashbrown v0.14.5
[INFO] [stderr]    Compiling serde_yaml v0.9.34+deprecated
[INFO] [stderr]    Compiling pfcl-types v0.1.5
[INFO] [stderr]    Compiling pfcl-parser v0.1.5
[INFO] [stderr]    Compiling pfcl-resolver v0.1.5
[INFO] [stderr]    Compiling pfcl-typechecker v0.1.5
[INFO] [stderr]    Compiling pfcl-catalog v0.1.5
[INFO] [stderr]    Compiling pfcl-interpreter v0.1.5
[INFO] [stderr]    Compiling pfcl-repl v0.1.5 (/opt/rustwide/workdir)
[INFO] [stderr]     Finished `release` profile [optimized] target(s) in 26.81s
[INFO] running `Command { std: "docker" "inspect" "4aaa6e08e7d3e5c9ddd8f1b3c60d8fab54a4773037029ebf6de6faf09c7c7e20", kill_on_drop: false }`
[INFO] running `Command { std: "docker" "exec" "-e" "SOURCE_DIR=/opt/rustwide/workdir" "-e" "CARGO_HOME=/opt/rustwide/cargo-home" "-e" "RUSTUP_HOME=/opt/rustwide/rustup-home" "-e" "CARGO_TARGET_DIR=/opt/rustwide/target" "-e" "CARGO_INCREMENTAL=0" "-e" "RUST_BACKTRACE=full" "-e" "RUSTFLAGS=--cap-lints=warn" "-e" "RUSTDOCFLAGS=--cap-lints=warn" "-w" "/opt/rustwide/workdir" "--user" "0:0" "4aaa6e08e7d3e5c9ddd8f1b3c60d8fab54a4773037029ebf6de6faf09c7c7e20" "/opt/rustwide/cargo-home/bin/cargo" "+1.100.0-beta.1" "test" "--frozen" "--no-run" "--message-format=json" "--release", kill_on_drop: false }`
[INFO] [stderr] warning: `package.homepage` is redundant with `package.repository`
[INFO] [stderr]   --> Cargo.toml:40:12
[INFO] [stderr]    |
[INFO] [stderr] 40 | homepage = "https://codeberg.org/vickov/pfcl"
[INFO] [stderr]    |            ^^^^^^^^^^^^^^^^^^^^^^^^^^^^^^^^^^
[INFO] [stderr] ...
[INFO] [stderr] 45 | repository = "https://codeberg.org/vickov/pfcl"
[INFO] [stderr]    |              ----------------------------------
[INFO] [stderr]    |
[INFO] [stderr]    = note: `cargo::redundant_homepage` is set to `warn` by default
[INFO] [stderr] help: consider removing `package.homepage`
[INFO] [stderr] warning: `pfcl-repl` (manifest) generated 1 warning
[INFO] [stderr]    Compiling pfcl-repl v0.1.5 (/opt/rustwide/workdir)
[INFO] [stderr]     Finished `release` profile [optimized] target(s) in 0.87s
[INFO] running `Command { std: "docker" "inspect" "4aaa6e08e7d3e5c9ddd8f1b3c60d8fab54a4773037029ebf6de6faf09c7c7e20", kill_on_drop: false }`
[INFO] running `Command { std: "docker" "exec" "-e" "SOURCE_DIR=/opt/rustwide/workdir" "-e" "CARGO_HOME=/opt/rustwide/cargo-home" "-e" "RUSTUP_HOME=/opt/rustwide/rustup-home" "-e" "CARGO_TARGET_DIR=/opt/rustwide/target" "-e" "CARGO_INCREMENTAL=0" "-e" "RUST_BACKTRACE=full" "-e" "RUSTFLAGS=--cap-lints=warn" "-e" "RUSTDOCFLAGS=--cap-lints=warn" "-w" "/opt/rustwide/workdir" "--user" "0:0" "4aaa6e08e7d3e5c9ddd8f1b3c60d8fab54a4773037029ebf6de6faf09c7c7e20" "/opt/rustwide/cargo-home/bin/cargo" "+1.100.0-beta.1" "test" "--frozen" "--release", kill_on_drop: false }`
[INFO] [stderr] warning: `package.homepage` is redundant with `package.repository`
[INFO] [stderr]   --> Cargo.toml:40:12
[INFO] [stderr]    |
[INFO] [stderr] 40 | homepage = "https://codeberg.org/vickov/pfcl"
[INFO] [stderr]    |            ^^^^^^^^^^^^^^^^^^^^^^^^^^^^^^^^^^
[INFO] [stderr] ...
[INFO] [stderr] 45 | repository = "https://codeberg.org/vickov/pfcl"
[INFO] [stderr]    |              ----------------------------------
[INFO] [stderr]    |
[INFO] [stderr]    = note: `cargo::redundant_homepage` is set to `warn` by default
[INFO] [stderr] help: consider removing `package.homepage`
[INFO] [stderr] warning: `pfcl-repl` (manifest) generated 1 warning
[INFO] [stderr]     Finished `release` profile [optimized] target(s) in 0.05s
[INFO] [stderr]      Running unittests src/lib.rs (/opt/rustwide/target/release/build/pfcl-repl/7ca4ee17bbe2315e/out/pfcl_repl-7ca4ee17bbe2315e)
[INFO] [stdout] 
[INFO] [stdout] running 0 tests
[INFO] [stdout] 
[INFO] [stdout] test result: ok. 0 passed; 0 failed; 0 ignored; 0 measured; 0 filtered out; finished in 0.00s
[INFO] [stdout] 
[INFO] [stderr]      Running unittests src/main.rs (/opt/rustwide/target/release/build/pfcl-repl/96adbd83ff3482b5/out/pfcl-96adbd83ff3482b5)
[INFO] [stderr]      Running tests/typecheck_integration.rs (/opt/rustwide/target/release/build/pfcl-repl/716dd7399b57ee0c/out/typecheck_integration-716dd7399b57ee0c)
[INFO] [stdout] 
[INFO] [stdout] running 0 tests
[INFO] [stdout] 
[INFO] [stdout] test result: ok. 0 passed; 0 failed; 0 ignored; 0 measured; 0 filtered out; finished in 0.00s
[INFO] [stdout] 
[INFO] [stdout] 
[INFO] [stdout] running 10 tests
[INFO] [stdout] test genuinely_ill_typed_call_is_rejected ... ok
[INFO] [stdout] test record_get_typechecks_without_hanging ... ok
[INFO] [stdout] test type_errors_from_application_carry_a_position_pointer ... ok
[INFO] [stdout] test accepts_well_typed_bootstrap_primitive_composition ... ok
[INFO] [stdout] test ordinary_mismatch_also_gets_a_position_now ... ok
[INFO] [stdout] test composed_catalog_entries_get_a_real_derived_signature ... FAILED
[INFO] [stdout] test fix_typechecks_without_hanging ... ok
[INFO] [stdout] test bool_and_boolean_yaml_entries_compose_with_bootstrap_predicates ... FAILED
[INFO] [stdout] test fold_left_reverse_typechecks_regardless_of_outer_context ... ok
[INFO] [stdout] test catches_the_type_error_eval_silently_swallows ... ok
[INFO] [stdout] 
[INFO] [stdout] failures:
[INFO] [stdout] 
[INFO] [stdout] ---- composed_catalog_entries_get_a_real_derived_signature stdout ----
[INFO] [stdout] 
[INFO] [stdout] thread 'composed_catalog_entries_get_a_real_derived_signature' (601) panicked at tests/typecheck_integration.rs:74:5:
[INFO] [stdout] expected success, got: type error: resolution error: unresolved name: `list.flatten`
[INFO] [stdout] 
[INFO] [stdout] stack backtrace:
[INFO] [stdout]    0:     0x6429fe5a1e11 - <<std[617be2ca0a6fd877]::sys::backtrace::BacktraceLock>::print::DisplayBacktrace as core[a373ad73a504971]::fmt::Display>::fmt
[INFO] [stdout]    1:     0x6429fe5b5d0a - core[a373ad73a504971]::fmt::write
[INFO] [stdout]    2:     0x6429fe5a602c - <alloc[2e1b2a31b91974c5]::vec::Vec<u8> as core[a373ad73a504971]::io::write::Write>::write_fmt
[INFO] [stdout]    3:     0x6429fe57e096 - std[617be2ca0a6fd877]::panicking::default_hook::{closure#0}
[INFO] [stdout]    4:     0x6429fe59a4a9 - std[617be2ca0a6fd877]::panicking::default_hook
[INFO] [stdout]    5:     0x6429fe536970 - test[aada8e7e76ba119b]::test_main_inner::{closure#0}
[INFO] [stdout]    6:     0x6429fe59a662 - std[617be2ca0a6fd877]::panicking::panic_with_hook
[INFO] [stdout]    7:     0x6429fe57e142 - std[617be2ca0a6fd877]::panicking::panic_handler::{closure#0}
[INFO] [stdout]    8:     0x6429fe576e59 - std[617be2ca0a6fd877]::sys::backtrace::__rust_end_short_backtrace::<std[617be2ca0a6fd877]::panicking::panic_handler::{closure#0}, !>
[INFO] [stdout]    9:     0x6429fe57ed4d - __rustc[ea4f61d10b84890b]::rust_begin_unwind
[INFO] [stdout]   10:     0x6429fe5b643c - core[a373ad73a504971]::panicking::panic_fmt
[INFO] [stdout]   11:     0x6429fe5298b4 - <typecheck_integration[13b1333be8d41786]::composed_catalog_entries_get_a_real_derived_signature::{closure#0} as core[a373ad73a504971]::ops::function::FnOnce<()>>::call_once
[INFO] [stdout]   12:     0x6429fe529dbb - test[aada8e7e76ba119b]::__rust_begin_short_backtrace::<core[a373ad73a504971]::result::Result<(), alloc[2e1b2a31b91974c5]::string::String>, fn() -> core[a373ad73a504971]::result::Result<(), alloc[2e1b2a31b91974c5]::string::String>>
[INFO] [stdout]   13:     0x6429fe536f95 - test[aada8e7e76ba119b]::run_test::{closure#0}
[INFO] [stdout]   14:     0x6429fe530884 - std[617be2ca0a6fd877]::sys::backtrace::__rust_begin_short_backtrace::<test[aada8e7e76ba119b]::run_test::{closure#1}, ()>
[INFO] [stdout]   15:     0x6429fe53a022 - <std[617be2ca0a6fd877]::thread::lifecycle::spawn_unchecked<test[aada8e7e76ba119b]::run_test::{closure#1}, ()>::{closure#1} as core[a373ad73a504971]::ops::function::FnOnce<()>>::call_once::{shim:vtable#0}
[INFO] [stdout]   16:     0x6429fe5a166f - <std[617be2ca0a6fd877]::sys::thread::unix::Thread>::new::thread_start
[INFO] [stdout]   17:     0x7fac05acadfa - <unknown>
[INFO] [stdout]   18:     0x7fac05b5e3d4 - clone
[INFO] [stdout]   19:                0x0 - <unknown>
[INFO] [stdout] 
[INFO] [stdout] ---- bool_and_boolean_yaml_entries_compose_with_bootstrap_predicates stdout ----
[INFO] [stdout] 
[INFO] [stdout] thread 'bool_and_boolean_yaml_entries_compose_with_bootstrap_predicates' (599) panicked at tests/typecheck_integration.rs:151:5:
[INFO] [stdout] expected list.count with a bootstrap-primitive predicate to typecheck, got: type error: resolution error: unresolved name: `list.count`
[INFO] [stdout] 
[INFO] [stdout] stack backtrace:
[INFO] [stdout]    0:     0x6429fe5a1e11 - <<std[617be2ca0a6fd877]::sys::backtrace::BacktraceLock>::print::DisplayBacktrace as core[a373ad73a504971]::fmt::Display>::fmt
[INFO] [stdout]    1:     0x6429fe5b5d0a - core[a373ad73a504971]::fmt::write
[INFO] [stdout]    2:     0x6429fe5a602c - <alloc[2e1b2a31b91974c5]::vec::Vec<u8> as core[a373ad73a504971]::io::write::Write>::write_fmt
[INFO] [stdout]    3:     0x6429fe57e096 - std[617be2ca0a6fd877]::panicking::default_hook::{closure#0}
[INFO] [stdout]    4:     0x6429fe59a4a9 - std[617be2ca0a6fd877]::panicking::default_hook
[INFO] [stdout]    5:     0x6429fe536970 - test[aada8e7e76ba119b]::test_main_inner::{closure#0}
[INFO] [stdout]    6:     0x6429fe59a662 - std[617be2ca0a6fd877]::panicking::panic_with_hook
[INFO] [stdout]    7:     0x6429fe57e142 - std[617be2ca0a6fd877]::panicking::panic_handler::{closure#0}
[INFO] [stdout]    8:     0x6429fe576e59 - std[617be2ca0a6fd877]::sys::backtrace::__rust_end_short_backtrace::<std[617be2ca0a6fd877]::panicking::panic_handler::{closure#0}, !>
[INFO] [stdout]    9:     0x6429fe57ed4d - __rustc[ea4f61d10b84890b]::rust_begin_unwind
[INFO] [stdout]   10:     0x6429fe5b643c - core[a373ad73a504971]::panicking::panic_fmt
[INFO] [stdout]   11:     0x6429fe529d34 - <typecheck_integration[13b1333be8d41786]::bool_and_boolean_yaml_entries_compose_with_bootstrap_predicates::{closure#0} as core[a373ad73a504971]::ops::function::FnOnce<()>>::call_once
[INFO] [stdout]   12:     0x6429fe529dbb - test[aada8e7e76ba119b]::__rust_begin_short_backtrace::<core[a373ad73a504971]::result::Result<(), alloc[2e1b2a31b91974c5]::string::String>, fn() -> core[a373ad73a504971]::result::Result<(), alloc[2e1b2a31b91974c5]::string::String>>
[INFO] [stdout]   13:     0x6429fe536f95 - test[aada8e7e76ba119b]::run_test::{closure#0}
[INFO] [stdout]   14:     0x6429fe530884 - std[617be2ca0a6fd877]::sys::backtrace::__rust_begin_short_backtrace::<test[aada8e7e76ba119b]::run_test::{closure#1}, ()>
[INFO] [stdout]   15:     0x6429fe53a022 - <std[617be2ca0a6fd877]::thread::lifecycle::spawn_unchecked<test[aada8e7e76ba119b]::run_test::{closure#1}, ()>::{closure#1} as core[a373ad73a504971]::ops::function::FnOnce<()>>::call_once::{shim:vtable#0}
[INFO] [stdout]   16:     0x6429fe5a166f - <std[617be2ca0a6fd877]::sys::thread::unix::Thread>::new::thread_start
[INFO] [stdout]   17:     0x7fac05acadfa - <unknown>
[INFO] [stdout]   18:     0x7fac05b5e3d4 - clone
[INFO] [stdout]   19:                0x0 - <unknown>
[INFO] [stdout] 
[INFO] [stdout] 
[INFO] [stdout] failures:
[INFO] [stdout]     bool_and_boolean_yaml_entries_compose_with_bootstrap_predicates
[INFO] [stdout]     composed_catalog_entries_get_a_real_derived_signature
[INFO] [stdout] 
[INFO] [stdout] test result: FAILED. 8 passed; 2 failed; 0 ignored; 0 measured; 0 filtered out; finished in 0.16s
[INFO] [stdout] 
[INFO] [stderr] error: test failed, to rerun pass `--test typecheck_integration`
[INFO] running `Command { std: "docker" "inspect" "4aaa6e08e7d3e5c9ddd8f1b3c60d8fab54a4773037029ebf6de6faf09c7c7e20", kill_on_drop: false }`
[INFO] running `Command { std: "docker" "rm" "-f" "4aaa6e08e7d3e5c9ddd8f1b3c60d8fab54a4773037029ebf6de6faf09c7c7e20", kill_on_drop: false }`
[INFO] [stdout] 4aaa6e08e7d3e5c9ddd8f1b3c60d8fab54a4773037029ebf6de6faf09c7c7e20
