[INFO] fetching crate pfcl-interpreter 0.1.5...
[INFO] testing pfcl-interpreter-0.1.5 against 1.99.0-beta.8+cargoflags=--release for beta-release-1.100-2
[INFO] extracting crate pfcl-interpreter 0.1.5 into /workspace/builds/worker-7-tc1/source
[INFO] started tweaking crates.io crate pfcl-interpreter 0.1.5
[INFO] removed 0 missing tests
[INFO] finished tweaking crates.io crate pfcl-interpreter 0.1.5
[INFO] tweaked toml for crates.io crate pfcl-interpreter 0.1.5 written to /workspace/builds/worker-7-tc1/source/Cargo.toml
[INFO] validating manifest of crates.io crate pfcl-interpreter 0.1.5 on toolchain 1.99.0-beta.8
[INFO] running `Command { std: CARGO_HOME="/workspace/cargo-home" RUSTUP_HOME="/workspace/rustup-home" "/workspace/cargo-home/bin/cargo" "+1.99.0-beta.8" "metadata" "--manifest-path" "Cargo.toml" "--no-deps", kill_on_drop: false }`
[INFO] crate crates.io crate pfcl-interpreter 0.1.5 already has a lockfile, it will not be regenerated
[INFO] running `Command { std: CARGO_HOME="/workspace/cargo-home" RUSTUP_HOME="/workspace/rustup-home" "/workspace/cargo-home/bin/cargo" "+1.99.0-beta.8" "fetch" "--manifest-path" "Cargo.toml", kill_on_drop: false }`
[INFO] [stderr]     Updating crates.io index
[INFO] [stderr]  Downloading crates ...
[INFO] [stderr]   Downloaded pfcl-types v0.1.5
[INFO] [stderr]   Downloaded quote v1.0.46
[INFO] [stderr]   Downloaded pfcl-catalog v0.1.5
[INFO] [stderr]   Downloaded pfcl-resolver v0.1.5
[INFO] [stderr]   Downloaded pfcl-parser v0.1.5
[INFO] [stderr]   Downloaded zerocopy-derive v0.8.54
[INFO] [stderr]   Downloaded syn v2.0.118
[INFO] [stderr]   Downloaded zerocopy v0.8.54
[INFO] running `Command { std: "docker" "create" "-v" "/var/lib/crater-agent-workspace/builds/worker-7-tc1/source:/opt/rustwide/workdir:ro,Z" "-v" "/var/lib/crater-agent-workspace/builds/worker-7-tc1/target:/opt/rustwide/target:rw,Z" "-v" "/var/lib/crater-agent-workspace/cargo-home:/opt/rustwide/cargo-home:ro,Z" "-v" "/var/lib/crater-agent-workspace/rustup-home:/opt/rustwide/rustup-home:ro,Z" "-m" "1610612736" "--network" "none" "ghcr.io/rust-lang/crates-build-env/linux@sha256:77db811e55d90add9212f6832c23229e3de5f1c1f9905e8cb07319ea15df73ac" "sleep" "infinity", kill_on_drop: false }`
[INFO] [stdout] 11815e876227629f873a8478ee43915927766db71f4e547ddea7b7358d0a7d77
[INFO] running `Command { std: "docker" "start" "11815e876227629f873a8478ee43915927766db71f4e547ddea7b7358d0a7d77", kill_on_drop: false }`
[INFO] running `Command { std: "docker" "inspect" "11815e876227629f873a8478ee43915927766db71f4e547ddea7b7358d0a7d77", kill_on_drop: false }`
[INFO] running `Command { std: "docker" "exec" "-e" "SOURCE_DIR=/opt/rustwide/workdir" "-e" "CARGO_HOME=/opt/rustwide/cargo-home" "-e" "RUSTUP_HOME=/opt/rustwide/rustup-home" "-e" "CARGO_TARGET_DIR=/opt/rustwide/target" "-w" "/opt/rustwide/workdir" "--user" "0:0" "11815e876227629f873a8478ee43915927766db71f4e547ddea7b7358d0a7d77" "/opt/rustwide/cargo-home/bin/cargo" "+1.99.0-beta.8" "metadata" "--no-deps" "--format-version=1", kill_on_drop: false }`
[INFO] running `Command { std: "docker" "inspect" "11815e876227629f873a8478ee43915927766db71f4e547ddea7b7358d0a7d77", kill_on_drop: false }`
[INFO] running `Command { std: "docker" "exec" "-e" "SOURCE_DIR=/opt/rustwide/workdir" "-e" "CARGO_HOME=/opt/rustwide/cargo-home" "-e" "RUSTUP_HOME=/opt/rustwide/rustup-home" "-e" "CARGO_TARGET_DIR=/opt/rustwide/target" "-e" "CARGO_INCREMENTAL=0" "-e" "RUST_BACKTRACE=full" "-e" "RUSTFLAGS=--cap-lints=warn" "-e" "RUSTDOCFLAGS=--cap-lints=warn" "-w" "/opt/rustwide/workdir" "--user" "0:0" "11815e876227629f873a8478ee43915927766db71f4e547ddea7b7358d0a7d77" "/opt/rustwide/cargo-home/bin/cargo" "+1.99.0-beta.8" "build" "--frozen" "--message-format=json" "--release", kill_on_drop: false }`
[INFO] [stderr]    Compiling proc-macro2 v1.0.106
[INFO] [stderr]    Compiling zerocopy v0.8.54
[INFO] [stderr]    Compiling ahash v0.8.12
[INFO] [stderr]    Compiling quote v1.0.46
[INFO] [stderr]    Compiling once_cell v1.21.4
[INFO] [stderr]    Compiling allocator-api2 v0.2.21
[INFO] [stderr]    Compiling hashbrown v0.17.1
[INFO] [stderr]    Compiling equivalent v1.0.2
[INFO] [stderr]    Compiling unsafe-libyaml v0.2.11
[INFO] [stderr]    Compiling ryu v1.0.23
[INFO] [stderr]    Compiling subtle v2.6.1
[INFO] [stderr]    Compiling crypto-common v0.1.7
[INFO] [stderr]    Compiling digest v0.10.7
[INFO] [stderr]    Compiling sha2 v0.10.9
[INFO] [stderr]    Compiling md-5 v0.10.6
[INFO] [stderr]    Compiling indexmap v2.14.0
[INFO] [stderr]    Compiling syn v2.0.118
[INFO] [stderr]    Compiling serde_derive v1.0.228
[INFO] [stderr]    Compiling serde v1.0.228
[INFO] [stderr]    Compiling hashbrown v0.14.5
[INFO] [stderr]    Compiling serde_yaml v0.9.34+deprecated
[INFO] [stderr]    Compiling pfcl-parser v0.1.5
[INFO] [stderr]    Compiling pfcl-types v0.1.5
[INFO] [stderr]    Compiling pfcl-resolver v0.1.5
[INFO] [stderr]    Compiling pfcl-catalog v0.1.5
[INFO] [stderr]    Compiling pfcl-interpreter v0.1.5 (/opt/rustwide/workdir)
[INFO] [stderr]     Finished `release` profile [optimized] target(s) in 23.10s
[INFO] running `Command { std: "docker" "inspect" "11815e876227629f873a8478ee43915927766db71f4e547ddea7b7358d0a7d77", kill_on_drop: false }`
[INFO] running `Command { std: "docker" "exec" "-e" "SOURCE_DIR=/opt/rustwide/workdir" "-e" "CARGO_HOME=/opt/rustwide/cargo-home" "-e" "RUSTUP_HOME=/opt/rustwide/rustup-home" "-e" "CARGO_TARGET_DIR=/opt/rustwide/target" "-e" "CARGO_INCREMENTAL=0" "-e" "RUST_BACKTRACE=full" "-e" "RUSTFLAGS=--cap-lints=warn" "-e" "RUSTDOCFLAGS=--cap-lints=warn" "-w" "/opt/rustwide/workdir" "--user" "0:0" "11815e876227629f873a8478ee43915927766db71f4e547ddea7b7358d0a7d77" "/opt/rustwide/cargo-home/bin/cargo" "+1.99.0-beta.8" "test" "--frozen" "--no-run" "--message-format=json" "--release", kill_on_drop: false }`
[INFO] [stderr]    Compiling pfcl-interpreter v0.1.5 (/opt/rustwide/workdir)
[INFO] [stderr]     Finished `release` profile [optimized] target(s) in 1.25s
[INFO] running `Command { std: "docker" "inspect" "11815e876227629f873a8478ee43915927766db71f4e547ddea7b7358d0a7d77", kill_on_drop: false }`
[INFO] running `Command { std: "docker" "exec" "-e" "SOURCE_DIR=/opt/rustwide/workdir" "-e" "CARGO_HOME=/opt/rustwide/cargo-home" "-e" "RUSTUP_HOME=/opt/rustwide/rustup-home" "-e" "CARGO_TARGET_DIR=/opt/rustwide/target" "-e" "CARGO_INCREMENTAL=0" "-e" "RUST_BACKTRACE=full" "-e" "RUSTFLAGS=--cap-lints=warn" "-e" "RUSTDOCFLAGS=--cap-lints=warn" "-w" "/opt/rustwide/workdir" "--user" "0:0" "11815e876227629f873a8478ee43915927766db71f4e547ddea7b7358d0a7d77" "/opt/rustwide/cargo-home/bin/cargo" "+1.99.0-beta.8" "test" "--frozen" "--release", kill_on_drop: false }`
[INFO] [stderr]     Finished `release` profile [optimized] target(s) in 0.06s
[INFO] [stderr]      Running unittests src/lib.rs (/opt/rustwide/target/release/deps/pfcl_interpreter-84ff36464ed28c56)
[INFO] [stdout] 
[INFO] [stdout] running 0 tests
[INFO] [stdout] 
[INFO] [stdout] test result: ok. 0 passed; 0 failed; 0 ignored; 0 measured; 0 filtered out; finished in 0.00s
[INFO] [stdout] 
[INFO] [stdout] 
[INFO] [stdout] running 5 tests
[INFO] [stderr]      Running tests/arity_guard_regression.rs (/opt/rustwide/target/release/deps/arity_guard_regression-6c81ec2b9a1e94c4)
[INFO] [stdout] test wrong_arity_behind_a_lambda_errors_instead_of_panicking ... ok
[INFO] [stdout] test wrong_arity_on_literal_args_errors_instead_of_panicking ... ok
[INFO] [stdout] test too_many_args_also_caught_not_just_too_few ... ok
[INFO] [stdout] test record_get_both_real_arities_still_work ... ok
[INFO] [stdout] test correct_arity_still_works_both_paths ... ok
[INFO] [stdout] 
[INFO] [stdout] test result: ok. 5 passed; 0 failed; 0 ignored; 0 measured; 0 filtered out; finished in 0.01s
[INFO] [stdout] 
[INFO] [stderr]      Running tests/catalog_examples_match_live_behavior.rs (/opt/rustwide/target/release/deps/catalog_examples_match_live_behavior-382799bc5e17d90e)
[INFO] [stdout] 
[INFO] [stdout] running 1 test
[INFO] [stdout] test catalog_examples_match_live_behavior ... FAILED
[INFO] [stdout] 
[INFO] [stdout] failures:
[INFO] [stdout] 
[INFO] [stdout] ---- catalog_examples_match_live_behavior stdout ----
[INFO] [stdout] 
[INFO] [stdout] thread 'catalog_examples_match_live_behavior' (777) panicked at tests/catalog_examples_match_live_behavior.rs:23:5:
[INFO] [stdout] catalog dir not found at "/opt/rustwide/workdir/../../catalog"
[INFO] [stdout] stack backtrace:
[INFO] [stdout]    0:     0x602b034f77e1 - <<std[70759c8f55707aa4]::sys::backtrace::BacktraceLock>::print::DisplayBacktrace as core[df12db4294e9bfd3]::fmt::Display>::fmt
[INFO] [stdout]    1:     0x602b0350e23a - core[df12db4294e9bfd3]::fmt::write
[INFO] [stdout]    2:     0x602b034fbf4c - <alloc[2182bb758b4b3781]::vec::Vec<u8> as core[df12db4294e9bfd3]::io::write::Write>::write_fmt
[INFO] [stdout]    3:     0x602b034d3446 - std[70759c8f55707aa4]::panicking::default_hook::{closure#0}
[INFO] [stdout]    4:     0x602b034ef9c9 - std[70759c8f55707aa4]::panicking::default_hook
[INFO] [stdout]    5:     0x602b033f3060 - test[9d35eded1c95d3be]::test_main_inner::<test[9d35eded1c95d3be]::test_main_static::{closure#0}>::{closure#0}
[INFO] [stdout]    6:     0x602b034efb82 - std[70759c8f55707aa4]::panicking::panic_with_hook
[INFO] [stdout]    7:     0x602b034d34f2 - std[70759c8f55707aa4]::panicking::panic_handler::{closure#0}
[INFO] [stdout]    8:     0x602b034cc049 - std[70759c8f55707aa4]::sys::backtrace::__rust_end_short_backtrace::<std[70759c8f55707aa4]::panicking::panic_handler::{closure#0}, !>
[INFO] [stdout]    9:     0x602b034d40ed - __rustc[8fa7c3cbc660c2b3]::rust_begin_unwind
[INFO] [stdout]   10:     0x602b0350e96c - core[df12db4294e9bfd3]::panicking::panic_fmt
[INFO] [stdout]   11:     0x602b033e61e1 - <catalog_examples_match_live_behavior[3e1e966543e020cb]::catalog_examples_match_live_behavior::{closure#0} as core[df12db4294e9bfd3]::ops::function::FnOnce<()>>::call_once
[INFO] [stdout]   12:     0x602b033e634b - test[9d35eded1c95d3be]::__rust_begin_short_backtrace::<core[df12db4294e9bfd3]::result::Result<(), alloc[2182bb758b4b3781]::string::String>, fn() -> core[df12db4294e9bfd3]::result::Result<(), alloc[2182bb758b4b3781]::string::String>>
[INFO] [stdout]   13:     0x602b033f39b5 - test[9d35eded1c95d3be]::run_test::{closure#0}
[INFO] [stdout]   14:     0x602b033ed274 - std[70759c8f55707aa4]::sys::backtrace::__rust_begin_short_backtrace::<test[9d35eded1c95d3be]::run_test::{closure#1}, ()>
[INFO] [stdout]   15:     0x602b033f6b12 - <std[70759c8f55707aa4]::thread::lifecycle::spawn_unchecked<test[9d35eded1c95d3be]::run_test::{closure#1}, ()>::{closure#1} as core[df12db4294e9bfd3]::ops::function::FnOnce<()>>::call_once::{shim:vtable#0}
[INFO] [stdout]   16:     0x602b034f6d49 - <std[70759c8f55707aa4]::sys::thread::unix::Thread>::new::thread_start
[INFO] [stdout]   17:     0x7c5708a01dfa - <unknown>
[INFO] [stdout]   18:     0x7c5708a953d4 - clone
[INFO] [stdout]   19:                0x0 - <unknown>
[INFO] [stdout] 
[INFO] [stdout] 
[INFO] [stdout] failures:
[INFO] [stdout]     catalog_examples_match_live_behavior
[INFO] [stdout] 
[INFO] [stdout] test result: FAILED. 0 passed; 1 failed; 0 ignored; 0 measured; 0 filtered out; finished in 0.00s
[INFO] [stdout] 
[INFO] [stderr] error: test failed, to rerun pass `--test catalog_examples_match_live_behavior`
[INFO] running `Command { std: "docker" "inspect" "11815e876227629f873a8478ee43915927766db71f4e547ddea7b7358d0a7d77", kill_on_drop: false }`
[INFO] running `Command { std: "docker" "rm" "-f" "11815e876227629f873a8478ee43915927766db71f4e547ddea7b7358d0a7d77", kill_on_drop: false }`
[INFO] [stdout] 11815e876227629f873a8478ee43915927766db71f4e547ddea7b7358d0a7d77
