[INFO] fetching crate pezsp-ss58-registry 1.52.0...
[INFO] testing pezsp-ss58-registry-1.52.0 against 1.99.0-beta.8+cargoflags=--release for beta-release-1.100-2
[INFO] extracting crate pezsp-ss58-registry 1.52.0 into /workspace/builds/worker-6-tc1/source
[INFO] started tweaking crates.io crate pezsp-ss58-registry 1.52.0
[INFO] finished tweaking crates.io crate pezsp-ss58-registry 1.52.0
[INFO] tweaked toml for crates.io crate pezsp-ss58-registry 1.52.0 written to /workspace/builds/worker-6-tc1/source/Cargo.toml
[INFO] validating manifest of crates.io crate pezsp-ss58-registry 1.52.0 on toolchain 1.99.0-beta.8
[INFO] running `Command { std: CARGO_HOME="/workspace/cargo-home" RUSTUP_HOME="/workspace/rustup-home" "/workspace/cargo-home/bin/cargo" "+1.99.0-beta.8" "metadata" "--manifest-path" "Cargo.toml" "--no-deps", kill_on_drop: false }`
[INFO] crate crates.io crate pezsp-ss58-registry 1.52.0 already has a lockfile, it will not be regenerated
[INFO] running `Command { std: CARGO_HOME="/workspace/cargo-home" RUSTUP_HOME="/workspace/rustup-home" "/workspace/cargo-home/bin/cargo" "+1.99.0-beta.8" "fetch" "--manifest-path" "Cargo.toml", kill_on_drop: false }`
[INFO] [stderr]  Downloading crates ...
[INFO] [stderr]   Downloaded zmij v1.0.0
[INFO] running `Command { std: "docker" "create" "-v" "/var/lib/crater-agent-workspace/builds/worker-6-tc1/source:/opt/rustwide/workdir:ro,Z" "-v" "/var/lib/crater-agent-workspace/builds/worker-6-tc1/target:/opt/rustwide/target:rw,Z" "-v" "/var/lib/crater-agent-workspace/cargo-home:/opt/rustwide/cargo-home:ro,Z" "-v" "/var/lib/crater-agent-workspace/rustup-home:/opt/rustwide/rustup-home:ro,Z" "-m" "1610612736" "--network" "none" "ghcr.io/rust-lang/crates-build-env/linux@sha256:77db811e55d90add9212f6832c23229e3de5f1c1f9905e8cb07319ea15df73ac" "sleep" "infinity", kill_on_drop: false }`
[INFO] [stdout] ee16532bf6e77985b479fa5c97ecd6bb4f618431165c14fb1cfda543b8bf13d7
[INFO] running `Command { std: "docker" "start" "ee16532bf6e77985b479fa5c97ecd6bb4f618431165c14fb1cfda543b8bf13d7", kill_on_drop: false }`
[INFO] running `Command { std: "docker" "inspect" "ee16532bf6e77985b479fa5c97ecd6bb4f618431165c14fb1cfda543b8bf13d7", kill_on_drop: false }`
[INFO] running `Command { std: "docker" "exec" "-e" "SOURCE_DIR=/opt/rustwide/workdir" "-e" "CARGO_HOME=/opt/rustwide/cargo-home" "-e" "RUSTUP_HOME=/opt/rustwide/rustup-home" "-e" "CARGO_TARGET_DIR=/opt/rustwide/target" "-w" "/opt/rustwide/workdir" "--user" "0:0" "ee16532bf6e77985b479fa5c97ecd6bb4f618431165c14fb1cfda543b8bf13d7" "/opt/rustwide/cargo-home/bin/cargo" "+1.99.0-beta.8" "metadata" "--no-deps" "--format-version=1", kill_on_drop: false }`
[INFO] running `Command { std: "docker" "inspect" "ee16532bf6e77985b479fa5c97ecd6bb4f618431165c14fb1cfda543b8bf13d7", kill_on_drop: false }`
[INFO] running `Command { std: "docker" "exec" "-e" "SOURCE_DIR=/opt/rustwide/workdir" "-e" "CARGO_HOME=/opt/rustwide/cargo-home" "-e" "RUSTUP_HOME=/opt/rustwide/rustup-home" "-e" "CARGO_TARGET_DIR=/opt/rustwide/target" "-e" "CARGO_INCREMENTAL=0" "-e" "RUST_BACKTRACE=full" "-e" "RUSTFLAGS=--cap-lints=warn" "-e" "RUSTDOCFLAGS=--cap-lints=warn" "-w" "/opt/rustwide/workdir" "--user" "0:0" "ee16532bf6e77985b479fa5c97ecd6bb4f618431165c14fb1cfda543b8bf13d7" "/opt/rustwide/cargo-home/bin/cargo" "+1.99.0-beta.8" "build" "--frozen" "--message-format=json" "--release", kill_on_drop: false }`
[INFO] [stderr]    Compiling proc-macro2 v1.0.104
[INFO] [stderr]    Compiling quote v1.0.42
[INFO] [stderr]    Compiling serde_json v1.0.148
[INFO] [stderr]    Compiling serde v1.0.228
[INFO] [stderr]    Compiling zmij v1.0.0
[INFO] [stderr]    Compiling itoa v1.0.17
[INFO] [stderr]    Compiling memchr v2.7.6
[INFO] [stderr]    Compiling num-format v0.4.4
[INFO] [stderr]    Compiling syn v2.0.111
[INFO] [stderr]    Compiling serde_derive v1.0.228
[INFO] [stderr]    Compiling pezsp-ss58-registry v1.52.0 (/opt/rustwide/workdir)
[INFO] [stderr]     Finished `release` profile [optimized] target(s) in 9.62s
[INFO] running `Command { std: "docker" "inspect" "ee16532bf6e77985b479fa5c97ecd6bb4f618431165c14fb1cfda543b8bf13d7", kill_on_drop: false }`
[INFO] running `Command { std: "docker" "exec" "-e" "SOURCE_DIR=/opt/rustwide/workdir" "-e" "CARGO_HOME=/opt/rustwide/cargo-home" "-e" "RUSTUP_HOME=/opt/rustwide/rustup-home" "-e" "CARGO_TARGET_DIR=/opt/rustwide/target" "-e" "CARGO_INCREMENTAL=0" "-e" "RUST_BACKTRACE=full" "-e" "RUSTFLAGS=--cap-lints=warn" "-e" "RUSTDOCFLAGS=--cap-lints=warn" "-w" "/opt/rustwide/workdir" "--user" "0:0" "ee16532bf6e77985b479fa5c97ecd6bb4f618431165c14fb1cfda543b8bf13d7" "/opt/rustwide/cargo-home/bin/cargo" "+1.99.0-beta.8" "test" "--frozen" "--no-run" "--message-format=json" "--release", kill_on_drop: false }`
[INFO] [stderr]    Compiling pezsp-ss58-registry v1.52.0 (/opt/rustwide/workdir)
[INFO] [stderr]     Finished `release` profile [optimized] target(s) in 0.58s
[INFO] running `Command { std: "docker" "inspect" "ee16532bf6e77985b479fa5c97ecd6bb4f618431165c14fb1cfda543b8bf13d7", kill_on_drop: false }`
[INFO] running `Command { std: "docker" "exec" "-e" "SOURCE_DIR=/opt/rustwide/workdir" "-e" "CARGO_HOME=/opt/rustwide/cargo-home" "-e" "RUSTUP_HOME=/opt/rustwide/rustup-home" "-e" "CARGO_TARGET_DIR=/opt/rustwide/target" "-e" "CARGO_INCREMENTAL=0" "-e" "RUST_BACKTRACE=full" "-e" "RUSTFLAGS=--cap-lints=warn" "-e" "RUSTDOCFLAGS=--cap-lints=warn" "-w" "/opt/rustwide/workdir" "--user" "0:0" "ee16532bf6e77985b479fa5c97ecd6bb4f618431165c14fb1cfda543b8bf13d7" "/opt/rustwide/cargo-home/bin/cargo" "+1.99.0-beta.8" "test" "--frozen" "--release", kill_on_drop: false }`
[INFO] [stderr]     Finished `release` profile [optimized] target(s) in 0.03s
[INFO] [stderr]      Running unittests src/lib.rs (/opt/rustwide/target/release/deps/pezsp_ss58_registry-6f3166ee47941602)
[INFO] [stdout] 
[INFO] [stdout] running 5 tests
[INFO] [stdout] test tests::enum_to_name_and_back ... ok
[INFO] [stdout] test tests::is_custom ... ok
[INFO] [stdout] test tests::is_reserved ... ok
[INFO] [stderr]    Doc-tests pezsp_ss58_registry
[INFO] [stdout] test tests::prefix ... ok
[INFO] [stdout] test tests::tokens ... ok
[INFO] [stdout] 
[INFO] [stdout] test result: ok. 5 passed; 0 failed; 0 ignored; 0 measured; 0 filtered out; finished in 0.01s
[INFO] [stdout] 
[INFO] [stdout] 
[INFO] [stdout] running 2 tests
[INFO] [stdout] test src/token.rs - token::TokenAmount (line 62) ... FAILED
[INFO] [stdout] test src/token.rs - token::Token::amount (line 41) ... FAILED
[INFO] [stdout] 
[INFO] [stdout] failures:
[INFO] [stdout] 
[INFO] [stdout] ---- src/token.rs - token::TokenAmount (line 62) stdout ----
[INFO] [stdout] error[E0432]: unresolved import `pezkuwi_ss58_registry`
[INFO] [stdout]   --> src/token.rs:63:5
[INFO] [stdout]    |
[INFO] [stdout] 63 | use pezkuwi_ss58_registry::{Token, TokenAmount};
[INFO] [stdout]    |     ^^^^^^^^^^^^^^^^^^^^^ use of unresolved module or unlinked crate `pezkuwi_ss58_registry`
[INFO] [stdout]    |
[INFO] [stdout] help: there is a crate or module with a similar name
[INFO] [stdout]    |
[INFO] [stdout] 63 - use pezkuwi_ss58_registry::{Token, TokenAmount};
[INFO] [stdout] 63 + use pezsp_ss58_registry::{Token, TokenAmount};
[INFO] [stdout]    |
[INFO] [stdout] 
[INFO] [stdout] error: aborting due to 1 previous error
[INFO] [stdout] 
[INFO] [stdout] For more information about this error, try `rustc --explain E0432`.
[INFO] [stdout] Couldn't compile the test.
[INFO] [stdout] ---- src/token.rs - token::Token::amount (line 41) stdout ----
[INFO] [stdout] error[E0432]: unresolved import `pezkuwi_ss58_registry`
[INFO] [stdout]   --> src/token.rs:42:5
[INFO] [stdout]    |
[INFO] [stdout] 42 | use pezkuwi_ss58_registry::{Token, TokenRegistry};
[INFO] [stdout]    |     ^^^^^^^^^^^^^^^^^^^^^ use of unresolved module or unlinked crate `pezkuwi_ss58_registry`
[INFO] [stdout]    |
[INFO] [stdout] help: there is a crate or module with a similar name
[INFO] [stdout]    |
[INFO] [stdout] 42 - use pezkuwi_ss58_registry::{Token, TokenRegistry};
[INFO] [stdout] 42 + use pezsp_ss58_registry::{Token, TokenRegistry};
[INFO] [stdout]    |
[INFO] [stdout] 
[INFO] [stdout] error: aborting due to 1 previous error
[INFO] [stdout] 
[INFO] [stdout] For more information about this error, try `rustc --explain E0432`.
[INFO] [stdout] Couldn't compile the test.
[INFO] [stdout] 
[INFO] [stdout] failures:
[INFO] [stdout]     src/token.rs - token::Token::amount (line 41)
[INFO] [stdout]     src/token.rs - token::TokenAmount (line 62)
[INFO] [stdout] 
[INFO] [stdout] test result: FAILED. 0 passed; 2 failed; 0 ignored; 0 measured; 0 filtered out; finished in 0.15s
[INFO] [stdout] 
[INFO] [stderr] error: doctest failed, to rerun pass `--doc`
[INFO] running `Command { std: "docker" "inspect" "ee16532bf6e77985b479fa5c97ecd6bb4f618431165c14fb1cfda543b8bf13d7", kill_on_drop: false }`
[INFO] running `Command { std: "docker" "rm" "-f" "ee16532bf6e77985b479fa5c97ecd6bb4f618431165c14fb1cfda543b8bf13d7", kill_on_drop: false }`
[INFO] [stdout] ee16532bf6e77985b479fa5c97ecd6bb4f618431165c14fb1cfda543b8bf13d7
