[INFO] fetching crate pezkuwi-zombienet-configuration 0.44.0...
[INFO] testing pezkuwi-zombienet-configuration-0.44.0 against 1.99.0-beta.8+cargoflags=--release for beta-release-1.100-2
[INFO] extracting crate pezkuwi-zombienet-configuration 0.44.0 into /workspace/builds/worker-4-tc1/source
[INFO] started tweaking crates.io crate pezkuwi-zombienet-configuration 0.44.0
[INFO] finished tweaking crates.io crate pezkuwi-zombienet-configuration 0.44.0
[INFO] tweaked toml for crates.io crate pezkuwi-zombienet-configuration 0.44.0 written to /workspace/builds/worker-4-tc1/source/Cargo.toml
[INFO] validating manifest of crates.io crate pezkuwi-zombienet-configuration 0.44.0 on toolchain 1.99.0-beta.8
[INFO] running `Command { std: CARGO_HOME="/workspace/cargo-home" RUSTUP_HOME="/workspace/rustup-home" "/workspace/cargo-home/bin/cargo" "+1.99.0-beta.8" "metadata" "--manifest-path" "Cargo.toml" "--no-deps", kill_on_drop: false }`
[INFO] crate crates.io crate pezkuwi-zombienet-configuration 0.44.0 already has a lockfile, it will not be regenerated
[INFO] running `Command { std: CARGO_HOME="/workspace/cargo-home" RUSTUP_HOME="/workspace/rustup-home" "/workspace/cargo-home/bin/cargo" "+1.99.0-beta.8" "fetch" "--manifest-path" "Cargo.toml", kill_on_drop: false }`
[INFO] [stderr]     Blocking waiting for file lock on package cache
[INFO] [stderr]     Blocking waiting for file lock on package cache
[INFO] [stderr]  Downloading crates ...
[INFO] [stderr]   Downloaded ryu v1.0.21
[INFO] [stderr]   Downloaded iri-string v0.7.9
[INFO] running `Command { std: "docker" "create" "-v" "/var/lib/crater-agent-workspace/builds/worker-4-tc1/source:/opt/rustwide/workdir:ro,Z" "-v" "/var/lib/crater-agent-workspace/builds/worker-4-tc1/target:/opt/rustwide/target:rw,Z" "-v" "/var/lib/crater-agent-workspace/cargo-home:/opt/rustwide/cargo-home:ro,Z" "-v" "/var/lib/crater-agent-workspace/rustup-home:/opt/rustwide/rustup-home:ro,Z" "-m" "1610612736" "--network" "none" "ghcr.io/rust-lang/crates-build-env/linux@sha256:77db811e55d90add9212f6832c23229e3de5f1c1f9905e8cb07319ea15df73ac" "sleep" "infinity", kill_on_drop: false }`
[INFO] [stdout] ea7e563350c10e1e8a9eb47ec96116e2bae174a86fb8eff90c2a9231594a7ad9
[INFO] running `Command { std: "docker" "start" "ea7e563350c10e1e8a9eb47ec96116e2bae174a86fb8eff90c2a9231594a7ad9", kill_on_drop: false }`
[INFO] running `Command { std: "docker" "inspect" "ea7e563350c10e1e8a9eb47ec96116e2bae174a86fb8eff90c2a9231594a7ad9", kill_on_drop: false }`
[INFO] running `Command { std: "docker" "exec" "-e" "SOURCE_DIR=/opt/rustwide/workdir" "-e" "CARGO_HOME=/opt/rustwide/cargo-home" "-e" "RUSTUP_HOME=/opt/rustwide/rustup-home" "-e" "CARGO_TARGET_DIR=/opt/rustwide/target" "-w" "/opt/rustwide/workdir" "--user" "0:0" "ea7e563350c10e1e8a9eb47ec96116e2bae174a86fb8eff90c2a9231594a7ad9" "/opt/rustwide/cargo-home/bin/cargo" "+1.99.0-beta.8" "metadata" "--no-deps" "--format-version=1", kill_on_drop: false }`
[INFO] running `Command { std: "docker" "inspect" "ea7e563350c10e1e8a9eb47ec96116e2bae174a86fb8eff90c2a9231594a7ad9", kill_on_drop: false }`
[INFO] running `Command { std: "docker" "exec" "-e" "SOURCE_DIR=/opt/rustwide/workdir" "-e" "CARGO_HOME=/opt/rustwide/cargo-home" "-e" "RUSTUP_HOME=/opt/rustwide/rustup-home" "-e" "CARGO_TARGET_DIR=/opt/rustwide/target" "-e" "CARGO_INCREMENTAL=0" "-e" "RUST_BACKTRACE=full" "-e" "RUSTFLAGS=--cap-lints=warn" "-e" "RUSTDOCFLAGS=--cap-lints=warn" "-w" "/opt/rustwide/workdir" "--user" "0:0" "ea7e563350c10e1e8a9eb47ec96116e2bae174a86fb8eff90c2a9231594a7ad9" "/opt/rustwide/cargo-home/bin/cargo" "+1.99.0-beta.8" "build" "--frozen" "--message-format=json" "--release", kill_on_drop: false }`
[INFO] [stderr]    Compiling syn v2.0.111
[INFO] [stderr]    Compiling libc v0.2.178
[INFO] [stderr]    Compiling memchr v2.7.6
[INFO] [stderr]    Compiling find-msvc-tools v0.1.5
[INFO] [stderr]    Compiling itoa v1.0.16
[INFO] [stderr]    Compiling slab v0.4.11
[INFO] [stderr]    Compiling writeable v0.6.2
[INFO] [stderr]    Compiling litemap v0.8.1
[INFO] [stderr]    Compiling tracing-core v0.1.36
[INFO] [stderr]    Compiling icu_properties_data v2.1.2
[INFO] [stderr]    Compiling icu_normalizer_data v2.1.1
[INFO] [stderr]    Compiling indexmap v2.12.1
[INFO] [stderr]    Compiling bitflags v2.10.0
[INFO] [stderr]    Compiling openssl v0.10.75
[INFO] [stderr]    Compiling crypto-common v0.1.7
[INFO] [stderr]    Compiling native-tls v0.2.14
[INFO] [stderr]    Compiling syn v1.0.109
[INFO] [stderr]    Compiling cc v1.2.50
[INFO] [stderr]    Compiling digest v0.10.7
[INFO] [stderr]    Compiling openssl-probe v0.1.6
[INFO] [stderr]    Compiling http v1.4.0
[INFO] [stderr]    Compiling sync_wrapper v1.0.2
[INFO] [stderr]    Compiling ipnet v2.11.0
[INFO] [stderr]    Compiling data-encoding v2.9.0
[INFO] [stderr]    Compiling nix v0.29.0
[INFO] [stderr]    Compiling ryu v1.0.21
[INFO] [stderr]    Compiling unsigned-varint v0.8.0
[INFO] [stderr]    Compiling iri-string v0.7.9
[INFO] [stderr]    Compiling hmac v0.12.1
[INFO] [stderr]    Compiling anyhow v1.0.100
[INFO] [stderr]    Compiling regex-syntax v0.8.8
[INFO] [stderr]    Compiling serde_json v1.0.147
[INFO] [stderr]    Compiling hkdf v0.12.4
[INFO] [stderr]    Compiling sha2 v0.10.9
[INFO] [stderr]    Compiling rustls-pki-types v1.13.2
[INFO] [stderr]    Compiling winnow v0.7.14
[INFO] [stderr]    Compiling aho-corasick v1.1.4
[INFO] [stderr]    Compiling core2 v0.4.0
[INFO] [stderr]    Compiling multihash v0.19.3
[INFO] [stderr]    Compiling toml_write v0.1.2
[INFO] [stderr]    Compiling rand_core v0.6.4
[INFO] [stderr]    Compiling http-body v1.0.1
[INFO] [stderr]    Compiling zmij v0.1.7
[INFO] [stderr]    Compiling http-body-util v0.1.3
[INFO] [stderr]    Compiling rand v0.8.5
[INFO] [stderr]    Compiling openssl-sys v0.9.111
[INFO] [stderr]    Compiling parking_lot_core v0.9.12
[INFO] [stderr]    Compiling signal-hook-registry v1.4.7
[INFO] [stderr]    Compiling socket2 v0.6.1
[INFO] [stderr]    Compiling mio v1.1.1
[INFO] [stderr]    Compiling getrandom v0.3.4
[INFO] [stderr]    Compiling uuid v1.19.0
[INFO] [stderr]    Compiling parking_lot v0.12.5
[INFO] [stderr]    Compiling regex-automata v0.4.13
[INFO] [stderr]    Compiling match-lookup v0.1.1
[INFO] [stderr]    Compiling base256emoji v1.0.2
[INFO] [stderr]    Compiling synstructure v0.13.2
[INFO] [stderr]    Compiling zerofrom-derive v0.1.6
[INFO] [stderr]    Compiling yoke-derive v0.8.1
[INFO] [stderr]    Compiling zerovec-derive v0.11.2
[INFO] [stderr]    Compiling displaydoc v0.2.5
[INFO] [stderr]    Compiling tokio-macros v2.6.0
[INFO] [stderr]    Compiling serde_derive v1.0.228
[INFO] [stderr]    Compiling futures-macro v0.3.31
[INFO] [stderr]    Compiling tracing-attributes v0.1.31
[INFO] [stderr]    Compiling openssl-macros v0.1.1
[INFO] [stderr]    Compiling data-encoding-macro-internal v0.1.16
[INFO] [stderr]    Compiling thiserror-impl v2.0.17
[INFO] [stderr]    Compiling thiserror-impl v1.0.69
[INFO] [stderr]    Compiling async-trait v0.1.89
[INFO] [stderr]    Compiling data-encoding-macro v0.1.18
[INFO] [stderr]    Compiling multibase v0.9.2
[INFO] [stderr]    Compiling tokio v1.48.0
[INFO] [stderr]    Compiling futures-util v0.3.31
[INFO] [stderr]    Compiling zerofrom v0.1.6
[INFO] [stderr]    Compiling yoke v0.8.1
[INFO] [stderr]    Compiling thiserror v1.0.69
[INFO] [stderr]    Compiling zerotrie v0.2.3
[INFO] [stderr]    Compiling tracing v0.1.44
[INFO] [stderr]    Compiling thiserror v2.0.17
[INFO] [stderr]    Compiling zerovec v0.11.5
[INFO] [stderr]    Compiling libp2p-identity v0.2.13
[INFO] [stderr]    Compiling tinystr v0.8.2
[INFO] [stderr]    Compiling potential_utf v0.1.4
[INFO] [stderr]    Compiling icu_collections v2.1.1
[INFO] [stderr]    Compiling icu_locale_core v2.1.1
[INFO] [stderr]    Compiling regex v1.12.2
[INFO] [stderr]    Compiling futures-executor v0.3.31
[INFO] [stderr]    Compiling serde v1.0.228
[INFO] [stderr]    Compiling futures v0.3.31
[INFO] [stderr]    Compiling icu_provider v2.1.1
[INFO] [stderr]    Compiling icu_normalizer v2.1.1
[INFO] [stderr]    Compiling icu_properties v2.1.2
[INFO] [stderr]    Compiling serde_spanned v0.6.9
[INFO] [stderr]    Compiling serde_urlencoded v0.7.1
[INFO] [stderr]    Compiling toml_datetime v0.6.11
[INFO] [stderr]    Compiling toml_edit v0.22.27
[INFO] [stderr]    Compiling idna_adapter v1.2.1
[INFO] [stderr]    Compiling idna v1.1.0
[INFO] [stderr]    Compiling url v2.5.7
[INFO] [stderr]    Compiling toml v0.8.23
[INFO] [stderr]    Compiling multiaddr v0.18.2
[INFO] [stderr]    Compiling tokio-util v0.7.17
[INFO] [stderr]    Compiling tokio-native-tls v0.3.1
[INFO] [stderr]    Compiling tower v0.5.2
[INFO] [stderr]    Compiling tower-http v0.6.8
[INFO] [stderr]    Compiling h2 v0.4.12
[INFO] [stderr]    Compiling hyper v1.8.1
[INFO] [stderr]    Compiling hyper-util v0.1.19
[INFO] [stderr]    Compiling hyper-tls v0.6.0
[INFO] [stderr]    Compiling reqwest v0.12.28
[INFO] [stderr]    Compiling pezkuwi-zombienet-support v0.44.0
[INFO] [stderr]    Compiling pezkuwi-zombienet-configuration v0.44.0 (/opt/rustwide/workdir)
[INFO] [stderr]     Finished `release` profile [optimized] target(s) in 2m 02s
[INFO] running `Command { std: "docker" "inspect" "ea7e563350c10e1e8a9eb47ec96116e2bae174a86fb8eff90c2a9231594a7ad9", kill_on_drop: false }`
[INFO] running `Command { std: "docker" "exec" "-e" "SOURCE_DIR=/opt/rustwide/workdir" "-e" "CARGO_HOME=/opt/rustwide/cargo-home" "-e" "RUSTUP_HOME=/opt/rustwide/rustup-home" "-e" "CARGO_TARGET_DIR=/opt/rustwide/target" "-e" "CARGO_INCREMENTAL=0" "-e" "RUST_BACKTRACE=full" "-e" "RUSTFLAGS=--cap-lints=warn" "-e" "RUSTDOCFLAGS=--cap-lints=warn" "-w" "/opt/rustwide/workdir" "--user" "0:0" "ea7e563350c10e1e8a9eb47ec96116e2bae174a86fb8eff90c2a9231594a7ad9" "/opt/rustwide/cargo-home/bin/cargo" "+1.99.0-beta.8" "test" "--frozen" "--no-run" "--message-format=json" "--release", kill_on_drop: false }`
[INFO] [stderr]    Compiling pezkuwi-zombienet-configuration v0.44.0 (/opt/rustwide/workdir)
[INFO] [stderr]     Finished `release` profile [optimized] target(s) in 19.74s
[INFO] running `Command { std: "docker" "inspect" "ea7e563350c10e1e8a9eb47ec96116e2bae174a86fb8eff90c2a9231594a7ad9", kill_on_drop: false }`
[INFO] running `Command { std: "docker" "exec" "-e" "SOURCE_DIR=/opt/rustwide/workdir" "-e" "CARGO_HOME=/opt/rustwide/cargo-home" "-e" "RUSTUP_HOME=/opt/rustwide/rustup-home" "-e" "CARGO_TARGET_DIR=/opt/rustwide/target" "-e" "CARGO_INCREMENTAL=0" "-e" "RUST_BACKTRACE=full" "-e" "RUSTFLAGS=--cap-lints=warn" "-e" "RUSTDOCFLAGS=--cap-lints=warn" "-w" "/opt/rustwide/workdir" "--user" "0:0" "ea7e563350c10e1e8a9eb47ec96116e2bae174a86fb8eff90c2a9231594a7ad9" "/opt/rustwide/cargo-home/bin/cargo" "+1.99.0-beta.8" "test" "--frozen" "--release", kill_on_drop: false }`
[INFO] [stderr]     Finished `release` profile [optimized] target(s) in 0.21s
[INFO] [stderr]      Running unittests src/lib.rs (/opt/rustwide/target/release/deps/pezkuwi_zombienet_configuration-246ae01f28811202)
[INFO] [stdout] 
[INFO] [stdout] running 132 tests
[INFO] [stdout] test global_settings::tests::global_settings_builder_should_fails_and_returns_an_error_if_local_ip_is_invalid ... ok
[INFO] [stdout] test global_settings::tests::global_settings_builder_should_fails_and_returns_multiple_errors_if_multiple_fields_are_invalid ... ok
[INFO] [stdout] test global_settings::tests::global_settings_config_builder_should_succeeds_and_returns_a_global_settings_config ... ok
[INFO] [stdout] test global_settings::tests::global_settings_config_builder_should_succeeds_when_node_spawn_timeout_is_missing ... ok
[INFO] [stdout] test global_settings::tests::global_settings_builder_should_fails_and_returns_an_error_if_one_bootnode_address_is_invalid ... ok
[INFO] [stdout] test hrmp_channel::tests::hrmp_channel_config_builder_should_build_a_new_hrmp_channel_config_correctly ... ok
[INFO] [stdout] test network::tests::multiple_paras_with_same_id_should_work ... ok
[INFO] [stdout] test network::tests::network_config_builder_should_fails_and_returns_multiple_errors_if_multiple_fields_are_invalid ... ok
[INFO] [stdout] test network::tests::multiple_paras_with_same_id_both_for_register_should_fail ... ok
[INFO] [stdout] test network::tests::network_config_builder_should_fails_and_returns_multiple_errors_if_multiple_teyrchains_are_invalid ... ok
[INFO] [stdout] test network::tests::network_config_builder_should_fails_and_returns_multiple_errors_if_parachain_is_invalid ... ok
[INFO] [stdout] test network::tests::network_config_builder_should_fails_and_returns_multiple_errors_if_relaychain_is_invalid ... ok
[INFO] [stdout] test network::tests::network_config_builder_should_succeeds_and_returns_a_network_config ... ok
[INFO] [stdout] test global_settings::tests::global_settings_builder_should_fails_and_returns_multiple_errors_if_multiple_bootnodes_addresses_are_invalid ... ok
[INFO] [stdout] test network::tests::network_config_builder_should_fails_and_returns_multiple_errors_if_global_settings_is_invalid ... ok
[INFO] [stdout] test network::tests::network_config_builder_should_be_dumplable_to_a_toml_config_a_overrides_default_correctly ... FAILED
[INFO] [stdout] test network::tests::wasm_override_in_toml_should_work ... ok
[INFO] [stdout] test network::tests::the_toml_config_should_be_imported_and_match_a_network_with_overriden_defaults ... ok
[INFO] [stdout] test network::tests::with_chain_and_nodes_should_fail_with_empty_node_name ... ok
[INFO] [stdout] test network::tests::network_config_should_be_dumpable_to_a_toml_config_for_a_big_network ... ok
[INFO] [stdout] test relaychain::tests::relaychain_config_builder_should_fails_and_returns_an_error_if_chain_is_invalid ... ok
[INFO] [stdout] test network::tests::the_toml_config_should_be_imported_and_match_a_network_with_teyrchains ... ok
[INFO] [stdout] test network::tests::network_config_should_work_from_toml_with_duplicate_name_between_collator_and_relay_node ... ok
[INFO] [stdout] test network::tests::the_toml_config_should_be_imported_and_match_a_network ... ok
[INFO] [stdout] test network::tests::with_chain_and_nodes_works ... ok
[INFO] [stdout] test network::tests::network_config_should_work_from_toml_without_chain_name ... ok
[INFO] [stdout] test network::tests::with_parachain_id_and_collators_should_fail_with_empty_collator_list ... ok
[INFO] [stdout] test network::tests::with_parachain_id_and_collators_works ... ok
[INFO] [stdout] test network::tests::with_parachain_id_and_collators_should_fail_with_empty_collator_name ... ok
[INFO] [stdout] test network::tests::with_chain_and_nodes_should_fail_with_empty_relay_name ... ok
[INFO] [stdout] test relaychain::tests::relaychain_config_builder_should_fails_and_returns_an_error_if_default_resources_are_invalid ... ok
[INFO] [stdout] test relaychain::tests::relaychain_config_builder_should_succeeds_and_returns_a_relaychain_config ... ok
[INFO] [stdout] test shared::node::tests::group_custom_base_node ... ok
[INFO] [stdout] test relaychain::tests::relaychain_config_builder_should_works_with_chain_spec_command_locally ... ok
[INFO] [stdout] test relaychain::tests::relaychain_config_builder_should_fails_and_returns_an_error_if_default_image_is_invalid ... ok
[INFO] [stdout] test relaychain::tests::relaychain_with_group_count_0_config_should_fail ... ok
[INFO] [stdout] test relaychain::tests::relaychain_config_builder_should_fails_returns_multiple_errors_if_a_node_and_default_resources_are_invalid ... ok
[INFO] [stdout] test network::tests::network_config_should_be_dumpable_to_a_toml_config_for_a_small_network ... ok
[INFO] [stdout] test network::tests::the_toml_config_without_settings_should_be_imported_and_match_a_network ... ok
[INFO] [stdout] test network::tests::the_toml_config_with_custom_settings ... ok
[INFO] [stdout] test relaychain::tests::relaychain_config_builder_should_fails_and_returns_an_error_if_default_command_is_invalid ... ok
[INFO] [stdout] test relaychain::tests::relaychain_config_builder_should_fails_and_returns_an_error_if_first_node_is_invalid ... ok
[INFO] [stdout] test network::tests::with_chain_and_nodes_should_fail_with_empty_node_list ... ok
[INFO] [stdout] test network::tests::raw_spec_override_in_toml_should_work ... ok
[INFO] [stdout] test shared::node::tests::node_config_builder_should_fails_and_returns_an_error_and_node_name_if_image_is_invalid ... ok
[INFO] [stdout] test shared::node::tests::node_config_builder_should_fails_and_returns_an_error_and_node_name_if_one_bootnode_address_is_invalid ... ok
[INFO] [stdout] test shared::node::tests::node_config_builder_should_fails_and_returns_an_error_and_node_name_if_prometheus_port_is_already_used ... ok
[INFO] [stdout] test shared::node::tests::node_config_builder_should_fails_and_returns_an_error_and_node_name_if_resources_has_an_error ... ok
[INFO] [stdout] test relaychain::tests::relaychain_config_builder_with_at_least_one_node_should_fails_and_returns_an_error_if_second_node_is_invalid ... ok
[INFO] [stdout] test relaychain::tests::relaychain_config_builder_should_works_with_chain_spec_command ... ok
[INFO] [stdout] test shared::node::tests::node_config_builder_should_fails_if_node_name_is_empty ... ok
[INFO] [stdout] test shared::node::tests::node_config_builder_should_fails_and_returns_mulitle_errors_and_node_name_if_multiple_bootnode_address_are_invalid ... ok
[INFO] [stdout] test shared::resources::tests::converting_a_str_with_E_unit_into_a_resource_quantity_should_succeeds ... ok
[INFO] [stdout] test shared::node::tests::node_config_builder_should_succeeds_and_returns_a_node_config ... ok
[INFO] [stdout] test shared::resources::tests::converting_a_str_with_K_unit_into_a_resource_quantity_should_succeeds ... ok
[INFO] [stdout] test shared::resources::tests::converting_a_str_with_Ki_unit_into_a_resource_quantity_should_succeeds ... ok
[INFO] [stdout] test shared::resources::tests::converting_a_str_with_M_unit_into_a_resource_quantity_should_succeeds ... ok
[INFO] [stdout] test shared::resources::tests::converting_a_str_with_Mi_unit_into_a_resource_quantity_should_succeeds ... ok
[INFO] [stdout] test shared::resources::tests::converting_a_str_with_Pi_unit_into_a_resource_quantity_should_succeeds ... ok
[INFO] [stdout] test shared::resources::tests::converting_a_str_with_T_unit_into_a_resource_quantity_should_succeeds ... ok
[INFO] [stdout] test shared::resources::tests::converting_a_str_with_Ti_unit_into_a_resource_quantity_should_succeeds ... ok
[INFO] [stdout] test shared::resources::tests::converting_a_str_with_Ei_unit_into_a_resource_quantity_should_succeeds ... ok
[INFO] [stdout] test shared::node::tests::node_config_builder_should_fails_and_returns_an_error_and_node_name_if_rpc_port_is_already_used ... ok
[INFO] [stdout] test shared::node::tests::node_config_builder_should_fails_and_returns_multiple_errors_and_node_name_if_multiple_fields_have_errors ... ok
[INFO] [stdout] test shared::resources::tests::resources_config_builder_should_fails_and_returns_an_error_if_couldnt_parse_request_cpu ... ok
[INFO] [stdout] test shared::resources::tests::converting_a_str_with_P_unit_into_a_resource_quantity_should_succeeds ... ok
[INFO] [stdout] test shared::resources::tests::converting_a_str_with_m_unit_into_a_resource_quantity_should_succeeds ... ok
[INFO] [stdout] test shared::resources::tests::converting_a_string_a_resource_quantity_without_unit_should_succeeds ... ok
[INFO] [stdout] test shared::resources::tests::resources_config_builder_should_fails_and_returns_an_error_if_couldnt_parse_limit_cpu ... ok
[INFO] [stdout] test shared::resources::tests::resources_config_builder_should_fails_and_returns_an_error_if_couldnt_parse_limit_memory ... ok
[INFO] [stdout] test shared::resources::tests::resources_config_builder_should_fails_and_returns_an_error_if_couldnt_parse_request_memory ... ok
[INFO] [stdout] test shared::resources::tests::resources_config_builder_should_succeeds_and_returns_a_resources_config ... ok
[INFO] [stdout] test shared::types::tests::converting_a_str_containing_ip_tag_name_and_tag_version_into_an_image_should_succeeds ... ok
[INFO] [stdout] test shared::node::tests::node_config_builder_should_fails_and_returns_multiple_errors_and_node_name_if_resources_has_multiple_errors ... ok
[INFO] [stdout] test shared::node::tests::node_config_builder_should_fails_and_returns_an_error_and_node_name_if_ws_port_is_already_used ... ok
[INFO] [stdout] test shared::node::tests::node_config_builder_should_fails_and_returns_and_error_and_node_name_if_p2p_port_is_already_used ... ok
[INFO] [stdout] test shared::types::tests::converting_a_str_containing_ip_and_tag_name_into_an_image_should_succeeds ... ok
[INFO] [stdout] test shared::resources::tests::resources_config_builder_should_fails_and_returns_multiple_error_if_couldnt_parse_multiple_fields ... ok
[INFO] [stdout] test shared::types::tests::converting_a_str_containing_only_hostname_and_tag_version_into_an_image_should_fails ... ok
[INFO] [stdout] test shared::types::tests::converting_a_str_containing_tag_name_and_tag_version_into_an_image_should_succeeds ... ok
[INFO] [stdout] test shared::types::tests::converting_a_str_containing_only_hostname_into_an_image_should_fails ... ok
[INFO] [stdout] test shared::types::tests::converting_a_str_containing_only_ip_into_an_image_should_fails ... ok
[INFO] [stdout] test shared::resources::tests::resources_config_toml_import_should_succeeds_and_returns_a_resources_config ... ok
[INFO] [stdout] test shared::types::tests::converting_a_str_containing_hostname_tag_name_and_tag_version_into_an_image_should_succeeds ... ok
[INFO] [stdout] test shared::types::tests::converting_a_pathbuf_into_an_asset_location_should_succeeds ... ok
[INFO] [stdout] test shared::types::tests::converting_a_str_containing_hostname_and_tag_name_into_an_image_should_succeeds ... ok
[INFO] [stdout] test shared::types::tests::converting_a_str_containing_tag_name_into_an_image_should_succeeds ... ok
[INFO] [stdout] test shared::types::tests::converting_a_str_containing_only_ip_and_tag_version_into_an_image_should_fails ... ok
[INFO] [stdout] test relaychain::tests::relaychain_with_group_config_should_succeeds_and_returns_a_relaychain_config ... ok
[INFO] [stdout] test shared::types::tests::converting_a_str_into_an_filepath_asset_location_should_succeeds ... ok
[INFO] [stdout] test shared::node::tests::group_default_base_node ... ok
[INFO] [stdout] test shared::node::tests::node_config_builder_should_fails_and_returns_an_error_and_node_name_if_command_is_invalid ... ok
[INFO] [stdout] test shared::node::tests::node_config_builder_should_use_unique_name_if_node_name_already_used ... ok
[INFO] [stdout] test shared::types::tests::converting_a_str_without_whitespaces_into_a_command_should_succeeds ... ok
[INFO] [stdout] test shared::types::tests::converting_a_str_tuple_into_an_option_arg_should_succeeds ... ok
[INFO] [stdout] test shared::types::tests::converting_a_str_into_an_flag_arg_should_succeeds ... ok
[INFO] [stdout] test shared::types::tests::converting_a_str_with_whitespaces_into_a_chain_should_fails ... ok
[INFO] [stdout] test shared::types::tests::converting_a_str_into_an_url_asset_location_should_succeeds ... ok
[INFO] [stdout] test shared::types::tests::converting_a_str_without_whitespaces_into_a_chain_should_succeeds ... ok
[INFO] [stdout] test shared::types::tests::converting_a_str_with_whitespaces_into_a_command_should_fails ... ok
[INFO] [stdout] test shared::types::tests::test_arg_flag_roundtrip ... ok
[INFO] [stdout] test shared::types::tests::test_arg_invalid_input ... ok
[INFO] [stdout] test shared::types::tests::test_arg_option_roundtrip ... ok
[INFO] [stdout] test teyrchain::tests::teyrchain_config_builder_should_fails_and_returns_an_error_if_default_command_is_invalid ... ok
[INFO] [stdout] test shared::types::tests::converting_an_empty_str_into_a_chain_should_fails ... ok
[INFO] [stdout] test shared::types::tests::test_arg_option_valid_input ... ok
[INFO] [stdout] test shared::types::tests::converting_an_url_into_an_asset_location_should_succeeds ... ok
[INFO] [stdout] test teyrchain::tests::teyrchain_config_builder_should_fails_and_returns_an_error_if_chain_is_invalid ... ok
[INFO] [stdout] test teyrchain::tests::teyrchain_config_builder_should_fails_and_returns_an_error_if_bootnodes_addresses_are_invalid ... ok
[INFO] [stdout] test teyrchain::tests::evm_based_default_to_false ... ok
[INFO] [stdout] test teyrchain::tests::teyrchain_config_builder_should_fails_and_returns_an_error_if_default_image_is_invalid ... ok
[INFO] [stdout] test shared::types::tests::test_convert_to_json_overrides ... ok
[INFO] [stdout] test shared::types::tests::test_arg_array_valid_input ... ok
[INFO] [stdout] test teyrchain::tests::teyrchain_config_builder_should_fails_and_returns_an_error_if_default_resources_are_invalid ... ok
[INFO] [stdout] test teyrchain::tests::build_config_in_running_context ... ok
[INFO] [stdout] test teyrchain::tests::onboard_as_teyrchain_should_default_to_true ... ok
[INFO] [stdout] test teyrchain::tests::teyrchain_config_builder_should_fails_and_returns_an_error_if_first_collator_is_invalid ... ok
[INFO] [stdout] test teyrchain::tests::evm_based ... ok
[INFO] [stdout] test teyrchain::tests::teyrchain_config_builder_should_fails_and_returns_an_error_if_genesis_wasm_generator_is_invalid ... ok
[INFO] [stdout] test teyrchain::tests::teyrchain_config_builder_should_fails_and_returns_multiple_errors_if_multiple_fields_are_invalid ... ok
[INFO] [stdout] test utils::tests::default_node_spawn_timeout_works_before_and_after_env_is_set ... ok
[INFO] [stdout] test teyrchain::tests::teyrchain_with_group_count_0_config_builder_should_fail ... ok
[INFO] [stdout] test teyrchain::tests::import_toml_registration_strategy_should_deserialize ... ok
[INFO] [stdout] test teyrchain::tests::teyrchain_config_builder_should_works_with_chain_spec_command_and_local ... ok
[INFO] [stdout] test teyrchain::tests::teyrchain_with_group_config_builder_should_succeeds_and_returns_a_new_teyrchain_config ... ok
[INFO] [stdout] test teyrchain::tests::teyrchain_config_builder_with_at_least_one_collator_should_fails_and_returns_an_error_if_second_collator_is_invalid ... ok
[INFO] [stdout] test teyrchain::tests::teyrchain_config_builder_should_works_with_chain_spec_command ... ok
[INFO] [stdout] test teyrchain::tests::teyrchain_config_builder_should_succeeds_and_returns_a_new_teyrchain_config ... ok
[INFO] [stdout] test shared::resources::tests::converting_a_str_with_G_unit_into_a_resource_quantity_should_succeeds ... ok
[INFO] [stdout] test shared::resources::tests::converting_a_str_with_Gi_unit_into_a_resource_quantity_should_succeeds ... ok
[INFO] [stdout] test shared::types::tests::test_arg_array_roundtrip ... ok
[INFO] [stdout] test teyrchain::tests::teyrchain_config_builder_should_works_when_genesis_state_generator_contains_args ... ok
[INFO] [stdout] 
[INFO] [stdout] failures:
[INFO] [stdout] 
[INFO] [stdout] ---- network::tests::network_config_builder_should_be_dumplable_to_a_toml_config_a_overrides_default_correctly stdout ----
[INFO] [stdout] 
[INFO] [stdout] thread 'network::tests::network_config_builder_should_be_dumplable_to_a_toml_config_a_overrides_default_correctly' (2308) panicked at src/network.rs:1099:9:
[INFO] [stdout] assertion `left == right` failed
[INFO] [stdout]   left: "[settings]\ntimeout = 3600\nnode_spawn_timeout = 600\ntear_down_on_failure = true\n\n[relaychain]\nchain = \"polkadot\"\ndefault_command = \"polkadot\"\ndefault_image = \"docker.io/parity/polkadot:latest\"\ndefault_db_snapshot = \"https://storage.com/path/to/db_snapshot.tgz\"\ndefault_args = [\n    \"-name=value\",\n    \"--flag\",\n]\n\n[relaychain.default_resources.requests]\nmemory = \"500M\"\ncpu = \"100000\"\n\n[relaychain.default_resources.limits]\nmemory = \"4000M\"\ncpu = \"10Gi\"\n\n[[relaychain.nodes]]\nname = \"alice\"\nvalidator = true\ninvulnerable = true\nbootnode = true\nbalance = 1000000000\n\n[[relaychain.nodes]]\nname = \"bob\"\nimage = \"mycustomimage:latest\"\ncommand = \"my-custom-command\"\nargs = [\"-myothername=value\"]\nvalidator = true\ninvulnerable = true\nbootnode = true\nbalance = 2000000000000\ndb_snapshot = \"https://storage.com/path/to/other/db_snapshot.tgz\"\n\n[relaychain.nodes.resources.requests]\nmemory = \"250Mi\"\ncpu = \"1000\"\n\n[relaychain.nodes.resources.limits]\nmemory = \"2Gi\"\ncpu = \"5Gi\"\n\n[[teyrchains]]\nid = 1000\nchain = \"myparachain\"\nadd_to_genesis = true\nbalance = 2000000000000\ndefault_command = \"my-default-command\"\ndefault_image = \"mydefaultimage:latest\"\ndefault_db_snapshot = \"https://storage.com/path/to/other_snapshot.tgz\"\nchain_spec_path = \"/path/to/my/chain/spec.json\"\ncumulus_based = true\nevm_based = false\n\n[[teyrchains.collators]]\nname = \"john\"\nimage = \"anotherimage:latest\"\ncommand = \"my-non-default-command\"\nvalidator = true\ninvulnerable = true\nbootnode = true\nbalance = 5000000000\n\n[[teyrchains.collators]]\nname = \"charles\"\nvalidator = false\ninvulnerable = true\nbootnode = true\nbalance = 0\n"
[INFO] [stdout]  right: "[settings]\ntimeout = 3600\nnode_spawn_timeout = 600\ntear_down_on_failure = true\n\n[relaychain]\nchain = \"polkadot\"\ndefault_command = \"polkadot\"\ndefault_image = \"docker.io/parity/polkadot:latest\"\ndefault_db_snapshot = \"https://storage.com/path/to/db_snapshot.tgz\"\ndefault_args = [\n\t\"--flag\",\n\t\"-name=value\",\n]\n\n[relaychain.default_resources.requests]\nmemory = \"500M\"\ncpu = \"100000\"\n\n[relaychain.default_resources.limits]\nmemory = \"4000M\"\ncpu = \"10Gi\"\n\n[[relaychain.nodes]]\nname = \"alice\"\nvalidator = true\ninvulnerable = true\nbootnode = true\nbalance = 1000000000\n\n[[relaychain.nodes]]\nname = \"bob\"\nimage = \"mycustomimage:latest\"\ncommand = \"my-custom-command\"\nargs = [\"-myothername=value\"]\nvalidator = true\ninvulnerable = true\nbootnode = true\nbalance = 2000000000000\ndb_snapshot = \"https://storage.com/path/to/other/db_snapshot.tgz\"\n\n[relaychain.nodes.resources.requests]\nmemory = \"250Mi\"\ncpu = \"1000\"\n\n[relaychain.nodes.resources.limits]\nmemory = \"2Gi\"\ncpu = \"5Gi\"\n\n[[teyrchains]]\nid = 1000\nchain = \"myparachain\"\nadd_to_genesis = true\nbalance = 2000000000000\ndefault_command = \"my-default-command\"\ndefault_image = \"mydefaultimage:latest\"\ndefault_db_snapshot = \"https://storage.com/path/to/other_snapshot.tgz\"\nchain_spec_path = \"/path/to/my/chain/spec.json\"\ncumulus_based = true\nevm_based = false\n\n[[teyrchains.collators]]\nname = \"john\"\nimage = \"anotherimage:latest\"\ncommand = \"my-non-default-command\"\nvalidator = true\ninvulnerable = true\nbootnode = true\nbalance = 5000000000\n\n[[teyrchains.collators]]\nname = \"charles\"\nvalidator = false\ninvulnerable = true\nbootnode = true\nbalance = 0\n"
[INFO] [stdout] stack backtrace:
[INFO] [stdout]    0:     0x56b61a1ce5a1 - <<std[70759c8f55707aa4]::sys::backtrace::BacktraceLock>::print::DisplayBacktrace as core[df12db4294e9bfd3]::fmt::Display>::fmt
[INFO] [stdout]    1:     0x56b61a1e693a - core[df12db4294e9bfd3]::fmt::write
[INFO] [stdout]    2:     0x56b61a1d2a5c - <alloc[2182bb758b4b3781]::vec::Vec<u8> as core[df12db4294e9bfd3]::io::write::Write>::write_fmt
[INFO] [stdout]    3:     0x56b61a1aa4c6 - std[70759c8f55707aa4]::panicking::default_hook::{closure#0}
[INFO] [stdout]    4:     0x56b61a1c6709 - std[70759c8f55707aa4]::panicking::default_hook
[INFO] [stdout]    5:     0x56b61a0590c0 - test[9d35eded1c95d3be]::test_main_inner::<test[9d35eded1c95d3be]::test_main_static::{closure#0}>::{closure#0}
[INFO] [stdout]    6:     0x56b61a1c68c2 - std[70759c8f55707aa4]::panicking::panic_with_hook
[INFO] [stdout]    7:     0x56b61a1aa572 - std[70759c8f55707aa4]::panicking::panic_handler::{closure#0}
[INFO] [stdout]    8:     0x56b61a1a2f29 - std[70759c8f55707aa4]::sys::backtrace::__rust_end_short_backtrace::<std[70759c8f55707aa4]::panicking::panic_handler::{closure#0}, !>
[INFO] [stdout]    9:     0x56b61a1ab20d - __rustc[8fa7c3cbc660c2b3]::rust_begin_unwind
[INFO] [stdout]   10:     0x56b61a1e711c - core[df12db4294e9bfd3]::panicking::panic_fmt
[INFO] [stdout]   11:     0x56b61a1e7033 - core[df12db4294e9bfd3]::panicking::assert_failed_inner
[INFO] [stdout]   12:     0x56b619fe4c25 - core[df12db4294e9bfd3]::panicking::assert_failed::<alloc[2182bb758b4b3781]::string::String, alloc[2182bb758b4b3781]::string::String>
[INFO] [stdout]   13:     0x56b619f9d5d5 - pezkuwi_zombienet_configuration[f0dd645fe3738cd6]::network::tests::network_config_builder_should_be_dumplable_to_a_toml_config_a_overrides_default_correctly
[INFO] [stdout]   14:     0x56b619fbcfa9 - <pezkuwi_zombienet_configuration[f0dd645fe3738cd6]::network::tests::network_config_builder_should_be_dumplable_to_a_toml_config_a_overrides_default_correctly::{closure#0} as core[df12db4294e9bfd3]::ops::function::FnOnce<()>>::call_once
[INFO] [stdout]   15:     0x56b61a04c3ab - test[9d35eded1c95d3be]::__rust_begin_short_backtrace::<core[df12db4294e9bfd3]::result::Result<(), alloc[2182bb758b4b3781]::string::String>, fn() -> core[df12db4294e9bfd3]::result::Result<(), alloc[2182bb758b4b3781]::string::String>>
[INFO] [stdout]   16:     0x56b61a059a15 - test[9d35eded1c95d3be]::run_test::{closure#0}
[INFO] [stdout]   17:     0x56b61a0532d4 - std[70759c8f55707aa4]::sys::backtrace::__rust_begin_short_backtrace::<test[9d35eded1c95d3be]::run_test::{closure#1}, ()>
[INFO] [stdout]   18:     0x56b61a05cb72 - <std[70759c8f55707aa4]::thread::lifecycle::spawn_unchecked<test[9d35eded1c95d3be]::run_test::{closure#1}, ()>::{closure#1} as core[df12db4294e9bfd3]::ops::function::FnOnce<()>>::call_once::{shim:vtable#0}
[INFO] [stdout]   19:     0x56b61a1cdad9 - <std[70759c8f55707aa4]::sys::thread::unix::Thread>::new::thread_start
[INFO] [stdout]   20:     0x7f34e095bdfa - <unknown>
[INFO] [stdout]   21:     0x7f34e09ef3d4 - clone
[INFO] [stdout]   22:                0x0 - <unknown>
[INFO] [stdout] 
[INFO] [stdout] 
[INFO] [stdout] failures:
[INFO] [stdout]     network::tests::network_config_builder_should_be_dumplable_to_a_toml_config_a_overrides_default_correctly
[INFO] [stdout] 
[INFO] [stdout] test result: FAILED. 131 passed; 1 failed; 0 ignored; 0 measured; 0 filtered out; finished in 0.07s
[INFO] [stdout] 
[INFO] [stderr] error: test failed, to rerun pass `--lib`
[INFO] running `Command { std: "docker" "inspect" "ea7e563350c10e1e8a9eb47ec96116e2bae174a86fb8eff90c2a9231594a7ad9", kill_on_drop: false }`
[INFO] running `Command { std: "docker" "rm" "-f" "ea7e563350c10e1e8a9eb47ec96116e2bae174a86fb8eff90c2a9231594a7ad9", kill_on_drop: false }`
[INFO] [stdout] ea7e563350c10e1e8a9eb47ec96116e2bae174a86fb8eff90c2a9231594a7ad9
