[INFO] fetching crate petname 3.2.0...
[INFO] testing petname-3.2.0 against 1.100.0-beta.1+cargoflags=--release for beta-release-1.100-2
[INFO] extracting crate petname 3.2.0 into /workspace/builds/worker-1-tc2/source
[INFO] started tweaking crates.io crate petname 3.2.0
[INFO] removed 0 missing tests
[INFO] finished tweaking crates.io crate petname 3.2.0
[INFO] tweaked toml for crates.io crate petname 3.2.0 written to /workspace/builds/worker-1-tc2/source/Cargo.toml
[INFO] validating manifest of crates.io crate petname 3.2.0 on toolchain 1.100.0-beta.1
[INFO] running `Command { std: CARGO_HOME="/workspace/cargo-home" RUSTUP_HOME="/workspace/rustup-home" "/workspace/cargo-home/bin/cargo" "+1.100.0-beta.1" "metadata" "--manifest-path" "Cargo.toml" "--no-deps", kill_on_drop: false }`
[INFO] crate crates.io crate petname 3.2.0 already has a lockfile, it will not be regenerated
[INFO] running `Command { std: CARGO_HOME="/workspace/cargo-home" RUSTUP_HOME="/workspace/rustup-home" "/workspace/cargo-home/bin/cargo" "+1.100.0-beta.1" "fetch" "--manifest-path" "Cargo.toml", kill_on_drop: false }`
[INFO] running `Command { std: "docker" "create" "-v" "/var/lib/crater-agent-workspace/builds/worker-1-tc2/source:/opt/rustwide/workdir:ro,Z" "-v" "/var/lib/crater-agent-workspace/builds/worker-1-tc2/target:/opt/rustwide/target:rw,Z" "-v" "/var/lib/crater-agent-workspace/cargo-home:/opt/rustwide/cargo-home:ro,Z" "-v" "/var/lib/crater-agent-workspace/rustup-home:/opt/rustwide/rustup-home:ro,Z" "-m" "1610612736" "--network" "none" "ghcr.io/rust-lang/crates-build-env/linux@sha256:77db811e55d90add9212f6832c23229e3de5f1c1f9905e8cb07319ea15df73ac" "sleep" "infinity", kill_on_drop: false }`
[INFO] [stdout] 38076589297cd1c51aa7e1b316b6d090df3d7c626075070d81980f0850d768bc
[INFO] running `Command { std: "docker" "start" "38076589297cd1c51aa7e1b316b6d090df3d7c626075070d81980f0850d768bc", kill_on_drop: false }`
[INFO] running `Command { std: "docker" "inspect" "38076589297cd1c51aa7e1b316b6d090df3d7c626075070d81980f0850d768bc", kill_on_drop: false }`
[INFO] running `Command { std: "docker" "exec" "-e" "SOURCE_DIR=/opt/rustwide/workdir" "-e" "CARGO_HOME=/opt/rustwide/cargo-home" "-e" "RUSTUP_HOME=/opt/rustwide/rustup-home" "-e" "CARGO_TARGET_DIR=/opt/rustwide/target" "-w" "/opt/rustwide/workdir" "--user" "0:0" "38076589297cd1c51aa7e1b316b6d090df3d7c626075070d81980f0850d768bc" "/opt/rustwide/cargo-home/bin/cargo" "+1.100.0-beta.1" "metadata" "--no-deps" "--format-version=1", kill_on_drop: false }`
[INFO] running `Command { std: "docker" "inspect" "38076589297cd1c51aa7e1b316b6d090df3d7c626075070d81980f0850d768bc", kill_on_drop: false }`
[INFO] running `Command { std: "docker" "exec" "-e" "SOURCE_DIR=/opt/rustwide/workdir" "-e" "CARGO_HOME=/opt/rustwide/cargo-home" "-e" "RUSTUP_HOME=/opt/rustwide/rustup-home" "-e" "CARGO_TARGET_DIR=/opt/rustwide/target" "-e" "CARGO_INCREMENTAL=0" "-e" "RUST_BACKTRACE=full" "-e" "RUSTFLAGS=--cap-lints=warn" "-e" "RUSTDOCFLAGS=--cap-lints=warn" "-w" "/opt/rustwide/workdir" "--user" "0:0" "38076589297cd1c51aa7e1b316b6d090df3d7c626075070d81980f0850d768bc" "/opt/rustwide/cargo-home/bin/cargo" "+1.100.0-beta.1" "build" "--frozen" "--message-format=json" "--release", kill_on_drop: false }`
[INFO] [stderr]    Compiling proc-macro2 v1.0.107
[INFO] [stderr]    Compiling quote v1.0.47
[INFO] [stderr]    Compiling libc v0.2.189
[INFO] [stderr]    Compiling rand_core v0.10.1
[INFO] [stderr]    Compiling getrandom v0.4.3
[INFO] [stderr]    Compiling clap_builder v4.6.6
[INFO] [stderr]    Compiling cpufeatures v0.3.0
[INFO] [stderr]    Compiling chacha20 v0.10.1
[INFO] [stderr]    Compiling syn v3.0.3
[INFO] [stderr]    Compiling rand v0.10.2
[INFO] [stderr]    Compiling clap_derive v4.6.4
[INFO] [stderr]    Compiling petname-macros v3.2.0
[INFO] [stderr]    Compiling clap v4.6.6
[INFO] [stderr]    Compiling clap_complete v4.6.9
[INFO] [stderr]    Compiling petname v3.2.0 (/opt/rustwide/workdir)
[INFO] [stderr]     Finished `release` profile [optimized] target(s) in 28.32s
[INFO] running `Command { std: "docker" "inspect" "38076589297cd1c51aa7e1b316b6d090df3d7c626075070d81980f0850d768bc", kill_on_drop: false }`
[INFO] running `Command { std: "docker" "exec" "-e" "SOURCE_DIR=/opt/rustwide/workdir" "-e" "CARGO_HOME=/opt/rustwide/cargo-home" "-e" "RUSTUP_HOME=/opt/rustwide/rustup-home" "-e" "CARGO_TARGET_DIR=/opt/rustwide/target" "-e" "CARGO_INCREMENTAL=0" "-e" "RUST_BACKTRACE=full" "-e" "RUSTFLAGS=--cap-lints=warn" "-e" "RUSTDOCFLAGS=--cap-lints=warn" "-w" "/opt/rustwide/workdir" "--user" "0:0" "38076589297cd1c51aa7e1b316b6d090df3d7c626075070d81980f0850d768bc" "/opt/rustwide/cargo-home/bin/cargo" "+1.100.0-beta.1" "test" "--frozen" "--no-run" "--message-format=json" "--release", kill_on_drop: false }`
[INFO] [stderr]    Compiling anyhow v1.0.104
[INFO] [stderr]    Compiling bitflags v2.13.1
[INFO] [stderr]    Compiling fastrand v2.5.0
[INFO] [stderr]    Compiling once_cell v1.21.4
[INFO] [stderr]    Compiling rustix v1.1.4
[INFO] [stderr]    Compiling tempfile v3.27.0
[INFO] [stderr]    Compiling petname v3.2.0 (/opt/rustwide/workdir)
[INFO] [stderr]     Finished `release` profile [optimized] target(s) in 1m 18s
[INFO] running `Command { std: "docker" "inspect" "38076589297cd1c51aa7e1b316b6d090df3d7c626075070d81980f0850d768bc", kill_on_drop: false }`
[INFO] running `Command { std: "docker" "exec" "-e" "SOURCE_DIR=/opt/rustwide/workdir" "-e" "CARGO_HOME=/opt/rustwide/cargo-home" "-e" "RUSTUP_HOME=/opt/rustwide/rustup-home" "-e" "CARGO_TARGET_DIR=/opt/rustwide/target" "-e" "CARGO_INCREMENTAL=0" "-e" "RUST_BACKTRACE=full" "-e" "RUSTFLAGS=--cap-lints=warn" "-e" "RUSTDOCFLAGS=--cap-lints=warn" "-w" "/opt/rustwide/workdir" "--user" "0:0" "38076589297cd1c51aa7e1b316b6d090df3d7c626075070d81980f0850d768bc" "/opt/rustwide/cargo-home/bin/cargo" "+1.100.0-beta.1" "test" "--frozen" "--release", kill_on_drop: false }`
[INFO] [stderr]     Finished `release` profile [optimized] target(s) in 0.15s
[INFO] [stderr]      Running unittests src/lib.rs (/opt/rustwide/target/release/build/petname/3348acc691caf128/out/petname-3348acc691caf128)
[INFO] [stdout] 
[INFO] [stdout] running 2 tests
[INFO] [stdout] test tests::lists_sequences_adverbs_adjectives_then_names ... ok
[INFO] [stdout] test tests::lists_size_hint ... ok
[INFO] [stdout] 
[INFO] [stdout] test result: ok. 2 passed; 0 failed; 0 ignored; 0 measured; 0 filtered out; finished in 0.00s
[INFO] [stdout] 
[INFO] [stderr]      Running unittests src/main.rs (/opt/rustwide/target/release/build/petname/081582a27849cea2/out/petname-081582a27849cea2)
[INFO] [stdout] 
[INFO] [stdout] running 17 tests
[INFO] [stdout] test cli::compatibility::compat_complexity ... ok
[INFO] [stdout] test cli::compatibility::compat_ubuntu ... ok
[INFO] [stdout] test cli::compatibility::compat_separator ... ok
[INFO] [stdout] test integration::compat_dir_nouns_before_names ... ok
[INFO] [stdout] test cli::compatibility::compat_words ... ok
[INFO] [stdout] test cli::compatibility::compat_letters ... ok
[INFO] [stdout] test integration::option_alliterate_with ... ok
[INFO] [stdout] test integration::option_letters ... ok
[INFO] [stdout] test integration::compat_ubuntu ... ok
[INFO] [stdout] test integration::compat_complexity ... ok
[INFO] [stdout] test integration::option_alliterate ... ok
[INFO] [stdout] test integration::option_words ... ok
[INFO] [stdout] test integration::option_dir_nouns ... ok
[INFO] [stdout] test integration::option_seed ... ok
[INFO] [stdout] test integration::option_lists ... ok
[INFO] [stdout] test integration::compat_dir_names ... ok
[INFO] [stderr]      Running tests/alliterations.rs (/opt/rustwide/target/release/build/petname/fc892057867df26b/out/alliterations-fc892057867df26b)
[INFO] [stdout] test integration::option_separator ... ok
[INFO] [stdout] 
[INFO] [stdout] test result: ok. 17 passed; 0 failed; 0 ignored; 0 measured; 0 filtered out; finished in 0.01s
[INFO] [stdout] 
[INFO] [stdout] 
[INFO] [stdout] running 6 tests
[INFO] [stdout] test alliterations_generate_uses_adverb_adjective_name ... ok
[INFO] [stdout] test alliterations_retain_applies_given_predicate ... ok
[INFO] [stdout] test alliterations_default_has_non_zero_cardinality ... ok
[INFO] [stdout] test alliterations_iter_yields_names ... ok
[INFO] [stdout] test alliterations_from_petnames ... ok
[INFO] [stdout] test alliterations_iter_yields_nothing_when_empty ... ok
[INFO] [stdout] 
[INFO] [stdout] test result: ok. 6 passed; 0 failed; 0 ignored; 0 measured; 0 filtered out; finished in 0.00s
[INFO] [stdout] 
[INFO] [stderr]      Running tests/integration.rs (/opt/rustwide/target/release/build/petname/d994566778940fdd/out/integration-d994566778940fdd)
[INFO] [stdout] 
[INFO] [stdout] running 1 test
[INFO] [stdout] test test_buffers_are_flushed ... ok
[INFO] [stderr]      Running tests/macros.rs (/opt/rustwide/target/release/build/petname/70175026a1383d24/out/macros-70175026a1383d24)
[INFO] [stdout] 
[INFO] [stdout] test result: ok. 1 passed; 0 failed; 0 ignored; 0 measured; 0 filtered out; finished in 19.39s
[INFO] [stdout] 
[INFO] [stdout] 
[INFO] [stdout] running 6 tests
[INFO] [stdout] test dir_only ... ok
[INFO] [stdout] test trailing_comma_is_optional ... ok
[INFO] [stdout] test named_paths_only ... ok
[INFO] [stdout] test named_paths_in_any_order ... ok
[INFO] [stdout] test dir_with_named_paths ... ok
[INFO] [stdout] test dir_with_some_named_paths ... ok
[INFO] [stdout] 
[INFO] [stdout] test result: ok. 6 passed; 0 failed; 0 ignored; 0 measured; 0 filtered out; finished in 0.01s
[INFO] [stdout] 
[INFO] [stderr]      Running tests/mocks.rs (/opt/rustwide/target/release/build/petname/a80839fa1273bac2/out/mocks-a80839fa1273bac2)
[INFO] [stdout] 
[INFO] [stdout] running 0 tests
[INFO] [stdout] 
[INFO] [stdout] test result: ok. 0 passed; 0 failed; 0 ignored; 0 measured; 0 filtered out; finished in 0.00s
[INFO] [stdout] 
[INFO] [stderr]      Running tests/petname.rs (/opt/rustwide/target/release/build/petname/b02f898039d4dff1/out/petname-b02f898039d4dff1)
[INFO] [stdout] 
[INFO] [stdout] running 2 tests
[INFO] [stdout] test petname_renders_desired_number_of_words ... ok
[INFO] [stderr]      Running tests/petnames.rs (/opt/rustwide/target/release/build/petname/fb1ceae669392365/out/petnames-fb1ceae669392365)
[INFO] [stdout] test petname_renders_with_desired_separator ... ok
[INFO] [stdout] 
[INFO] [stdout] test result: ok. 2 passed; 0 failed; 0 ignored; 0 measured; 0 filtered out; finished in 0.01s
[INFO] [stdout] 
[INFO] [stdout] 
[INFO] [stdout] running 9 tests
[INFO] [stdout] test petnames_generate_uses_adverb_adjective_name ... ok
[INFO] [stdout] test petnames_default_has_adjectives ... ok
[INFO] [stdout] test petnames_default_has_adverbs ... ok
[INFO] [stdout] test petnames_iter_yields_nothing_when_empty ... ok
[INFO] [stdout] test petnames_iter_yields_names ... ok
[INFO] [stdout] test petnames_default_has_names ... ok
[INFO] [stdout] test petnames_default_has_non_zero_cardinality ... ok
[INFO] [stdout] test petnames_generate_into_works ... ok
[INFO] [stderr]    Doc-tests petname
[INFO] [stdout] test petnames_retain_applies_given_predicate ... ok
[INFO] [stdout] 
[INFO] [stdout] test result: ok. 9 passed; 0 failed; 0 ignored; 0 measured; 0 filtered out; finished in 0.01s
[INFO] [stdout] 
[INFO] [stdout] 
[INFO] [stdout] running 14 tests
[INFO] [stdout] test src/lib.rs - (line 112) ... FAILED
[INFO] [stdout] test src/lib.rs - (line 32) ... FAILED
[INFO] [stdout] test src/lib.rs - (line 10) ... FAILED
[INFO] [stdout] test src/lib.rs - (line 61) ... ok
[INFO] [stdout] test src/lib.rs - (line 78) ... FAILED
[INFO] [stdout] test src/lib.rs - (line 18) ... ok
[INFO] [stdout] test src/lang/english.rs - lang::english::Petnames<'a>::retain (line 70) ... ok
[INFO] [stdout] test src/lang/english.rs - lang::english::Petnames<'a>::namer (line 114) ... ok
[INFO] [stdout] test src/lib.rs - Namer (line 190) ... ok
[INFO] [stdout] test src/lib.rs - (line 95) ... ok
[INFO] [stdout] test src/lib.rs - Alliterations<'_>::namer (line 335) ... ok
[INFO] [stdout] test src/lib.rs - Namer<'a,G>::generate_into (line 222) ... ok
[INFO] [stdout] test src/lib.rs - Namer<'a,G>::iter (line 265) ... ok
[INFO] [stdout] test src/lib.rs - Namer<'a,G>::generate_into (line 236) ... ok
[INFO] [stdout] 
[INFO] [stdout] failures:
[INFO] [stdout] 
[INFO] [stdout] ---- src/lib.rs - (line 112) stdout ----
[INFO] [stdout] Couldn't compile the test.
[INFO] [stdout] ---- src/lib.rs - (line 32) stdout ----
[INFO] [stdout] Couldn't compile the test.
[INFO] [stdout] ---- src/lib.rs - (line 10) stdout ----
[INFO] [stdout] Couldn't compile the test.
[INFO] [stdout] ---- src/lib.rs - (line 78) stdout ----
[INFO] [stdout] Couldn't compile the test.
[INFO] [stdout] 
[INFO] [stdout] failures:
[INFO] [stdout]     src/lib.rs - (line 10)
[INFO] [stdout]     src/lib.rs - (line 112)
[INFO] [stdout]     src/lib.rs - (line 32)
[INFO] [stdout]     src/lib.rs - (line 78)
[INFO] [stdout] 
[INFO] [stdout] test result: FAILED. 10 passed; 4 failed; 0 ignored; 0 measured; 0 filtered out; finished in 39.64s
[INFO] [stdout] 
[INFO] [stderr] error: doctest failed, to rerun pass `--doc`
[INFO] running `Command { std: "docker" "inspect" "38076589297cd1c51aa7e1b316b6d090df3d7c626075070d81980f0850d768bc", kill_on_drop: false }`
[INFO] running `Command { std: "docker" "rm" "-f" "38076589297cd1c51aa7e1b316b6d090df3d7c626075070d81980f0850d768bc", kill_on_drop: false }`
[INFO] [stdout] 38076589297cd1c51aa7e1b316b6d090df3d7c626075070d81980f0850d768bc
