[INFO] fetching crate petl-macros 0.1.0...
[INFO] testing petl-macros-0.1.0 against 1.100.0-beta.1+cargoflags=--release for beta-release-1.100-2
[INFO] extracting crate petl-macros 0.1.0 into /workspace/builds/worker-1-tc2/source
[INFO] started tweaking crates.io crate petl-macros 0.1.0
[INFO] finished tweaking crates.io crate petl-macros 0.1.0
[INFO] tweaked toml for crates.io crate petl-macros 0.1.0 written to /workspace/builds/worker-1-tc2/source/Cargo.toml
[INFO] validating manifest of crates.io crate petl-macros 0.1.0 on toolchain 1.100.0-beta.1
[INFO] running `Command { std: CARGO_HOME="/workspace/cargo-home" RUSTUP_HOME="/workspace/rustup-home" "/workspace/cargo-home/bin/cargo" "+1.100.0-beta.1" "metadata" "--manifest-path" "Cargo.toml" "--no-deps", kill_on_drop: false }`
[INFO] crate crates.io crate petl-macros 0.1.0 already has a lockfile, it will not be regenerated
[INFO] running `Command { std: CARGO_HOME="/workspace/cargo-home" RUSTUP_HOME="/workspace/rustup-home" "/workspace/cargo-home/bin/cargo" "+1.100.0-beta.1" "fetch" "--manifest-path" "Cargo.toml", kill_on_drop: false }`
[INFO] running `Command { std: "docker" "create" "-v" "/var/lib/crater-agent-workspace/builds/worker-1-tc2/source:/opt/rustwide/workdir:ro,Z" "-v" "/var/lib/crater-agent-workspace/builds/worker-1-tc2/target:/opt/rustwide/target:rw,Z" "-v" "/var/lib/crater-agent-workspace/cargo-home:/opt/rustwide/cargo-home:ro,Z" "-v" "/var/lib/crater-agent-workspace/rustup-home:/opt/rustwide/rustup-home:ro,Z" "-m" "1610612736" "--network" "none" "ghcr.io/rust-lang/crates-build-env/linux@sha256:77db811e55d90add9212f6832c23229e3de5f1c1f9905e8cb07319ea15df73ac" "sleep" "infinity", kill_on_drop: false }`
[INFO] [stdout] 18164e92bbde3fdc2b3ccded41a35481a6b0e4579bd5844609a63c66eeb25786
[INFO] running `Command { std: "docker" "start" "18164e92bbde3fdc2b3ccded41a35481a6b0e4579bd5844609a63c66eeb25786", kill_on_drop: false }`
[INFO] running `Command { std: "docker" "inspect" "18164e92bbde3fdc2b3ccded41a35481a6b0e4579bd5844609a63c66eeb25786", kill_on_drop: false }`
[INFO] running `Command { std: "docker" "exec" "-e" "SOURCE_DIR=/opt/rustwide/workdir" "-e" "CARGO_HOME=/opt/rustwide/cargo-home" "-e" "RUSTUP_HOME=/opt/rustwide/rustup-home" "-e" "CARGO_TARGET_DIR=/opt/rustwide/target" "-w" "/opt/rustwide/workdir" "--user" "0:0" "18164e92bbde3fdc2b3ccded41a35481a6b0e4579bd5844609a63c66eeb25786" "/opt/rustwide/cargo-home/bin/cargo" "+1.100.0-beta.1" "metadata" "--no-deps" "--format-version=1", kill_on_drop: false }`
[INFO] running `Command { std: "docker" "inspect" "18164e92bbde3fdc2b3ccded41a35481a6b0e4579bd5844609a63c66eeb25786", kill_on_drop: false }`
[INFO] running `Command { std: "docker" "exec" "-e" "SOURCE_DIR=/opt/rustwide/workdir" "-e" "CARGO_HOME=/opt/rustwide/cargo-home" "-e" "RUSTUP_HOME=/opt/rustwide/rustup-home" "-e" "CARGO_TARGET_DIR=/opt/rustwide/target" "-e" "CARGO_INCREMENTAL=0" "-e" "RUST_BACKTRACE=full" "-e" "RUSTFLAGS=--cap-lints=warn" "-e" "RUSTDOCFLAGS=--cap-lints=warn" "-w" "/opt/rustwide/workdir" "--user" "0:0" "18164e92bbde3fdc2b3ccded41a35481a6b0e4579bd5844609a63c66eeb25786" "/opt/rustwide/cargo-home/bin/cargo" "+1.100.0-beta.1" "build" "--frozen" "--message-format=json" "--release", kill_on_drop: false }`
[INFO] [stderr]    Compiling syn v2.0.117
[INFO] [stderr]    Compiling petl-macros v0.1.0 (/opt/rustwide/workdir)
[INFO] [stderr]     Finished `release` profile [optimized] target(s) in 3.85s
[INFO] running `Command { std: "docker" "inspect" "18164e92bbde3fdc2b3ccded41a35481a6b0e4579bd5844609a63c66eeb25786", kill_on_drop: false }`
[INFO] running `Command { std: "docker" "exec" "-e" "SOURCE_DIR=/opt/rustwide/workdir" "-e" "CARGO_HOME=/opt/rustwide/cargo-home" "-e" "RUSTUP_HOME=/opt/rustwide/rustup-home" "-e" "CARGO_TARGET_DIR=/opt/rustwide/target" "-e" "CARGO_INCREMENTAL=0" "-e" "RUST_BACKTRACE=full" "-e" "RUSTFLAGS=--cap-lints=warn" "-e" "RUSTDOCFLAGS=--cap-lints=warn" "-w" "/opt/rustwide/workdir" "--user" "0:0" "18164e92bbde3fdc2b3ccded41a35481a6b0e4579bd5844609a63c66eeb25786" "/opt/rustwide/cargo-home/bin/cargo" "+1.100.0-beta.1" "test" "--frozen" "--no-run" "--message-format=json" "--release", kill_on_drop: false }`
[INFO] [stderr]    Compiling petl-macros v0.1.0 (/opt/rustwide/workdir)
[INFO] [stderr]     Finished `release` profile [optimized] target(s) in 0.44s
[INFO] running `Command { std: "docker" "inspect" "18164e92bbde3fdc2b3ccded41a35481a6b0e4579bd5844609a63c66eeb25786", kill_on_drop: false }`
[INFO] running `Command { std: "docker" "exec" "-e" "SOURCE_DIR=/opt/rustwide/workdir" "-e" "CARGO_HOME=/opt/rustwide/cargo-home" "-e" "RUSTUP_HOME=/opt/rustwide/rustup-home" "-e" "CARGO_TARGET_DIR=/opt/rustwide/target" "-e" "CARGO_INCREMENTAL=0" "-e" "RUST_BACKTRACE=full" "-e" "RUSTFLAGS=--cap-lints=warn" "-e" "RUSTDOCFLAGS=--cap-lints=warn" "-w" "/opt/rustwide/workdir" "--user" "0:0" "18164e92bbde3fdc2b3ccded41a35481a6b0e4579bd5844609a63c66eeb25786" "/opt/rustwide/cargo-home/bin/cargo" "+1.100.0-beta.1" "test" "--frozen" "--release", kill_on_drop: false }`
[INFO] [stderr]     Finished `release` profile [optimized] target(s) in 0.04s
[INFO] [stderr]      Running unittests src/lib.rs (/opt/rustwide/target/release/build/petl-macros/370f38bb238a39e0/out/petl_macros-370f38bb238a39e0)
[INFO] [stdout] 
[INFO] [stdout] running 0 tests
[INFO] [stdout] 
[INFO] [stdout] test result: ok. 0 passed; 0 failed; 0 ignored; 0 measured; 0 filtered out; finished in 0.00s
[INFO] [stdout] 
[INFO] [stderr]    Doc-tests petl_macros
[INFO] [stdout] 
[INFO] [stdout] running 2 tests
[INFO] [stdout] test src/lib.rs - derive_postgresql (line 8) ... FAILED
[INFO] [stdout] test src/lib.rs - derive_postgresql (line 18) ... FAILED
[INFO] [stdout] 
[INFO] [stdout] failures:
[INFO] [stdout] 
[INFO] [stdout] ---- src/lib.rs - derive_postgresql (line 8) stdout ----
[INFO] [stdout] error: cannot find derive macro `SqlMap` in this scope
[INFO] [stdout]  --> src/lib.rs:9:10
[INFO] [stdout]   |
[INFO] [stdout] 9 | #[derive(SqlMap)]
[INFO] [stdout]   |          ^^^^^^
[INFO] [stdout] 
[INFO] [stdout] error: aborting due to 1 previous error
[INFO] [stdout] 
[INFO] [stdout] Couldn't compile the test.
[INFO] [stdout] ---- src/lib.rs - derive_postgresql (line 18) stdout ----
[INFO] [stdout] error[E0433]: cannot find module or crate `datax_io` in this scope
[INFO] [stdout]   --> src/lib.rs:24:6
[INFO] [stdout]    |
[INFO] [stdout] 24 | impl datax_io::manager::postgres::PostgreSQL for &MyStruct {
[INFO] [stdout]    |      ^^^^^^^^ use of unresolved module or unlinked crate `datax_io`
[INFO] [stdout]    |
[INFO] [stdout]    = help: if you wanted to use a crate named `datax_io`, use `cargo add datax_io` to add it to your `Cargo.toml`
[INFO] [stdout] 
[INFO] [stdout] error[E0433]: cannot find module or crate `datax_io` in this scope
[INFO] [stdout]   --> src/lib.rs:25:46
[INFO] [stdout]    |
[INFO] [stdout] 25 |     fn sql_map(&self) -> std::vec::Vec<&(dyn datax_io::ToSql + std::marker::Sync)> {
[INFO] [stdout]    |                                              ^^^^^^^^ use of unresolved module or unlinked crate `datax_io`
[INFO] [stdout]    |
[INFO] [stdout]    = help: if you wanted to use a crate named `datax_io`, use `cargo add datax_io` to add it to your `Cargo.toml`
[INFO] [stdout] 
[INFO] [stdout] error: aborting due to 2 previous errors
[INFO] [stdout] 
[INFO] [stdout] For more information about this error, try `rustc --explain E0433`.
[INFO] [stdout] Couldn't compile the test.
[INFO] [stdout] 
[INFO] [stdout] failures:
[INFO] [stdout]     src/lib.rs - derive_postgresql (line 18)
[INFO] [stdout]     src/lib.rs - derive_postgresql (line 8)
[INFO] [stdout] 
[INFO] [stdout] test result: FAILED. 0 passed; 2 failed; 0 ignored; 0 measured; 0 filtered out; finished in 0.20s
[INFO] [stdout] 
[INFO] [stdout] all doctests ran in 0.37s; merged doctests compilation took 0.17s
[INFO] [stderr] error: doctest failed, to rerun pass `--doc`
[INFO] running `Command { std: "docker" "inspect" "18164e92bbde3fdc2b3ccded41a35481a6b0e4579bd5844609a63c66eeb25786", kill_on_drop: false }`
[INFO] running `Command { std: "docker" "rm" "-f" "18164e92bbde3fdc2b3ccded41a35481a6b0e4579bd5844609a63c66eeb25786", kill_on_drop: false }`
[INFO] [stdout] 18164e92bbde3fdc2b3ccded41a35481a6b0e4579bd5844609a63c66eeb25786
