[INFO] fetching crate peter-commander 0.9.1...
[INFO] testing peter-commander-0.9.1 against 1.99.0-beta.8+cargoflags=--release for beta-release-1.100-2
[INFO] extracting crate peter-commander 0.9.1 into /workspace/builds/worker-4-tc1/source
[INFO] started tweaking crates.io crate peter-commander 0.9.1
[INFO] finished tweaking crates.io crate peter-commander 0.9.1
[INFO] tweaked toml for crates.io crate peter-commander 0.9.1 written to /workspace/builds/worker-4-tc1/source/Cargo.toml
[INFO] validating manifest of crates.io crate peter-commander 0.9.1 on toolchain 1.99.0-beta.8
[INFO] running `Command { std: CARGO_HOME="/workspace/cargo-home" RUSTUP_HOME="/workspace/rustup-home" "/workspace/cargo-home/bin/cargo" "+1.99.0-beta.8" "metadata" "--manifest-path" "Cargo.toml" "--no-deps", kill_on_drop: false }`
[INFO] crate crates.io crate peter-commander 0.9.1 already has a lockfile, it will not be regenerated
[INFO] running `Command { std: CARGO_HOME="/workspace/cargo-home" RUSTUP_HOME="/workspace/rustup-home" "/workspace/cargo-home/bin/cargo" "+1.99.0-beta.8" "fetch" "--manifest-path" "Cargo.toml", kill_on_drop: false }`
[INFO] [stderr]     Updating crates.io index
[INFO] [stderr]  Downloading crates ...
[INFO] [stderr]   Downloaded trash v5.2.9
[INFO] running `Command { std: "docker" "create" "-v" "/var/lib/crater-agent-workspace/builds/worker-4-tc1/source:/opt/rustwide/workdir:ro,Z" "-v" "/var/lib/crater-agent-workspace/builds/worker-4-tc1/target:/opt/rustwide/target:rw,Z" "-v" "/var/lib/crater-agent-workspace/cargo-home:/opt/rustwide/cargo-home:ro,Z" "-v" "/var/lib/crater-agent-workspace/rustup-home:/opt/rustwide/rustup-home:ro,Z" "-m" "1610612736" "--network" "none" "ghcr.io/rust-lang/crates-build-env/linux@sha256:77db811e55d90add9212f6832c23229e3de5f1c1f9905e8cb07319ea15df73ac" "sleep" "infinity", kill_on_drop: false }`
[INFO] [stdout] e0868252117af72f30600397185ab8dcb7ad656bb352386e1c7bdfd23ea1c073
[INFO] running `Command { std: "docker" "start" "e0868252117af72f30600397185ab8dcb7ad656bb352386e1c7bdfd23ea1c073", kill_on_drop: false }`
[INFO] running `Command { std: "docker" "inspect" "e0868252117af72f30600397185ab8dcb7ad656bb352386e1c7bdfd23ea1c073", kill_on_drop: false }`
[INFO] running `Command { std: "docker" "exec" "-e" "SOURCE_DIR=/opt/rustwide/workdir" "-e" "CARGO_HOME=/opt/rustwide/cargo-home" "-e" "RUSTUP_HOME=/opt/rustwide/rustup-home" "-e" "CARGO_TARGET_DIR=/opt/rustwide/target" "-w" "/opt/rustwide/workdir" "--user" "0:0" "e0868252117af72f30600397185ab8dcb7ad656bb352386e1c7bdfd23ea1c073" "/opt/rustwide/cargo-home/bin/cargo" "+1.99.0-beta.8" "metadata" "--no-deps" "--format-version=1", kill_on_drop: false }`
[INFO] running `Command { std: "docker" "inspect" "e0868252117af72f30600397185ab8dcb7ad656bb352386e1c7bdfd23ea1c073", kill_on_drop: false }`
[INFO] running `Command { std: "docker" "exec" "-e" "SOURCE_DIR=/opt/rustwide/workdir" "-e" "CARGO_HOME=/opt/rustwide/cargo-home" "-e" "RUSTUP_HOME=/opt/rustwide/rustup-home" "-e" "CARGO_TARGET_DIR=/opt/rustwide/target" "-e" "CARGO_INCREMENTAL=0" "-e" "RUST_BACKTRACE=full" "-e" "RUSTFLAGS=--cap-lints=warn" "-e" "RUSTDOCFLAGS=--cap-lints=warn" "-w" "/opt/rustwide/workdir" "--user" "0:0" "e0868252117af72f30600397185ab8dcb7ad656bb352386e1c7bdfd23ea1c073" "/opt/rustwide/cargo-home/bin/cargo" "+1.99.0-beta.8" "build" "--frozen" "--message-format=json" "--release", kill_on_drop: false }`
[INFO] [stderr]    Compiling syn v2.0.119
[INFO] [stderr]    Compiling thiserror v2.0.20
[INFO] [stderr]    Compiling darling_core v0.24.1
[INFO] [stderr]    Compiling hashbrown v0.17.1
[INFO] [stderr]    Compiling itertools v0.14.0
[INFO] [stderr]    Compiling scopeguard v1.2.0
[INFO] [stderr]    Compiling instability v0.3.13
[INFO] [stderr]    Compiling smallvec v1.16.1
[INFO] [stderr]    Compiling castaway v0.2.4
[INFO] [stderr]    Compiling signal-hook v0.3.18
[INFO] [stderr]    Compiling mio v1.2.3
[INFO] [stderr]    Compiling rustix v1.1.4
[INFO] [stderr]    Compiling line-clipping v0.3.8
[INFO] [stderr]    Compiling time v0.3.55
[INFO] [stderr]    Compiling dirs-sys v0.5.0
[INFO] [stderr]    Compiling signal-hook v0.4.4
[INFO] [stderr]    Compiling lock_api v0.4.14
[INFO] [stderr]    Compiling trash v5.2.9
[INFO] [stderr]    Compiling compact_str v0.9.1
[INFO] [stderr]    Compiling parking_lot_core v0.9.12
[INFO] [stderr]    Compiling dirs v7.0.0
[INFO] [stderr]    Compiling kasuari v0.4.12
[INFO] [stderr]    Compiling shell-words v1.1.1
[INFO] [stderr]    Compiling parking_lot v0.12.5
[INFO] [stderr]    Compiling signal-hook-mio v0.2.5
[INFO] [stderr]    Compiling lru v0.18.4
[INFO] [stderr]    Compiling unicode-truncate v2.0.1
[INFO] [stderr]    Compiling strum_macros v0.28.0
[INFO] [stderr]    Compiling derive_more-impl v2.1.1
[INFO] [stderr]    Compiling darling_macro v0.24.1
[INFO] [stderr]    Compiling derive_more v2.1.1
[INFO] [stderr]    Compiling crossterm v0.29.0
[INFO] [stderr]    Compiling darling v0.24.1
[INFO] [stderr]    Compiling strum v0.28.0
[INFO] [stderr]    Compiling ratatui-core v0.1.2
[INFO] [stderr]    Compiling ratatui-widgets v0.3.2
[INFO] [stderr]    Compiling ratatui-crossterm v0.1.2
[INFO] [stderr]    Compiling ratatui-macros v0.7.2
[INFO] [stderr]    Compiling ratatui v0.30.2
[INFO] [stderr]    Compiling peter-commander v0.9.1 (/opt/rustwide/workdir)
[INFO] [stderr]     Finished `release` profile [optimized] target(s) in 29.56s
[INFO] running `Command { std: "docker" "inspect" "e0868252117af72f30600397185ab8dcb7ad656bb352386e1c7bdfd23ea1c073", kill_on_drop: false }`
[INFO] running `Command { std: "docker" "exec" "-e" "SOURCE_DIR=/opt/rustwide/workdir" "-e" "CARGO_HOME=/opt/rustwide/cargo-home" "-e" "RUSTUP_HOME=/opt/rustwide/rustup-home" "-e" "CARGO_TARGET_DIR=/opt/rustwide/target" "-e" "CARGO_INCREMENTAL=0" "-e" "RUST_BACKTRACE=full" "-e" "RUSTFLAGS=--cap-lints=warn" "-e" "RUSTDOCFLAGS=--cap-lints=warn" "-w" "/opt/rustwide/workdir" "--user" "0:0" "e0868252117af72f30600397185ab8dcb7ad656bb352386e1c7bdfd23ea1c073" "/opt/rustwide/cargo-home/bin/cargo" "+1.99.0-beta.8" "test" "--frozen" "--no-run" "--message-format=json" "--release", kill_on_drop: false }`
[INFO] [stderr]    Compiling peter-commander v0.9.1 (/opt/rustwide/workdir)
[INFO] [stderr]     Finished `release` profile [optimized] target(s) in 8.15s
[INFO] running `Command { std: "docker" "inspect" "e0868252117af72f30600397185ab8dcb7ad656bb352386e1c7bdfd23ea1c073", kill_on_drop: false }`
[INFO] running `Command { std: "docker" "exec" "-e" "SOURCE_DIR=/opt/rustwide/workdir" "-e" "CARGO_HOME=/opt/rustwide/cargo-home" "-e" "RUSTUP_HOME=/opt/rustwide/rustup-home" "-e" "CARGO_TARGET_DIR=/opt/rustwide/target" "-e" "CARGO_INCREMENTAL=0" "-e" "RUST_BACKTRACE=full" "-e" "RUSTFLAGS=--cap-lints=warn" "-e" "RUSTDOCFLAGS=--cap-lints=warn" "-w" "/opt/rustwide/workdir" "--user" "0:0" "e0868252117af72f30600397185ab8dcb7ad656bb352386e1c7bdfd23ea1c073" "/opt/rustwide/cargo-home/bin/cargo" "+1.99.0-beta.8" "test" "--frozen" "--release", kill_on_drop: false }`
[INFO] [stderr]     Finished `release` profile [optimized] target(s) in 0.16s
[INFO] [stderr]      Running unittests src/main.rs (/opt/rustwide/target/release/deps/peter_commander-d974e0aacd2bbd39)
[INFO] [stdout] 
[INFO] [stdout] running 84 tests
[INFO] [stdout] test app::tests::parses_bare_cd_as_home ... ok
[INFO] [stdout] test app::tests::parses_cd_with_home_relative_path ... ok
[INFO] [stdout] test app::tests::does_not_match_non_cd_commands ... ok
[INFO] [stdout] test bulk_rename::tests::unchanged_lines_are_skipped_and_crlf_bom_tolerated ... ok
[INFO] [stdout] test app::tests::every_setting_switch_has_one_side_per_value ... ok
[INFO] [stdout] test fs_ops::tests::cancelled_copy_fails_with_cancelled_and_leaves_no_partial_file ... ok
[INFO] [stdout] test app::tests::parses_cd_with_path ... ok
[INFO] [stdout] test fs_ops::tests::case_only_rename_is_not_a_conflict ... ok
[INFO] [stdout] test fs_ops::tests::cancelled_cross_device_style_move_keeps_the_source ... ok
[INFO] [stdout] test app::tests::lists_only_items_whose_destination_exists ... ok
[INFO] [stdout] test fs_ops::tests::copies_dangling_symlink ... ok
[INFO] [stdout] test bulk_rename::tests::failed_restore_never_replaces_the_new_occupant_of_the_old_name ... ok
[INFO] [stdout] test bulk_rename::tests::rejects_bad_edits ... ok
[INFO] [stdout] test app::tests::copying_onto_itself_is_not_an_overwrite_conflict ... ok
[INFO] [stdout] test bulk_rename::tests::swap_is_not_an_overwrite_and_works ... ok
[INFO] [stdout] test bulk_rename::tests::existing_file_outside_the_batch_is_flagged_and_only_replaced_when_planned ... ok
[INFO] [stdout] test fs_ops::tests::mount_fields_are_unescaped_and_longest_mount_wins ... ok
[INFO] [stdout] test fs_ops::tests::moves_file ... ok
[INFO] [stdout] test fs_ops::tests::monitored_copy_reports_bytes_and_keeps_mtime ... ok
[INFO] [stdout] test fs_ops::tests::copy_keeps_file_modified_time ... ok
[INFO] [stdout] test fs_ops::tests::refuses_to_copy_a_socket ... ok
[INFO] [stdout] test fs_ops::tests::copies_directory_recursively ... ok
[INFO] [stdout] test fs_ops::tests::refuses_to_copy_directory_into_its_subdirectory ... ok
[INFO] [stdout] test fs_ops::tests::moves_directory ... ok
[INFO] [stdout] test fs_ops::tests::trash_needs_copy_only_off_the_home_filesystem_without_a_usable_volume_trash ... ok
[INFO] [stdout] test fs_ops::tests::refuses_to_copy_file_onto_itself ... ok
[INFO] [stdout] test fs_ops::tests::monitored_copy_keeps_permissions ... ok
[INFO] [stdout] test fs_ops::tests::refuses_to_copy_directory_onto_itself ... ok
[INFO] [stdout] test fs_ops::tests::copy_keeps_directory_modified_time ... ok
[INFO] [stdout] test fs_ops::tests::copies_file ... ok
[INFO] [stdout] test fs_ops::tests::refuses_to_move_directory_into_its_subdirectory ... ok
[INFO] [stdout] test logging::tests::writes_a_line_to_the_log ... ok
[INFO] [stdout] test fs_ops::tests::same_path_detects_identical_and_distinct_entries ... ok
[INFO] [stdout] test fs_ops::tests::copies_symlink_to_parent_as_symlink ... ok
[INFO] [stdout] test job::tests::cancelling_stops_before_the_next_item ... ok
[INFO] [stdout] test fs_ops::tests::copy_keeps_modified_time_of_read_only_file ... ok
[INFO] [stdout] test pane::tests::change_dir_to_missing_path_reports_error_without_moving ... ok
[INFO] [stdout] test fs_ops::tests::deletes_file_and_directory ... ok
[INFO] [stdout] test pane::tests::changing_directory_clears_marks_even_when_the_other_dir_has_a_same_named_file ... ok
[INFO] [stdout] test fs_ops::tests::failed_monitored_copy_leaves_an_existing_destination_alone ... ok
[INFO] [stdout] test pane::tests::entering_unreadable_directory_shows_message_without_moving ... FAILED
[INFO] [stdout] test pane::tests::find_match_wraps_skips_dotdot_and_goes_both_ways ... ok
[INFO] [stdout] test job::tests::errors_are_collected_per_item ... ok
[INFO] [stdout] test fs_ops::tests::copies_into_sibling_with_shared_name_prefix ... ok
[INFO] [stdout] test fs_ops::tests::rename_target_taken_only_for_another_existing_entry ... ok
[INFO] [stdout] test fs_ops::tests::copies_symlink_into_its_target_directory ... ok
[INFO] [stdout] test pane::tests::select_unselect_and_invert_touch_files_only ... ok
[INFO] [stdout] test pane::tests::wildcards_match_like_a_shell ... ok
[INFO] [stdout] test pane::tests::sorts_by_size_biggest_first_and_flips_when_picked_again ... ok
[INFO] [stdout] test state::tests::missing_settings_file_loads_empty ... ok
[INFO] [stdout] test pane::tests::symlink_to_directory_is_classified_as_a_directory ... ok
[INFO] [stdout] test pane::tests::broken_symlink_is_still_listed ... ok
[INFO] [stdout] test job::tests::copies_and_moves_in_the_background ... ok
[INFO] [stdout] test pane::tests::toggle_mark_selected_tags_and_steps_down_but_skips_dotdot ... ok
[INFO] [stdout] test pane::tests::marked_summary_sums_bytes_of_marked_files_only ... ok
[INFO] [stdout] test preview::tests::regular_file_is_still_previewed_as_text ... ok
[INFO] [stdout] test state::tests::round_trips_settings ... ok
[INFO] [stdout] test pane::tests::sorts_by_extension_then_name ... ok
[INFO] [stdout] test tests::resolve_dir_accepts_directories_only ... ok
[INFO] [stdout] test tests::bare_version_is_a_directory ... ok
[INFO] [stdout] test tests::no_arguments_starts_the_ui ... ok
[INFO] [stdout] test tests::up_to_two_directories_fill_left_then_right ... ok
[INFO] [stdout] test pane::tests::change_dir_moves_to_relative_and_absolute_targets ... ok
[INFO] [stdout] test tests::version_and_help_flags_are_recognised ... ok
[INFO] [stdout] test tests::version_text_matches_the_package ... ok
[INFO] [stdout] test ui::tests::author_names_drop_the_email ... ok
[INFO] [stdout] test ui::tests::exact_width_name_is_unchanged ... ok
[INFO] [stdout] test state::tests::round_trips_last_dirs ... ok
[INFO] [stdout] test pane::tests::hide_hidden_filters_dotfiles_but_keeps_dotdot ... ok
[INFO] [stdout] test pane::tests::reload_drops_marks_for_entries_that_no_longer_exist ... ok
[INFO] [stdout] test state::tests::round_trips_sorts_and_rejects_garbage ... ok
[INFO] [stdout] test ui::tests::long_name_is_truncated_with_ellipsis ... ok
[INFO] [stdout] test ui::tests::size_below_threshold_shows_a_comma_grouped_byte_count ... ok
[INFO] [stdout] test ui::tests::opaque_item_counts_as_half_done_but_never_full ... ok
[INFO] [stdout] test tests::flags_win_over_directories ... ok
[INFO] [stdout] test ui::tests::thousands_separators_are_inserted_every_3_digits ... ok
[INFO] [stdout] test tests::unknown_options_are_rejected ... ok
[INFO] [stdout] test ui::tests::menu_dropdown_shadow_survives_to_final_buffer ... ok
[INFO] [stdout] test ui::tests::short_name_is_padded_not_truncated ... ok
[INFO] [stdout] test fs_ops::tests::refuses_to_copy_a_named_pipe ... ok
[INFO] [stdout] test ui::tests::about_dialog_shows_version_and_author_in_both_styles ... ok
[INFO] [stdout] test ui::tests::size_at_or_above_threshold_collapses_to_megabytes ... ok
[INFO] [stdout] test ui::tests::help_box_keeps_its_place_on_every_page ... ok
[INFO] [stdout] test preview::tests::named_pipe_is_not_read_for_preview ... ok
[INFO] [stdout] 
[INFO] [stdout] failures:
[INFO] [stdout] 
[INFO] [stdout] ---- pane::tests::entering_unreadable_directory_shows_message_without_moving stdout ----
[INFO] [stdout] 
[INFO] [stdout] thread 'pane::tests::entering_unreadable_directory_shows_message_without_moving' (905) panicked at src/pane.rs:634:9:
[INFO] [stdout] expected a friendly error message
[INFO] [stdout] stack backtrace:
[INFO] [stdout]    0:     0x5d0fb52a19b1 - <<std[70759c8f55707aa4]::sys::backtrace::BacktraceLock>::print::DisplayBacktrace as core[df12db4294e9bfd3]::fmt::Display>::fmt
[INFO] [stdout]    1:     0x5d0fb52b7cda - core[df12db4294e9bfd3]::fmt::write
[INFO] [stdout]    2:     0x5d0fb52a67bc - <alloc[2182bb758b4b3781]::vec::Vec<u8> as core[df12db4294e9bfd3]::io::write::Write>::write_fmt
[INFO] [stdout]    3:     0x5d0fb52797b6 - std[70759c8f55707aa4]::panicking::default_hook::{closure#0}
[INFO] [stdout]    4:     0x5d0fb52976e9 - std[70759c8f55707aa4]::panicking::default_hook
[INFO] [stdout]    5:     0x5d0fb52019d0 - test[9d35eded1c95d3be]::test_main_inner::<test[9d35eded1c95d3be]::test_main_static::{closure#0}>::{closure#0}
[INFO] [stdout]    6:     0x5d0fb52978a2 - std[70759c8f55707aa4]::panicking::panic_with_hook
[INFO] [stdout]    7:     0x5d0fb5279894 - std[70759c8f55707aa4]::panicking::panic_handler::{closure#0}
[INFO] [stdout]    8:     0x5d0fb5271ad9 - std[70759c8f55707aa4]::sys::backtrace::__rust_end_short_backtrace::<std[70759c8f55707aa4]::panicking::panic_handler::{closure#0}, !>
[INFO] [stdout]    9:     0x5d0fb527a80d - __rustc[8fa7c3cbc660c2b3]::rust_begin_unwind
[INFO] [stdout]   10:     0x5d0fb52b840c - core[df12db4294e9bfd3]::panicking::panic_fmt
[INFO] [stdout]   11:     0x5d0fb51d102d - peter_commander[d0172c2d69decc28]::pane::tests::entering_unreadable_directory_shows_message_without_moving
[INFO] [stdout]   12:     0x5d0fb51a9f79 - <peter_commander[d0172c2d69decc28]::pane::tests::entering_unreadable_directory_shows_message_without_moving::{closure#0} as core[df12db4294e9bfd3]::ops::function::FnOnce<()>>::call_once
[INFO] [stdout]   13:     0x5d0fb51f4cbb - test[9d35eded1c95d3be]::__rust_begin_short_backtrace::<core[df12db4294e9bfd3]::result::Result<(), alloc[2182bb758b4b3781]::string::String>, fn() -> core[df12db4294e9bfd3]::result::Result<(), alloc[2182bb758b4b3781]::string::String>>
[INFO] [stdout]   14:     0x5d0fb5202325 - test[9d35eded1c95d3be]::run_test::{closure#0}
[INFO] [stdout]   15:     0x5d0fb51fbbe4 - std[70759c8f55707aa4]::sys::backtrace::__rust_begin_short_backtrace::<test[9d35eded1c95d3be]::run_test::{closure#1}, ()>
[INFO] [stdout]   16:     0x5d0fb5205482 - <std[70759c8f55707aa4]::thread::lifecycle::spawn_unchecked<test[9d35eded1c95d3be]::run_test::{closure#1}, ()>::{closure#1} as core[df12db4294e9bfd3]::ops::function::FnOnce<()>>::call_once::{shim:vtable#0}
[INFO] [stdout]   17:     0x5d0fb52a0919 - <std[70759c8f55707aa4]::sys::thread::unix::Thread>::new::thread_start
[INFO] [stdout]   18:     0x70973cb36dfa - <unknown>
[INFO] [stdout]   19:     0x70973cbca3d4 - clone
[INFO] [stdout]   20:                0x0 - <unknown>
[INFO] [stderr] error: test failed, to rerun pass `--bin peter-commander`
[INFO] [stdout] 
[INFO] [stdout] 
[INFO] [stdout] failures:
[INFO] [stdout]     pane::tests::entering_unreadable_directory_shows_message_without_moving
[INFO] [stdout] 
[INFO] [stdout] test result: FAILED. 83 passed; 1 failed; 0 ignored; 0 measured; 0 filtered out; finished in 0.05s
[INFO] [stdout] 
[INFO] running `Command { std: "docker" "inspect" "e0868252117af72f30600397185ab8dcb7ad656bb352386e1c7bdfd23ea1c073", kill_on_drop: false }`
[INFO] running `Command { std: "docker" "rm" "-f" "e0868252117af72f30600397185ab8dcb7ad656bb352386e1c7bdfd23ea1c073", kill_on_drop: false }`
[INFO] [stdout] e0868252117af72f30600397185ab8dcb7ad656bb352386e1c7bdfd23ea1c073
