[INFO] fetching crate pest3_generator 0.0.3...
[INFO] testing pest3_generator-0.0.3 against 1.99.0-beta.8+cargoflags=--release for beta-release-1.100-2
[INFO] extracting crate pest3_generator 0.0.3 into /workspace/builds/worker-7-tc1/source
[INFO] started tweaking crates.io crate pest3_generator 0.0.3
[INFO] removed 0 missing tests
[INFO] finished tweaking crates.io crate pest3_generator 0.0.3
[INFO] tweaked toml for crates.io crate pest3_generator 0.0.3 written to /workspace/builds/worker-7-tc1/source/Cargo.toml
[INFO] validating manifest of crates.io crate pest3_generator 0.0.3 on toolchain 1.99.0-beta.8
[INFO] running `Command { std: CARGO_HOME="/workspace/cargo-home" RUSTUP_HOME="/workspace/rustup-home" "/workspace/cargo-home/bin/cargo" "+1.99.0-beta.8" "metadata" "--manifest-path" "Cargo.toml" "--no-deps", kill_on_drop: false }`
[INFO] crate crates.io crate pest3_generator 0.0.3 already has a lockfile, it will not be regenerated
[INFO] running `Command { std: CARGO_HOME="/workspace/cargo-home" RUSTUP_HOME="/workspace/rustup-home" "/workspace/cargo-home/bin/cargo" "+1.99.0-beta.8" "fetch" "--manifest-path" "Cargo.toml", kill_on_drop: false }`
[INFO] [stderr]     Updating crates.io index
[INFO] [stderr]  Downloading crates ...
[INFO] [stderr]   Downloaded pest3_meta v0.0.3
[INFO] [stderr]   Downloaded pest3_core v0.0.3
[INFO] running `Command { std: "docker" "create" "-v" "/var/lib/crater-agent-workspace/builds/worker-7-tc1/source:/opt/rustwide/workdir:ro,Z" "-v" "/var/lib/crater-agent-workspace/builds/worker-7-tc1/target:/opt/rustwide/target:rw,Z" "-v" "/var/lib/crater-agent-workspace/cargo-home:/opt/rustwide/cargo-home:ro,Z" "-v" "/var/lib/crater-agent-workspace/rustup-home:/opt/rustwide/rustup-home:ro,Z" "-m" "1610612736" "--network" "none" "ghcr.io/rust-lang/crates-build-env/linux@sha256:77db811e55d90add9212f6832c23229e3de5f1c1f9905e8cb07319ea15df73ac" "sleep" "infinity", kill_on_drop: false }`
[INFO] [stdout] c412fa56d71c8cc88fcd72ae9c5dda9f5fb0b1b1598eb7317a7dee32f262746c
[INFO] running `Command { std: "docker" "start" "c412fa56d71c8cc88fcd72ae9c5dda9f5fb0b1b1598eb7317a7dee32f262746c", kill_on_drop: false }`
[INFO] running `Command { std: "docker" "inspect" "c412fa56d71c8cc88fcd72ae9c5dda9f5fb0b1b1598eb7317a7dee32f262746c", kill_on_drop: false }`
[INFO] running `Command { std: "docker" "exec" "-e" "SOURCE_DIR=/opt/rustwide/workdir" "-e" "CARGO_HOME=/opt/rustwide/cargo-home" "-e" "RUSTUP_HOME=/opt/rustwide/rustup-home" "-e" "CARGO_TARGET_DIR=/opt/rustwide/target" "-w" "/opt/rustwide/workdir" "--user" "0:0" "c412fa56d71c8cc88fcd72ae9c5dda9f5fb0b1b1598eb7317a7dee32f262746c" "/opt/rustwide/cargo-home/bin/cargo" "+1.99.0-beta.8" "metadata" "--no-deps" "--format-version=1", kill_on_drop: false }`
[INFO] running `Command { std: "docker" "inspect" "c412fa56d71c8cc88fcd72ae9c5dda9f5fb0b1b1598eb7317a7dee32f262746c", kill_on_drop: false }`
[INFO] running `Command { std: "docker" "exec" "-e" "SOURCE_DIR=/opt/rustwide/workdir" "-e" "CARGO_HOME=/opt/rustwide/cargo-home" "-e" "RUSTUP_HOME=/opt/rustwide/rustup-home" "-e" "CARGO_TARGET_DIR=/opt/rustwide/target" "-e" "CARGO_INCREMENTAL=0" "-e" "RUST_BACKTRACE=full" "-e" "RUSTFLAGS=--cap-lints=warn" "-e" "RUSTDOCFLAGS=--cap-lints=warn" "-w" "/opt/rustwide/workdir" "--user" "0:0" "c412fa56d71c8cc88fcd72ae9c5dda9f5fb0b1b1598eb7317a7dee32f262746c" "/opt/rustwide/cargo-home/bin/cargo" "+1.99.0-beta.8" "build" "--frozen" "--message-format=json" "--release", kill_on_drop: false }`
[INFO] [stderr]    Compiling ucd-trie v0.1.7
[INFO] [stderr]    Compiling quote v1.0.44
[INFO] [stderr]    Compiling proc-macro2 v1.0.106
[INFO] [stderr]    Compiling syn v2.0.114
[INFO] [stderr]    Compiling pest v2.8.6
[INFO] [stderr]    Compiling pest_meta v2.8.6
[INFO] [stderr]    Compiling pest3_core v0.0.3
[INFO] [stderr]    Compiling pest_generator v2.8.6
[INFO] [stderr]    Compiling pest_derive v2.8.6
[INFO] [stderr]    Compiling pest3_meta v0.0.3
[INFO] [stderr]    Compiling pest3_generator v0.0.3 (/opt/rustwide/workdir)
[INFO] [stderr]     Finished `release` profile [optimized] target(s) in 24.61s
[INFO] running `Command { std: "docker" "inspect" "c412fa56d71c8cc88fcd72ae9c5dda9f5fb0b1b1598eb7317a7dee32f262746c", kill_on_drop: false }`
[INFO] running `Command { std: "docker" "exec" "-e" "SOURCE_DIR=/opt/rustwide/workdir" "-e" "CARGO_HOME=/opt/rustwide/cargo-home" "-e" "RUSTUP_HOME=/opt/rustwide/rustup-home" "-e" "CARGO_TARGET_DIR=/opt/rustwide/target" "-e" "CARGO_INCREMENTAL=0" "-e" "RUST_BACKTRACE=full" "-e" "RUSTFLAGS=--cap-lints=warn" "-e" "RUSTDOCFLAGS=--cap-lints=warn" "-w" "/opt/rustwide/workdir" "--user" "0:0" "c412fa56d71c8cc88fcd72ae9c5dda9f5fb0b1b1598eb7317a7dee32f262746c" "/opt/rustwide/cargo-home/bin/cargo" "+1.99.0-beta.8" "test" "--frozen" "--no-run" "--message-format=json" "--release", kill_on_drop: false }`
[INFO] [stderr]    Compiling pest3_generator v0.0.3 (/opt/rustwide/workdir)
[INFO] [stderr]     Finished `release` profile [optimized] target(s) in 5.25s
[INFO] running `Command { std: "docker" "inspect" "c412fa56d71c8cc88fcd72ae9c5dda9f5fb0b1b1598eb7317a7dee32f262746c", kill_on_drop: false }`
[INFO] running `Command { std: "docker" "exec" "-e" "SOURCE_DIR=/opt/rustwide/workdir" "-e" "CARGO_HOME=/opt/rustwide/cargo-home" "-e" "RUSTUP_HOME=/opt/rustwide/rustup-home" "-e" "CARGO_TARGET_DIR=/opt/rustwide/target" "-e" "CARGO_INCREMENTAL=0" "-e" "RUST_BACKTRACE=full" "-e" "RUSTFLAGS=--cap-lints=warn" "-e" "RUSTDOCFLAGS=--cap-lints=warn" "-w" "/opt/rustwide/workdir" "--user" "0:0" "c412fa56d71c8cc88fcd72ae9c5dda9f5fb0b1b1598eb7317a7dee32f262746c" "/opt/rustwide/cargo-home/bin/cargo" "+1.99.0-beta.8" "test" "--frozen" "--release", kill_on_drop: false }`
[INFO] [stderr]     Finished `release` profile [optimized] target(s) in 0.05s
[INFO] [stderr]      Running unittests src/lib.rs (/opt/rustwide/target/release/deps/pest3_generator-bedd1f5887b1ceb6)
[INFO] [stdout] 
[INFO] [stdout] running 5 tests
[INFO] [stdout] test state_builder::tests::example1 ... ok
[INFO] [stdout] test typed::generator::tests::inter_reference ... ok
[INFO] [stdout] test state_builder::tests::example ... ok
[INFO] [stdout] test typed::generator::tests::inlined_used_rules ... ok
[INFO] [stdout] test typed::generator::tests::inline_silent_with_args ... ok
[INFO] [stdout] 
[INFO] [stderr]      Running tests/expected.rs (/opt/rustwide/target/release/deps/expected-b9a6d491557dc0de)
[INFO] [stdout] test result: ok. 5 passed; 0 failed; 0 ignored; 0 measured; 0 filtered out; finished in 0.01s
[INFO] [stdout] 
[INFO] [stdout] 
[INFO] [stderr]      Running tests/expected_import_dag.rs (/opt/rustwide/target/release/deps/expected_import_dag-38c80ac0181fc757)
[INFO] [stdout] running 0 tests
[INFO] [stdout] 
[INFO] [stdout] test result: ok. 0 passed; 0 failed; 0 ignored; 0 measured; 0 filtered out; finished in 0.00s
[INFO] [stdout] 
[INFO] [stderr]      Running tests/expected_import_inline.rs (/opt/rustwide/target/release/deps/expected_import_inline-fa227a30768a7fe3)
[INFO] [stdout] 
[INFO] [stdout] running 0 tests
[INFO] [stdout] 
[INFO] [stdout] test result: ok. 0 passed; 0 failed; 0 ignored; 0 measured; 0 filtered out; finished in 0.00s
[INFO] [stdout] 
[INFO] [stderr]      Running tests/expected_json.rs (/opt/rustwide/target/release/deps/expected_json-533fc2074b971bc0)
[INFO] [stdout] 
[INFO] [stdout] running 0 tests
[INFO] [stdout] 
[INFO] [stdout] test result: ok. 0 passed; 0 failed; 0 ignored; 0 measured; 0 filtered out; finished in 0.00s
[INFO] [stdout] 
[INFO] [stdout] 
[INFO] [stdout] running 0 tests
[INFO] [stdout] 
[INFO] [stdout] test result: ok. 0 passed; 0 failed; 0 ignored; 0 measured; 0 filtered out; finished in 0.00s
[INFO] [stdout] 
[INFO] [stderr]      Running tests/expected_sample.rs (/opt/rustwide/target/release/deps/expected_sample-9403f04fdb84f6e5)
[INFO] [stdout] 
[INFO] [stdout] running 0 tests
[INFO] [stdout] 
[INFO] [stdout] test result: ok. 0 passed; 0 failed; 0 ignored; 0 measured; 0 filtered out; finished in 0.00s
[INFO] [stdout] 
[INFO] [stderr]      Running tests/generator.rs (/opt/rustwide/target/release/deps/generator-4238f8177604fdca)
[INFO] [stdout] 
[INFO] [stdout] running 5 tests
[INFO] [stdout] test generated_sample ... FAILED
[INFO] [stdout] test generated_json ... FAILED
[INFO] [stdout] test generated_import_inline ... FAILED
[INFO] [stdout] test generated ... FAILED
[INFO] [stderr] error: test failed, to rerun pass `--test generator`
[INFO] [stdout] test generated_import_dag ... FAILED
[INFO] [stdout] 
[INFO] [stdout] failures:
[INFO] [stdout] 
[INFO] [stdout] ---- generated_sample stdout ----
[INFO] [stdout] 
[INFO] [stdout] thread 'generated_sample' (614) panicked at src/config.rs:76:35:
[INFO] [stdout] error opening "pest3sample.pest": No such file or directory (os error 2)
[INFO] [stdout] stack backtrace:
[INFO] [stdout]    0:     0x589f9ffc06c1 - <<std[70759c8f55707aa4]::sys::backtrace::BacktraceLock>::print::DisplayBacktrace as core[df12db4294e9bfd3]::fmt::Display>::fmt
[INFO] [stdout]    1:     0x589f9ffd5a1a - core[df12db4294e9bfd3]::fmt::write
[INFO] [stdout]    2:     0x589f9ffc4bac - <alloc[2182bb758b4b3781]::vec::Vec<u8> as core[df12db4294e9bfd3]::io::write::Write>::write_fmt
[INFO] [stdout]    3:     0x589f9ff9b7e6 - std[70759c8f55707aa4]::panicking::default_hook::{closure#0}
[INFO] [stdout]    4:     0x589f9ffb83e9 - std[70759c8f55707aa4]::panicking::default_hook
[INFO] [stdout]    5:     0x589f9fe53100 - test[9d35eded1c95d3be]::test_main_inner::<test[9d35eded1c95d3be]::test_main_static::{closure#0}>::{closure#0}
[INFO] [stdout]    6:     0x589f9ffb8712 - std[70759c8f55707aa4]::panicking::panic_with_hook
[INFO] [stdout]    7:     0x589f9ff9b892 - std[70759c8f55707aa4]::panicking::panic_handler::{closure#0}
[INFO] [stdout]    8:     0x589f9ff94489 - std[70759c8f55707aa4]::sys::backtrace::__rust_end_short_backtrace::<std[70759c8f55707aa4]::panicking::panic_handler::{closure#0}, !>
[INFO] [stdout]    9:     0x589f9ff9c48d - __rustc[8fa7c3cbc660c2b3]::rust_begin_unwind
[INFO] [stdout]   10:     0x589f9ffd61fc - core[df12db4294e9bfd3]::panicking::panic_fmt
[INFO] [stdout]   11:     0x589f9feb6c61 - pest3_generator[556719a2ac1a21da]::config::collect_data
[INFO] [stdout]   12:     0x589f9fe95831 - pest3_generator[556719a2ac1a21da]::typed::generator::derive_typed_parser
[INFO] [stdout]   13:     0x589f9fe44e65 - generator[789442df82528bfc]::template
[INFO] [stdout]   14:     0x589f9fe45fa1 - <generator[789442df82528bfc]::generated_sample::{closure#0} as core[df12db4294e9bfd3]::ops::function::FnOnce<()>>::call_once
[INFO] [stdout]   15:     0x589f9fe463eb - test[9d35eded1c95d3be]::__rust_begin_short_backtrace::<core[df12db4294e9bfd3]::result::Result<(), alloc[2182bb758b4b3781]::string::String>, fn() -> core[df12db4294e9bfd3]::result::Result<(), alloc[2182bb758b4b3781]::string::String>>
[INFO] [stdout]   16:     0x589f9fe53a55 - test[9d35eded1c95d3be]::run_test::{closure#0}
[INFO] [stdout]   17:     0x589f9fe4d314 - std[70759c8f55707aa4]::sys::backtrace::__rust_begin_short_backtrace::<test[9d35eded1c95d3be]::run_test::{closure#1}, ()>
[INFO] [stdout]   18:     0x589f9fe56bb2 - <std[70759c8f55707aa4]::thread::lifecycle::spawn_unchecked<test[9d35eded1c95d3be]::run_test::{closure#1}, ()>::{closure#1} as core[df12db4294e9bfd3]::ops::function::FnOnce<()>>::call_once::{shim:vtable#0}
[INFO] [stdout]   19:     0x589f9ffbf709 - <std[70759c8f55707aa4]::sys::thread::unix::Thread>::new::thread_start
[INFO] [stdout]   20:     0x7462ae1f2dfa - <unknown>
[INFO] [stdout]   21:     0x7462ae2863d4 - clone
[INFO] [stdout]   22:                0x0 - <unknown>
[INFO] [stdout] 
[INFO] [stdout] ---- generated_json stdout ----
[INFO] [stdout] 
[INFO] [stdout] thread 'generated_json' (613) panicked at src/config.rs:76:35:
[INFO] [stdout] error opening "json.pest": No such file or directory (os error 2)
[INFO] [stdout] stack backtrace:
[INFO] [stdout]    0:     0x589f9ffc06c1 - <<std[70759c8f55707aa4]::sys::backtrace::BacktraceLock>::print::DisplayBacktrace as core[df12db4294e9bfd3]::fmt::Display>::fmt
[INFO] [stdout]    1:     0x589f9ffd5a1a - core[df12db4294e9bfd3]::fmt::write
[INFO] [stdout]    2:     0x589f9ffc4bac - <alloc[2182bb758b4b3781]::vec::Vec<u8> as core[df12db4294e9bfd3]::io::write::Write>::write_fmt
[INFO] [stdout]    3:     0x589f9ff9b7e6 - std[70759c8f55707aa4]::panicking::default_hook::{closure#0}
[INFO] [stdout]    4:     0x589f9ffb83e9 - std[70759c8f55707aa4]::panicking::default_hook
[INFO] [stdout]    5:     0x589f9fe53100 - test[9d35eded1c95d3be]::test_main_inner::<test[9d35eded1c95d3be]::test_main_static::{closure#0}>::{closure#0}
[INFO] [stdout]    6:     0x589f9ffb8712 - std[70759c8f55707aa4]::panicking::panic_with_hook
[INFO] [stdout]    7:     0x589f9ff9b892 - std[70759c8f55707aa4]::panicking::panic_handler::{closure#0}
[INFO] [stdout]    8:     0x589f9ff94489 - std[70759c8f55707aa4]::sys::backtrace::__rust_end_short_backtrace::<std[70759c8f55707aa4]::panicking::panic_handler::{closure#0}, !>
[INFO] [stdout]    9:     0x589f9ff9c48d - __rustc[8fa7c3cbc660c2b3]::rust_begin_unwind
[INFO] [stdout]   10:     0x589f9ffd61fc - core[df12db4294e9bfd3]::panicking::panic_fmt
[INFO] [stdout]   11:     0x589f9feb6c61 - pest3_generator[556719a2ac1a21da]::config::collect_data
[INFO] [stdout]   12:     0x589f9fe95831 - pest3_generator[556719a2ac1a21da]::typed::generator::derive_typed_parser
[INFO] [stdout]   13:     0x589f9fe44e65 - generator[789442df82528bfc]::template
[INFO] [stdout]   14:     0x589f9fe45e71 - <generator[789442df82528bfc]::generated_json::{closure#0} as core[df12db4294e9bfd3]::ops::function::FnOnce<()>>::call_once
[INFO] [stdout]   15:     0x589f9fe463eb - test[9d35eded1c95d3be]::__rust_begin_short_backtrace::<core[df12db4294e9bfd3]::result::Result<(), alloc[2182bb758b4b3781]::string::String>, fn() -> core[df12db4294e9bfd3]::result::Result<(), alloc[2182bb758b4b3781]::string::String>>
[INFO] [stdout]   16:     0x589f9fe53a55 - test[9d35eded1c95d3be]::run_test::{closure#0}
[INFO] [stdout]   17:     0x589f9fe4d314 - std[70759c8f55707aa4]::sys::backtrace::__rust_begin_short_backtrace::<test[9d35eded1c95d3be]::run_test::{closure#1}, ()>
[INFO] [stdout]   18:     0x589f9fe56bb2 - <std[70759c8f55707aa4]::thread::lifecycle::spawn_unchecked<test[9d35eded1c95d3be]::run_test::{closure#1}, ()>::{closure#1} as core[df12db4294e9bfd3]::ops::function::FnOnce<()>>::call_once::{shim:vtable#0}
[INFO] [stdout]   19:     0x589f9ffbf709 - <std[70759c8f55707aa4]::sys::thread::unix::Thread>::new::thread_start
[INFO] [stdout]   20:     0x7462ae1f2dfa - <unknown>
[INFO] [stdout]   21:     0x7462ae2863d4 - clone
[INFO] [stdout]   22:                0x0 - <unknown>
[INFO] [stdout] 
[INFO] [stdout] ---- generated_import_inline stdout ----
[INFO] [stdout] 
[INFO] [stdout] thread 'generated_import_inline' (612) panicked at tests/generator.rs:13:64:
[INFO] [stdout] Error writing file: Read-only file system (os error 30)
[INFO] [stdout] stack backtrace:
[INFO] [stdout]    0:     0x589f9ffc06c1 - <<std[70759c8f55707aa4]::sys::backtrace::BacktraceLock>::print::DisplayBacktrace as core[df12db4294e9bfd3]::fmt::Display>::fmt
[INFO] [stdout]    1:     0x589f9ffd5a1a - core[df12db4294e9bfd3]::fmt::write
[INFO] [stdout]    2:     0x589f9ffc4bac - <alloc[2182bb758b4b3781]::vec::Vec<u8> as core[df12db4294e9bfd3]::io::write::Write>::write_fmt
[INFO] [stdout]    3:     0x589f9ff9b7e6 - std[70759c8f55707aa4]::panicking::default_hook::{closure#0}
[INFO] [stdout]    4:     0x589f9ffb83e9 - std[70759c8f55707aa4]::panicking::default_hook
[INFO] [stdout]    5:     0x589f9fe53100 - test[9d35eded1c95d3be]::test_main_inner::<test[9d35eded1c95d3be]::test_main_static::{closure#0}>::{closure#0}
[INFO] [stdout]    6:     0x589f9ffb8712 - std[70759c8f55707aa4]::panicking::panic_with_hook
[INFO] [stdout]    7:     0x589f9ff9b892 - std[70759c8f55707aa4]::panicking::panic_handler::{closure#0}
[INFO] [stdout]    8:     0x589f9ff94489 - std[70759c8f55707aa4]::sys::backtrace::__rust_end_short_backtrace::<std[70759c8f55707aa4]::panicking::panic_handler::{closure#0}, !>
[INFO] [stdout]    9:     0x589f9ff9c48d - __rustc[8fa7c3cbc660c2b3]::rust_begin_unwind
[INFO] [stdout]   10:     0x589f9ffd61fc - core[df12db4294e9bfd3]::panicking::panic_fmt
[INFO] [stdout]   11:     0x589f9fe44d39 - generator[789442df82528bfc]::template::{closure#0}
[INFO] [stdout]   12:     0x589f9fe4519d - generator[789442df82528bfc]::template
[INFO] [stdout]   13:     0x589f9fe46201 - <generator[789442df82528bfc]::generated_import_inline::{closure#0} as core[df12db4294e9bfd3]::ops::function::FnOnce<()>>::call_once
[INFO] [stdout]   14:     0x589f9fe463eb - test[9d35eded1c95d3be]::__rust_begin_short_backtrace::<core[df12db4294e9bfd3]::result::Result<(), alloc[2182bb758b4b3781]::string::String>, fn() -> core[df12db4294e9bfd3]::result::Result<(), alloc[2182bb758b4b3781]::string::String>>
[INFO] [stdout]   15:     0x589f9fe53a55 - test[9d35eded1c95d3be]::run_test::{closure#0}
[INFO] [stdout]   16:     0x589f9fe4d314 - std[70759c8f55707aa4]::sys::backtrace::__rust_begin_short_backtrace::<test[9d35eded1c95d3be]::run_test::{closure#1}, ()>
[INFO] [stdout]   17:     0x589f9fe56bb2 - <std[70759c8f55707aa4]::thread::lifecycle::spawn_unchecked<test[9d35eded1c95d3be]::run_test::{closure#1}, ()>::{closure#1} as core[df12db4294e9bfd3]::ops::function::FnOnce<()>>::call_once::{shim:vtable#0}
[INFO] [stdout]   18:     0x589f9ffbf709 - <std[70759c8f55707aa4]::sys::thread::unix::Thread>::new::thread_start
[INFO] [stdout]   19:     0x7462ae1f2dfa - <unknown>
[INFO] [stdout]   20:     0x7462ae2863d4 - clone
[INFO] [stdout]   21:                0x0 - <unknown>
[INFO] [stdout] 
[INFO] [stdout] ---- generated stdout ----
[INFO] [stdout] 
[INFO] [stdout] thread 'generated' (610) panicked at tests/generator.rs:13:64:
[INFO] [stdout] Error writing file: Read-only file system (os error 30)
[INFO] [stdout] stack backtrace:
[INFO] [stdout]    0:     0x589f9ffc06c1 - <<std[70759c8f55707aa4]::sys::backtrace::BacktraceLock>::print::DisplayBacktrace as core[df12db4294e9bfd3]::fmt::Display>::fmt
[INFO] [stdout]    1:     0x589f9ffd5a1a - core[df12db4294e9bfd3]::fmt::write
[INFO] [stdout]    2:     0x589f9ffc4bac - <alloc[2182bb758b4b3781]::vec::Vec<u8> as core[df12db4294e9bfd3]::io::write::Write>::write_fmt
[INFO] [stdout]    3:     0x589f9ff9b7e6 - std[70759c8f55707aa4]::panicking::default_hook::{closure#0}
[INFO] [stdout]    4:     0x589f9ffb83e9 - std[70759c8f55707aa4]::panicking::default_hook
[INFO] [stdout]    5:     0x589f9fe53100 - test[9d35eded1c95d3be]::test_main_inner::<test[9d35eded1c95d3be]::test_main_static::{closure#0}>::{closure#0}
[INFO] [stdout]    6:     0x589f9ffb8712 - std[70759c8f55707aa4]::panicking::panic_with_hook
[INFO] [stdout]    7:     0x589f9ff9b892 - std[70759c8f55707aa4]::panicking::panic_handler::{closure#0}
[INFO] [stdout]    8:     0x589f9ff94489 - std[70759c8f55707aa4]::sys::backtrace::__rust_end_short_backtrace::<std[70759c8f55707aa4]::panicking::panic_handler::{closure#0}, !>
[INFO] [stdout]    9:     0x589f9ff9c48d - __rustc[8fa7c3cbc660c2b3]::rust_begin_unwind
[INFO] [stdout]   10:     0x589f9ffd61fc - core[df12db4294e9bfd3]::panicking::panic_fmt
[INFO] [stdout]   11:     0x589f9fe44d39 - generator[789442df82528bfc]::template::{closure#0}
[INFO] [stdout]   12:     0x589f9fe4519d - generator[789442df82528bfc]::template
[INFO] [stdout]   13:     0x589f9fe46331 - <generator[789442df82528bfc]::generated::{closure#0} as core[df12db4294e9bfd3]::ops::function::FnOnce<()>>::call_once
[INFO] [stdout]   14:     0x589f9fe463eb - test[9d35eded1c95d3be]::__rust_begin_short_backtrace::<core[df12db4294e9bfd3]::result::Result<(), alloc[2182bb758b4b3781]::string::String>, fn() -> core[df12db4294e9bfd3]::result::Result<(), alloc[2182bb758b4b3781]::string::String>>
[INFO] [stdout]   15:     0x589f9fe53a55 - test[9d35eded1c95d3be]::run_test::{closure#0}
[INFO] [stdout]   16:     0x589f9fe4d314 - std[70759c8f55707aa4]::sys::backtrace::__rust_begin_short_backtrace::<test[9d35eded1c95d3be]::run_test::{closure#1}, ()>
[INFO] [stdout]   17:     0x589f9fe56bb2 - <std[70759c8f55707aa4]::thread::lifecycle::spawn_unchecked<test[9d35eded1c95d3be]::run_test::{closure#1}, ()>::{closure#1} as core[df12db4294e9bfd3]::ops::function::FnOnce<()>>::call_once::{shim:vtable#0}
[INFO] [stdout]   18:     0x589f9ffbf709 - <std[70759c8f55707aa4]::sys::thread::unix::Thread>::new::thread_start
[INFO] [stdout]   19:     0x7462ae1f2dfa - <unknown>
[INFO] [stdout]   20:     0x7462ae2863d4 - clone
[INFO] [stdout]   21:                0x0 - <unknown>
[INFO] [stdout] 
[INFO] [stdout] ---- generated_import_dag stdout ----
[INFO] [stdout] 
[INFO] [stdout] thread 'generated_import_dag' (611) panicked at tests/generator.rs:13:64:
[INFO] [stdout] Error writing file: Read-only file system (os error 30)
[INFO] [stdout] stack backtrace:
[INFO] [stdout]    0:     0x589f9ffc06c1 - <<std[70759c8f55707aa4]::sys::backtrace::BacktraceLock>::print::DisplayBacktrace as core[df12db4294e9bfd3]::fmt::Display>::fmt
[INFO] [stdout]    1:     0x589f9ffd5a1a - core[df12db4294e9bfd3]::fmt::write
[INFO] [stdout]    2:     0x589f9ffc4bac - <alloc[2182bb758b4b3781]::vec::Vec<u8> as core[df12db4294e9bfd3]::io::write::Write>::write_fmt
[INFO] [stdout]    3:     0x589f9ff9b7e6 - std[70759c8f55707aa4]::panicking::default_hook::{closure#0}
[INFO] [stdout]    4:     0x589f9ffb83e9 - std[70759c8f55707aa4]::panicking::default_hook
[INFO] [stdout]    5:     0x589f9fe53100 - test[9d35eded1c95d3be]::test_main_inner::<test[9d35eded1c95d3be]::test_main_static::{closure#0}>::{closure#0}
[INFO] [stdout]    6:     0x589f9ffb8712 - std[70759c8f55707aa4]::panicking::panic_with_hook
[INFO] [stdout]    7:     0x589f9ff9b892 - std[70759c8f55707aa4]::panicking::panic_handler::{closure#0}
[INFO] [stdout]    8:     0x589f9ff94489 - std[70759c8f55707aa4]::sys::backtrace::__rust_end_short_backtrace::<std[70759c8f55707aa4]::panicking::panic_handler::{closure#0}, !>
[INFO] [stdout]    9:     0x589f9ff9c48d - __rustc[8fa7c3cbc660c2b3]::rust_begin_unwind
[INFO] [stdout]   10:     0x589f9ffd61fc - core[df12db4294e9bfd3]::panicking::panic_fmt
[INFO] [stdout]   11:     0x589f9fe44d39 - generator[789442df82528bfc]::template::{closure#0}
[INFO] [stdout]   12:     0x589f9fe4519d - generator[789442df82528bfc]::template
[INFO] [stdout]   13:     0x589f9fe460d1 - <generator[789442df82528bfc]::generated_import_dag::{closure#0} as core[df12db4294e9bfd3]::ops::function::FnOnce<()>>::call_once
[INFO] [stdout]   14:     0x589f9fe463eb - test[9d35eded1c95d3be]::__rust_begin_short_backtrace::<core[df12db4294e9bfd3]::result::Result<(), alloc[2182bb758b4b3781]::string::String>, fn() -> core[df12db4294e9bfd3]::result::Result<(), alloc[2182bb758b4b3781]::string::String>>
[INFO] [stdout]   15:     0x589f9fe53a55 - test[9d35eded1c95d3be]::run_test::{closure#0}
[INFO] [stdout]   16:     0x589f9fe4d314 - std[70759c8f55707aa4]::sys::backtrace::__rust_begin_short_backtrace::<test[9d35eded1c95d3be]::run_test::{closure#1}, ()>
[INFO] [stdout]   17:     0x589f9fe56bb2 - <std[70759c8f55707aa4]::thread::lifecycle::spawn_unchecked<test[9d35eded1c95d3be]::run_test::{closure#1}, ()>::{closure#1} as core[df12db4294e9bfd3]::ops::function::FnOnce<()>>::call_once::{shim:vtable#0}
[INFO] [stdout]   18:     0x589f9ffbf709 - <std[70759c8f55707aa4]::sys::thread::unix::Thread>::new::thread_start
[INFO] [stdout]   19:     0x7462ae1f2dfa - <unknown>
[INFO] [stdout]   20:     0x7462ae2863d4 - clone
[INFO] [stdout]   21:                0x0 - <unknown>
[INFO] [stdout] 
[INFO] [stdout] 
[INFO] [stdout] failures:
[INFO] [stdout]     generated
[INFO] [stdout]     generated_import_dag
[INFO] [stdout]     generated_import_inline
[INFO] [stdout]     generated_json
[INFO] [stdout]     generated_sample
[INFO] [stdout] 
[INFO] [stdout] test result: FAILED. 0 passed; 5 failed; 0 ignored; 0 measured; 0 filtered out; finished in 0.03s
[INFO] [stdout] 
[INFO] running `Command { std: "docker" "inspect" "c412fa56d71c8cc88fcd72ae9c5dda9f5fb0b1b1598eb7317a7dee32f262746c", kill_on_drop: false }`
[INFO] running `Command { std: "docker" "rm" "-f" "c412fa56d71c8cc88fcd72ae9c5dda9f5fb0b1b1598eb7317a7dee32f262746c", kill_on_drop: false }`
[INFO] [stdout] c412fa56d71c8cc88fcd72ae9c5dda9f5fb0b1b1598eb7317a7dee32f262746c
