[INFO] fetching crate perspica-core 0.2.0...
[INFO] testing perspica-core-0.2.0 against 1.99.0-beta.8+cargoflags=--release for beta-release-1.100-2
[INFO] extracting crate perspica-core 0.2.0 into /workspace/builds/worker-1-tc1/source
[INFO] started tweaking crates.io crate perspica-core 0.2.0
[INFO] finished tweaking crates.io crate perspica-core 0.2.0
[INFO] tweaked toml for crates.io crate perspica-core 0.2.0 written to /workspace/builds/worker-1-tc1/source/Cargo.toml
[INFO] validating manifest of crates.io crate perspica-core 0.2.0 on toolchain 1.99.0-beta.8
[INFO] running `Command { std: CARGO_HOME="/workspace/cargo-home" RUSTUP_HOME="/workspace/rustup-home" "/workspace/cargo-home/bin/cargo" "+1.99.0-beta.8" "metadata" "--manifest-path" "Cargo.toml" "--no-deps", kill_on_drop: false }`
[INFO] crate crates.io crate perspica-core 0.2.0 already has a lockfile, it will not be regenerated
[INFO] running `Command { std: CARGO_HOME="/workspace/cargo-home" RUSTUP_HOME="/workspace/rustup-home" "/workspace/cargo-home/bin/cargo" "+1.99.0-beta.8" "fetch" "--manifest-path" "Cargo.toml", kill_on_drop: false }`
[INFO] [stderr]     Updating crates.io index
[INFO] [stderr]  Downloading crates ...
[INFO] [stderr]   Downloaded tree-sitter-python v0.23.6
[INFO] [stderr]   Downloaded tree-sitter-rust v0.24.1
[INFO] [stderr]   Downloaded tree-sitter-c v0.24.1
[INFO] [stderr]   Downloaded tree-sitter-ruby v0.23.1
[INFO] [stderr]   Downloaded tree-sitter-php v0.25.1
[INFO] [stderr]   Downloaded tree-sitter-kotlin-ng v1.1.0
[INFO] [stderr]   Downloaded tree-sitter-c-sharp v0.23.5
[INFO] [stderr]   Downloaded tree-sitter-scala v0.26.2
[INFO] running `Command { std: "docker" "create" "-v" "/var/lib/crater-agent-workspace/builds/worker-1-tc1/source:/opt/rustwide/workdir:ro,Z" "-v" "/var/lib/crater-agent-workspace/builds/worker-1-tc1/target:/opt/rustwide/target:rw,Z" "-v" "/var/lib/crater-agent-workspace/cargo-home:/opt/rustwide/cargo-home:ro,Z" "-v" "/var/lib/crater-agent-workspace/rustup-home:/opt/rustwide/rustup-home:ro,Z" "-m" "1610612736" "--network" "none" "ghcr.io/rust-lang/crates-build-env/linux@sha256:77db811e55d90add9212f6832c23229e3de5f1c1f9905e8cb07319ea15df73ac" "sleep" "infinity", kill_on_drop: false }`
[INFO] [stdout] 1f012bfb149a940a782022235248cf8722573fb9333b745ba55411d378e20016
[INFO] running `Command { std: "docker" "start" "1f012bfb149a940a782022235248cf8722573fb9333b745ba55411d378e20016", kill_on_drop: false }`
[INFO] running `Command { std: "docker" "inspect" "1f012bfb149a940a782022235248cf8722573fb9333b745ba55411d378e20016", kill_on_drop: false }`
[INFO] running `Command { std: "docker" "exec" "-e" "SOURCE_DIR=/opt/rustwide/workdir" "-e" "CARGO_HOME=/opt/rustwide/cargo-home" "-e" "RUSTUP_HOME=/opt/rustwide/rustup-home" "-e" "CARGO_TARGET_DIR=/opt/rustwide/target" "-w" "/opt/rustwide/workdir" "--user" "0:0" "1f012bfb149a940a782022235248cf8722573fb9333b745ba55411d378e20016" "/opt/rustwide/cargo-home/bin/cargo" "+1.99.0-beta.8" "metadata" "--no-deps" "--format-version=1", kill_on_drop: false }`
[INFO] running `Command { std: "docker" "inspect" "1f012bfb149a940a782022235248cf8722573fb9333b745ba55411d378e20016", kill_on_drop: false }`
[INFO] running `Command { std: "docker" "exec" "-e" "SOURCE_DIR=/opt/rustwide/workdir" "-e" "CARGO_HOME=/opt/rustwide/cargo-home" "-e" "RUSTUP_HOME=/opt/rustwide/rustup-home" "-e" "CARGO_TARGET_DIR=/opt/rustwide/target" "-e" "CARGO_INCREMENTAL=0" "-e" "RUST_BACKTRACE=full" "-e" "RUSTFLAGS=--cap-lints=warn" "-e" "RUSTDOCFLAGS=--cap-lints=warn" "-w" "/opt/rustwide/workdir" "--user" "0:0" "1f012bfb149a940a782022235248cf8722573fb9333b745ba55411d378e20016" "/opt/rustwide/cargo-home/bin/cargo" "+1.99.0-beta.8" "build" "--frozen" "--message-format=json" "--release", kill_on_drop: false }`
[INFO] [stderr]    Compiling cc v1.2.57
[INFO] [stderr]    Compiling tree-sitter-language v0.1.7
[INFO] [stderr]    Compiling serde_core v1.0.228
[INFO] [stderr]    Compiling serde_json v1.0.149
[INFO] [stderr]    Compiling hashbrown v0.16.1
[INFO] [stderr]    Compiling memchr v2.8.0
[INFO] [stderr]    Compiling regex-syntax v0.8.10
[INFO] [stderr]    Compiling aho-corasick v1.1.4
[INFO] [stderr]    Compiling streaming-iterator v0.1.9
[INFO] [stderr]    Compiling serde_derive v1.0.228
[INFO] [stderr]    Compiling indexmap v2.13.0
[INFO] [stderr]    Compiling tree-sitter-c-sharp v0.23.5
[INFO] [stderr]    Compiling tree-sitter-c v0.24.1
[INFO] [stderr]    Compiling tree-sitter-rust v0.24.1
[INFO] [stderr]    Compiling tree-sitter-scala v0.26.2
[INFO] [stderr]    Compiling tree-sitter-ruby v0.23.1
[INFO] [stderr]    Compiling tree-sitter-typescript v0.23.2
[INFO] [stderr]    Compiling tree-sitter-python v0.23.6
[INFO] [stderr]    Compiling tree-sitter-php v0.25.1
[INFO] [stderr]    Compiling tree-sitter-kotlin-ng v1.1.0
[INFO] [stderr]    Compiling tree-sitter-java v0.23.5
[INFO] [stderr]    Compiling tree-sitter-go v0.25.0
[INFO] [stderr]    Compiling regex-automata v0.4.14
[INFO] [stderr]    Compiling serde v1.0.228
[INFO] [stderr]    Compiling tree-sitter v0.25.10
[INFO] [stderr]    Compiling regex v1.12.3
[INFO] [stderr]    Compiling perspica-core v0.2.0 (/opt/rustwide/workdir)
[INFO] [stderr]     Finished `release` profile [optimized] target(s) in 1m 14s
[INFO] running `Command { std: "docker" "inspect" "1f012bfb149a940a782022235248cf8722573fb9333b745ba55411d378e20016", kill_on_drop: false }`
[INFO] running `Command { std: "docker" "exec" "-e" "SOURCE_DIR=/opt/rustwide/workdir" "-e" "CARGO_HOME=/opt/rustwide/cargo-home" "-e" "RUSTUP_HOME=/opt/rustwide/rustup-home" "-e" "CARGO_TARGET_DIR=/opt/rustwide/target" "-e" "CARGO_INCREMENTAL=0" "-e" "RUST_BACKTRACE=full" "-e" "RUSTFLAGS=--cap-lints=warn" "-e" "RUSTDOCFLAGS=--cap-lints=warn" "-w" "/opt/rustwide/workdir" "--user" "0:0" "1f012bfb149a940a782022235248cf8722573fb9333b745ba55411d378e20016" "/opt/rustwide/cargo-home/bin/cargo" "+1.99.0-beta.8" "test" "--frozen" "--no-run" "--message-format=json" "--release", kill_on_drop: false }`
[INFO] [stderr]    Compiling perspica-core v0.2.0 (/opt/rustwide/workdir)
[INFO] [stderr]     Finished `release` profile [optimized] target(s) in 26.00s
[INFO] running `Command { std: "docker" "inspect" "1f012bfb149a940a782022235248cf8722573fb9333b745ba55411d378e20016", kill_on_drop: false }`
[INFO] running `Command { std: "docker" "exec" "-e" "SOURCE_DIR=/opt/rustwide/workdir" "-e" "CARGO_HOME=/opt/rustwide/cargo-home" "-e" "RUSTUP_HOME=/opt/rustwide/rustup-home" "-e" "CARGO_TARGET_DIR=/opt/rustwide/target" "-e" "CARGO_INCREMENTAL=0" "-e" "RUST_BACKTRACE=full" "-e" "RUSTFLAGS=--cap-lints=warn" "-e" "RUSTDOCFLAGS=--cap-lints=warn" "-w" "/opt/rustwide/workdir" "--user" "0:0" "1f012bfb149a940a782022235248cf8722573fb9333b745ba55411d378e20016" "/opt/rustwide/cargo-home/bin/cargo" "+1.99.0-beta.8" "test" "--frozen" "--release", kill_on_drop: false }`
[INFO] [stderr]     Finished `release` profile [optimized] target(s) in 0.06s
[INFO] [stderr]      Running unittests src/lib.rs (/opt/rustwide/target/release/deps/perspica_core-120b8a4b66669d0c)
[INFO] [stdout] 
[INFO] [stdout] running 107 tests
[INFO] [stdout] test roles::tests::generated_marker ... ok
[INFO] [stdout] test tests::test_add_dependency_ts ... ok
[INFO] [stdout] test languages::go::tests::receiver_types ... ok
[INFO] [stdout] test roles::tests::roles_by_path ... ok
[INFO] [stdout] test tests::test_broken_reference_after_rename ... ok
[INFO] [stdout] test tests::test_calls_are_spotted_with_their_qualifier ... ok
[INFO] [stdout] test tests::test_add_import_c ... ok
[INFO] [stdout] test tests::test_class_changes_outside_methods_are_reported ... ok
[INFO] [stdout] test tests::test_cross_file_move ... ok
[INFO] [stdout] test tests::test_calls_resolve_through_their_qualifier ... ok
[INFO] [stdout] test tests::test_class_member_changes ... ok
[INFO] [stdout] test tests::test_comment_only_change_is_formatting ... ok
[INFO] [stdout] test tests::test_catch_all_params_and_imports_from_elsewhere ... ok
[INFO] [stdout] test tests::test_aliases_resolve_to_their_target ... ok
[INFO] [stdout] test tests::test_arrow_function_constants_are_functions ... ok
[INFO] [stdout] test tests::test_calls_in_string_interpolation_and_private_members ... ok
[INFO] [stdout] test flow::tests::unnamed_items_are_labeled_by_their_title ... ok
[INFO] [stdout] test tests::test_c_pointer_params_are_not_catch_alls ... ok
[INFO] [stdout] test tests::test_callers_only_following_a_rename_are_mechanical ... ok
[INFO] [stdout] test tests::test_csharp_items ... ok
[INFO] [stdout] test tests::test_decorated_python_methods_are_tracked ... ok
[INFO] [stdout] test tests::test_export_class_no_change ... ok
[INFO] [stdout] test tests::test_destructured_param_described_by_fields ... ok
[INFO] [stdout] test tests::test_dead_code_detected ... ok
[INFO] [stdout] test tests::test_export_function_change ... ok
[INFO] [stdout] test tests::test_destructuring_changes_are_not_renames ... ok
[INFO] [stdout] test tests::test_dead_code_not_flagged_when_referenced ... ok
[INFO] [stdout] test tests::test_definition_lines ... ok
[INFO] [stdout] test tests::test_export_class_change ... ok
[INFO] [stdout] test tests::test_directives_decorators_and_default_exports_are_code ... ok
[INFO] [stdout] test tests::test_csharp_and_kotlin_definitions_and_overloads ... ok
[INFO] [stdout] test tests::test_edit_in_moved_code_stays_visible ... ok
[INFO] [stdout] test tests::test_extraction_detected ... FAILED
[INFO] [stdout] test tests::test_formatting_only_ts ... ok
[INFO] [stdout] test tests::test_export_interface_change ... ok
[INFO] [stdout] test tests::test_formatting_pairs_follow_line_order ... ok
[INFO] [stdout] test tests::test_functions_passed_as_values_are_spotted ... ok
[INFO] [stdout] test tests::test_fields_take_the_type_they_are_assigned ... ok
[INFO] [stdout] test tests::test_functions_handed_on_as_values_in_js ... ok
[INFO] [stdout] test tests::test_go_struct_fields_are_extracted ... ok
[INFO] [stdout] test tests::test_csharp_and_kotlin_call_sites ... ok
[INFO] [stdout] test tests::test_go_capitalized_methods_and_shadowed_names ... ok
[INFO] [stdout] test tests::test_constructors_and_what_they_build ... ok
[INFO] [stdout] test tests::test_exported_function_not_dead ... ok
[INFO] [stdout] test tests::test_in_file_move_detected ... ok
[INFO] [stdout] test tests::test_function_modifier_change_is_reported ... ok
[INFO] [stdout] test tests::test_generated_file_is_noise ... ok
[INFO] [stdout] test tests::test_inline_rust_tests_are_tiered_and_linked ... ok
[INFO] [stdout] test tests::test_logic_change_java ... ok
[INFO] [stdout] test tests::test_logic_change_ts ... ok
[INFO] [stdout] test tests::test_language_from_extension ... ok
[INFO] [stdout] test tests::test_linter_switches_show_but_are_not_logic ... ok
[INFO] [stdout] test tests::test_logic_change_rust ... ok
[INFO] [stdout] test tests::test_import_names_renamed_or_dropped ... ok
[INFO] [stdout] test tests::test_local_functions_that_still_resolve_are_not_flagged ... ok
[INFO] [stdout] test tests::test_member_rename_does_not_hide_other_files ... ok
[INFO] [stdout] test tests::test_kotlin_items ... ok
[INFO] [stdout] test tests::test_method_call_sites_by_name_and_file ... ok
[INFO] [stdout] test tests::test_logic_change_go ... ok
[INFO] [stdout] test tests::test_imports_from_a_new_source ... ok
[INFO] [stdout] test tests::test_local_functions_are_checked_in_their_scope ... ok
[INFO] [stdout] test tests::test_private_signature_change_ignores_other_files ... ok
[INFO] [stdout] test tests::test_method_rename_only_flags_its_own_type ... ok
[INFO] [stdout] test tests::test_python_docstring_ignored_top_level_call_kept ... ok
[INFO] [stdout] test tests::test_new_file_items_classified ... ok
[INFO] [stdout] test tests::test_noise_annotation_rename_and_formatting ... ok
[INFO] [stdout] test tests::test_python_reindent_is_not_formatting ... ok
[INFO] [stdout] test tests::test_php_items_and_call_sites ... ok
[INFO] [stdout] test tests::test_operator_lines_are_code_not_comments ... ok
[INFO] [stdout] test tests::test_python_self_is_the_receivers_type ... ok
[INFO] [stdout] test tests::test_optional_param_is_not_breaking_and_strings_are_not_calls ... ok
[INFO] [stdout] test tests::test_renesting_statements_is_not_formatting ... ok
[INFO] [stdout] test tests::test_methods_of_renamed_types ... ok
[INFO] [stdout] test tests::test_reformat_is_mechanical_across_the_function ... ok
[INFO] [stdout] test tests::test_reordered_statements_stay_visible ... ok
[INFO] [stdout] test tests::test_rename_py ... ok
[INFO] [stdout] test tests::test_rename_c ... ok
[INFO] [stdout] test tests::test_reordered_methods_are_mechanical ... ok
[INFO] [stdout] test tests::test_rename_rust ... ok
[INFO] [stdout] test tests::test_rename_go ... ok
[INFO] [stdout] test tests::test_reading_order_follows_calls ... ok
[INFO] [stdout] test tests::test_rust_trait_impl_method_not_dead ... ok
[INFO] [stdout] test tests::test_rename_ts ... ok
[INFO] [stdout] test tests::test_receivers_take_the_type_a_call_returns ... ok
[INFO] [stdout] test tests::test_rename_with_edits_is_fuzzy_rename ... ok
[INFO] [stdout] test tests::test_partial_extraction ... ok
[INFO] [stdout] test tests::test_rust_use_grouped_by_module ... ok
[INFO] [stdout] test tests::test_rust_attribute_change_is_visible ... ok
[INFO] [stdout] test tests::test_test_file_role ... ok
[INFO] [stdout] test tests::test_no_changes ... ok
[INFO] [stdout] test tests::test_top_level_comments_are_not_items ... ok
[INFO] [stdout] test tests::test_string_whitespace_is_not_formatting ... ok
[INFO] [stdout] test tests::test_stale_references_and_unused_code_skip_the_noise ... ok
[INFO] [stdout] test tests::test_tsx_parses_jsx ... ok
[INFO] [stdout] test tests::test_rust_attributes_are_not_items ... ok
[INFO] [stdout] test tests::test_type_only_change_and_signatures_raise_no_call_sites ... ok
[INFO] [stdout] test tests::test_rust_self_path_is_the_receivers_type ... ok
[INFO] [stdout] test tests::test_trivial_identical_functions_are_not_renames ... ok
[INFO] [stdout] test tests::test_unknown_language_still_diffs ... ok
[INFO] [stdout] test tests::test_warnings_from_fresh_prs ... ok
[INFO] [stdout] test tests::test_whitespace_that_renders_stays_visible_in_unparsed_files ... ok
[INFO] [stdout] test tests::test_scala_items ... ok
[INFO] [stdout] test tests::test_signature_change_ts ... ok
[INFO] [stdout] test tests::test_ruby_items_and_call_sites ... ok
[INFO] [stdout] test tests::test_signature_impact_marks_stale_call_sites ... ok
[INFO] [stdout] test tests::test_whitespace_inside_strings_is_content ... ok
[INFO] [stdout] test tests::test_stale_call_sites_are_judged_by_what_they_pass ... ok
[INFO] [stdout] 
[INFO] [stdout] failures:
[INFO] [stdout] 
[INFO] [stdout] ---- tests::test_extraction_detected stdout ----
[INFO] [stdout] 
[INFO] [stdout] thread 'tests::test_extraction_detected' (1232) panicked at src/lib.rs:755:92:
[INFO] [stdout] called `Result::unwrap()` on an `Err` value: Os { code: 2, kind: NotFound, message: "No such file or directory" }
[INFO] [stdout] stack backtrace:
[INFO] [stdout]    0:     0x647a09deb471 - <<std[70759c8f55707aa4]::sys::backtrace::BacktraceLock>::print::DisplayBacktrace as core[df12db4294e9bfd3]::fmt::Display>::fmt
[INFO] [stdout]    1:     0x647a09e0013a - core[df12db4294e9bfd3]::fmt::write
[INFO] [stdout]    2:     0x647a09def90c - <alloc[2182bb758b4b3781]::vec::Vec<u8> as core[df12db4294e9bfd3]::io::write::Write>::write_fmt
[INFO] [stdout]    3:     0x647a09dc76f6 - std[70759c8f55707aa4]::panicking::default_hook::{closure#0}
[INFO] [stdout]    4:     0x647a09de3869 - std[70759c8f55707aa4]::panicking::default_hook
[INFO] [stdout]    5:     0x647a09d7f7a0 - test[9d35eded1c95d3be]::test_main_inner::<test[9d35eded1c95d3be]::test_main_static::{closure#0}>::{closure#0}
[INFO] [stdout]    6:     0x647a09de3a22 - std[70759c8f55707aa4]::panicking::panic_with_hook
[INFO] [stdout]    7:     0x647a09dc77a2 - std[70759c8f55707aa4]::panicking::panic_handler::{closure#0}
[INFO] [stdout]    8:     0x647a09dc0399 - std[70759c8f55707aa4]::sys::backtrace::__rust_end_short_backtrace::<std[70759c8f55707aa4]::panicking::panic_handler::{closure#0}, !>
[INFO] [stdout]    9:     0x647a09dc839d - __rustc[8fa7c3cbc660c2b3]::rust_begin_unwind
[INFO] [stdout]   10:     0x647a09e0086c - core[df12db4294e9bfd3]::panicking::panic_fmt
[INFO] [stdout]   11:     0x647a09e00642 - core[df12db4294e9bfd3]::result::unwrap_failed
[INFO] [stdout]   12:     0x647a09be2ddf - perspica_core[4aaa2dd793aac9c6]::tests::test_extraction_detected
[INFO] [stdout]   13:     0x647a09c42959 - <perspica_core[4aaa2dd793aac9c6]::tests::test_extraction_detected::{closure#0} as core[df12db4294e9bfd3]::ops::function::FnOnce<()>>::call_once
[INFO] [stdout]   14:     0x647a09d72a8b - test[9d35eded1c95d3be]::__rust_begin_short_backtrace::<core[df12db4294e9bfd3]::result::Result<(), alloc[2182bb758b4b3781]::string::String>, fn() -> core[df12db4294e9bfd3]::result::Result<(), alloc[2182bb758b4b3781]::string::String>>
[INFO] [stdout]   15:     0x647a09d800f5 - test[9d35eded1c95d3be]::run_test::{closure#0}
[INFO] [stdout]   16:     0x647a09d799b4 - std[70759c8f55707aa4]::sys::backtrace::__rust_begin_short_backtrace::<test[9d35eded1c95d3be]::run_test::{closure#1}, ()>
[INFO] [stdout]   17:     0x647a09d83252 - <std[70759c8f55707aa4]::thread::lifecycle::spawn_unchecked<test[9d35eded1c95d3be]::run_test::{closure#1}, ()>::{closure#1} as core[df12db4294e9bfd3]::ops::function::FnOnce<()>>::call_once::{shim:vtable#0}
[INFO] [stdout]   18:     0x647a09dea9d9 - <std[70759c8f55707aa4]::sys::thread::unix::Thread>::new::thread_start
[INFO] [stdout]   19:     0x79c04a3b4dfa - <unknown>
[INFO] [stdout]   20:     0x79c04a4483d4 - clone
[INFO] [stdout]   21:                0x0 - <unknown>
[INFO] [stdout] 
[INFO] [stdout] 
[INFO] [stdout] failures:
[INFO] [stdout]     tests::test_extraction_detected
[INFO] [stdout] 
[INFO] [stdout] test result: FAILED. 106 passed; 1 failed; 0 ignored; 0 measured; 0 filtered out; finished in 0.05s
[INFO] [stdout] 
[INFO] [stderr] error: test failed, to rerun pass `--lib`
[INFO] running `Command { std: "docker" "inspect" "1f012bfb149a940a782022235248cf8722573fb9333b745ba55411d378e20016", kill_on_drop: false }`
[INFO] running `Command { std: "docker" "rm" "-f" "1f012bfb149a940a782022235248cf8722573fb9333b745ba55411d378e20016", kill_on_drop: false }`
[INFO] [stdout] 1f012bfb149a940a782022235248cf8722573fb9333b745ba55411d378e20016
