[INFO] fetching crate persona-wire-core 0.14.5...
[INFO] testing persona-wire-core-0.14.5 against 1.99.0-beta.8+cargoflags=--release for beta-release-1.100-2
[INFO] extracting crate persona-wire-core 0.14.5 into /workspace/builds/worker-1-tc1/source
[INFO] started tweaking crates.io crate persona-wire-core 0.14.5
[INFO] removed 0 missing tests
[INFO] finished tweaking crates.io crate persona-wire-core 0.14.5
[INFO] tweaked toml for crates.io crate persona-wire-core 0.14.5 written to /workspace/builds/worker-1-tc1/source/Cargo.toml
[INFO] validating manifest of crates.io crate persona-wire-core 0.14.5 on toolchain 1.99.0-beta.8
[INFO] running `Command { std: CARGO_HOME="/workspace/cargo-home" RUSTUP_HOME="/workspace/rustup-home" "/workspace/cargo-home/bin/cargo" "+1.99.0-beta.8" "metadata" "--manifest-path" "Cargo.toml" "--no-deps", kill_on_drop: false }`
[INFO] crate crates.io crate persona-wire-core 0.14.5 already has a lockfile, it will not be regenerated
[INFO] running `Command { std: CARGO_HOME="/workspace/cargo-home" RUSTUP_HOME="/workspace/rustup-home" "/workspace/cargo-home/bin/cargo" "+1.99.0-beta.8" "fetch" "--manifest-path" "Cargo.toml", kill_on_drop: false }`
[INFO] [stderr]  Downloading crates ...
[INFO] [stderr]   Downloaded num-modular v0.6.4
[INFO] [stderr]   Downloaded handlebars v6.4.1
[INFO] running `Command { std: "docker" "create" "-v" "/var/lib/crater-agent-workspace/builds/worker-1-tc1/source:/opt/rustwide/workdir:ro,Z" "-v" "/var/lib/crater-agent-workspace/builds/worker-1-tc1/target:/opt/rustwide/target:rw,Z" "-v" "/var/lib/crater-agent-workspace/cargo-home:/opt/rustwide/cargo-home:ro,Z" "-v" "/var/lib/crater-agent-workspace/rustup-home:/opt/rustwide/rustup-home:ro,Z" "-m" "1610612736" "--network" "none" "ghcr.io/rust-lang/crates-build-env/linux@sha256:77db811e55d90add9212f6832c23229e3de5f1c1f9905e8cb07319ea15df73ac" "sleep" "infinity", kill_on_drop: false }`
[INFO] [stdout] 97effd580393977fcc08bfa4f251af59cfcbb091abbd29f0c5df505dd55bae9c
[INFO] running `Command { std: "docker" "start" "97effd580393977fcc08bfa4f251af59cfcbb091abbd29f0c5df505dd55bae9c", kill_on_drop: false }`
[INFO] running `Command { std: "docker" "inspect" "97effd580393977fcc08bfa4f251af59cfcbb091abbd29f0c5df505dd55bae9c", kill_on_drop: false }`
[INFO] running `Command { std: "docker" "exec" "-e" "SOURCE_DIR=/opt/rustwide/workdir" "-e" "CARGO_HOME=/opt/rustwide/cargo-home" "-e" "RUSTUP_HOME=/opt/rustwide/rustup-home" "-e" "CARGO_TARGET_DIR=/opt/rustwide/target" "-w" "/opt/rustwide/workdir" "--user" "0:0" "97effd580393977fcc08bfa4f251af59cfcbb091abbd29f0c5df505dd55bae9c" "/opt/rustwide/cargo-home/bin/cargo" "+1.99.0-beta.8" "metadata" "--no-deps" "--format-version=1", kill_on_drop: false }`
[INFO] running `Command { std: "docker" "inspect" "97effd580393977fcc08bfa4f251af59cfcbb091abbd29f0c5df505dd55bae9c", kill_on_drop: false }`
[INFO] running `Command { std: "docker" "exec" "-e" "SOURCE_DIR=/opt/rustwide/workdir" "-e" "CARGO_HOME=/opt/rustwide/cargo-home" "-e" "RUSTUP_HOME=/opt/rustwide/rustup-home" "-e" "CARGO_TARGET_DIR=/opt/rustwide/target" "-e" "CARGO_INCREMENTAL=0" "-e" "RUST_BACKTRACE=full" "-e" "RUSTFLAGS=--cap-lints=warn" "-e" "RUSTDOCFLAGS=--cap-lints=warn" "-w" "/opt/rustwide/workdir" "--user" "0:0" "97effd580393977fcc08bfa4f251af59cfcbb091abbd29f0c5df505dd55bae9c" "/opt/rustwide/cargo-home/bin/cargo" "+1.99.0-beta.8" "build" "--frozen" "--message-format=json" "--release", kill_on_drop: false }`
[INFO] [stderr]    Compiling zerofrom-derive v0.1.7
[INFO] [stderr]    Compiling yoke-derive v0.8.2
[INFO] [stderr]    Compiling zerovec-derive v0.11.3
[INFO] [stderr]    Compiling displaydoc v0.2.6
[INFO] [stderr]    Compiling libc v0.2.186
[INFO] [stderr]    Compiling smallvec v1.15.2
[INFO] [stderr]    Compiling serde v1.0.228
[INFO] [stderr]    Compiling memchr v2.8.2
[INFO] [stderr]    Compiling cc v1.2.64
[INFO] [stderr]    Compiling ahash v0.8.12
[INFO] [stderr]    Compiling num-modular v0.6.4
[INFO] [stderr]    Compiling pest v2.8.6
[INFO] [stderr]    Compiling serde_json v1.0.150
[INFO] [stderr]    Compiling tokio-macros v2.7.0
[INFO] [stderr]    Compiling bitflags v2.13.0
[INFO] [stderr]    Compiling fallible-streaming-iterator v0.1.9
[INFO] [stderr]    Compiling hashbrown v0.14.5
[INFO] [stderr]    Compiling fallible-iterator v0.3.0
[INFO] [stderr]    Compiling zeroize v1.9.0
[INFO] [stderr]    Compiling log v0.4.32
[INFO] [stderr]    Compiling secrecy v0.10.3
[INFO] [stderr]    Compiling time v0.3.49
[INFO] [stderr]    Compiling tokio v1.52.3
[INFO] [stderr]    Compiling toml_datetime v0.6.11
[INFO] [stderr]    Compiling serde_spanned v0.6.9
[INFO] [stderr]    Compiling toml_edit v0.22.27
[INFO] [stderr]    Compiling zerofrom v0.1.8
[INFO] [stderr]    Compiling hashlink v0.9.1
[INFO] [stderr]    Compiling yoke v0.8.3
[INFO] [stderr]    Compiling num-order v1.2.0
[INFO] [stderr]    Compiling zerovec v0.11.6
[INFO] [stderr]    Compiling zerotrie v0.2.4
[INFO] [stderr]    Compiling getrandom v0.3.4
[INFO] [stderr]    Compiling rand_core v0.9.5
[INFO] [stderr]    Compiling libsqlite3-sys v0.30.1
[INFO] [stderr]    Compiling rand_chacha v0.9.0
[INFO] [stderr]    Compiling rand v0.9.4
[INFO] [stderr]    Compiling tinystr v0.8.3
[INFO] [stderr]    Compiling potential_utf v0.1.5
[INFO] [stderr]    Compiling icu_collections v2.2.0
[INFO] [stderr]    Compiling pest_meta v2.8.6
[INFO] [stderr]    Compiling icu_locale_core v2.2.0
[INFO] [stderr]    Compiling ulid v1.2.1
[INFO] [stderr]    Compiling pest_generator v2.8.6
[INFO] [stderr]    Compiling icu_provider v2.2.0
[INFO] [stderr]    Compiling toml v0.8.23
[INFO] [stderr]    Compiling icu_properties v2.2.0
[INFO] [stderr]    Compiling icu_normalizer v2.2.0
[INFO] [stderr]    Compiling pest_derive v2.8.6
[INFO] [stderr]    Compiling handlebars v6.4.1
[INFO] [stderr]    Compiling idna_adapter v1.2.2
[INFO] [stderr]    Compiling idna v1.1.0
[INFO] [stderr]    Compiling url v2.5.8
[INFO] [stderr]    Compiling rusqlite v0.32.1
[INFO] [stderr]    Compiling persona-wire-core v0.14.5 (/opt/rustwide/workdir)
[INFO] [stderr]     Finished `release` profile [optimized] target(s) in 2m 05s
[INFO] running `Command { std: "docker" "inspect" "97effd580393977fcc08bfa4f251af59cfcbb091abbd29f0c5df505dd55bae9c", kill_on_drop: false }`
[INFO] running `Command { std: "docker" "exec" "-e" "SOURCE_DIR=/opt/rustwide/workdir" "-e" "CARGO_HOME=/opt/rustwide/cargo-home" "-e" "RUSTUP_HOME=/opt/rustwide/rustup-home" "-e" "CARGO_TARGET_DIR=/opt/rustwide/target" "-e" "CARGO_INCREMENTAL=0" "-e" "RUST_BACKTRACE=full" "-e" "RUSTFLAGS=--cap-lints=warn" "-e" "RUSTDOCFLAGS=--cap-lints=warn" "-w" "/opt/rustwide/workdir" "--user" "0:0" "97effd580393977fcc08bfa4f251af59cfcbb091abbd29f0c5df505dd55bae9c" "/opt/rustwide/cargo-home/bin/cargo" "+1.99.0-beta.8" "test" "--frozen" "--no-run" "--message-format=json" "--release", kill_on_drop: false }`
[INFO] [stderr]    Compiling log v0.4.32
[INFO] [stderr]    Compiling regex-automata v0.4.14
[INFO] [stderr]    Compiling tracing v0.1.44
[INFO] [stderr]    Compiling tracing-log v0.2.0
[INFO] [stderr]    Compiling handlebars v6.4.1
[INFO] [stderr]    Compiling persona-wire-core v0.14.5 (/opt/rustwide/workdir)
[INFO] [stderr]    Compiling matchers v0.2.0
[INFO] [stderr]    Compiling tracing-subscriber v0.3.23
[INFO] [stderr]     Finished `release` profile [optimized] target(s) in 51.17s
[INFO] running `Command { std: "docker" "inspect" "97effd580393977fcc08bfa4f251af59cfcbb091abbd29f0c5df505dd55bae9c", kill_on_drop: false }`
[INFO] running `Command { std: "docker" "exec" "-e" "SOURCE_DIR=/opt/rustwide/workdir" "-e" "CARGO_HOME=/opt/rustwide/cargo-home" "-e" "RUSTUP_HOME=/opt/rustwide/rustup-home" "-e" "CARGO_TARGET_DIR=/opt/rustwide/target" "-e" "CARGO_INCREMENTAL=0" "-e" "RUST_BACKTRACE=full" "-e" "RUSTFLAGS=--cap-lints=warn" "-e" "RUSTDOCFLAGS=--cap-lints=warn" "-w" "/opt/rustwide/workdir" "--user" "0:0" "97effd580393977fcc08bfa4f251af59cfcbb091abbd29f0c5df505dd55bae9c" "/opt/rustwide/cargo-home/bin/cargo" "+1.99.0-beta.8" "test" "--frozen" "--release", kill_on_drop: false }`
[INFO] [stderr]     Finished `release` profile [optimized] target(s) in 0.16s
[INFO] [stderr]      Running unittests src/lib.rs (/opt/rustwide/target/release/deps/persona_wire_core-20748cee798efcfe)
[INFO] [stdout] 
[INFO] [stdout] running 443 tests
[INFO] [stdout] test application::auth::tests::auth_material_debug_does_not_leak_secret ... ok
[INFO] [stdout] test application::auth::tests::auth_spec_bearer_constructor_sets_method ... ok
[INFO] [stdout] test application::auth::tests::auth_spec_serde_roundtrip ... ok
[INFO] [stdout] test application::auth::tests::auth_material_bearer_exposes_secret_only_via_expose_secret ... ok
[INFO] [stdout] test application::auth::tests::auth_method_default_is_bearer ... ok
[INFO] [stdout] test application::auth::tests::auth_spec_method_defaults_when_omitted_from_json ... ok
[INFO] [stdout] test application::auth::tests::auth_method_serde_roundtrip ... ok
[INFO] [stdout] test application::bundle_install::tests::install_nodes_and_edges_with_increment_rewrite ... ok
[INFO] [stdout] test application::bundle_install::tests::install_header_only_bundle_is_noop ... ok
[INFO] [stdout] test application::bundle_install::tests::install_wiring_persists_maintenance_exempt_flag ... ok
[INFO] [stdout] test application::bundle_install::tests::install_wiring_persists_auth_service_key ... ok
[INFO] [stdout] test application::bundle_install::tests::install_unknown_target_form_records_error_not_panic ... ok
[INFO] [stdout] test application::bundle_install::tests::install_error_mode_aborts_on_collision ... ok
[INFO] [stdout] test application::bundle_install::tests::install_writes_log_to_bundle_installs_table ... ok
[INFO] [stdout] test application::bundle_install::tests::install_wiring_omits_auth_when_absent ... ok
[INFO] [stdout] test application::bundle_install::tests::install_skip_mode_leaves_existing_alone ... ok
[INFO] [stdout] test application::bundle_install::tests::install_wiring_omits_maintenance_exempt_when_absent ... ok
[INFO] [stdout] test application::bundle_install::tests::install_workflows_via_existing_register_use_case ... ok
[INFO] [stdout] test application::bundle_install::tests::install_invalid_toml_returns_err ... ok
[INFO] [stdout] test application::bundle_install::tests::install_workflow_bad_trigger_records_error ... ok
[INFO] [stdout] test application::bundle_registry::tests::delete_by_id_works ... ok
[INFO] [stdout] test application::bundle_install::tests::install_specs_and_projections_increment_default ... ok
[INFO] [stdout] test application::bundle_install::tests::install_wirings_writes_outline_nodes ... ok
[INFO] [stdout] test application::bundle_registry::tests::delete_returns_true_then_false ... ok
[INFO] [stdout] test application::bundle_registry::tests::get_unknown_returns_none ... ok
[INFO] [stdout] test application::bundle_registry::tests::register_and_get_roundtrip ... ok
[INFO] [stdout] test application::bundle_registry::tests::get_by_id_and_resolve_match_get ... ok
[INFO] [stdout] test application::bundle_registry::tests::list_returns_name_ascending ... ok
[INFO] [stdout] test application::doctor::probes::graph_edges_zero::tests::emits_error_when_no_edges ... ok
[INFO] [stdout] test application::doctor::probes::graph_edges_zero::tests::workflow_def_node_does_not_contribute_to_edge_count ... ok
[INFO] [stdout] test application::doctor::probes::graph_edges_zero::tests::full_mode_still_emits_when_no_edges ... ok
[INFO] [stdout] test application::doctor::probes::graph_edges_zero::tests::quiet_when_at_least_one_edge_exists ... ok
[INFO] [stdout] test application::doctor::probes::graph_orphan_node::tests::quiet_when_node_has_edge ... ok
[INFO] [stdout] test application::doctor::probes::graph_edges_zero::tests::persona_scoped_mode_skips_probe ... ok
[INFO] [stdout] test application::doctor::probes::graph_dangling_edge::tests::quiet_when_all_edges_resolve ... ok
[INFO] [stdout] test application::doctor::probes::graph_orphan_node::tests::emits_warn_for_bare_orphan_persona ... ok
[INFO] [stdout] test application::doctor::probes::graph_orphan_node::tests::workflow_def_node_is_not_orphan ... ok
[INFO] [stdout] test application::merger::tests::append_concatenates_with_newline ... ok
[INFO] [stdout] test application::merger::tests::append_preserves_trailing_newline ... ok
[INFO] [stdout] test application::merger::tests::empty_base_returns_overlay_for_append_prepend ... ok
[INFO] [stdout] test application::merger::tests::parse_default_is_replace ... ok
[INFO] [stdout] test application::merger::tests::parse_section_with_name ... ok
[INFO] [stdout] test application::merger::tests::prepend_puts_overlay_first ... ok
[INFO] [stdout] test application::merger::tests::parse_append_prepend ... ok
[INFO] [stdout] test application::merger::tests::replace_overrides_base ... ok
[INFO] [stdout] test application::merger::tests::section_replaces_marker ... ok
[INFO] [stdout] test application::merger::tests::section_falls_back_to_append_when_marker_missing ... ok
[INFO] [stdout] test application::plugin_registry::tests::adapter_for_uri_dispatches_by_scheme ... ok
[INFO] [stdout] test application::plugin_registry::tests::default_builder_for_wire_has_core_plugins_only ... ok
[INFO] [stdout] test application::plugin_registry::tests::describe_empty_registry_returns_empty_vec ... ok
[INFO] [stdout] test application::plugin_registry::tests::describe_returns_scheme_and_filter_caps_sorted_by_scheme ... ok
[INFO] [stdout] test application::plugin_registry::tests::duplicate_engine_fails_build ... ok
[INFO] [stdout] test application::plugin_registry::tests::duplicate_projection_fails_build ... ok
[INFO] [stdout] test application::plugin_registry::tests::duplicate_scheme_fails_build ... ok
[INFO] [stdout] test application::plugin_registry::tests::empty_registry_has_no_plugins ... ok
[INFO] [stdout] test application::plugin_registry::tests::registers_all_three_axes ... ok
[INFO] [stdout] test application::projection_mapper::tests::dto_to_projection_propagates_vo_errors ... ok
[INFO] [stdout] test application::projection_mapper::tests::dto_to_projection_rejects_illegal_plugin_state ... ok
[INFO] [stdout] test application::doctor::probes::workflow_disabled::tests::quiet_for_enabled_workflow ... ok
[INFO] [stdout] test application::projection_mapper::tests::dto_to_projection_to_dto_roundtrip_default_plugin ... ok
[INFO] [stdout] test application::doctor::probes::workflow_duplicate_trigger::tests::emits_warn_for_dup_event_under_same_persona ... ok
[INFO] [stdout] test application::doctor::probes::workflow_emit_target_unregistered::tests::quiet_when_resolved_name_is_registered ... ok
[INFO] [stdout] test application::projection_mapper::tests::projection_to_dto_preserves_all_target_form_variants ... ok
[INFO] [stdout] test application::doctor::probes::workflow_emit_target_unregistered::tests::quiet_for_workflow_without_persona_id ... ok
[INFO] [stdout] test application::doctor::probes::workflow_emit_target_unregistered::tests::emits_error_when_resolved_name_is_not_registered ... ok
[INFO] [stdout] test application::projection_mapper::tests::projection_to_dto_to_projection_roundtrip ... ok
[INFO] [stdout] test application::projection_overlay::tests::missing_projections_key_returns_empty_map ... ok
[INFO] [stdout] test application::projection_overlay::tests::empty_projections_returns_empty_map ... ok
[INFO] [stdout] test application::projection_mapper::tests::roundtrip_preserves_custom_plugin_with_config ... ok
[INFO] [stdout] test application::projection_overlay::tests::parses_full_entry ... ok
[INFO] [stdout] test application::projection_overlay::tests::entry_without_template_skipped ... ok
[INFO] [stdout] test application::projection_overlay::tests::missing_optional_fields_default ... ok
[INFO] [stdout] test application::doctor::probes::workflow_disabled::tests::emits_info_for_disabled_workflow ... ok
[INFO] [stdout] test application::doctor::probes::workflow_trigger_infra_missing::tests::emits_error_for_cron_without_spec ... ok
[INFO] [stdout] test application::doctor::probes::workflow_trigger_infra_missing::tests::quiet_for_on_demand_trigger ... ok
[INFO] [stdout] test application::doctor::probes::workflow_persona_no_workflow::tests::emits_warn_for_persona_without_workflow ... ok
[INFO] [stdout] test application::projection_registry::tests::register_and_get_roundtrip ... ok
[INFO] [stdout] test application::doctor::probes::workflow_persona_no_workflow::tests::quiet_when_persona_has_a_workflow ... ok
[INFO] [stdout] test application::projection_registry::tests::get_full_by_ref_returns_none_for_missing ... ok
[INFO] [stdout] test application::spec_registry::tests::composed_spec_roundtrip_preserves_structure ... ok
[INFO] [stdout] test application::projection_registry::tests::register_and_get_custom_plugin_roundtrip ... ok
[INFO] [stdout] test application::projection_registry::tests::get_missing_returns_none ... ok
[INFO] [stdout] test application::use_cases::tests::append_query_param_uses_question_mark_when_absent ... ok
[INFO] [stdout] test application::projection_registry::tests::list_returns_names ... ok
[INFO] [stdout] test application::spec_registry::tests::get_full_by_name_and_by_id_and_ref_agree ... ok
[INFO] [stdout] test application::spec_registry::tests::get_returns_none_for_missing ... ok
[INFO] [stdout] test application::spec_registry::tests::get_full_by_ref_returns_none_for_missing ... ok
[INFO] [stdout] test application::spec_registry::tests::register_and_get_roundtrip ... ok
[INFO] [stdout] test application::spec_registry::tests::list_returns_names_sorted ... ok
[INFO] [stdout] test application::use_cases::tests::context_get_leaves_projection_ref_none_when_not_registered ... ok
[INFO] [stdout] test application::use_cases::tests::collect_slot_missing_explicit_projection_ref_warns_and_skips ... ok
[INFO] [stdout] test application::use_cases::tests::collect_slot_auth_none_when_metadata_lacks_auth ... ok
[INFO] [stdout] test application::projection_registry::tests::target_form_parse_rejects_unknown ... ok
[INFO] [stdout] test application::use_cases::tests::append_query_param_uses_ampersand_when_query_present ... ok
[INFO] [stdout] test application::use_cases::tests::collect_slot_extracts_auth_from_wiring_metadata ... ok
[INFO] [stdout] test application::spec_registry::tests::register_overwrites_under_same_name ... ok
[INFO] [stdout] test application::use_cases::tests::collect_slot_honors_explicit_projection_ref_over_convention ... ok
[INFO] [stdout] test application::use_cases::tests::context_get_resolves_projection_ref_via_naming_convention ... ok
[INFO] [stdout] test application::use_cases::tests::context_get_skips_drift_wiring_nodes_silently ... ok
[INFO] [stdout] test application::use_cases::tests::enumerate_slots_both_include_and_exclude_and_not ... ok
[INFO] [stdout] test application::use_cases::tests::enumerate_slots_both_none_returns_all ... ok
[INFO] [stdout] test application::use_cases::tests::merge_auth_query_appends_when_uri_has_no_query ... ok
[INFO] [stdout] test application::use_cases::tests::merge_auth_query_appends_with_ampersand_when_uri_already_has_query ... ok
[INFO] [stdout] test application::use_cases::tests::enumerate_slots_exclude_empty_vec_is_noop ... ok
[INFO] [stdout] test application::use_cases::tests::merge_auth_query_preserves_fragment_after_merged_query ... ok
[INFO] [stdout] test application::use_cases::tests::merge_auth_query_unparsable_uri_left_unchanged ... ok
[INFO] [stdout] test application::use_cases::tests::merge_auth_query_uri_side_auth_wins_no_overwrite ... ok
[INFO] [stdout] test application::use_cases::tests::context_get_returns_wirings_and_workflows_for_persona ... ok
[INFO] [stdout] test application::use_cases::tests::merge_auth_query_no_metadata_auth_leaves_uri_unchanged ... ok
[INFO] [stdout] test application::use_cases::tests::enumerate_slots_exclude_only_subtracts_from_all ... ok
[INFO] [stdout] test application::use_cases::tests::enumerate_slots_empty_result_returns_empty_vec ... ok
[INFO] [stdout] test application::use_cases::tests::enumerate_slots_include_only_returns_explicit_set ... ok
[INFO] [stdout] test application::use_cases::tests::enumerate_slots_unknown_exclude_name_is_ignored ... ok
[INFO] [stdout] test application::use_cases::tests::enumerate_slots_intersection_exclude_wins ... ok
[INFO] [stdout] test application::use_cases::tests::strip_query_params_drops_question_mark_when_empty ... ok
[INFO] [stdout] test application::use_cases::tests::strip_query_params_preserves_fragment_and_no_query_uri ... ok
[INFO] [stdout] test application::use_cases::tests::strip_query_params_removes_only_listed_keys ... ok
[INFO] [stdout] test application::use_cases::tests::node_update_rejects_non_object_patch ... ok
[INFO] [stdout] test application::use_cases::tests::context_get_returns_empty_for_unknown_persona ... ok
[INFO] [stdout] test application::use_cases::tests::node_update_merge_null_value_deletes_key ... ok
[INFO] [stdout] test application::use_cases::tests::node_update_replace_swaps_metadata_wholesale ... ok
[INFO] [stdout] test application::use_cases::tests::context_get_rejects_empty_persona_id ... ok
[INFO] [stdout] test application::use_cases::tests::node_update_merge_overwrites_one_key_preserves_others ... ok
[INFO] [stdout] test application::use_cases::tests::wire_close_reports_orphans_and_totals ... ok
[INFO] [stdout] test application::use_cases::tests::wire_close_empty_graph_zero_everything ... ok
[INFO] [stdout] test application::use_cases::tests::node_update_unknown_id_returns_not_found ... ok
[INFO] [stdout] test application::use_cases::tests::node_update_mode_parse_rejects_unknown ... ok
[INFO] [stdout] test application::use_cases::tests::wire_fetch_optout_adapter_keeps_vocabulary_keys ... ok
[INFO] [stdout] test application::use_cases::tests::wire_fetch_native_request_stays_byte_identical_without_marker ... ok
[INFO] [stdout] test application::projection_registry::tests::get_full_by_name_and_by_id_and_ref_agree ... ok
[INFO] [stdout] test application::use_cases::tests::wire_fetch_rejects_ambiguous_or_empty_input ... ok
[INFO] [stdout] test application::doctor::probes::workflow_duplicate_trigger::tests::quiet_for_distinct_events ... ok
[INFO] [stdout] test application::use_cases::tests::wire_doctor_report_includes_adapters_section ... ok
[INFO] [stdout] test application::use_cases::tests::wire_fetch_returns_raw_adapter_output_for_file_uri ... ok
[INFO] [stdout] test application::use_cases::tests::wire_fetch_post_filters_undeclared_query_and_marks ... ok
[INFO] [stdout] test application::use_cases::tests::wire_init_accepts_explicit_static_projection_kind ... ok
[INFO] [stdout] test application::use_cases::tests::wire_fetch_post_query_on_document_shape_fails_loud ... ok
[INFO] [stdout] test application::use_cases::tests::wire_materialize_then_wire_fetch_tank_reads_items ... ok
[INFO] [stdout] test application::use_cases::tests::wire_init_renders_registered_projection ... ok
[INFO] [stdout] test application::use_cases::tests::wire_edge_delete_returns_true_when_row_exists ... ok
[INFO] [stdout] test application::use_cases::tests::wire_fetch_resolves_wiring_entry_by_persona_and_slot ... ok
[INFO] [stdout] test application::use_cases::tests::wire_init_warns_on_unknown_spec_ref ... ok
[INFO] [stdout] test application::use_cases::tests::wire_materialize_rejects_tank_source_loop ... ok
[INFO] [stdout] test application::use_cases::tests::wire_materialize_bad_item_path_fails_loud ... ok
[INFO] [stdout] test application::use_cases::tests::wire_node_delete_returns_false_when_row_missing ... ok
[INFO] [stdout] test application::use_cases::tests::wire_init_with_no_projections_yields_empty ... ok
[INFO] [stdout] test application::use_cases::tests::wire_init_rejects_non_static_projection_kind ... ok
[INFO] [stdout] test application::use_cases::tests::graph_scan_excludes_self_attached_wiring_from_orphans ... ok
[INFO] [stdout] test application::use_cases::tests::wire_materialize_second_run_dedups_and_stays_idempotent ... ok
[INFO] [stdout] test application::use_cases::tests::wire_materialize_persists_snapshot_items_registry_and_edge ... ok
[INFO] [stdout] test application::use_cases::tests::wire_node_delete_cascades_to_referencing_edges ... ok
[INFO] [stdout] test application::use_cases::tests::wire_prompt_context_no_warning_when_template_renders_content ... ok
[INFO] [stdout] test application::use_cases::tests::wire_node_delete_returns_true_when_row_exists ... ok
[INFO] [stdout] test application::use_cases::tests::wire_slot_register_rejects_invalid_slot ... ok
[INFO] [stdout] test application::use_cases::tests::wire_prompt_context_renders_post_filtered_items ... ok
[INFO] [stdout] test application::use_cases::tests::wire_slot_register_upserts_in_place_preserving_node_id ... ok
[INFO] [stdout] test application::use_cases::tests::wire_projection_delete_returns_true_when_row_exists ... ok
[INFO] [stdout] test application::use_cases::tests::wire_doctor_returns_2axis_integrated_report ... ok
[INFO] [stdout] test application::use_cases::tests::wire_slot_register_creates_node_spec_and_projection ... ok
[INFO] [stdout] test application::use_cases::tests::wire_render_rejects_non_static_projection_kind ... ok
[INFO] [stdout] test application::use_cases::tests::wire_spec_delete_returns_true_when_row_exists ... ok
[INFO] [stdout] test application::use_cases::tests::wire_prompt_context_renders_through_explicit_projection_ref ... ok
[INFO] [stdout] test application::use_cases::tests::workflow_fire_by_event_skips_unrelated_and_disabled ... ok
[INFO] [stdout] test application::use_cases::tests::workflow_fire_by_id_handles_missing ... ok
[INFO] [stdout] test application::use_cases::tests::workflow_fire_by_id_returns_resolved_emit_projection ... ok
[INFO] [stdout] test application::wiring_mapper::tests::extract_auth_returns_none_when_absent ... ok
[INFO] [stdout] test application::wiring_mapper::tests::extract_helpers_read_canonical_keys ... ok
[INFO] [stdout] test application::wiring_mapper::tests::extract_slot_typed_validates_invariants ... ok
[INFO] [stdout] test application::wiring_mapper::tests::node_to_wiring_rejects_missing_keys ... ok
[INFO] [stdout] test application::use_cases::tests::workflow_fire_requires_exactly_one_of_id_or_event ... ok
[INFO] [stdout] test application::wiring_mapper::tests::extract_projection_ref_reads_present_key_and_defaults_none ... ok
[INFO] [stdout] test application::wiring_mapper::tests::extract_maintenance_exempt_defaults_false ... ok
[INFO] [stdout] test application::use_cases::tests::workflow_delete_uses_node_delete ... ok
[INFO] [stdout] test application::wiring_mapper::tests::node_to_wiring_rejects_missing_persona_and_source ... ok
[INFO] [stdout] test application::wiring_mapper::tests::node_to_wiring_strict_round_trip ... ok
[INFO] [stdout] test application::workflow_mapper::tests::parse_action_emit_projection_requires_non_empty_names ... ok
[INFO] [stdout] test application::workflow_mapper::tests::parse_action_rejects_non_string_projection_name ... ok
[INFO] [stdout] test application::workflow_mapper::tests::parse_trigger_on_demand ... ok
[INFO] [stdout] test application::workflow_mapper::tests::parse_trigger_on_event_requires_event_field ... ok
[INFO] [stdout] test application::workflow_mapper::tests::parse_trigger_rejects_unsupported_kind ... ok
[INFO] [stdout] test application::workflow_mapper::tests::workflow_round_trip_through_node ... ok
[INFO] [stdout] test application::use_cases::tests::wire_slot_delete_removes_all_three_and_is_idempotent ... ok
[INFO] [stdout] test domain::entity::bundle::tests::bundle_name_rejects_empty ... ok
[INFO] [stdout] test application::workflow_mapper::tests::node_to_workflow_propagates_empty_workflow_id ... ok
[INFO] [stdout] test application::use_cases::tests::workflow_register_round_trips_via_list ... ok
[INFO] [stdout] test application::use_cases::tests::workflow_register_rejects_unsupported_trigger_kind ... ok
[INFO] [stdout] test application::workflow_mapper::tests::node_to_workflow_rejects_wrong_type ... ok
[INFO] [stdout] test application::use_cases::tests::wire_prompt_context_warns_on_empty_render_with_non_null_fetch ... ok
[INFO] [stdout] test application::use_cases::tests::workflow_list_filters_by_trigger_kind_and_enabled ... ok
[INFO] [stdout] test application::use_cases::tests::workflow_register_rejects_on_event_without_event_field ... ok
[INFO] [stdout] test application::wiring_mapper::tests::wiring_metadata_object_merges_extras ... ok
[INFO] [stdout] test application::workflow_mapper::tests::workflow_to_node_round_trip_preserves_no_op_and_no_persona ... ok
[INFO] [stdout] test domain::entity::bundle::tests::conflict_mode_parse_roundtrip ... ok
[INFO] [stdout] test application::use_cases::tests::workflow_register_rejects_emit_projection_without_names ... ok
[INFO] [stdout] test domain::entity::bundle::tests::bundle_rejects_empty_body ... ok
[INFO] [stdout] test domain::entity::bundle::tests::bundle_version_rejects_empty ... ok
[INFO] [stdout] test domain::entity::bundle::tests::bundle_ref_parses_ulid_first_then_name ... ok
[INFO] [stdout] test domain::entity::persona_id::tests::serde_rejects_empty ... ok
[INFO] [stdout] test domain::entity::persona_id::tests::new_rejects_empty ... ok
[INFO] [stdout] test domain::entity::context_wiring::tests::equality_is_structural_on_persona_id ... ok
[INFO] [stdout] test domain::entity::persona_id::tests::try_from_str_and_string_roundtrip ... ok
[INFO] [stdout] test domain::entity::persona_id::tests::new_accepts_valid_id ... ok
[INFO] [stdout] test domain::entity::projection::tests::plugin_dispatch_from_optional_parts_custom ... ok
[INFO] [stdout] test domain::entity::projection::tests::plugin_dispatch_from_optional_parts_default ... ok
[INFO] [stdout] test domain::entity::projection::tests::plugin_dispatch_from_optional_parts_rejects_engine_with_config ... ok
[INFO] [stdout] test domain::entity::projection::tests::plugin_dispatch_from_optional_parts_rejects_illegal ... ok
[INFO] [stdout] test domain::entity::projection::tests::plugin_dispatch_serde_custom_roundtrip ... ok
[INFO] [stdout] test domain::entity::projection::tests::plugin_dispatch_serde_default_roundtrip ... ok
[INFO] [stdout] test domain::entity::projection::tests::plugin_dispatch_custom_validates_non_empty ... ok
[INFO] [stdout] test domain::entity::persona_id::tests::serde_roundtrip ... ok
[INFO] [stdout] test domain::entity::projection::tests::plugin_dispatch_default ... ok
[INFO] [stdout] test domain::entity::projection::tests::projection_from_parts_propagates_vo_errors ... ok
[INFO] [stdout] test domain::entity::bundle::tests::conflict_mode_default_is_increment ... ok
[INFO] [stdout] test domain::entity::projection::tests::projection_immutable_equality ... ok
[INFO] [stdout] test domain::entity::projection::tests::projection_from_parts_accepts_valid ... ok
[INFO] [stdout] test domain::entity::context_wiring::tests::clone_preserves_identity ... ok
[INFO] [stdout] test domain::entity::projection::tests::projection_name_serde_roundtrip ... ok
[INFO] [stdout] test domain::entity::projection::tests::projection_new_typed_vo_path_assembles ... ok
[INFO] [stdout] test domain::entity::projection::tests::projection_name_string_surface_roundtrip ... ok
[INFO] [stdout] test domain::entity::projection::tests::plugin_dispatch_from_optional_parts_rejects_kind_with_config ... ok
[INFO] [stdout] test domain::entity::projection::tests::plugin_dispatch_to_optional_parts_custom ... ok
[INFO] [stdout] test domain::entity::projection::tests::projection_name_rejects_empty ... ok
[INFO] [stdout] test domain::entity::projection::tests::projection_name_serde_rejects_empty ... ok
[INFO] [stdout] test application::wiring_mapper::tests::extract_auth_reads_present_key ... ok
[INFO] [stdout] test domain::entity::context_wiring::tests::new_carries_persona_id ... ok
[INFO] [stdout] test domain::entity::persona_id::tests::as_ref_str_returns_underlying ... ok
[INFO] [stdout] test domain::entity::projection::tests::projection_name_accepts_valid ... ok
[INFO] [stdout] test domain::entity::projection::tests::projection_template_serde_rejects_empty ... ok
[INFO] [stdout] test domain::entity::slot::tests::new_accepts_valid_slot ... ok
[INFO] [stdout] test domain::entity::projection::tests::target_form_parse_all_variants ... ok
[INFO] [stdout] test domain::entity::projection::tests::projection_template_accepts_valid ... ok
[INFO] [stdout] test domain::entity::projection::tests::target_form_parse_rejects_unknown ... ok
[INFO] [stdout] test domain::entity::projection::tests::spec_name_rejects_empty ... ok
[INFO] [stdout] test domain::entity::projection::tests::projection_template_rejects_empty ... ok
[INFO] [stdout] test domain::entity::slot::tests::as_ref_str_returns_underlying ... ok
[INFO] [stdout] test domain::entity::projection::tests::spec_name_string_surface_roundtrip ... ok
[INFO] [stdout] test domain::entity::slot::tests::new_rejects_dot ... ok
[INFO] [stdout] test domain::entity::projection::tests::projection_template_string_surface_and_serde_roundtrip ... ok
[INFO] [stdout] test domain::entity::slot::tests::new_rejects_empty ... ok
[INFO] [stdout] test domain::entity::projection::tests::spec_ref_alias_resolves_to_spec_name ... ok
[INFO] [stdout] test domain::entity::projection::tests::spec_name_accepts_valid ... ok
[INFO] [stdout] test domain::entity::slot::tests::try_from_str_and_string_roundtrip ... ok
[INFO] [stdout] test domain::entity::source::tests::new_rejects_empty ... ok
[INFO] [stdout] test domain::entity::source::tests::serde_rejects_missing_scheme ... ok
[INFO] [stdout] test domain::entity::source::tests::serde_rejects_empty ... ok
[INFO] [stdout] test domain::entity::slot::tests::serde_rejects_empty ... ok
[INFO] [stdout] test domain::entity::wiring::tests::from_parts_accepts_valid ... ok
[INFO] [stdout] test domain::entity::slot::tests::serde_roundtrip ... ok
[INFO] [stdout] test domain::entity::source::tests::new_rejects_missing_scheme ... ok
[INFO] [stdout] test domain::entity::slot::tests::serde_rejects_dot ... ok
[INFO] [stdout] test domain::entity::wiring::tests::from_parts_allows_missing_projection_ref ... ok
[INFO] [stdout] test domain::entity::source::tests::scheme_only_uri_is_accepted ... ok
[INFO] [stdout] test domain::entity::source::tests::scheme_returns_prefix ... ok
[INFO] [stdout] test domain::entity::projection::tests::spec_name_serde_roundtrip ... ok
[INFO] [stdout] test domain::entity::projection::tests::target_form_as_str_roundtrip ... ok
[INFO] [stdout] test domain::entity::wiring::tests::from_parts_rejects_empty_persona_id ... ok
[INFO] [stdout] test domain::entity::wiring::tests::from_parts_rejects_empty_slot ... ok
[INFO] [stdout] test domain::entity::source::tests::serde_roundtrip ... ok
[INFO] [stdout] test domain::entity::workflow::tests::trigger_on_demand_kind_str ... ok
[INFO] [stdout] test domain::entity::source::tests::new_accepts_valid_uri ... ok
[INFO] [stdout] test domain::entity::wiring::tests::from_parts_rejects_empty_projection_ref ... ok
[INFO] [stdout] test domain::entity::source::tests::string_surface_roundtrip ... ok
[INFO] [stdout] test domain::entity::source::tests::new_rejects_empty_scheme_with_colon ... ok
[INFO] [stdout] test domain::entity::workflow::tests::trigger_on_event_accepts_non_empty ... ok
[INFO] [stdout] test domain::entity::workflow::tests::action_no_op_kind_str ... ok
[INFO] [stdout] test domain::entity::workflow::tests::trigger_on_event_rejects_empty ... ok
[INFO] [stdout] test domain::entity::workflow::tests::workflow_allows_no_persona ... ok
[INFO] [stdout] test domain::entity::workflow::tests::workflow_assembles_from_typed_args ... ok
[INFO] [stdout] test domain::entity::workflow::tests::workflow_equality_is_structural ... ok
[INFO] [stdout] test domain::graph::specification::tests::metadata_eq_supports_nested_path ... ok
[INFO] [stdout] test domain::graph::specification::tests::not_inverts_via_operator ... ok
[INFO] [stdout] test domain::entity::workflow::tests::workflow_id_accepts_valid ... ok
[INFO] [stdout] test domain::entity::wiring::tests::from_parts_rejects_invalid_source ... ok
[INFO] [stdout] test domain::entity::workflow::tests::action_emit_projection_accepts_non_empty ... ok
[INFO] [stdout] test domain::entity::workflow::tests::action_emit_projection_rejects_empty ... ok
[INFO] [stdout] test domain::entity::wiring::tests::from_parts_rejects_slot_with_dot ... ok
[INFO] [stdout] test domain::graph::specification::tests::or_unions ... ok
[INFO] [stdout] test domain::entity::workflow::tests::workflow_id_rejects_empty ... ok
[INFO] [stdout] test domain::graph::specification::tests::reachable_returns_false_on_bare_node ... ok
[INFO] [stdout] test domain::graph::specification::tests::and_short_circuits_on_false ... ok
[INFO] [stdout] test domain::graph::specification::tests::type_is_matches_when_equal ... ok
[INFO] [stdout] test infrastructure::adapter::tests::file_adapter_lines_from_beyond_total_returns_empty ... ok
[INFO] [stdout] test infrastructure::adapter::tests::file_adapter_lines_normal_range ... ok
[INFO] [stdout] test infrastructure::adapter::tests::file_adapter_r4_metadata_size_and_mtime ... ok
[INFO] [stdout] test infrastructure::adapter::tests::file_adapter_r5_no_params_backward_compat ... ok
[INFO] [stdout] test infrastructure::adapter::tests::file_adapter_r5_r4_combined ... ok
[INFO] [stdout] test domain::entity::wiring::tests::immutable_equality ... ok
[INFO] [stdout] test infrastructure::adapter::tests::apply_filters_delegates_to_shared_engine ... ok
[INFO] [stdout] test domain::entity::wiring::tests::new_typed_vo_path_assembles ... ok
[INFO] [stdout] test domain::entity::wiring::tests::storage_node_id_concatenates_natural_key ... ok
[INFO] [stdout] test infrastructure::adapter::tests::file_adapter_r5_tail_n ... ok
[INFO] [stdout] test infrastructure::adapter::tests::file_adapter_lines_and_tail_n_mutually_exclusive ... ok
[INFO] [stdout] test infrastructure::adapter::tests::file_adapter_r5_tail_n_clamp ... ok
[INFO] [stdout] test infrastructure::adapter::tests::r4_metadata_null_for_nonexistent_file ... ok
[INFO] [stdout] test infrastructure::filter::tests::apply_lines_slices_body_and_marks ... ok
[INFO] [stdout] test infrastructure::filter::tests::apply_lines_requires_body_string ... ok
[INFO] [stdout] test infrastructure::adapter::tests::file_adapter_r5_tail_invalid_fails_loud ... ok
[INFO] [stdout] test infrastructure::adapter::tests::file_adapter_lines_to_beyond_total_clamps_gracefully ... ok
[INFO] [stdout] test infrastructure::adapter::tests::file_adapter_r5_tail_last_section ... ok
[INFO] [stdout] test infrastructure::adapter::tests::file_adapter_rejects_non_file_uri ... ok
[INFO] [stdout] test infrastructure::adapter::tests::r4_body_backward_compat ... FAILED
[INFO] [stdout] test infrastructure::adapter::tests::file_adapter_r5_tail_n_invalid_fails_loud ... ok
[INFO] [stdout] test infrastructure::adapter::tests::r4_metadata_present_for_existing_file ... FAILED
[INFO] [stdout] test infrastructure::filter::tests::apply_query_requires_items_array ... ok
[INFO] [stdout] test infrastructure::adapter::tests::file_adapter_reads_existing_file ... FAILED
[INFO] [stdout] test infrastructure::adapter::tests::r4_metadata_field_types ... FAILED
[INFO] [stdout] test infrastructure::filter::tests::apply_to_text_line_range_takes_precedence_over_tail ... ok
[INFO] [stdout] test infrastructure::filter::tests::apply_query_filters_items_case_insensitive_and_marks ... ok
[INFO] [stdout] test infrastructure::filter::tests::apply_rejects_non_object_response ... ok
[INFO] [stdout] test infrastructure::filter::tests::apply_to_text_lines_from_beyond_total_returns_empty ... ok
[INFO] [stdout] test infrastructure::filter::tests::apply_to_text_lines_normal_range ... ok
[INFO] [stdout] test infrastructure::filter::tests::apply_to_text_tail_last_n_exceeding_line_count_returns_all ... ok
[INFO] [stdout] test infrastructure::filter::tests::apply_to_text_tail_last_n_returns_last_lines ... ok
[INFO] [stdout] test infrastructure::filter::tests::apply_to_text_tail_last_section_h2_at_start ... ok
[INFO] [stdout] test infrastructure::filter::tests::apply_to_text_tail_last_section_no_h2_returns_whole_body ... ok
[INFO] [stdout] test infrastructure::filter::tests::apply_to_text_tail_last_section_returns_from_last_h2 ... ok
[INFO] [stdout] test infrastructure::filter::tests::apply_to_text_lines_to_beyond_total_clamps ... ok
[INFO] [stdout] test infrastructure::filter::tests::apply_to_text_no_filter_returns_body_unchanged ... ok
[INFO] [stdout] test infrastructure::filter::tests::parse_limit_unbounded_cap ... ok
[INFO] [stdout] test infrastructure::filter::tests::parse_limit_within_max ... ok
[INFO] [stdout] test infrastructure::filter::tests::parse_limit_zero_errs ... ok
[INFO] [stdout] test infrastructure::filter::tests::parse_no_params_returns_default ... ok
[INFO] [stdout] test infrastructure::filter::tests::parse_query_normal_and_percent_decoded ... ok
[INFO] [stdout] test infrastructure::filter::tests::filter_cap_display_all_variants ... ok
[INFO] [stdout] test infrastructure::filter::tests::parse_ignores_addressing_keys ... ok
[INFO] [stdout] test infrastructure::filter::tests::parse_line_range_normal ... ok
[INFO] [stdout] test infrastructure::filter::tests::parse_limit_invalid_type_errs ... ok
[INFO] [stdout] test infrastructure::filter::tests::parse_lines_invalid_type_errs ... ok
[INFO] [stdout] test infrastructure::filter::tests::parse_tail_n_invalid_type_errs ... ok
[INFO] [stdout] test infrastructure::filter::tests::parse_tail_n_normal ... ok
[INFO] [stdout] test infrastructure::filter::tests::parse_since_until_normal ... ok
[INFO] [stdout] test infrastructure::filter::tests::parse_limit_over_max_clamps ... ok
[INFO] [stdout] test infrastructure::filter::tests::parse_limit_and_query_composite ... ok
[INFO] [stdout] test infrastructure::filter::tests::percent_decode_handles_plain_ascii ... ok
[INFO] [stdout] test infrastructure::filter::tests::split_post_claims_undeclared_query_and_keeps_native_limit ... ok
[INFO] [stdout] test infrastructure::filter::tests::parse_tail_n_over_max_clamps ... ok
[INFO] [stdout] test infrastructure::filter::tests::parse_tail_unknown_value_errs ... ok
[INFO] [stdout] test infrastructure::filter::tests::split_post_undeclared_limit_still_fails_loud ... ok
[INFO] [stdout] test infrastructure::filter::tests::split_post_validates_post_values_with_shared_grammar ... ok
[INFO] [stdout] test infrastructure::filter::tests::parse_tail_last_section ... ok
[INFO] [stdout] test infrastructure::filter::tests::split_post_post_lines_and_tail_mutually_exclusive ... ok
[INFO] [stdout] test infrastructure::projection::r#static::tests::static_projection_delegates_to_template_engine ... ok
[INFO] [stdout] test infrastructure::projection::r#static::tests::static_projection_accepts_optional_persona_id_through_input ... ok
[INFO] [stdout] test infrastructure::projection::r#static::tests::static_projection_kind_is_static ... ok
[INFO] [stdout] test infrastructure::rendering::tests::each_section_with_nested_metadata_lookup ... ok
[INFO] [stdout] test infrastructure::filter::tests::parse_lines_from_greater_than_to_errs ... ok
[INFO] [stdout] test infrastructure::filter::tests::split_post_tail_n_records_requested_key_and_clamps ... ok
[INFO] [stdout] test infrastructure::filter::tests::split_post_undeclared_since_until_still_fails_loud ... ok
[INFO] [stdout] test infrastructure::filter::tests::parse_lines_zero_origin_errs ... ok
[INFO] [stdout] test infrastructure::filter::tests::split_post_native_line_range_with_post_query_splits_only_query ... ok
[INFO] [stdout] test infrastructure::filter::tests::split_post_none_when_all_requested_keys_are_declared ... ok
[INFO] [stdout] test infrastructure::rendering::tests::html_escape_is_disabled_for_markdown ... ok
[INFO] [stdout] test infrastructure::rendering::tests::number_renders_as_json_number ... ok
[INFO] [stdout] test infrastructure::rendering::tests::null_renders_as_empty ... ok
[INFO] [stdout] test infrastructure::rendering::tests::if_section_evaluates_truthiness ... ok
[INFO] [stdout] test infrastructure::rendering::tests::substitutes_nested_path ... ok
[INFO] [stdout] test infrastructure::rendering::tests::substitutes_simple_key ... ok
[INFO] [stdout] test infrastructure::rendering::tests::trims_inner_whitespace ... ok
[INFO] [stdout] test infrastructure::rendering::tests::unmatched_open_brace_returns_visible_error ... ok
[INFO] [stdout] test infrastructure::filter::tests::split_post_none_when_no_vocab_keys_requested ... ok
[INFO] [stdout] test infrastructure::projection::r#static::tests::static_projection_engine_error_surfaces_as_render_error_marker ... ok
[INFO] [stdout] test infrastructure::rendering::tests::missing_path_renders_empty ... ok
[INFO] [stdout] test infrastructure::rendering::tests::multiple_substitutions_in_one_template ... ok
[INFO] [stdout] test infrastructure::rendering::tests::each_section_iterates_list ... ok
[INFO] [stdout] test infrastructure::projection::r#static::tests::port_is_dyn_compatible_across_implementations ... ok
[INFO] [stdout] test infrastructure::projection::r#static::tests::second_renderer_impl_satisfies_port_contract ... ok
[INFO] [stdout] test infrastructure::rendering::tests::empty_each_section_renders_empty ... ok
[INFO] [stdout] test infrastructure::rendering::tests::passes_through_text_without_braces ... ok
[INFO] [stdout] test infrastructure::filter::tests::parse_undeclared_limit_errs ... ok
[INFO] [stdout] test infrastructure::storage::tests::insert_node_normalizes_stringified_object_metadata ... ok
[INFO] [stdout] test infrastructure::storage::tests::edge_with_severity_roundtrip_all_three ... ok
[INFO] [stdout] test infrastructure::storage::tests::insert_node_rejects_scalar_metadata ... ok
[INFO] [stdout] test infrastructure::storage::tests::get_node_returns_none_when_absent ... ok
[INFO] [stdout] test infrastructure::storage::tests::insert_and_list_edges_from ... ok
[INFO] [stdout] test infrastructure::storage::tests::insert_and_get_node_roundtrip ... ok
[INFO] [stdout] test infrastructure::storage::tests::insert_node_rejects_unknown_type ... ok
[INFO] [stdout] test infrastructure::storage::tests::insert_node_rejects_string_metadata_parsing_to_non_object ... ok
[INFO] [stdout] test infrastructure::storage::tests::insert_node_rejects_array_metadata ... ok
[INFO] [stdout] test infrastructure::storage::tests::insert_edge_rejects_invalid_severity_via_check_constraint ... ok
[INFO] [stdout] test infrastructure::storage::tests::insert_node_rejects_unparseable_string_metadata ... ok
[INFO] [stdout] test infrastructure::storage::tests::insert_node_batch_path_normalizes_each_row ... ok
[INFO] [stdout] test infrastructure::storage::tests::list_edges_to_finds_incoming ... ok
[INFO] [stdout] test infrastructure::storage::tests::migrate_creates_all_tables ... ok
[INFO] [stdout] test infrastructure::storage::tests::list_nodes_by_type_filters ... ok
[INFO] [stdout] test infrastructure::storage::tests::list_types_orders_by_kind_then_name ... ok
[INFO] [stdout] test infrastructure::storage::tests::seed_inserts_11_node_and_10_edge_types ... ok
[INFO] [stdout] test infrastructure::storage::tests::projection_upsert_roundtrip_and_form_check ... ok
[INFO] [stdout] test infrastructure::storage::tests::specification_list_full_orders_by_created_at_desc_and_paginates ... ok
[INFO] [stdout] test infrastructure::storage::tests::specification_full_row_tracks_created_and_updated_at ... ok
[INFO] [stdout] test infrastructure::storage::tests::projection_upsert_roundtrips_plugin_hint_fields ... ok
[INFO] [stdout] test infrastructure::storage::tests::migrate_is_idempotent ... ok
[INFO] [stdout] test infrastructure::storage::tests::seed_is_idempotent ... ok
[INFO] [stdout] test infrastructure::storage::tests::repository_trait_compute_traverse_one_hop ... ok
[INFO] [stdout] test infrastructure::storage::tests::projection_full_row_tracks_created_and_updated_at ... ok
[INFO] [stdout] test infrastructure::storage::tests::projection_list_full_orders_by_created_at_desc_and_paginates ... ok
[INFO] [stdout] test infrastructure::storage::tests::repository_trait_compute_traverse_depth_zero_only_start ... ok
[INFO] [stdout] test infrastructure::storage::tests::tank_append_items_dedups_on_identity ... ok
[INFO] [stdout] test infrastructure::storage::tests::tank_insert_survives_double_migrate ... ok
[INFO] [stdout] test infrastructure::storage::tests::tank_query_since_until_inclusive ... ok
[INFO] [stdout] test infrastructure::storage::tests::specification_upsert_roundtrip_and_overwrite ... ok
[INFO] [stdout] test infrastructure::storage::tests::tank_query_orders_by_observed_at_asc ... ok
[INFO] [stdout] test infrastructure::storage::tests::tank_query_scopes_by_tank_key ... ok
[INFO] [stdout] test infrastructure::storage::tests::tank_query_limit_returns_first_n_with_has_more ... ok
[INFO] [stdout] test infrastructure::storage::tests::tank_query_text_filters_payload_substring ... ok
[INFO] [stdout] test infrastructure::tank::tests::resolve_time_bound_epoch ... ok
[INFO] [stdout] test infrastructure::tank::tests::resolve_time_bound_invalid_fails_loud ... ok
[INFO] [stdout] test infrastructure::tank::tests::resolve_time_bound_relative_days ... ok
[INFO] [stdout] test infrastructure::tank::tests::resolve_time_bound_rfc3339 ... ok
[INFO] [stdout] test infrastructure::storage::tests::tank_query_tail_n_returns_last_n_chronological_with_has_more ... ok
[INFO] [stdout] test infrastructure::storage::tests::tank_update_snapshot_new_count_persists ... ok
[INFO] [stdout] test infrastructure::tank::tests::resolve_time_bound_relative_units ... ok
[INFO] [stdout] test infrastructure::storage::tests::update_node_metadata_normalizes_stringified_object ... ok
[INFO] [stdout] test infrastructure::template::tests::handlebars_engine_id_is_handlebars ... ok
[INFO] [stdout] test infrastructure::storage::tests::version_record_insert_and_count ... ok
[INFO] [stdout] test infrastructure::template::tests::handlebars_engine_renders_nested_path ... ok
[INFO] [stdout] test infrastructure::template::tests::handlebars_engine_missing_path_renders_empty ... ok
[INFO] [stdout] test infrastructure::template::tests::handlebars_engine_renders_scalar ... ok
[INFO] [stdout] test infrastructure::wire_uri::tests::display_returns_raw ... ok
[INFO] [stdout] test infrastructure::wire_uri::tests::empty_query_value_ok ... ok
[INFO] [stdout] test infrastructure::wire_uri::tests::fragment_only ... ok
[INFO] [stdout] test infrastructure::wire_uri::tests::parses_file_scheme_with_triple_slash ... ok
[INFO] [stdout] test infrastructure::wire_uri::tests::parses_file_scheme_without_authority ... ok
[INFO] [stdout] test infrastructure::tank::tests::tail_last_section_fails_loud ... ok
[INFO] [stdout] test infrastructure::wire_uri::tests::parses_full_uri ... ok
[INFO] [stdout] test infrastructure::wire_uri::tests::parses_host_only ... ok
[INFO] [stdout] test infrastructure::wire_uri::tests::rejects_empty_scheme ... ok
[INFO] [stdout] test infrastructure::wire_uri::tests::rejects_invalid_scheme_chars ... ok
[INFO] [stdout] test infrastructure::tank::tests::limit_and_tail_n_together_fail_loud ... ok
[INFO] [stdout] test infrastructure::storage::tests::version_pk_rejects_duplicate_kind_id_version ... ok
[INFO] [stdout] test infrastructure::storage::tests::update_node_metadata_rejects_non_object_input ... ok
[INFO] [stdout] test infrastructure::wire_uri::tests::rejects_missing_scheme ... ok
[INFO] [stdout] test infrastructure::tank::tests::rejects_multi_segment_path ... ok
[INFO] [stdout] test infrastructure::storage::tests::workflow_runs_table_exists ... ok
[INFO] [stdout] test infrastructure::tank::tests::rejects_missing_persona ... ok
[INFO] [stdout] test infrastructure::tank::tests::tail_n_fetches_last_items ... ok
[INFO] [stdout] test infrastructure::tank::tests::empty_tank_is_graceful ... ok
[INFO] [stdout] test infrastructure::tank::tests::since_relative_filters_timeline ... ok
[INFO] [stdout] test infrastructure::tank::tests::scheme_and_filter_caps ... ok
[INFO] [stdout] test infrastructure::wire_uri::tests::parses_mini_app_with_query ... ok
[INFO] [stdout] test infrastructure::wire_uri::tests::raw_preserves_input ... ok
[INFO] [stdout] test application::bundle_registry::tests::register_overwrite_preserves_id_and_created_at ... ok
[INFO] [stdout] test application::projection_registry::tests::list_full_returns_created_at_desc ... ok
[INFO] [stdout] test application::spec_registry::tests::list_full_returns_created_at_desc ... ok
[INFO] [stdout] 
[INFO] [stdout] failures:
[INFO] [stdout] 
[INFO] [stdout] ---- infrastructure::adapter::tests::r4_body_backward_compat stdout ----
[INFO] [stdout] 
[INFO] [stdout] thread 'infrastructure::adapter::tests::r4_body_backward_compat' (1827) panicked at src/infrastructure/adapter.rs:704:9:
[INFO] [stdout] body should remain a string for an existing file
[INFO] [stdout] stack backtrace:
[INFO] [stdout]    0:     0x5fd5cf0f05f1 - <<std[70759c8f55707aa4]::sys::backtrace::BacktraceLock>::print::DisplayBacktrace as core[df12db4294e9bfd3]::fmt::Display>::fmt
[INFO] [stdout]    1:     0x5fd5cf107b7a - core[df12db4294e9bfd3]::fmt::write
[INFO] [stdout]    2:     0x5fd5cf0f4d9c - <alloc[2182bb758b4b3781]::vec::Vec<u8> as core[df12db4294e9bfd3]::io::write::Write>::write_fmt
[INFO] [stdout]    3:     0x5fd5cf0ca8b6 - std[70759c8f55707aa4]::panicking::default_hook::{closure#0}
[INFO] [stdout]    4:     0x5fd5cf0e7c29 - std[70759c8f55707aa4]::panicking::default_hook
[INFO] [stdout]    5:     0x5fd5cee7d5e0 - test[9d35eded1c95d3be]::test_main_inner::<test[9d35eded1c95d3be]::test_main_static::{closure#0}>::{closure#0}
[INFO] [stdout]    6:     0x5fd5cf0e7de2 - std[70759c8f55707aa4]::panicking::panic_with_hook
[INFO] [stdout]    7:     0x5fd5cf0ca994 - std[70759c8f55707aa4]::panicking::panic_handler::{closure#0}
[INFO] [stdout]    8:     0x5fd5cf0c3399 - std[70759c8f55707aa4]::sys::backtrace::__rust_end_short_backtrace::<std[70759c8f55707aa4]::panicking::panic_handler::{closure#0}, !>
[INFO] [stdout]    9:     0x5fd5cf0cb55d - __rustc[8fa7c3cbc660c2b3]::rust_begin_unwind
[INFO] [stdout]   10:     0x5fd5cf1082dc - core[df12db4294e9bfd3]::panicking::panic_fmt
[INFO] [stderr] error: test failed, to rerun pass `--lib`
[INFO] [stdout]   11:     0x5fd5cedd793f - persona_wire_core[9558c91f107fd27f]::infrastructure::adapter::tests::r4_body_backward_compat::{closure#0}
[INFO] [stdout]   12:     0x5fd5ced45453 - <tokio[5f95f5cc328d3f32]::runtime::scheduler::current_thread::Context>::enter::<core[df12db4294e9bfd3]::task::poll::Poll<()>, <tokio[5f95f5cc328d3f32]::runtime::scheduler::current_thread::CoreGuard>::block_on<core[df12db4294e9bfd3]::pin::Pin<&mut core[df12db4294e9bfd3]::pin::Pin<&mut dyn core[df12db4294e9bfd3]::future::future::Future<Output = ()>>>>::{closure#0}::{closure#0}>
[INFO] [stdout]   13:     0x5fd5cedd07fc - <tokio[5f95f5cc328d3f32]::runtime::context::scoped::Scoped<tokio[5f95f5cc328d3f32]::runtime::scheduler::Context>>::set::<<tokio[5f95f5cc328d3f32]::runtime::scheduler::current_thread::CoreGuard>::enter<<tokio[5f95f5cc328d3f32]::runtime::scheduler::current_thread::CoreGuard>::block_on<core[df12db4294e9bfd3]::pin::Pin<&mut core[df12db4294e9bfd3]::pin::Pin<&mut dyn core[df12db4294e9bfd3]::future::future::Future<Output = ()>>>>::{closure#0}, core[df12db4294e9bfd3]::option::Option<()>>::{closure#0}, (alloc[2182bb758b4b3781]::boxed::Box<tokio[5f95f5cc328d3f32]::runtime::scheduler::current_thread::Core>, core[df12db4294e9bfd3]::option::Option<()>)>
[INFO] [stdout]   14:     0x5fd5ced457a7 - <tokio[5f95f5cc328d3f32]::runtime::scheduler::current_thread::CoreGuard>::block_on::<core[df12db4294e9bfd3]::pin::Pin<&mut core[df12db4294e9bfd3]::pin::Pin<&mut dyn core[df12db4294e9bfd3]::future::future::Future<Output = ()>>>>
[INFO] [stdout]   15:     0x5fd5cedd39b7 - tokio[5f95f5cc328d3f32]::runtime::context::runtime::enter_runtime::<<tokio[5f95f5cc328d3f32]::runtime::scheduler::current_thread::CurrentThread>::block_on<core[df12db4294e9bfd3]::pin::Pin<&mut dyn core[df12db4294e9bfd3]::future::future::Future<Output = ()>>>::{closure#0}, ()>
[INFO] [stdout]   16:     0x5fd5cedd059a - <tokio[5f95f5cc328d3f32]::runtime::runtime::Runtime>::block_on::<core[df12db4294e9bfd3]::pin::Pin<&mut dyn core[df12db4294e9bfd3]::future::future::Future<Output = ()>>>
[INFO] [stdout]   17:     0x5fd5ceddfaf1 - persona_wire_core[9558c91f107fd27f]::infrastructure::adapter::tests::r4_body_backward_compat
[INFO] [stdout]   18:     0x5fd5ced15d79 - <persona_wire_core[9558c91f107fd27f]::infrastructure::adapter::tests::r4_body_backward_compat::{closure#0} as core[df12db4294e9bfd3]::ops::function::FnOnce<()>>::call_once
[INFO] [stdout]   19:     0x5fd5cee708cb - test[9d35eded1c95d3be]::__rust_begin_short_backtrace::<core[df12db4294e9bfd3]::result::Result<(), alloc[2182bb758b4b3781]::string::String>, fn() -> core[df12db4294e9bfd3]::result::Result<(), alloc[2182bb758b4b3781]::string::String>>
[INFO] [stdout]   20:     0x5fd5cee7df35 - test[9d35eded1c95d3be]::run_test::{closure#0}
[INFO] [stdout]   21:     0x5fd5cee777f4 - std[70759c8f55707aa4]::sys::backtrace::__rust_begin_short_backtrace::<test[9d35eded1c95d3be]::run_test::{closure#1}, ()>
[INFO] [stdout]   22:     0x5fd5cee81092 - <std[70759c8f55707aa4]::thread::lifecycle::spawn_unchecked<test[9d35eded1c95d3be]::run_test::{closure#1}, ()>::{closure#1} as core[df12db4294e9bfd3]::ops::function::FnOnce<()>>::call_once::{shim:vtable#0}
[INFO] [stdout]   23:     0x5fd5cf0ef939 - <std[70759c8f55707aa4]::sys::thread::unix::Thread>::new::thread_start
[INFO] [stdout]   24:     0x7f1e52acddfa - <unknown>
[INFO] [stdout]   25:     0x7f1e52b613d4 - clone
[INFO] [stdout]   26:                0x0 - <unknown>
[INFO] [stdout] 
[INFO] [stdout] ---- infrastructure::adapter::tests::r4_metadata_present_for_existing_file stdout ----
[INFO] [stdout] 
[INFO] [stdout] thread 'infrastructure::adapter::tests::r4_metadata_present_for_existing_file' (1830) panicked at src/infrastructure/adapter.rs:658:9:
[INFO] [stdout] metadata should be present for an existing file
[INFO] [stdout] stack backtrace:
[INFO] [stdout]    0:     0x5fd5cf0f05f1 - <<std[70759c8f55707aa4]::sys::backtrace::BacktraceLock>::print::DisplayBacktrace as core[df12db4294e9bfd3]::fmt::Display>::fmt
[INFO] [stdout]    1:     0x5fd5cf107b7a - core[df12db4294e9bfd3]::fmt::write
[INFO] [stdout]    2:     0x5fd5cf0f4d9c - <alloc[2182bb758b4b3781]::vec::Vec<u8> as core[df12db4294e9bfd3]::io::write::Write>::write_fmt
[INFO] [stdout]    3:     0x5fd5cf0ca8b6 - std[70759c8f55707aa4]::panicking::default_hook::{closure#0}
[INFO] [stdout]    4:     0x5fd5cf0e7c29 - std[70759c8f55707aa4]::panicking::default_hook
[INFO] [stdout]    5:     0x5fd5cee7d5e0 - test[9d35eded1c95d3be]::test_main_inner::<test[9d35eded1c95d3be]::test_main_static::{closure#0}>::{closure#0}
[INFO] [stdout]    6:     0x5fd5cf0e7de2 - std[70759c8f55707aa4]::panicking::panic_with_hook
[INFO] [stdout]    7:     0x5fd5cf0ca994 - std[70759c8f55707aa4]::panicking::panic_handler::{closure#0}
[INFO] [stdout]    8:     0x5fd5cf0c3399 - std[70759c8f55707aa4]::sys::backtrace::__rust_end_short_backtrace::<std[70759c8f55707aa4]::panicking::panic_handler::{closure#0}, !>
[INFO] [stdout]    9:     0x5fd5cf0cb55d - __rustc[8fa7c3cbc660c2b3]::rust_begin_unwind
[INFO] [stdout]   10:     0x5fd5cf1082dc - core[df12db4294e9bfd3]::panicking::panic_fmt
[INFO] [stdout]   11:     0x5fd5cedda0b9 - persona_wire_core[9558c91f107fd27f]::infrastructure::adapter::tests::r4_metadata_present_for_existing_file::{closure#0}
[INFO] [stdout]   12:     0x5fd5ced45453 - <tokio[5f95f5cc328d3f32]::runtime::scheduler::current_thread::Context>::enter::<core[df12db4294e9bfd3]::task::poll::Poll<()>, <tokio[5f95f5cc328d3f32]::runtime::scheduler::current_thread::CoreGuard>::block_on<core[df12db4294e9bfd3]::pin::Pin<&mut core[df12db4294e9bfd3]::pin::Pin<&mut dyn core[df12db4294e9bfd3]::future::future::Future<Output = ()>>>>::{closure#0}::{closure#0}>
[INFO] [stdout]   13:     0x5fd5cedd07fc - <tokio[5f95f5cc328d3f32]::runtime::context::scoped::Scoped<tokio[5f95f5cc328d3f32]::runtime::scheduler::Context>>::set::<<tokio[5f95f5cc328d3f32]::runtime::scheduler::current_thread::CoreGuard>::enter<<tokio[5f95f5cc328d3f32]::runtime::scheduler::current_thread::CoreGuard>::block_on<core[df12db4294e9bfd3]::pin::Pin<&mut core[df12db4294e9bfd3]::pin::Pin<&mut dyn core[df12db4294e9bfd3]::future::future::Future<Output = ()>>>>::{closure#0}, core[df12db4294e9bfd3]::option::Option<()>>::{closure#0}, (alloc[2182bb758b4b3781]::boxed::Box<tokio[5f95f5cc328d3f32]::runtime::scheduler::current_thread::Core>, core[df12db4294e9bfd3]::option::Option<()>)>
[INFO] [stdout]   14:     0x5fd5ced457a7 - <tokio[5f95f5cc328d3f32]::runtime::scheduler::current_thread::CoreGuard>::block_on::<core[df12db4294e9bfd3]::pin::Pin<&mut core[df12db4294e9bfd3]::pin::Pin<&mut dyn core[df12db4294e9bfd3]::future::future::Future<Output = ()>>>>
[INFO] [stdout]   15:     0x5fd5cedd39b7 - tokio[5f95f5cc328d3f32]::runtime::context::runtime::enter_runtime::<<tokio[5f95f5cc328d3f32]::runtime::scheduler::current_thread::CurrentThread>::block_on<core[df12db4294e9bfd3]::pin::Pin<&mut dyn core[df12db4294e9bfd3]::future::future::Future<Output = ()>>>::{closure#0}, ()>
[INFO] [stdout]   16:     0x5fd5cedd059a - <tokio[5f95f5cc328d3f32]::runtime::runtime::Runtime>::block_on::<core[df12db4294e9bfd3]::pin::Pin<&mut dyn core[df12db4294e9bfd3]::future::future::Future<Output = ()>>>
[INFO] [stdout]   17:     0x5fd5cede06e1 - persona_wire_core[9558c91f107fd27f]::infrastructure::adapter::tests::r4_metadata_present_for_existing_file
[INFO] [stdout]   18:     0x5fd5ced15e99 - <persona_wire_core[9558c91f107fd27f]::infrastructure::adapter::tests::r4_metadata_present_for_existing_file::{closure#0} as core[df12db4294e9bfd3]::ops::function::FnOnce<()>>::call_once
[INFO] [stdout]   19:     0x5fd5cee708cb - test[9d35eded1c95d3be]::__rust_begin_short_backtrace::<core[df12db4294e9bfd3]::result::Result<(), alloc[2182bb758b4b3781]::string::String>, fn() -> core[df12db4294e9bfd3]::result::Result<(), alloc[2182bb758b4b3781]::string::String>>
[INFO] [stdout]   20:     0x5fd5cee7df35 - test[9d35eded1c95d3be]::run_test::{closure#0}
[INFO] [stdout]   21:     0x5fd5cee777f4 - std[70759c8f55707aa4]::sys::backtrace::__rust_begin_short_backtrace::<test[9d35eded1c95d3be]::run_test::{closure#1}, ()>
[INFO] [stdout]   22:     0x5fd5cee81092 - <std[70759c8f55707aa4]::thread::lifecycle::spawn_unchecked<test[9d35eded1c95d3be]::run_test::{closure#1}, ()>::{closure#1} as core[df12db4294e9bfd3]::ops::function::FnOnce<()>>::call_once::{shim:vtable#0}
[INFO] [stdout]   23:     0x5fd5cf0ef939 - <std[70759c8f55707aa4]::sys::thread::unix::Thread>::new::thread_start
[INFO] [stdout]   24:     0x7f1e52acddfa - <unknown>
[INFO] [stdout]   25:     0x7f1e52b613d4 - clone
[INFO] [stdout]   26:                0x0 - <unknown>
[INFO] [stdout] 
[INFO] [stdout] ---- infrastructure::adapter::tests::file_adapter_reads_existing_file stdout ----
[INFO] [stdout] 
[INFO] [stdout] thread 'infrastructure::adapter::tests::file_adapter_reads_existing_file' (1825) panicked at src/infrastructure/adapter.rs:418:39:
[INFO] [stdout] called `Option::unwrap()` on a `None` value
[INFO] [stdout] stack backtrace:
[INFO] [stdout]    0:     0x5fd5cf0f05f1 - <<std[70759c8f55707aa4]::sys::backtrace::BacktraceLock>::print::DisplayBacktrace as core[df12db4294e9bfd3]::fmt::Display>::fmt
[INFO] [stdout]    1:     0x5fd5cf107b7a - core[df12db4294e9bfd3]::fmt::write
[INFO] [stdout]    2:     0x5fd5cf0f4d9c - <alloc[2182bb758b4b3781]::vec::Vec<u8> as core[df12db4294e9bfd3]::io::write::Write>::write_fmt
[INFO] [stdout]    3:     0x5fd5cf0ca8b6 - std[70759c8f55707aa4]::panicking::default_hook::{closure#0}
[INFO] [stdout]    4:     0x5fd5cf0e7c29 - std[70759c8f55707aa4]::panicking::default_hook
[INFO] [stdout]    5:     0x5fd5cee7d5e0 - test[9d35eded1c95d3be]::test_main_inner::<test[9d35eded1c95d3be]::test_main_static::{closure#0}>::{closure#0}
[INFO] [stdout]    6:     0x5fd5cf0e7de2 - std[70759c8f55707aa4]::panicking::panic_with_hook
[INFO] [stdout]    7:     0x5fd5cf0ca994 - std[70759c8f55707aa4]::panicking::panic_handler::{closure#0}
[INFO] [stdout]    8:     0x5fd5cf0c3399 - std[70759c8f55707aa4]::sys::backtrace::__rust_end_short_backtrace::<std[70759c8f55707aa4]::panicking::panic_handler::{closure#0}, !>
[INFO] [stdout]    9:     0x5fd5cf0cb55d - __rustc[8fa7c3cbc660c2b3]::rust_begin_unwind
[INFO] [stdout]   10:     0x5fd5cf1082dc - core[df12db4294e9bfd3]::panicking::panic_fmt
[INFO] [stdout]   11:     0x5fd5cf1082a2 - core[df12db4294e9bfd3]::panicking::panic
[INFO] [stdout]   12:     0x5fd5cf108059 - core[df12db4294e9bfd3]::option::unwrap_failed
[INFO] [stdout]   13:     0x5fd5cedd918a - persona_wire_core[9558c91f107fd27f]::infrastructure::adapter::tests::file_adapter_reads_existing_file::{closure#0}
[INFO] [stdout]   14:     0x5fd5ced45453 - <tokio[5f95f5cc328d3f32]::runtime::scheduler::current_thread::Context>::enter::<core[df12db4294e9bfd3]::task::poll::Poll<()>, <tokio[5f95f5cc328d3f32]::runtime::scheduler::current_thread::CoreGuard>::block_on<core[df12db4294e9bfd3]::pin::Pin<&mut core[df12db4294e9bfd3]::pin::Pin<&mut dyn core[df12db4294e9bfd3]::future::future::Future<Output = ()>>>>::{closure#0}::{closure#0}>
[INFO] [stdout]   15:     0x5fd5cedd07fc - <tokio[5f95f5cc328d3f32]::runtime::context::scoped::Scoped<tokio[5f95f5cc328d3f32]::runtime::scheduler::Context>>::set::<<tokio[5f95f5cc328d3f32]::runtime::scheduler::current_thread::CoreGuard>::enter<<tokio[5f95f5cc328d3f32]::runtime::scheduler::current_thread::CoreGuard>::block_on<core[df12db4294e9bfd3]::pin::Pin<&mut core[df12db4294e9bfd3]::pin::Pin<&mut dyn core[df12db4294e9bfd3]::future::future::Future<Output = ()>>>>::{closure#0}, core[df12db4294e9bfd3]::option::Option<()>>::{closure#0}, (alloc[2182bb758b4b3781]::boxed::Box<tokio[5f95f5cc328d3f32]::runtime::scheduler::current_thread::Core>, core[df12db4294e9bfd3]::option::Option<()>)>
[INFO] [stdout]   16:     0x5fd5ced457a7 - <tokio[5f95f5cc328d3f32]::runtime::scheduler::current_thread::CoreGuard>::block_on::<core[df12db4294e9bfd3]::pin::Pin<&mut core[df12db4294e9bfd3]::pin::Pin<&mut dyn core[df12db4294e9bfd3]::future::future::Future<Output = ()>>>>
[INFO] [stdout]   17:     0x5fd5cedd39b7 - tokio[5f95f5cc328d3f32]::runtime::context::runtime::enter_runtime::<<tokio[5f95f5cc328d3f32]::runtime::scheduler::current_thread::CurrentThread>::block_on<core[df12db4294e9bfd3]::pin::Pin<&mut dyn core[df12db4294e9bfd3]::future::future::Future<Output = ()>>>::{closure#0}, ()>
[INFO] [stdout]   18:     0x5fd5cedd059a - <tokio[5f95f5cc328d3f32]::runtime::runtime::Runtime>::block_on::<core[df12db4294e9bfd3]::pin::Pin<&mut dyn core[df12db4294e9bfd3]::future::future::Future<Output = ()>>>
[INFO] [stdout]   19:     0x5fd5cede0151 - persona_wire_core[9558c91f107fd27f]::infrastructure::adapter::tests::file_adapter_reads_existing_file
[INFO] [stdout]   20:     0x5fd5ced15e19 - <persona_wire_core[9558c91f107fd27f]::infrastructure::adapter::tests::file_adapter_reads_existing_file::{closure#0} as core[df12db4294e9bfd3]::ops::function::FnOnce<()>>::call_once
[INFO] [stdout]   21:     0x5fd5cee708cb - test[9d35eded1c95d3be]::__rust_begin_short_backtrace::<core[df12db4294e9bfd3]::result::Result<(), alloc[2182bb758b4b3781]::string::String>, fn() -> core[df12db4294e9bfd3]::result::Result<(), alloc[2182bb758b4b3781]::string::String>>
[INFO] [stdout]   22:     0x5fd5cee7df35 - test[9d35eded1c95d3be]::run_test::{closure#0}
[INFO] [stdout]   23:     0x5fd5cee777f4 - std[70759c8f55707aa4]::sys::backtrace::__rust_begin_short_backtrace::<test[9d35eded1c95d3be]::run_test::{closure#1}, ()>
[INFO] [stdout]   24:     0x5fd5cee81092 - <std[70759c8f55707aa4]::thread::lifecycle::spawn_unchecked<test[9d35eded1c95d3be]::run_test::{closure#1}, ()>::{closure#1} as core[df12db4294e9bfd3]::ops::function::FnOnce<()>>::call_once::{shim:vtable#0}
[INFO] [stdout]   25:     0x5fd5cf0ef939 - <std[70759c8f55707aa4]::sys::thread::unix::Thread>::new::thread_start
[INFO] [stdout]   26:     0x7f1e52acddfa - <unknown>
[INFO] [stdout]   27:     0x7f1e52b613d4 - clone
[INFO] [stdout]   28:                0x0 - <unknown>
[INFO] [stdout] 
[INFO] [stdout] ---- infrastructure::adapter::tests::r4_metadata_field_types stdout ----
[INFO] [stdout] 
[INFO] [stdout] thread 'infrastructure::adapter::tests::r4_metadata_field_types' (1828) panicked at src/infrastructure/adapter.rs:727:50:
[INFO] [stdout] called `Option::unwrap()` on a `None` value
[INFO] [stdout] stack backtrace:
[INFO] [stdout]    0:     0x5fd5cf0f05f1 - <<std[70759c8f55707aa4]::sys::backtrace::BacktraceLock>::print::DisplayBacktrace as core[df12db4294e9bfd3]::fmt::Display>::fmt
[INFO] [stdout]    1:     0x5fd5cf107b7a - core[df12db4294e9bfd3]::fmt::write
[INFO] [stdout]    2:     0x5fd5cf0f4d9c - <alloc[2182bb758b4b3781]::vec::Vec<u8> as core[df12db4294e9bfd3]::io::write::Write>::write_fmt
[INFO] [stdout]    3:     0x5fd5cf0ca8b6 - std[70759c8f55707aa4]::panicking::default_hook::{closure#0}
[INFO] [stdout]    4:     0x5fd5cf0e7c29 - std[70759c8f55707aa4]::panicking::default_hook
[INFO] [stdout]    5:     0x5fd5cee7d5e0 - test[9d35eded1c95d3be]::test_main_inner::<test[9d35eded1c95d3be]::test_main_static::{closure#0}>::{closure#0}
[INFO] [stdout]    6:     0x5fd5cf0e7de2 - std[70759c8f55707aa4]::panicking::panic_with_hook
[INFO] [stdout]    7:     0x5fd5cf0ca994 - std[70759c8f55707aa4]::panicking::panic_handler::{closure#0}
[INFO] [stdout]    8:     0x5fd5cf0c3399 - std[70759c8f55707aa4]::sys::backtrace::__rust_end_short_backtrace::<std[70759c8f55707aa4]::panicking::panic_handler::{closure#0}, !>
[INFO] [stdout]    9:     0x5fd5cf0cb55d - __rustc[8fa7c3cbc660c2b3]::rust_begin_unwind
[INFO] [stdout]   10:     0x5fd5cf1082dc - core[df12db4294e9bfd3]::panicking::panic_fmt
[INFO] [stdout]   11:     0x5fd5cf1082a2 - core[df12db4294e9bfd3]::panicking::panic
[INFO] [stdout]   12:     0x5fd5cf108059 - core[df12db4294e9bfd3]::option::unwrap_failed
[INFO] [stdout]   13:     0x5fd5cedd7e35 - persona_wire_core[9558c91f107fd27f]::infrastructure::adapter::tests::r4_metadata_field_types::{closure#0}
[INFO] [stdout]   14:     0x5fd5ced45453 - <tokio[5f95f5cc328d3f32]::runtime::scheduler::current_thread::Context>::enter::<core[df12db4294e9bfd3]::task::poll::Poll<()>, <tokio[5f95f5cc328d3f32]::runtime::scheduler::current_thread::CoreGuard>::block_on<core[df12db4294e9bfd3]::pin::Pin<&mut core[df12db4294e9bfd3]::pin::Pin<&mut dyn core[df12db4294e9bfd3]::future::future::Future<Output = ()>>>>::{closure#0}::{closure#0}>
[INFO] [stdout]   15:     0x5fd5cedd07fc - <tokio[5f95f5cc328d3f32]::runtime::context::scoped::Scoped<tokio[5f95f5cc328d3f32]::runtime::scheduler::Context>>::set::<<tokio[5f95f5cc328d3f32]::runtime::scheduler::current_thread::CoreGuard>::enter<<tokio[5f95f5cc328d3f32]::runtime::scheduler::current_thread::CoreGuard>::block_on<core[df12db4294e9bfd3]::pin::Pin<&mut core[df12db4294e9bfd3]::pin::Pin<&mut dyn core[df12db4294e9bfd3]::future::future::Future<Output = ()>>>>::{closure#0}, core[df12db4294e9bfd3]::option::Option<()>>::{closure#0}, (alloc[2182bb758b4b3781]::boxed::Box<tokio[5f95f5cc328d3f32]::runtime::scheduler::current_thread::Core>, core[df12db4294e9bfd3]::option::Option<()>)>
[INFO] [stdout]   16:     0x5fd5ced457a7 - <tokio[5f95f5cc328d3f32]::runtime::scheduler::current_thread::CoreGuard>::block_on::<core[df12db4294e9bfd3]::pin::Pin<&mut core[df12db4294e9bfd3]::pin::Pin<&mut dyn core[df12db4294e9bfd3]::future::future::Future<Output = ()>>>>
[INFO] [stdout]   17:     0x5fd5cedd39b7 - tokio[5f95f5cc328d3f32]::runtime::context::runtime::enter_runtime::<<tokio[5f95f5cc328d3f32]::runtime::scheduler::current_thread::CurrentThread>::block_on<core[df12db4294e9bfd3]::pin::Pin<&mut dyn core[df12db4294e9bfd3]::future::future::Future<Output = ()>>>::{closure#0}, ()>
[INFO] [stdout]   18:     0x5fd5cedd059a - <tokio[5f95f5cc328d3f32]::runtime::runtime::Runtime>::block_on::<core[df12db4294e9bfd3]::pin::Pin<&mut dyn core[df12db4294e9bfd3]::future::future::Future<Output = ()>>>
[INFO] [stdout]   19:     0x5fd5ceddfc41 - persona_wire_core[9558c91f107fd27f]::infrastructure::adapter::tests::r4_metadata_field_types
[INFO] [stdout]   20:     0x5fd5ced15d99 - <persona_wire_core[9558c91f107fd27f]::infrastructure::adapter::tests::r4_metadata_field_types::{closure#0} as core[df12db4294e9bfd3]::ops::function::FnOnce<()>>::call_once
[INFO] [stdout]   21:     0x5fd5cee708cb - test[9d35eded1c95d3be]::__rust_begin_short_backtrace::<core[df12db4294e9bfd3]::result::Result<(), alloc[2182bb758b4b3781]::string::String>, fn() -> core[df12db4294e9bfd3]::result::Result<(), alloc[2182bb758b4b3781]::string::String>>
[INFO] [stdout]   22:     0x5fd5cee7df35 - test[9d35eded1c95d3be]::run_test::{closure#0}
[INFO] [stdout]   23:     0x5fd5cee777f4 - std[70759c8f55707aa4]::sys::backtrace::__rust_begin_short_backtrace::<test[9d35eded1c95d3be]::run_test::{closure#1}, ()>
[INFO] [stdout]   24:     0x5fd5cee81092 - <std[70759c8f55707aa4]::thread::lifecycle::spawn_unchecked<test[9d35eded1c95d3be]::run_test::{closure#1}, ()>::{closure#1} as core[df12db4294e9bfd3]::ops::function::FnOnce<()>>::call_once::{shim:vtable#0}
[INFO] [stdout]   25:     0x5fd5cf0ef939 - <std[70759c8f55707aa4]::sys::thread::unix::Thread>::new::thread_start
[INFO] [stdout]   26:     0x7f1e52acddfa - <unknown>
[INFO] [stdout]   27:     0x7f1e52b613d4 - clone
[INFO] [stdout]   28:                0x0 - <unknown>
[INFO] [stdout] 
[INFO] [stdout] 
[INFO] [stdout] failures:
[INFO] [stdout]     infrastructure::adapter::tests::file_adapter_reads_existing_file
[INFO] [stdout]     infrastructure::adapter::tests::r4_body_backward_compat
[INFO] [stdout]     infrastructure::adapter::tests::r4_metadata_field_types
[INFO] [stdout]     infrastructure::adapter::tests::r4_metadata_present_for_existing_file
[INFO] [stdout] 
[INFO] [stdout] test result: FAILED. 439 passed; 4 failed; 0 ignored; 0 measured; 0 filtered out; finished in 1.28s
[INFO] [stdout] 
[INFO] running `Command { std: "docker" "inspect" "97effd580393977fcc08bfa4f251af59cfcbb091abbd29f0c5df505dd55bae9c", kill_on_drop: false }`
[INFO] running `Command { std: "docker" "rm" "-f" "97effd580393977fcc08bfa4f251af59cfcbb091abbd29f0c5df505dd55bae9c", kill_on_drop: false }`
[INFO] [stdout] 97effd580393977fcc08bfa4f251af59cfcbb091abbd29f0c5df505dd55bae9c
