[INFO] fetching crate persona-pack 0.5.0...
[INFO] testing persona-pack-0.5.0 against 1.99.0-beta.8+cargoflags=--release for beta-release-1.100-2
[INFO] extracting crate persona-pack 0.5.0 into /workspace/builds/worker-5-tc1/source
[INFO] started tweaking crates.io crate persona-pack 0.5.0
[INFO] removed 0 missing tests
[INFO] finished tweaking crates.io crate persona-pack 0.5.0
[INFO] tweaked toml for crates.io crate persona-pack 0.5.0 written to /workspace/builds/worker-5-tc1/source/Cargo.toml
[INFO] validating manifest of crates.io crate persona-pack 0.5.0 on toolchain 1.99.0-beta.8
[INFO] running `Command { std: CARGO_HOME="/workspace/cargo-home" RUSTUP_HOME="/workspace/rustup-home" "/workspace/cargo-home/bin/cargo" "+1.99.0-beta.8" "metadata" "--manifest-path" "Cargo.toml" "--no-deps", kill_on_drop: false }`
[INFO] crate crates.io crate persona-pack 0.5.0 already has a lockfile, it will not be regenerated
[INFO] running `Command { std: CARGO_HOME="/workspace/cargo-home" RUSTUP_HOME="/workspace/rustup-home" "/workspace/cargo-home/bin/cargo" "+1.99.0-beta.8" "fetch" "--manifest-path" "Cargo.toml", kill_on_drop: false }`
[INFO] running `Command { std: "docker" "create" "-v" "/var/lib/crater-agent-workspace/builds/worker-5-tc1/source:/opt/rustwide/workdir:ro,Z" "-v" "/var/lib/crater-agent-workspace/builds/worker-5-tc1/target:/opt/rustwide/target:rw,Z" "-v" "/var/lib/crater-agent-workspace/cargo-home:/opt/rustwide/cargo-home:ro,Z" "-v" "/var/lib/crater-agent-workspace/rustup-home:/opt/rustwide/rustup-home:ro,Z" "-m" "1610612736" "--network" "none" "ghcr.io/rust-lang/crates-build-env/linux@sha256:77db811e55d90add9212f6832c23229e3de5f1c1f9905e8cb07319ea15df73ac" "sleep" "infinity", kill_on_drop: false }`
[INFO] [stdout] 101159adb505b8050022c7cffbfc69e7ff528503cea5bead2c42fe56f102e973
[INFO] running `Command { std: "docker" "start" "101159adb505b8050022c7cffbfc69e7ff528503cea5bead2c42fe56f102e973", kill_on_drop: false }`
[INFO] running `Command { std: "docker" "inspect" "101159adb505b8050022c7cffbfc69e7ff528503cea5bead2c42fe56f102e973", kill_on_drop: false }`
[INFO] running `Command { std: "docker" "exec" "-e" "SOURCE_DIR=/opt/rustwide/workdir" "-e" "CARGO_HOME=/opt/rustwide/cargo-home" "-e" "RUSTUP_HOME=/opt/rustwide/rustup-home" "-e" "CARGO_TARGET_DIR=/opt/rustwide/target" "-w" "/opt/rustwide/workdir" "--user" "0:0" "101159adb505b8050022c7cffbfc69e7ff528503cea5bead2c42fe56f102e973" "/opt/rustwide/cargo-home/bin/cargo" "+1.99.0-beta.8" "metadata" "--no-deps" "--format-version=1", kill_on_drop: false }`
[INFO] running `Command { std: "docker" "inspect" "101159adb505b8050022c7cffbfc69e7ff528503cea5bead2c42fe56f102e973", kill_on_drop: false }`
[INFO] running `Command { std: "docker" "exec" "-e" "SOURCE_DIR=/opt/rustwide/workdir" "-e" "CARGO_HOME=/opt/rustwide/cargo-home" "-e" "RUSTUP_HOME=/opt/rustwide/rustup-home" "-e" "CARGO_TARGET_DIR=/opt/rustwide/target" "-e" "CARGO_INCREMENTAL=0" "-e" "RUST_BACKTRACE=full" "-e" "RUSTFLAGS=--cap-lints=warn" "-e" "RUSTDOCFLAGS=--cap-lints=warn" "-w" "/opt/rustwide/workdir" "--user" "0:0" "101159adb505b8050022c7cffbfc69e7ff528503cea5bead2c42fe56f102e973" "/opt/rustwide/cargo-home/bin/cargo" "+1.99.0-beta.8" "build" "--frozen" "--message-format=json" "--release", kill_on_drop: false }`
[INFO] [stderr]    Compiling time-core v0.1.8
[INFO] [stderr]    Compiling num-conv v0.2.1
[INFO] [stderr]    Compiling toml_write v0.1.2
[INFO] [stderr]    Compiling winnow v0.7.15
[INFO] [stderr]    Compiling thiserror-impl v1.0.69
[INFO] [stderr]    Compiling toml_datetime v0.6.11
[INFO] [stderr]    Compiling serde_spanned v0.6.9
[INFO] [stderr]    Compiling time-macros v0.2.27
[INFO] [stderr]    Compiling thiserror v1.0.69
[INFO] [stderr]    Compiling time v0.3.47
[INFO] [stderr]    Compiling toml_edit v0.22.27
[INFO] [stderr]    Compiling toml v0.8.23
[INFO] [stderr]    Compiling persona-pack v0.5.0 (/opt/rustwide/workdir)
[INFO] [stderr]     Finished `release` profile [optimized] target(s) in 16.61s
[INFO] running `Command { std: "docker" "inspect" "101159adb505b8050022c7cffbfc69e7ff528503cea5bead2c42fe56f102e973", kill_on_drop: false }`
[INFO] running `Command { std: "docker" "exec" "-e" "SOURCE_DIR=/opt/rustwide/workdir" "-e" "CARGO_HOME=/opt/rustwide/cargo-home" "-e" "RUSTUP_HOME=/opt/rustwide/rustup-home" "-e" "CARGO_TARGET_DIR=/opt/rustwide/target" "-e" "CARGO_INCREMENTAL=0" "-e" "RUST_BACKTRACE=full" "-e" "RUSTFLAGS=--cap-lints=warn" "-e" "RUSTDOCFLAGS=--cap-lints=warn" "-w" "/opt/rustwide/workdir" "--user" "0:0" "101159adb505b8050022c7cffbfc69e7ff528503cea5bead2c42fe56f102e973" "/opt/rustwide/cargo-home/bin/cargo" "+1.99.0-beta.8" "test" "--frozen" "--no-run" "--message-format=json" "--release", kill_on_drop: false }`
[INFO] [stderr]    Compiling persona-pack v0.5.0 (/opt/rustwide/workdir)
[INFO] [stderr]     Finished `release` profile [optimized] target(s) in 4.96s
[INFO] running `Command { std: "docker" "inspect" "101159adb505b8050022c7cffbfc69e7ff528503cea5bead2c42fe56f102e973", kill_on_drop: false }`
[INFO] running `Command { std: "docker" "exec" "-e" "SOURCE_DIR=/opt/rustwide/workdir" "-e" "CARGO_HOME=/opt/rustwide/cargo-home" "-e" "RUSTUP_HOME=/opt/rustwide/rustup-home" "-e" "CARGO_TARGET_DIR=/opt/rustwide/target" "-e" "CARGO_INCREMENTAL=0" "-e" "RUST_BACKTRACE=full" "-e" "RUSTFLAGS=--cap-lints=warn" "-e" "RUSTDOCFLAGS=--cap-lints=warn" "-w" "/opt/rustwide/workdir" "--user" "0:0" "101159adb505b8050022c7cffbfc69e7ff528503cea5bead2c42fe56f102e973" "/opt/rustwide/cargo-home/bin/cargo" "+1.99.0-beta.8" "test" "--frozen" "--release", kill_on_drop: false }`
[INFO] [stderr]     Finished `release` profile [optimized] target(s) in 0.08s
[INFO] [stderr]      Running unittests src/lib.rs (/opt/rustwide/target/release/deps/persona_pack-a0c6066b72e095fd)
[INFO] [stdout] 
[INFO] [stdout] running 34 tests
[INFO] [stdout] test tests::permission_denied_error_display ... ok
[INFO] [stdout] test tests::history_list_excludes_current_prompt_toml ... ok
[INFO] [stdout] test tests::accepts_explicit_spec_version ... ok
[INFO] [stdout] test tests::missing_spec_version_defaults_to_0_1 ... ok
[INFO] [stdout] test tests::pack_root_read_missing ... ok
[INFO] [stdout] test tests::parses_minimal ... ok
[INFO] [stdout] test tests::accepts_custom_origin ... ok
[INFO] [stdout] test tests::lookup_dot_path_missing ... ok
[INFO] [stdout] test tests::redact_for_anonymous_strips_private_extra ... ok
[INFO] [stdout] test tests::redact_for_missing_path_no_op ... ok
[INFO] [stdout] test tests::redact_for_nested_extra_strip ... ok
[INFO] [stdout] test tests::lookup_dot_path_extra ... ok
[INFO] [stdout] test tests::read_at_rejects_traversal ... ok
[INFO] [stdout] test tests::lookup_dot_path_meta ... ok
[INFO] [stdout] test tests::preserves_extra_namespace ... ok
[INFO] [stdout] test tests::private_fields_round_trip ... ok
[INFO] [stdout] test tests::read_at_returns_history_persona ... ok
[INFO] [stdout] test tests::rejects_malformed_spec_version ... ok
[INFO] [stdout] test tests::pack_root_round_trip ... ok
[INFO] [stdout] test tests::redact_for_typed_field_silent_skip ... ok
[INFO] [stdout] test tests::snapshot_before_write_creates_history ... ok
[INFO] [stdout] test tests::redact_for_other_strips_private_extra ... ok
[INFO] [stdout] test tests::lookup_dot_path_prompt ... ok
[INFO] [stdout] test tests::read_at_missing_returns_not_found ... ok
[INFO] [stdout] test tests::rejects_empty_body ... ok
[INFO] [stdout] test tests::rejects_traversal_id ... ok
[INFO] [stdout] test tests::snapshot_before_write_skip_when_absent ... ok
[INFO] [stdout] test tests::rejects_unknown_origin ... ok
[INFO] [stdout] test tests::private_fields_serialize_skip_when_empty ... ok
[INFO] [stdout] test tests::redact_for_self_returns_full ... ok
[INFO] [stdout] test tests::rejects_slash_id ... ok
[INFO] [stdout] test tests::strip_dot_path_basic ... ok
[INFO] [stdout] test tests::strip_dot_path_missing ... ok
[INFO] [stderr]      Running tests/examples.rs (/opt/rustwide/target/release/deps/examples-9dfcd8387fb4e05c)
[INFO] [stdout] test tests::history_list_returns_descending ... ok
[INFO] [stdout] 
[INFO] [stdout] test result: ok. 34 passed; 0 failed; 0 ignored; 0 measured; 0 filtered out; finished in 1.00s
[INFO] [stdout] 
[INFO] [stdout] 
[INFO] [stdout] running 3 tests
[INFO] [stdout] test pack_root_delete_keeps_dir_if_non_empty ... ok
[INFO] [stderr] error: test failed, to rerun pass `--test examples`
[INFO] [stdout] test all_examples_parse ... FAILED
[INFO] [stdout] test pack_root_delete_removes_and_idempotent ... ok
[INFO] [stdout] 
[INFO] [stdout] failures:
[INFO] [stdout] 
[INFO] [stdout] ---- all_examples_parse stdout ----
[INFO] [stdout] 
[INFO] [stdout] thread 'all_examples_parse' (478) panicked at tests/examples.rs:16:38:
[INFO] [stdout] examples/ exists: Os { code: 2, kind: NotFound, message: "No such file or directory" }
[INFO] [stdout] stack backtrace:
[INFO] [stdout]    0:     0x59dce887c0d1 - <<std[70759c8f55707aa4]::sys::backtrace::BacktraceLock>::print::DisplayBacktrace as core[df12db4294e9bfd3]::fmt::Display>::fmt
[INFO] [stdout]    1:     0x59dce8891a3a - core[df12db4294e9bfd3]::fmt::write
[INFO] [stdout]    2:     0x59dce888085c - <alloc[2182bb758b4b3781]::vec::Vec<u8> as core[df12db4294e9bfd3]::io::write::Write>::write_fmt
[INFO] [stdout]    3:     0x59dce8856696 - std[70759c8f55707aa4]::panicking::default_hook::{closure#0}
[INFO] [stdout]    4:     0x59dce8873839 - std[70759c8f55707aa4]::panicking::default_hook
[INFO] [stdout]    5:     0x59dce87b2f70 - test[9d35eded1c95d3be]::test_main_inner::<test[9d35eded1c95d3be]::test_main_static::{closure#0}>::{closure#0}
[INFO] [stdout]    6:     0x59dce88739f2 - std[70759c8f55707aa4]::panicking::panic_with_hook
[INFO] [stdout]    7:     0x59dce8856742 - std[70759c8f55707aa4]::panicking::panic_handler::{closure#0}
[INFO] [stdout]    8:     0x59dce884f179 - std[70759c8f55707aa4]::sys::backtrace::__rust_end_short_backtrace::<std[70759c8f55707aa4]::panicking::panic_handler::{closure#0}, !>
[INFO] [stdout]    9:     0x59dce885733d - __rustc[8fa7c3cbc660c2b3]::rust_begin_unwind
[INFO] [stdout]   10:     0x59dce889216c - core[df12db4294e9bfd3]::panicking::panic_fmt
[INFO] [stdout]   11:     0x59dce8891f42 - core[df12db4294e9bfd3]::result::unwrap_failed
[INFO] [stdout]   12:     0x59dce87a4f92 - <examples[7e5e183a45adafa7]::all_examples_parse::{closure#0} as core[df12db4294e9bfd3]::ops::function::FnOnce<()>>::call_once
[INFO] [stdout]   13:     0x59dce87a625b - test[9d35eded1c95d3be]::__rust_begin_short_backtrace::<core[df12db4294e9bfd3]::result::Result<(), alloc[2182bb758b4b3781]::string::String>, fn() -> core[df12db4294e9bfd3]::result::Result<(), alloc[2182bb758b4b3781]::string::String>>
[INFO] [stdout]   14:     0x59dce87b38c5 - test[9d35eded1c95d3be]::run_test::{closure#0}
[INFO] [stdout]   15:     0x59dce87ad184 - std[70759c8f55707aa4]::sys::backtrace::__rust_begin_short_backtrace::<test[9d35eded1c95d3be]::run_test::{closure#1}, ()>
[INFO] [stdout]   16:     0x59dce87b6a22 - <std[70759c8f55707aa4]::thread::lifecycle::spawn_unchecked<test[9d35eded1c95d3be]::run_test::{closure#1}, ()>::{closure#1} as core[df12db4294e9bfd3]::ops::function::FnOnce<()>>::call_once::{shim:vtable#0}
[INFO] [stdout]   17:     0x59dce887b449 - <std[70759c8f55707aa4]::sys::thread::unix::Thread>::new::thread_start
[INFO] [stdout]   18:     0x7cc509af8dfa - <unknown>
[INFO] [stdout]   19:     0x7cc509b8c3d4 - clone
[INFO] [stdout]   20:                0x0 - <unknown>
[INFO] [stdout] 
[INFO] [stdout] 
[INFO] [stdout] failures:
[INFO] [stdout]     all_examples_parse
[INFO] [stdout] 
[INFO] [stdout] test result: FAILED. 2 passed; 1 failed; 0 ignored; 0 measured; 0 filtered out; finished in 0.00s
[INFO] [stdout] 
[INFO] running `Command { std: "docker" "inspect" "101159adb505b8050022c7cffbfc69e7ff528503cea5bead2c42fe56f102e973", kill_on_drop: false }`
[INFO] running `Command { std: "docker" "rm" "-f" "101159adb505b8050022c7cffbfc69e7ff528503cea5bead2c42fe56f102e973", kill_on_drop: false }`
[INFO] [stdout] 101159adb505b8050022c7cffbfc69e7ff528503cea5bead2c42fe56f102e973
