[INFO] fetching crate persister 0.2.0...
[INFO] testing persister-0.2.0 against 1.99.0-beta.8+cargoflags=--release for beta-release-1.100-2
[INFO] extracting crate persister 0.2.0 into /workspace/builds/worker-3-tc1/source
[INFO] started tweaking crates.io crate persister 0.2.0
[INFO] removed 0 missing examples
[INFO] finished tweaking crates.io crate persister 0.2.0
[INFO] tweaked toml for crates.io crate persister 0.2.0 written to /workspace/builds/worker-3-tc1/source/Cargo.toml
[INFO] validating manifest of crates.io crate persister 0.2.0 on toolchain 1.99.0-beta.8
[INFO] running `Command { std: CARGO_HOME="/workspace/cargo-home" RUSTUP_HOME="/workspace/rustup-home" "/workspace/cargo-home/bin/cargo" "+1.99.0-beta.8" "metadata" "--manifest-path" "Cargo.toml" "--no-deps", kill_on_drop: false }`
[INFO] crate crates.io crate persister 0.2.0 already has a lockfile, it will not be regenerated
[INFO] running `Command { std: CARGO_HOME="/workspace/cargo-home" RUSTUP_HOME="/workspace/rustup-home" "/workspace/cargo-home/bin/cargo" "+1.99.0-beta.8" "fetch" "--manifest-path" "Cargo.toml", kill_on_drop: false }`
[INFO] running `Command { std: "docker" "create" "-v" "/var/lib/crater-agent-workspace/builds/worker-3-tc1/source:/opt/rustwide/workdir:ro,Z" "-v" "/var/lib/crater-agent-workspace/builds/worker-3-tc1/target:/opt/rustwide/target:rw,Z" "-v" "/var/lib/crater-agent-workspace/cargo-home:/opt/rustwide/cargo-home:ro,Z" "-v" "/var/lib/crater-agent-workspace/rustup-home:/opt/rustwide/rustup-home:ro,Z" "-m" "1610612736" "--network" "none" "ghcr.io/rust-lang/crates-build-env/linux@sha256:77db811e55d90add9212f6832c23229e3de5f1c1f9905e8cb07319ea15df73ac" "sleep" "infinity", kill_on_drop: false }`
[INFO] [stdout] e136695742afe3fe4a11d592a6620357b446c246793b73d0760be48fcddf77e5
[INFO] running `Command { std: "docker" "start" "e136695742afe3fe4a11d592a6620357b446c246793b73d0760be48fcddf77e5", kill_on_drop: false }`
[INFO] running `Command { std: "docker" "inspect" "e136695742afe3fe4a11d592a6620357b446c246793b73d0760be48fcddf77e5", kill_on_drop: false }`
[INFO] running `Command { std: "docker" "exec" "-e" "SOURCE_DIR=/opt/rustwide/workdir" "-e" "CARGO_HOME=/opt/rustwide/cargo-home" "-e" "RUSTUP_HOME=/opt/rustwide/rustup-home" "-e" "CARGO_TARGET_DIR=/opt/rustwide/target" "-w" "/opt/rustwide/workdir" "--user" "0:0" "e136695742afe3fe4a11d592a6620357b446c246793b73d0760be48fcddf77e5" "/opt/rustwide/cargo-home/bin/cargo" "+1.99.0-beta.8" "metadata" "--no-deps" "--format-version=1", kill_on_drop: false }`
[INFO] running `Command { std: "docker" "inspect" "e136695742afe3fe4a11d592a6620357b446c246793b73d0760be48fcddf77e5", kill_on_drop: false }`
[INFO] running `Command { std: "docker" "exec" "-e" "SOURCE_DIR=/opt/rustwide/workdir" "-e" "CARGO_HOME=/opt/rustwide/cargo-home" "-e" "RUSTUP_HOME=/opt/rustwide/rustup-home" "-e" "CARGO_TARGET_DIR=/opt/rustwide/target" "-e" "CARGO_INCREMENTAL=0" "-e" "RUST_BACKTRACE=full" "-e" "RUSTFLAGS=--cap-lints=warn" "-e" "RUSTDOCFLAGS=--cap-lints=warn" "-w" "/opt/rustwide/workdir" "--user" "0:0" "e136695742afe3fe4a11d592a6620357b446c246793b73d0760be48fcddf77e5" "/opt/rustwide/cargo-home/bin/cargo" "+1.99.0-beta.8" "build" "--frozen" "--message-format=json" "--release", kill_on_drop: false }`
[INFO] [stderr]    Compiling proc-macro2 v1.0.107
[INFO] [stderr]    Compiling quote v1.0.47
[INFO] [stderr]    Compiling unicode-ident v1.0.24
[INFO] [stderr]    Compiling serde_core v1.0.229
[INFO] [stderr]    Compiling serde v1.0.229
[INFO] [stderr]    Compiling zmij v1.0.23
[INFO] [stderr]    Compiling thiserror v2.0.20
[INFO] [stderr]    Compiling serde_json v1.0.151
[INFO] [stderr]    Compiling itoa v1.0.18
[INFO] [stderr]    Compiling base64 v0.21.7
[INFO] [stderr]    Compiling memchr v2.8.3
[INFO] [stderr]    Compiling log v0.4.33
[INFO] [stderr]    Compiling syn v3.0.3
[INFO] [stderr]    Compiling bitflags v2.13.1
[INFO] [stderr]    Compiling serde_derive v1.0.229
[INFO] [stderr]    Compiling thiserror-impl v2.0.20
[INFO] [stderr]    Compiling ron v0.8.1
[INFO] [stderr]    Compiling persister v0.2.0 (/opt/rustwide/workdir)
[INFO] [stderr]     Finished `release` profile [optimized] target(s) in 12.14s
[INFO] running `Command { std: "docker" "inspect" "e136695742afe3fe4a11d592a6620357b446c246793b73d0760be48fcddf77e5", kill_on_drop: false }`
[INFO] running `Command { std: "docker" "exec" "-e" "SOURCE_DIR=/opt/rustwide/workdir" "-e" "CARGO_HOME=/opt/rustwide/cargo-home" "-e" "RUSTUP_HOME=/opt/rustwide/rustup-home" "-e" "CARGO_TARGET_DIR=/opt/rustwide/target" "-e" "CARGO_INCREMENTAL=0" "-e" "RUST_BACKTRACE=full" "-e" "RUSTFLAGS=--cap-lints=warn" "-e" "RUSTDOCFLAGS=--cap-lints=warn" "-w" "/opt/rustwide/workdir" "--user" "0:0" "e136695742afe3fe4a11d592a6620357b446c246793b73d0760be48fcddf77e5" "/opt/rustwide/cargo-home/bin/cargo" "+1.99.0-beta.8" "test" "--frozen" "--no-run" "--message-format=json" "--release", kill_on_drop: false }`
[INFO] [stderr]    Compiling persister v0.2.0 (/opt/rustwide/workdir)
[INFO] [stderr]     Finished `release` profile [optimized] target(s) in 14.42s
[INFO] running `Command { std: "docker" "inspect" "e136695742afe3fe4a11d592a6620357b446c246793b73d0760be48fcddf77e5", kill_on_drop: false }`
[INFO] running `Command { std: "docker" "exec" "-e" "SOURCE_DIR=/opt/rustwide/workdir" "-e" "CARGO_HOME=/opt/rustwide/cargo-home" "-e" "RUSTUP_HOME=/opt/rustwide/rustup-home" "-e" "CARGO_TARGET_DIR=/opt/rustwide/target" "-e" "CARGO_INCREMENTAL=0" "-e" "RUST_BACKTRACE=full" "-e" "RUSTFLAGS=--cap-lints=warn" "-e" "RUSTDOCFLAGS=--cap-lints=warn" "-w" "/opt/rustwide/workdir" "--user" "0:0" "e136695742afe3fe4a11d592a6620357b446c246793b73d0760be48fcddf77e5" "/opt/rustwide/cargo-home/bin/cargo" "+1.99.0-beta.8" "test" "--frozen" "--release", kill_on_drop: false }`
[INFO] [stderr]     Finished `release` profile [optimized] target(s) in 0.03s
[INFO] [stderr]      Running unittests src/lib.rs (/opt/rustwide/target/release/deps/persister-7102dd0a06f70b54)
[INFO] [stdout] 
[INFO] [stdout] running 10 tests
[INFO] [stdout] test persistent::tests::creates_empty_instance_when_file_missing ... FAILED
[INFO] [stdout] test persistent::tests::saves_and_reloads_data ... FAILED
[INFO] [stdout] test persistent::tests::returns_error_on_type_mismatch ... FAILED
[INFO] [stdout] test persistent::tests::supports_into_inner ... FAILED
[INFO] [stdout] test persistent::tests::reload_discards_unsaved_changes ... FAILED
[INFO] [stdout] test persistent::tests::supports_save_as ... FAILED
[INFO] [stdout] test persistent::tests::overwrites_existing_data_with_default ... FAILED
[INFO] [stdout] test persistent::tests::respects_auto_save_flag ... FAILED
[INFO] [stdout] test persistent::tests::skips_save_when_not_dirty ... FAILED
[INFO] [stdout] test persistent::tests::open_json_shortcut ... FAILED
[INFO] [stdout] 
[INFO] [stdout] failures:
[INFO] [stdout] 
[INFO] [stdout] ---- persistent::tests::creates_empty_instance_when_file_missing stdout ----
[INFO] [stdout] 
[INFO] [stdout] thread 'persistent::tests::creates_empty_instance_when_file_missing' (590) panicked at src/persistent.rs:401:67:
[INFO] [stdout] called `Result::unwrap()` on an `Err` value: Io(Os { code: 30, kind: ReadOnlyFilesystem, message: "Read-only file system" })
[INFO] [stdout] stack backtrace:
[INFO] [stdout]    0:     0x5ec2aa6ba157 - <unknown>
[INFO] [stdout]    1:     0x5ec2aa69d46a - <unknown>
[INFO] [stdout]    2:     0x5ec2aa6b970b - <unknown>
[INFO] [stdout]    3:     0x5ec2aa6b91ef - <unknown>
[INFO] [stdout]    4:     0x5ec2aa6b8e1a - <unknown>
[INFO] [stdout]    5:     0x5ec2aa6b8952 - <unknown>
[INFO] [stdout]    6:     0x5ec2aa6dfdc1 - <unknown>
[INFO] [stdout]    7:     0x5ec2aa6dfd79 - <unknown>
[INFO] [stdout]    8:     0x5ec2aa6e028c - <unknown>
[INFO] [stdout]    9:     0x5ec2aa69d2fb - <unknown>
[INFO] [stdout]   10:     0x5ec2aa6a0941 - <unknown>
[INFO] [stdout]   11:     0x5ec2aa69bd2e - <unknown>
[INFO] [stdout]   12:     0x5ec2aa6f9f2b - <unknown>
[INFO] [stdout]   13:     0x5ec2aa6f553f - <unknown>
[INFO] [stdout]   14:     0x5ec2aa6f4fbc - <unknown>
[INFO] [stdout]   15:     0x5ec2aa71217c - <unknown>
[INFO] [stdout]   16:     0x5ec2aa6e1572 - <unknown>
[INFO] [stdout]   17:     0x73dbc7f5ddfa - <unknown>
[INFO] [stdout]   18:     0x73dbc7ff13d4 - clone
[INFO] [stdout]   19:                0x0 - <unknown>
[INFO] [stdout] 
[INFO] [stdout] ---- persistent::tests::saves_and_reloads_data stdout ----
[INFO] [stdout] 
[INFO] [stdout] thread 'persistent::tests::saves_and_reloads_data' (596) panicked at src/persistent.rs:413:75:
[INFO] [stdout] called `Result::unwrap()` on an `Err` value: Io(Os { code: 30, kind: ReadOnlyFilesystem, message: "Read-only file system" })
[INFO] [stdout] stack backtrace:
[INFO] [stdout]    0:     0x5ec2aa6ba157 - <unknown>
[INFO] [stdout]    1:     0x5ec2aa69d46a - <unknown>
[INFO] [stdout]    2:     0x5ec2aa6b970b - <unknown>
[INFO] [stdout]    3:     0x5ec2aa6b91ef - <unknown>
[INFO] [stdout]    4:     0x5ec2aa6b8e1a - <unknown>
[INFO] [stdout]    5:     0x5ec2aa6b8952 - <unknown>
[INFO] [stdout]    6:     0x5ec2aa6dfdc1 - <unknown>
[INFO] [stdout]    7:     0x5ec2aa6dfd79 - <unknown>
[INFO] [stdout]    8:     0x5ec2aa6e028c - <unknown>
[INFO] [stdout]    9:     0x5ec2aa69d2fb - <unknown>
[INFO] [stdout]   10:     0x5ec2aa6a0941 - <unknown>
[INFO] [stdout]   11:     0x5ec2aa697ab3 - <unknown>
[INFO] [stdout]   12:     0x5ec2aa6f9f2b - <unknown>
[INFO] [stdout]   13:     0x5ec2aa6f553f - <unknown>
[INFO] [stdout]   14:     0x5ec2aa6f4fbc - <unknown>
[INFO] [stdout]   15:     0x5ec2aa71217c - <unknown>
[INFO] [stdout]   16:     0x5ec2aa6e1572 - <unknown>
[INFO] [stdout]   17:     0x73dbc7f5ddfa - <unknown>
[INFO] [stdout]   18:     0x73dbc7ff13d4 - clone
[INFO] [stdout]   19:                0x0 - <unknown>
[INFO] [stdout] 
[INFO] [stdout] ---- persistent::tests::returns_error_on_type_mismatch stdout ----
[INFO] [stdout] 
[INFO] [stdout] thread 'persistent::tests::returns_error_on_type_mismatch' (595) panicked at src/persistent.rs:434:75:
[INFO] [stdout] called `Result::unwrap()` on an `Err` value: Io(Os { code: 30, kind: ReadOnlyFilesystem, message: "Read-only file system" })
[INFO] [stdout] stack backtrace:
[INFO] [stdout]    0:     0x5ec2aa6ba157 - <unknown>
[INFO] [stdout]    1:     0x5ec2aa69d46a - <unknown>
[INFO] [stdout]    2:     0x5ec2aa6b970b - <unknown>
[INFO] [stdout]    3:     0x5ec2aa6b91ef - <unknown>
[INFO] [stdout]    4:     0x5ec2aa6b8e1a - <unknown>
[INFO] [stdout]    5:     0x5ec2aa6b8952 - <unknown>
[INFO] [stdout]    6:     0x5ec2aa6dfdc1 - <unknown>
[INFO] [stdout]    7:     0x5ec2aa6dfd79 - <unknown>
[INFO] [stdout]    8:     0x5ec2aa6e028c - <unknown>
[INFO] [stdout]    9:     0x5ec2aa69d2fb - <unknown>
[INFO] [stdout]   10:     0x5ec2aa6a0941 - <unknown>
[INFO] [stdout]   11:     0x5ec2aa69a5c8 - <unknown>
[INFO] [stdout]   12:     0x5ec2aa6f9f2b - <unknown>
[INFO] [stdout]   13:     0x5ec2aa6f553f - <unknown>
[INFO] [stdout]   14:     0x5ec2aa6f4fbc - <unknown>
[INFO] [stdout]   15:     0x5ec2aa71217c - <unknown>
[INFO] [stdout]   16:     0x5ec2aa6e1572 - <unknown>
[INFO] [stdout]   17:     0x73dbc7f5ddfa - <unknown>
[INFO] [stdout]   18:     0x73dbc7ff13d4 - clone
[INFO] [stdout]   19:                0x0 - <unknown>
[INFO] [stdout] 
[INFO] [stdout] ---- persistent::tests::supports_into_inner stdout ----
[INFO] [stdout] 
[INFO] [stdout] thread 'persistent::tests::supports_into_inner' (598) panicked at src/persistent.rs:481:71:
[INFO] [stdout] called `Result::unwrap()` on an `Err` value: Io(Os { code: 30, kind: ReadOnlyFilesystem, message: "Read-only file system" })
[INFO] [stdout] stack backtrace:
[INFO] [stdout]    0:     0x5ec2aa6ba157 - <unknown>
[INFO] [stdout]    1:     0x5ec2aa69d46a - <unknown>
[INFO] [stdout]    2:     0x5ec2aa6b970b - <unknown>
[INFO] [stdout]    3:     0x5ec2aa6b91ef - <unknown>
[INFO] [stdout]    4:     0x5ec2aa6b8e1a - <unknown>
[INFO] [stdout]    5:     0x5ec2aa6b8952 - <unknown>
[INFO] [stdout]    6:     0x5ec2aa6dfdc1 - <unknown>
[INFO] [stdout]    7:     0x5ec2aa6dfd79 - <unknown>
[INFO] [stdout]    8:     0x5ec2aa6e028c - <unknown>
[INFO] [stdout]    9:     0x5ec2aa69d2fb - <unknown>
[INFO] [stdout]   10:     0x5ec2aa6a0941 - <unknown>
[INFO] [stdout]   11:     0x5ec2aa697528 - <unknown>
[INFO] [stdout]   12:     0x5ec2aa6f9f2b - <unknown>
[INFO] [stdout]   13:     0x5ec2aa6f553f - <unknown>
[INFO] [stdout]   14:     0x5ec2aa6f4fbc - <unknown>
[INFO] [stdout]   15:     0x5ec2aa71217c - <unknown>
[INFO] [stdout]   16:     0x5ec2aa6e1572 - <unknown>
[INFO] [stdout]   17:     0x73dbc7f5ddfa - <unknown>
[INFO] [stdout]   18:     0x73dbc7ff13d4 - clone
[INFO] [stdout]   19:                0x0 - <unknown>
[INFO] [stdout] 
[INFO] [stdout] ---- persistent::tests::reload_discards_unsaved_changes stdout ----
[INFO] [stdout] 
[INFO] [stdout] thread 'persistent::tests::reload_discards_unsaved_changes' (593) panicked at src/persistent.rs:496:75:
[INFO] [stdout] called `Result::unwrap()` on an `Err` value: Io(Os { code: 30, kind: ReadOnlyFilesystem, message: "Read-only file system" })
[INFO] [stdout] stack backtrace:
[INFO] [stdout]    0:     0x5ec2aa6ba157 - <unknown>
[INFO] [stdout]    1:     0x5ec2aa69d46a - <unknown>
[INFO] [stdout]    2:     0x5ec2aa6b970b - <unknown>
[INFO] [stdout]    3:     0x5ec2aa6b91ef - <unknown>
[INFO] [stdout]    4:     0x5ec2aa6b8e1a - <unknown>
[INFO] [stdout]    5:     0x5ec2aa6b8952 - <unknown>
[INFO] [stdout]    6:     0x5ec2aa6dfdc1 - <unknown>
[INFO] [stdout]    7:     0x5ec2aa6dfd79 - <unknown>
[INFO] [stdout]    8:     0x5ec2aa6e028c - <unknown>
[INFO] [stdout]    9:     0x5ec2aa69d2fb - <unknown>
[INFO] [stdout]   10:     0x5ec2aa6a0941 - <unknown>
[INFO] [stdout]   11:     0x5ec2aa69b4fb - <unknown>
[INFO] [stdout]   12:     0x5ec2aa6f9f2b - <unknown>
[INFO] [stdout]   13:     0x5ec2aa6f553f - <unknown>
[INFO] [stdout]   14:     0x5ec2aa6f4fbc - <unknown>
[INFO] [stdout]   15:     0x5ec2aa71217c - <unknown>
[INFO] [stdout]   16:     0x5ec2aa6e1572 - <unknown>
[INFO] [stdout]   17:     0x73dbc7f5ddfa - <unknown>
[INFO] [stdout]   18:     0x73dbc7ff13d4 - clone
[INFO] [stdout]   19:                0x0 - <unknown>
[INFO] [stdout] 
[INFO] [stdout] ---- persistent::tests::supports_save_as stdout ----
[INFO] [stdout] 
[INFO] [stdout] thread 'persistent::tests::supports_save_as' (599) panicked at src/persistent.rs:518:72:
[INFO] [stdout] called `Result::unwrap()` on an `Err` value: Io(Os { code: 30, kind: ReadOnlyFilesystem, message: "Read-only file system" })
[INFO] [stdout] stack backtrace:
[INFO] [stdout]    0:     0x5ec2aa6ba157 - <unknown>
[INFO] [stdout]    1:     0x5ec2aa69d46a - <unknown>
[INFO] [stdout]    2:     0x5ec2aa6b970b - <unknown>
[INFO] [stdout]    3:     0x5ec2aa6b91ef - <unknown>
[INFO] [stdout]    4:     0x5ec2aa6b8e1a - <unknown>
[INFO] [stdout]    5:     0x5ec2aa6b8952 - <unknown>
[INFO] [stdout]    6:     0x5ec2aa6dfdc1 - <unknown>
[INFO] [stdout]    7:     0x5ec2aa6dfd79 - <unknown>
[INFO] [stdout]    8:     0x5ec2aa6e028c - <unknown>
[INFO] [stdout]    9:     0x5ec2aa69d2fb - <unknown>
[INFO] [stdout]   10:     0x5ec2aa6a0941 - <unknown>
[INFO] [stdout]   11:     0x5ec2aa696be3 - <unknown>
[INFO] [stdout]   12:     0x5ec2aa6f9f2b - <unknown>
[INFO] [stdout]   13:     0x5ec2aa6f553f - <unknown>
[INFO] [stdout]   14:     0x5ec2aa6f4fbc - <unknown>
[INFO] [stdout]   15:     0x5ec2aa71217c - <unknown>
[INFO] [stdout]   16:     0x5ec2aa6e1572 - <unknown>
[INFO] [stdout]   17:     0x73dbc7f5ddfa - <unknown>
[INFO] [stdout]   18:     0x73dbc7ff13d4 - clone
[INFO] [stdout]   19:                0x0 - <unknown>
[INFO] [stdout] 
[INFO] [stdout] ---- persistent::tests::overwrites_existing_data_with_default stdout ----
[INFO] [stdout] 
[INFO] [stdout] thread 'persistent::tests::overwrites_existing_data_with_default' (592) panicked at src/persistent.rs:464:75:
[INFO] [stdout] called `Result::unwrap()` on an `Err` value: Io(Os { code: 30, kind: ReadOnlyFilesystem, message: "Read-only file system" })
[INFO] [stdout] stack backtrace:
[INFO] [stdout]    0:     0x5ec2aa6ba157 - <unknown>
[INFO] [stdout]    1:     0x5ec2aa69d46a - <unknown>
[INFO] [stdout]    2:     0x5ec2aa6b970b - <unknown>
[INFO] [stdout]    3:     0x5ec2aa6b91ef - <unknown>
[INFO] [stdout]    4:     0x5ec2aa6b8e1a - <unknown>
[INFO] [stdout]    5:     0x5ec2aa6b8952 - <unknown>
[INFO] [stdout]    6:     0x5ec2aa6dfdc1 - <unknown>
[INFO] [stdout]    7:     0x5ec2aa6dfd79 - <unknown>
[INFO] [stdout]    8:     0x5ec2aa6e028c - <unknown>
[INFO] [stdout]    9:     0x5ec2aa69d2fb - <unknown>
[INFO] [stdout]   10:     0x5ec2aa6a0941 - <unknown>
[INFO] [stdout]   11:     0x5ec2aa69ba30 - <unknown>
[INFO] [stdout]   12:     0x5ec2aa6f9f2b - <unknown>
[INFO] [stdout]   13:     0x5ec2aa6f553f - <unknown>
[INFO] [stdout]   14:     0x5ec2aa6f4fbc - <unknown>
[INFO] [stdout]   15:     0x5ec2aa71217c - <unknown>
[INFO] [stdout]   16:     0x5ec2aa6e1572 - <unknown>
[INFO] [stdout]   17:     0x73dbc7f5ddfa - <unknown>
[INFO] [stdout]   18:     0x73dbc7ff13d4 - clone
[INFO] [stdout]   19:                0x0 - <unknown>
[INFO] [stdout] 
[INFO] [stdout] ---- persistent::tests::respects_auto_save_flag stdout ----
[INFO] [stdout] 
[INFO] [stdout] thread 'persistent::tests::respects_auto_save_flag' (594) panicked at src/persistent.rs:534:68:
[INFO] [stdout] called `Result::unwrap()` on an `Err` value: Io(Os { code: 30, kind: ReadOnlyFilesystem, message: "Read-only file system" })
[INFO] [stdout] stack backtrace:
[INFO] [stdout]    0:     0x5ec2aa6ba157 - <unknown>
[INFO] [stdout]    1:     0x5ec2aa69d46a - <unknown>
[INFO] [stdout]    2:     0x5ec2aa6b970b - <unknown>
[INFO] [stdout]    3:     0x5ec2aa6b91ef - <unknown>
[INFO] [stdout]    4:     0x5ec2aa6b8e1a - <unknown>
[INFO] [stdout]    5:     0x5ec2aa6b8952 - <unknown>
[INFO] [stdout]    6:     0x5ec2aa6dfdc1 - <unknown>
[INFO] [stdout]    7:     0x5ec2aa6dfd79 - <unknown>
[INFO] [stdout]    8:     0x5ec2aa6e028c - <unknown>
[INFO] [stdout]    9:     0x5ec2aa69d2fb - <unknown>
[INFO] [stdout]   10:     0x5ec2aa6a0941 - <unknown>
[INFO] [stdout]   11:     0x5ec2aa697e9d - <unknown>
[INFO] [stdout]   12:     0x5ec2aa6f9f2b - <unknown>
[INFO] [stdout]   13:     0x5ec2aa6f553f - <unknown>
[INFO] [stdout]   14:     0x5ec2aa6f4fbc - <unknown>
[INFO] [stdout]   15:     0x5ec2aa71217c - <unknown>
[INFO] [stdout]   16:     0x5ec2aa6e1572 - <unknown>
[INFO] [stdout]   17:     0x73dbc7f5ddfa - <unknown>
[INFO] [stdout]   18:     0x73dbc7ff13d4 - clone
[INFO] [stdout]   19:                0x0 - <unknown>
[INFO] [stdout] 
[INFO] [stdout] ---- persistent::tests::skips_save_when_not_dirty stdout ----
[INFO] [stdout] 
[INFO] [stdout] thread 'persistent::tests::skips_save_when_not_dirty' (597) panicked at src/persistent.rs:449:71:
[INFO] [stdout] called `Result::unwrap()` on an `Err` value: Io(Os { code: 30, kind: ReadOnlyFilesystem, message: "Read-only file system" })
[INFO] [stdout] stack backtrace:
[INFO] [stdout]    0:     0x5ec2aa6ba157 - <unknown>
[INFO] [stdout]    1:     0x5ec2aa69d46a - <unknown>
[INFO] [stdout]    2:     0x5ec2aa6b970b - <unknown>
[INFO] [stdout]    3:     0x5ec2aa6b91ef - <unknown>
[INFO] [stdout]    4:     0x5ec2aa6b8e1a - <unknown>
[INFO] [stdout]    5:     0x5ec2aa6b8952 - <unknown>
[INFO] [stdout]    6:     0x5ec2aa6dfdc1 - <unknown>
[INFO] [stdout]    7:     0x5ec2aa6dfd79 - <unknown>
[INFO] [stdout]    8:     0x5ec2aa6e028c - <unknown>
[INFO] [stdout]    9:     0x5ec2aa69d2fb - <unknown>
[INFO] [stdout]   10:     0x5ec2aa6a0941 - <unknown>
[INFO] [stdout]   11:     0x5ec2aa698166 - <unknown>
[INFO] [stdout]   12:     0x5ec2aa6f9f2b - <unknown>
[INFO] [stdout]   13:     0x5ec2aa6f553f - <unknown>
[INFO] [stdout]   14:     0x5ec2aa6f4fbc - <unknown>
[INFO] [stdout]   15:     0x5ec2aa71217c - <unknown>
[INFO] [stdout]   16:     0x5ec2aa6e1572 - <unknown>
[INFO] [stdout]   17:     0x73dbc7f5ddfa - <unknown>
[INFO] [stdout]   18:     0x73dbc7ff13d4 - clone
[INFO] [stdout]   19:                0x0 - <unknown>
[INFO] [stdout] 
[INFO] [stdout] ---- persistent::tests::open_json_shortcut stdout ----
[INFO] [stdout] 
[INFO] [stdout] thread 'persistent::tests::open_json_shortcut' (591) panicked at src/persistent.rs:548:76:
[INFO] [stdout] called `Result::unwrap()` on an `Err` value: Io(Os { code: 30, kind: ReadOnlyFilesystem, message: "Read-only file system" })
[INFO] [stdout] stack backtrace:
[INFO] [stdout]    0:     0x5ec2aa6ba157 - <unknown>
[INFO] [stdout]    1:     0x5ec2aa69d46a - <unknown>
[INFO] [stdout]    2:     0x5ec2aa6b970b - <unknown>
[INFO] [stdout]    3:     0x5ec2aa6b91ef - <unknown>
[INFO] [stdout]    4:     0x5ec2aa6b8e1a - <unknown>
[INFO] [stdout]    5:     0x5ec2aa6b8952 - <unknown>
[INFO] [stdout]    6:     0x5ec2aa6dfdc1 - <unknown>
[INFO] [stdout]    7:     0x5ec2aa6dfd79 - <unknown>
[INFO] [stdout]    8:     0x5ec2aa6e028c - <unknown>
[INFO] [stdout]    9:     0x5ec2aa69d2fb - <unknown>
[INFO] [stdout]   10:     0x5ec2aa6a0941 - <unknown>
[INFO] [stdout]   11:     0x5ec2aa6970de - <unknown>
[INFO] [stdout]   12:     0x5ec2aa6f9f2b - <unknown>
[INFO] [stdout]   13:     0x5ec2aa6f553f - <unknown>
[INFO] [stdout]   14:     0x5ec2aa6f4fbc - <unknown>
[INFO] [stdout]   15:     0x5ec2aa71217c - <unknown>
[INFO] [stdout]   16:     0x5ec2aa6e1572 - <unknown>
[INFO] [stdout]   17:     0x73dbc7f5ddfa - <unknown>
[INFO] [stdout]   18:     0x73dbc7ff13d4 - clone
[INFO] [stdout]   19:                0x0 - <unknown>
[INFO] [stdout] 
[INFO] [stdout] 
[INFO] [stdout] failures:
[INFO] [stdout]     persistent::tests::creates_empty_instance_when_file_missing
[INFO] [stdout]     persistent::tests::open_json_shortcut
[INFO] [stdout]     persistent::tests::overwrites_existing_data_with_default
[INFO] [stdout]     persistent::tests::reload_discards_unsaved_changes
[INFO] [stdout]     persistent::tests::respects_auto_save_flag
[INFO] [stdout]     persistent::tests::returns_error_on_type_mismatch
[INFO] [stdout]     persistent::tests::saves_and_reloads_data
[INFO] [stdout]     persistent::tests::skips_save_when_not_dirty
[INFO] [stdout]     persistent::tests::supports_into_inner
[INFO] [stdout]     persistent::tests::supports_save_as
[INFO] [stdout] 
[INFO] [stdout] test result: FAILED. 0 passed; 10 failed; 0 ignored; 0 measured; 0 filtered out; finished in 0.00s
[INFO] [stdout] 
[INFO] [stderr] error: test failed, to rerun pass `--lib`
[INFO] running `Command { std: "docker" "inspect" "e136695742afe3fe4a11d592a6620357b446c246793b73d0760be48fcddf77e5", kill_on_drop: false }`
[INFO] running `Command { std: "docker" "rm" "-f" "e136695742afe3fe4a11d592a6620357b446c246793b73d0760be48fcddf77e5", kill_on_drop: false }`
[INFO] [stdout] e136695742afe3fe4a11d592a6620357b446c246793b73d0760be48fcddf77e5
