[INFO] fetching crate permitter 3.0.0...
[INFO] testing permitter-3.0.0 against 1.99.0-beta.8+cargoflags=--release for beta-release-1.100-2
[INFO] extracting crate permitter 3.0.0 into /workspace/builds/worker-5-tc1/source
[INFO] started tweaking crates.io crate permitter 3.0.0
[INFO] removed 0 missing tests
[INFO] finished tweaking crates.io crate permitter 3.0.0
[INFO] tweaked toml for crates.io crate permitter 3.0.0 written to /workspace/builds/worker-5-tc1/source/Cargo.toml
[INFO] validating manifest of crates.io crate permitter 3.0.0 on toolchain 1.99.0-beta.8
[INFO] running `Command { std: CARGO_HOME="/workspace/cargo-home" RUSTUP_HOME="/workspace/rustup-home" "/workspace/cargo-home/bin/cargo" "+1.99.0-beta.8" "metadata" "--manifest-path" "Cargo.toml" "--no-deps", kill_on_drop: false }`
[INFO] crate crates.io crate permitter 3.0.0 already has a lockfile, it will not be regenerated
[INFO] running `Command { std: CARGO_HOME="/workspace/cargo-home" RUSTUP_HOME="/workspace/rustup-home" "/workspace/cargo-home/bin/cargo" "+1.99.0-beta.8" "fetch" "--manifest-path" "Cargo.toml", kill_on_drop: false }`
[INFO] [stderr]     Updating crates.io index
[INFO] [stderr]  Downloading crates ...
[INFO] [stderr]   Downloaded predicates-core v1.0.8
[INFO] [stderr]   Downloaded siphasher v0.2.3
[INFO] [stderr]   Downloaded calmio_filters v0.1.0
[INFO] [stderr]   Downloaded predicates-tree v1.0.11
[INFO] [stderr]   Downloaded termtree v0.4.1
[INFO] [stderr]   Downloaded phf_shared v0.7.24
[INFO] [stderr]   Downloaded wasm-bindgen-macro v0.2.93
[INFO] [stderr]   Downloaded calm_io v0.1.1
[INFO] [stderr]   Downloaded float-cmp v0.8.0
[INFO] [stderr]   Downloaded wasm-bindgen-shared v0.2.93
[INFO] [stderr]   Downloaded predicates v1.0.8
[INFO] [stderr]   Downloaded phf v0.7.24
[INFO] [stderr]   Downloaded wasm-bindgen-backend v0.2.93
[INFO] [stderr]   Downloaded assert_cmd v0.11.1
[INFO] [stderr]   Downloaded escargot v0.4.0
[INFO] [stderr]   Downloaded wasm-bindgen v0.2.93
[INFO] [stderr]   Downloaded wasm-bindgen-macro-support v0.2.93
[INFO] [stderr]   Downloaded serde_derive v1.0.210
[INFO] [stderr]   Downloaded structopt v0.3.26
[INFO] [stderr]   Downloaded js-sys v0.3.70
[INFO] [stderr]   Downloaded serde v1.0.210
[INFO] [stderr]   Downloaded cc v1.1.22
[INFO] [stderr]   Downloaded regex v1.10.6
[INFO] [stderr]   Downloaded flate2 v1.0.34
[INFO] [stderr]   Downloaded serde_json v1.0.128
[INFO] [stderr]   Downloaded syn v2.0.79
[INFO] [stderr]   Downloaded regex-syntax v0.8.4
[INFO] [stderr]   Downloaded regex-automata v0.4.7
[INFO] [stderr]   Downloaded libc v0.2.159
[INFO] running `Command { std: "docker" "create" "-v" "/var/lib/crater-agent-workspace/builds/worker-5-tc1/source:/opt/rustwide/workdir:ro,Z" "-v" "/var/lib/crater-agent-workspace/builds/worker-5-tc1/target:/opt/rustwide/target:rw,Z" "-v" "/var/lib/crater-agent-workspace/cargo-home:/opt/rustwide/cargo-home:ro,Z" "-v" "/var/lib/crater-agent-workspace/rustup-home:/opt/rustwide/rustup-home:ro,Z" "-m" "1610612736" "--network" "none" "ghcr.io/rust-lang/crates-build-env/linux@sha256:77db811e55d90add9212f6832c23229e3de5f1c1f9905e8cb07319ea15df73ac" "sleep" "infinity", kill_on_drop: false }`
[INFO] [stdout] 2acd183307eaf8d510dc96f70b97d8f884bd89f1751a43175d990785af5c4b7e
[INFO] running `Command { std: "docker" "start" "2acd183307eaf8d510dc96f70b97d8f884bd89f1751a43175d990785af5c4b7e", kill_on_drop: false }`
[INFO] running `Command { std: "docker" "inspect" "2acd183307eaf8d510dc96f70b97d8f884bd89f1751a43175d990785af5c4b7e", kill_on_drop: false }`
[INFO] running `Command { std: "docker" "exec" "-e" "SOURCE_DIR=/opt/rustwide/workdir" "-e" "CARGO_HOME=/opt/rustwide/cargo-home" "-e" "RUSTUP_HOME=/opt/rustwide/rustup-home" "-e" "CARGO_TARGET_DIR=/opt/rustwide/target" "-w" "/opt/rustwide/workdir" "--user" "0:0" "2acd183307eaf8d510dc96f70b97d8f884bd89f1751a43175d990785af5c4b7e" "/opt/rustwide/cargo-home/bin/cargo" "+1.99.0-beta.8" "metadata" "--no-deps" "--format-version=1", kill_on_drop: false }`
[INFO] running `Command { std: "docker" "inspect" "2acd183307eaf8d510dc96f70b97d8f884bd89f1751a43175d990785af5c4b7e", kill_on_drop: false }`
[INFO] running `Command { std: "docker" "exec" "-e" "SOURCE_DIR=/opt/rustwide/workdir" "-e" "CARGO_HOME=/opt/rustwide/cargo-home" "-e" "RUSTUP_HOME=/opt/rustwide/rustup-home" "-e" "CARGO_TARGET_DIR=/opt/rustwide/target" "-e" "CARGO_INCREMENTAL=0" "-e" "RUST_BACKTRACE=full" "-e" "RUSTFLAGS=--cap-lints=warn" "-e" "RUSTDOCFLAGS=--cap-lints=warn" "-w" "/opt/rustwide/workdir" "--user" "0:0" "2acd183307eaf8d510dc96f70b97d8f884bd89f1751a43175d990785af5c4b7e" "/opt/rustwide/cargo-home/bin/cargo" "+1.99.0-beta.8" "build" "--frozen" "--message-format=json" "--release", kill_on_drop: false }`
[INFO] [stderr]    Compiling proc-macro2 v1.0.86
[INFO] [stderr]    Compiling unicode-ident v1.0.13
[INFO] [stderr]    Compiling libc v0.2.159
[INFO] [stderr]    Compiling unicode-segmentation v1.12.0
[INFO] [stderr]    Compiling ansi_term v0.12.1
[INFO] [stderr]    Compiling adler2 v2.0.0
[INFO] [stderr]    Compiling siphasher v0.2.3
[INFO] [stderr]    Compiling iana-time-zone v0.1.61
[INFO] [stderr]    Compiling proc-macro-error-attr v1.0.4
[INFO] [stderr]    Compiling proc-macro-error v1.0.4
[INFO] [stderr]    Compiling num-traits v0.2.19
[INFO] [stderr]    Compiling textwrap v0.11.0
[INFO] [stderr]    Compiling crc32fast v1.4.2
[INFO] [stderr]    Compiling miniz_oxide v0.8.0
[INFO] [stderr]    Compiling heck v0.3.3
[INFO] [stderr]    Compiling phf_shared v0.7.24
[INFO] [stderr]    Compiling phf v0.7.24
[INFO] [stderr]    Compiling flate2 v1.0.34
[INFO] [stderr]    Compiling quote v1.0.37
[INFO] [stderr]    Compiling syn v1.0.109
[INFO] [stderr]    Compiling atty v0.2.14
[INFO] [stderr]    Compiling clap v2.34.0
[INFO] [stderr]    Compiling chrono v0.4.38
[INFO] [stderr]    Compiling calmio_filters v0.1.0
[INFO] [stderr]    Compiling structopt-derive v0.4.18
[INFO] [stderr]    Compiling calm_io v0.1.1
[INFO] [stderr]    Compiling structopt v0.3.26
[INFO] [stderr]    Compiling permitter v3.0.0 (/opt/rustwide/workdir)
[INFO] [stderr]     Finished `release` profile [optimized] target(s) in 17.23s
[INFO] running `Command { std: "docker" "inspect" "2acd183307eaf8d510dc96f70b97d8f884bd89f1751a43175d990785af5c4b7e", kill_on_drop: false }`
[INFO] running `Command { std: "docker" "exec" "-e" "SOURCE_DIR=/opt/rustwide/workdir" "-e" "CARGO_HOME=/opt/rustwide/cargo-home" "-e" "RUSTUP_HOME=/opt/rustwide/rustup-home" "-e" "CARGO_TARGET_DIR=/opt/rustwide/target" "-e" "CARGO_INCREMENTAL=0" "-e" "RUST_BACKTRACE=full" "-e" "RUSTFLAGS=--cap-lints=warn" "-e" "RUSTDOCFLAGS=--cap-lints=warn" "-w" "/opt/rustwide/workdir" "--user" "0:0" "2acd183307eaf8d510dc96f70b97d8f884bd89f1751a43175d990785af5c4b7e" "/opt/rustwide/cargo-home/bin/cargo" "+1.99.0-beta.8" "test" "--frozen" "--no-run" "--message-format=json" "--release", kill_on_drop: false }`
[INFO] [stderr]    Compiling memchr v2.7.4
[INFO] [stderr]    Compiling syn v2.0.79
[INFO] [stderr]    Compiling serde v1.0.210
[INFO] [stderr]    Compiling serde_json v1.0.128
[INFO] [stderr]    Compiling regex-syntax v0.8.4
[INFO] [stderr]    Compiling itoa v1.0.11
[INFO] [stderr]    Compiling predicates-core v1.0.8
[INFO] [stderr]    Compiling escargot v0.4.0
[INFO] [stderr]    Compiling float-cmp v0.8.0
[INFO] [stderr]    Compiling normalize-line-endings v0.3.0
[INFO] [stderr]    Compiling termtree v0.4.1
[INFO] [stderr]    Compiling cargo-husky v1.5.0
[INFO] [stderr]    Compiling log v0.4.22
[INFO] [stderr]    Compiling difference v2.0.0
[INFO] [stderr]    Compiling predicates-tree v1.0.11
[INFO] [stderr]    Compiling aho-corasick v1.1.3
[INFO] [stderr]    Compiling regex-automata v0.4.7
[INFO] [stderr]    Compiling serde_derive v1.0.210
[INFO] [stderr]    Compiling regex v1.10.6
[INFO] [stderr]    Compiling predicates v1.0.8
[INFO] [stderr]    Compiling assert_cmd v0.11.1
[INFO] [stderr]    Compiling permitter v3.0.0 (/opt/rustwide/workdir)
[INFO] [stderr]     Finished `release` profile [optimized] target(s) in 31.39s
[INFO] running `Command { std: "docker" "inspect" "2acd183307eaf8d510dc96f70b97d8f884bd89f1751a43175d990785af5c4b7e", kill_on_drop: false }`
[INFO] running `Command { std: "docker" "exec" "-e" "SOURCE_DIR=/opt/rustwide/workdir" "-e" "CARGO_HOME=/opt/rustwide/cargo-home" "-e" "RUSTUP_HOME=/opt/rustwide/rustup-home" "-e" "CARGO_TARGET_DIR=/opt/rustwide/target" "-e" "CARGO_INCREMENTAL=0" "-e" "RUST_BACKTRACE=full" "-e" "RUSTFLAGS=--cap-lints=warn" "-e" "RUSTDOCFLAGS=--cap-lints=warn" "-w" "/opt/rustwide/workdir" "--user" "0:0" "2acd183307eaf8d510dc96f70b97d8f884bd89f1751a43175d990785af5c4b7e" "/opt/rustwide/cargo-home/bin/cargo" "+1.99.0-beta.8" "test" "--frozen" "--release", kill_on_drop: false }`
[INFO] [stderr]     Finished `release` profile [optimized] target(s) in 0.12s
[INFO] [stderr]      Running unittests src/main.rs (/opt/rustwide/target/release/deps/permitter-1e9add48466a4844)
[INFO] [stdout] 
[INFO] [stdout] running 10 tests
[INFO] [stdout] test tests::get_similar_keys::works ... ok
[INFO] [stdout] test tests::clean_newlines::works ... ok
[INFO] [stdout] test tests::is_similar::no ... ok
[INFO] [stdout] test tests::is_similar::yes_contains ... ok
[INFO] [stdout] test tests::is_similar::yes_contained ... ok
[INFO] [stdout] test tests::gz_decode_bytes::works ... ok
[INFO] [stdout] test tests::parse_spdx_expr::simple_expr ... ok
[INFO] [stdout] test tests::parse_spdx_expr::complex_expr ... ok
[INFO] [stdout] test tests::parse_exception::works ... ok
[INFO] [stdout] test tests::parse_license::works ... ok
[INFO] [stderr]      Running tests/integration.rs (/opt/rustwide/target/release/deps/integration-c94f3abb2e278bc9)
[INFO] [stdout] 
[INFO] [stdout] test result: ok. 10 passed; 0 failed; 0 ignored; 0 measured; 0 filtered out; finished in 0.45s
[INFO] [stdout] 
[INFO] [stdout] 
[INFO] [stdout] running 11 tests
[INFO] [stdout] test invalid ... ok
[INFO] [stdout] test expr_invalid ... ok
[INFO] [stdout] test license_with_exception_invalid ... ok
[INFO] [stdout] test license_invalid ... ok
[INFO] [stdout] test license ... ok
[INFO] [stdout] test license_keep_placeholder ... ok
[INFO] [stdout] test list_licenses ... ok
[INFO] [stdout] test license_skip_optional ... ok
[INFO] [stdout] test license_with_exception ... ok
[INFO] [stdout] test license_and_name ... FAILED
[INFO] [stdout] test list_exceptions ... ok
[INFO] [stdout] 
[INFO] [stdout] failures:
[INFO] [stdout] 
[INFO] [stdout] ---- license_and_name stdout ----
[INFO] [stdout] 
[INFO] [stdout] thread 'license_and_name' (1236) panicked at /opt/rustwide/cargo-home/registry/src/index.crates.io-1949cf8c6b5b557f/assert_cmd-0.11.1/src/assert.rs:353:17:
[INFO] [stdout] Unexpected stdout, failed var.starts_with("MIT License Copyright (c) 2024 Adam Perkowski\n")
[INFO] [stdout] └── var as str: MIT License Copyright (c) 2026 Adam Perkowski
[INFO] [stdout]     
[INFO] [stdout]     Permission is hereby granted, free of charge, to any person obtaining a copy
[INFO] [stdout]     of this software and associated documentation files (the "Software"), to deal
[INFO] [stdout]     in the Software without restriction, including without limitation the rights
[INFO] [stdout]     to use, copy, modify, merge, publish, distribute, sublicense, and/or sell
[INFO] [stdout]     copies of the Software, and to permit persons to whom the Software is furnished
[INFO] [stdout]     to do so, subject to the following conditions:
[INFO] [stdout]     
[INFO] [stdout]     The above copyright notice and this permission notice (including the next
[INFO] [stdout]     paragraph) shall be included in all copies or substantial portions of the
[INFO] [stdout]     Software.
[INFO] [stdout]     
[INFO] [stdout]     THE SOFTWARE IS PROVIDED "AS IS", WITHOUT WARRANTY OF ANY KIND, EXPRESS OR
[INFO] [stdout]     IMPLIED, INCLUDING BUT NOT LIMITED TO THE WARRANTIES OF MERCHANTABILITY, FITNESS
[INFO] [stdout]     FOR A PARTICULAR PURPOSE AND NONINFRINGEMENT. IN NO EVENT SHALL THE AUTHORS
[INFO] [stdout]     OR COPYRIGHT HOLDERS BE LIABLE FOR ANY CLAIM, DAMAGES OR OTHER LIABILITY,
[INFO] [stdout]     WHETHER IN AN ACTION OF CONTRACT, TORT OR OTHERWISE, ARISING FROM, OUT OF
[INFO] [stdout]     OR IN CONNECTION WITH THE SOFTWARE OR THE USE OR OTHER DEALINGS IN THE SOFTWARE.
[INFO] [stderr] error: test failed, to rerun pass `--test integration`
[INFO] [stdout] 
[INFO] [stdout] command=`"/opt/rustwide/target/release/permitter" "MIT" "Adam Perkowski"`
[INFO] [stdout] code=0
[INFO] [stdout] stdout=```MIT License Copyright (c) 2026 Adam Perkowski
[INFO] [stdout] 
[INFO] [stdout] Permission is hereby granted, free of charge, to any person obtaining a copy
[INFO] [stdout] of this software and associated documentation files (the "Software"), to deal
[INFO] [stdout] in the Software without restriction, including without limitation the rights
[INFO] [stdout] to use, copy, modify, merge, publish, distribute, sublicense, and/or sell
[INFO] [stdout] copies of the Software, and to permit persons to whom the Software is furnished
[INFO] [stdout] to do so, subject to the following conditions:
[INFO] [stdout] 
[INFO] [stdout] The above copyright notice and this permission notice (including the next
[INFO] [stdout] paragraph) shall be included in all copies or substantial portions of the
[INFO] [stdout] Software.
[INFO] [stdout] 
[INFO] [stdout] THE SOFTWARE IS PROVIDED "AS IS", WITHOUT WARRANTY OF ANY KIND, EXPRESS OR
[INFO] [stdout] IMPLIED, INCLUDING BUT NOT LIMITED TO THE WARRANTIES OF MERCHANTABILITY, FITNESS
[INFO] [stdout] FOR A PARTICULAR PURPOSE AND NONINFRINGEMENT. IN NO EVENT SHALL THE AUTHORS
[INFO] [stdout] OR COPYRIGHT HOLDERS BE LIABLE FOR ANY CLAIM, DAMAGES OR OTHER LIABILITY,
[INFO] [stdout] WHETHER IN AN ACTION OF CONTRACT, TORT OR OTHERWISE, ARISING FROM, OUT OF
[INFO] [stdout] OR IN CONNECTION WITH THE SOFTWARE OR THE USE OR OTHER DEALINGS IN THE SOFTWARE.
[INFO] [stdout] ```
[INFO] [stdout] stderr=``````
[INFO] [stdout] 
[INFO] [stdout] stack backtrace:
[INFO] [stdout]    0:     0x62dcf4e70541 - <<std[70759c8f55707aa4]::sys::backtrace::BacktraceLock>::print::DisplayBacktrace as core[df12db4294e9bfd3]::fmt::Display>::fmt
[INFO] [stdout]    1:     0x62dcf4e85cba - core[df12db4294e9bfd3]::fmt::write
[INFO] [stdout]    2:     0x62dcf4e75c8c - <alloc[2182bb758b4b3781]::vec::Vec<u8> as core[df12db4294e9bfd3]::io::write::Write>::write_fmt
[INFO] [stdout]    3:     0x62dcf4e4c5a6 - std[70759c8f55707aa4]::panicking::default_hook::{closure#0}
[INFO] [stdout]    4:     0x62dcf4e68c29 - std[70759c8f55707aa4]::panicking::default_hook
[INFO] [stdout]    5:     0x62dcf4dfba10 - test[9d35eded1c95d3be]::test_main_inner::<test[9d35eded1c95d3be]::test_main_static::{closure#0}>::{closure#0}
[INFO] [stdout]    6:     0x62dcf4e68de2 - std[70759c8f55707aa4]::panicking::panic_with_hook
[INFO] [stdout]    7:     0x62dcf4e4c652 - std[70759c8f55707aa4]::panicking::panic_handler::{closure#0}
[INFO] [stdout]    8:     0x62dcf4e453d9 - std[70759c8f55707aa4]::sys::backtrace::__rust_end_short_backtrace::<std[70759c8f55707aa4]::panicking::panic_handler::{closure#0}, !>
[INFO] [stdout]    9:     0x62dcf4e4d24d - __rustc[8fa7c3cbc660c2b3]::rust_begin_unwind
[INFO] [stdout]   10:     0x62dcf4e863ec - core[df12db4294e9bfd3]::panicking::panic_fmt
[INFO] [stdout]   11:     0x62dcf4e311d8 - <assert_cmd[1a04ef0af5efb74d]::assert::Assert>::stdout_impl
[INFO] [stdout]   12:     0x62dcf4ded443 - <integration[fed39bc92fba5920]::license_and_name::{closure#0} as core[df12db4294e9bfd3]::ops::function::FnOnce<()>>::call_once
[INFO] [stdout]   13:     0x62dcf4deecfb - test[9d35eded1c95d3be]::__rust_begin_short_backtrace::<core[df12db4294e9bfd3]::result::Result<(), alloc[2182bb758b4b3781]::string::String>, fn() -> core[df12db4294e9bfd3]::result::Result<(), alloc[2182bb758b4b3781]::string::String>>
[INFO] [stdout]   14:     0x62dcf4dfc365 - test[9d35eded1c95d3be]::run_test::{closure#0}
[INFO] [stdout]   15:     0x62dcf4df5c24 - std[70759c8f55707aa4]::sys::backtrace::__rust_begin_short_backtrace::<test[9d35eded1c95d3be]::run_test::{closure#1}, ()>
[INFO] [stdout]   16:     0x62dcf4dff4c2 - <std[70759c8f55707aa4]::thread::lifecycle::spawn_unchecked<test[9d35eded1c95d3be]::run_test::{closure#1}, ()>::{closure#1} as core[df12db4294e9bfd3]::ops::function::FnOnce<()>>::call_once::{shim:vtable#0}
[INFO] [stdout]   17:     0x62dcf4e6fd99 - <std[70759c8f55707aa4]::sys::thread::unix::Thread>::new::thread_start
[INFO] [stdout]   18:     0x7f57d3288dfa - <unknown>
[INFO] [stdout]   19:     0x7f57d331c3d4 - clone
[INFO] [stdout]   20:                0x0 - <unknown>
[INFO] [stdout] 
[INFO] [stdout] 
[INFO] [stdout] failures:
[INFO] [stdout]     license_and_name
[INFO] [stdout] 
[INFO] [stdout] test result: FAILED. 10 passed; 1 failed; 0 ignored; 0 measured; 0 filtered out; finished in 0.13s
[INFO] [stdout] 
[INFO] running `Command { std: "docker" "inspect" "2acd183307eaf8d510dc96f70b97d8f884bd89f1751a43175d990785af5c4b7e", kill_on_drop: false }`
[INFO] running `Command { std: "docker" "rm" "-f" "2acd183307eaf8d510dc96f70b97d8f884bd89f1751a43175d990785af5c4b7e", kill_on_drop: false }`
[INFO] [stdout] 2acd183307eaf8d510dc96f70b97d8f884bd89f1751a43175d990785af5c4b7e
