[INFO] fetching crate permitry 0.1.1...
[INFO] testing permitry-0.1.1 against 1.100.0-beta.1+cargoflags=--release for beta-release-1.100-2
[INFO] extracting crate permitry 0.1.1 into /workspace/builds/worker-7-tc2/source
[INFO] started tweaking crates.io crate permitry 0.1.1
[INFO] removed 0 missing examples
[INFO] removed 0 missing tests
[INFO] finished tweaking crates.io crate permitry 0.1.1
[INFO] tweaked toml for crates.io crate permitry 0.1.1 written to /workspace/builds/worker-7-tc2/source/Cargo.toml
[INFO] validating manifest of crates.io crate permitry 0.1.1 on toolchain 1.100.0-beta.1
[INFO] running `Command { std: CARGO_HOME="/workspace/cargo-home" RUSTUP_HOME="/workspace/rustup-home" "/workspace/cargo-home/bin/cargo" "+1.100.0-beta.1" "metadata" "--manifest-path" "Cargo.toml" "--no-deps", kill_on_drop: false }`
[INFO] crate crates.io crate permitry 0.1.1 already has a lockfile, it will not be regenerated
[INFO] running `Command { std: CARGO_HOME="/workspace/cargo-home" RUSTUP_HOME="/workspace/rustup-home" "/workspace/cargo-home/bin/cargo" "+1.100.0-beta.1" "fetch" "--manifest-path" "Cargo.toml", kill_on_drop: false }`
[INFO] running `Command { std: "docker" "create" "-v" "/var/lib/crater-agent-workspace/builds/worker-7-tc2/source:/opt/rustwide/workdir:ro,Z" "-v" "/var/lib/crater-agent-workspace/builds/worker-7-tc2/target:/opt/rustwide/target:rw,Z" "-v" "/var/lib/crater-agent-workspace/cargo-home:/opt/rustwide/cargo-home:ro,Z" "-v" "/var/lib/crater-agent-workspace/rustup-home:/opt/rustwide/rustup-home:ro,Z" "-m" "1610612736" "--network" "none" "ghcr.io/rust-lang/crates-build-env/linux@sha256:77db811e55d90add9212f6832c23229e3de5f1c1f9905e8cb07319ea15df73ac" "sleep" "infinity", kill_on_drop: false }`
[INFO] [stdout] 9341f201b5a7336e2537e31ee44b578325e80f7d1c1f5641478569cc4aca7a86
[INFO] running `Command { std: "docker" "start" "9341f201b5a7336e2537e31ee44b578325e80f7d1c1f5641478569cc4aca7a86", kill_on_drop: false }`
[INFO] running `Command { std: "docker" "inspect" "9341f201b5a7336e2537e31ee44b578325e80f7d1c1f5641478569cc4aca7a86", kill_on_drop: false }`
[INFO] running `Command { std: "docker" "exec" "-e" "SOURCE_DIR=/opt/rustwide/workdir" "-e" "CARGO_HOME=/opt/rustwide/cargo-home" "-e" "RUSTUP_HOME=/opt/rustwide/rustup-home" "-e" "CARGO_TARGET_DIR=/opt/rustwide/target" "-w" "/opt/rustwide/workdir" "--user" "0:0" "9341f201b5a7336e2537e31ee44b578325e80f7d1c1f5641478569cc4aca7a86" "/opt/rustwide/cargo-home/bin/cargo" "+1.100.0-beta.1" "metadata" "--no-deps" "--format-version=1", kill_on_drop: false }`
[INFO] running `Command { std: "docker" "inspect" "9341f201b5a7336e2537e31ee44b578325e80f7d1c1f5641478569cc4aca7a86", kill_on_drop: false }`
[INFO] running `Command { std: "docker" "exec" "-e" "SOURCE_DIR=/opt/rustwide/workdir" "-e" "CARGO_HOME=/opt/rustwide/cargo-home" "-e" "RUSTUP_HOME=/opt/rustwide/rustup-home" "-e" "CARGO_TARGET_DIR=/opt/rustwide/target" "-e" "CARGO_INCREMENTAL=0" "-e" "RUST_BACKTRACE=full" "-e" "RUSTFLAGS=--cap-lints=warn" "-e" "RUSTDOCFLAGS=--cap-lints=warn" "-w" "/opt/rustwide/workdir" "--user" "0:0" "9341f201b5a7336e2537e31ee44b578325e80f7d1c1f5641478569cc4aca7a86" "/opt/rustwide/cargo-home/bin/cargo" "+1.100.0-beta.1" "build" "--frozen" "--message-format=json" "--release", kill_on_drop: false }`
[INFO] [stderr]    Compiling typenum v1.19.0
[INFO] [stderr]    Compiling zerocopy v0.8.27
[INFO] [stderr]    Compiling find-msvc-tools v0.1.4
[INFO] [stderr]    Compiling semver v1.0.27
[INFO] [stderr]    Compiling ciborium-io v0.2.2
[INFO] [stderr]    Compiling regex-syntax v0.8.8
[INFO] [stderr]    Compiling syn v2.0.106
[INFO] [stderr]    Compiling tracing-core v0.1.34
[INFO] [stderr]    Compiling getrandom v0.2.16
[INFO] [stderr]    Compiling anyhow v1.0.100
[INFO] [stderr]    Compiling thread_local v1.1.9
[INFO] [stderr]    Compiling half v1.8.3
[INFO] [stderr]    Compiling hostname v0.3.1
[INFO] [stderr]    Compiling serde_bytes v0.11.19
[INFO] [stderr]    Compiling fs2 v0.4.3
[INFO] [stderr]    Compiling rand_core v0.6.4
[INFO] [stderr]    Compiling cc v1.2.41
[INFO] [stderr]    Compiling rustc_version v0.4.1
[INFO] [stderr]    Compiling curve25519-dalek v4.1.3
[INFO] [stderr]    Compiling tracing-log v0.2.0
[INFO] [stderr]    Compiling generic-array v0.14.9
[INFO] [stderr]    Compiling blake3 v1.8.2
[INFO] [stderr]    Compiling ring v0.17.14
[INFO] [stderr]    Compiling block-buffer v0.10.4
[INFO] [stderr]    Compiling crypto-common v0.1.6
[INFO] [stderr]    Compiling digest v0.10.7
[INFO] [stderr]    Compiling sha2 v0.10.9
[INFO] [stderr]    Compiling regex-automata v0.4.13
[INFO] [stderr]    Compiling zerocopy-derive v0.8.27
[INFO] [stderr]    Compiling serde_derive v1.0.228
[INFO] [stderr]    Compiling curve25519-dalek-derive v0.1.1
[INFO] [stderr]    Compiling tracing-attributes v0.1.30
[INFO] [stderr]    Compiling thiserror-impl v1.0.69
[INFO] [stderr]    Compiling matchers v0.2.0
[INFO] [stderr]    Compiling thiserror v1.0.69
[INFO] [stderr]    Compiling tracing v0.1.41
[INFO] [stderr]    Compiling tracing-subscriber v0.3.20
[INFO] [stderr]    Compiling ed25519-dalek v2.2.0
[INFO] [stderr]    Compiling serde v1.0.228
[INFO] [stderr]    Compiling serde_cbor v0.11.2
[INFO] [stderr]    Compiling chrono v0.4.42
[INFO] [stderr]    Compiling half v2.7.1
[INFO] [stderr]    Compiling ppv-lite86 v0.2.21
[INFO] [stderr]    Compiling ciborium-ll v0.2.2
[INFO] [stderr]    Compiling rand_chacha v0.3.1
[INFO] [stderr]    Compiling ciborium v0.2.2
[INFO] [stderr]    Compiling rand v0.8.5
[INFO] [stderr]    Compiling coset v0.3.8
[INFO] [stderr]    Compiling permitry v0.1.1 (/opt/rustwide/workdir)
[INFO] [stderr] warning: unused dependency `anyhow`
[INFO] [stderr]  --> Cargo.toml:6:15
[INFO] [stderr]   |
[INFO] [stderr] 6 | [dependencies.anyhow]
[INFO] [stderr]   |               ^^^^^^^
[INFO] [stderr]   |
[INFO] [stderr]   = note: `cargo::unused_dependencies` is set to `warn` by default
[INFO] [stderr] help: consider removing the dependency on `anyhow`
[INFO] [stderr] warning: unused dependency `ring`
[INFO] [stderr]   --> Cargo.toml:55:15
[INFO] [stderr]    |
[INFO] [stderr] 55 | [dependencies.ring]
[INFO] [stderr]    |               ^^^^^
[INFO] [stderr]    |
[INFO] [stderr] help: consider removing the dependency on `ring`
[INFO] [stderr] warning: unused dependency `serde_bytes`
[INFO] [stderr]   --> Cargo.toml:62:15
[INFO] [stderr]    |
[INFO] [stderr] 62 | [dependencies.serde_bytes]
[INFO] [stderr]    |               ^^^^^^^^^^^^
[INFO] [stderr]    |
[INFO] [stderr] help: consider removing the dependency on `serde_bytes`
[INFO] [stderr] warning: unused dependency `tracing-subscriber`
[INFO] [stderr]   --> Cargo.toml:80:15
[INFO] [stderr]    |
[INFO] [stderr] 80 | [dependencies.tracing-subscriber]
[INFO] [stderr]    |               ^^^^^^^^^^^^^^^^^^^
[INFO] [stderr]    |
[INFO] [stderr] help: consider removing the dependency on `tracing-subscriber`
[INFO] [stderr] warning: `permitry` (manifest) generated 4 warnings
[INFO] [stderr]     Finished `release` profile [optimized] target(s) in 50.50s
[INFO] running `Command { std: "docker" "inspect" "9341f201b5a7336e2537e31ee44b578325e80f7d1c1f5641478569cc4aca7a86", kill_on_drop: false }`
[INFO] running `Command { std: "docker" "exec" "-e" "SOURCE_DIR=/opt/rustwide/workdir" "-e" "CARGO_HOME=/opt/rustwide/cargo-home" "-e" "RUSTUP_HOME=/opt/rustwide/rustup-home" "-e" "CARGO_TARGET_DIR=/opt/rustwide/target" "-e" "CARGO_INCREMENTAL=0" "-e" "RUST_BACKTRACE=full" "-e" "RUSTFLAGS=--cap-lints=warn" "-e" "RUSTDOCFLAGS=--cap-lints=warn" "-w" "/opt/rustwide/workdir" "--user" "0:0" "9341f201b5a7336e2537e31ee44b578325e80f7d1c1f5641478569cc4aca7a86" "/opt/rustwide/cargo-home/bin/cargo" "+1.100.0-beta.1" "test" "--frozen" "--no-run" "--message-format=json" "--release", kill_on_drop: false }`
[INFO] [stderr]    Compiling regex-syntax v0.8.8
[INFO] [stderr]    Compiling getrandom v0.3.4
[INFO] [stderr]    Compiling clap_lex v0.7.6
[INFO] [stderr]    Compiling anstyle v1.0.13
[INFO] [stderr]    Compiling ciborium-ll v0.2.2
[INFO] [stderr]    Compiling wait-timeout v0.2.1
[INFO] [stderr]    Compiling chrono v0.4.42
[INFO] [stderr]    Compiling tinytemplate v1.2.1
[INFO] [stderr]    Compiling is-terminal v0.4.16
[INFO] [stderr]    Compiling clap_builder v4.5.49
[INFO] [stderr]    Compiling rand_core v0.9.3
[INFO] [stderr]    Compiling tempfile v3.23.0
[INFO] [stderr]    Compiling ciborium v0.2.2
[INFO] [stderr]    Compiling rand_chacha v0.9.0
[INFO] [stderr]    Compiling rand v0.9.2
[INFO] [stderr]    Compiling rand_xorshift v0.4.0
[INFO] [stderr]    Compiling rusty-fork v0.3.1
[INFO] [stderr]    Compiling coset v0.3.8
[INFO] [stderr]    Compiling clap v4.5.49
[INFO] [stderr]    Compiling regex-automata v0.4.13
[INFO] [stderr]    Compiling proptest v1.8.0
[INFO] [stderr]    Compiling matchers v0.2.0
[INFO] [stderr]    Compiling regex v1.12.2
[INFO] [stderr]    Compiling tracing-subscriber v0.3.20
[INFO] [stderr]    Compiling criterion v0.5.1
[INFO] [stderr]    Compiling permitry v0.1.1 (/opt/rustwide/workdir)
[INFO] [stderr] warning: unused dependency `anyhow`
[INFO] [stderr]  --> Cargo.toml:6:15
[INFO] [stderr]   |
[INFO] [stderr] 6 | [dependencies.anyhow]
[INFO] [stderr]   |               ^^^^^^^
[INFO] [stderr]   |
[INFO] [stderr]   = note: `cargo::unused_dependencies` is set to `warn` by default
[INFO] [stderr] help: consider removing the dependency on `anyhow`
[INFO] [stderr] help: to still use for development builds, move to `dev-dependencies`
[INFO] [stderr] warning: unused dependency `ring`
[INFO] [stderr]   --> Cargo.toml:55:15
[INFO] [stderr]    |
[INFO] [stderr] 55 | [dependencies.ring]
[INFO] [stderr]    |               ^^^^^
[INFO] [stderr]    |
[INFO] [stderr] help: consider removing the dependency on `ring`
[INFO] [stderr] warning: unused dependency `serde_bytes`
[INFO] [stderr]   --> Cargo.toml:62:15
[INFO] [stderr]    |
[INFO] [stderr] 62 | [dependencies.serde_bytes]
[INFO] [stderr]    |               ^^^^^^^^^^^^
[INFO] [stderr]    |
[INFO] [stderr] help: consider removing the dependency on `serde_bytes`
[INFO] [stderr] warning: unused dependency `tracing-subscriber`
[INFO] [stderr]   --> Cargo.toml:80:15
[INFO] [stderr]    |
[INFO] [stderr] 80 | [dependencies.tracing-subscriber]
[INFO] [stderr]    |               ^^^^^^^^^^^^^^^^^^^
[INFO] [stderr]    |
[INFO] [stderr] help: consider removing the dependency on `tracing-subscriber`
[INFO] [stderr] warning: `permitry` (manifest) generated 4 warnings
[INFO] [stderr]     Finished `release` profile [optimized] target(s) in 1m 09s
[INFO] running `Command { std: "docker" "inspect" "9341f201b5a7336e2537e31ee44b578325e80f7d1c1f5641478569cc4aca7a86", kill_on_drop: false }`
[INFO] running `Command { std: "docker" "exec" "-e" "SOURCE_DIR=/opt/rustwide/workdir" "-e" "CARGO_HOME=/opt/rustwide/cargo-home" "-e" "RUSTUP_HOME=/opt/rustwide/rustup-home" "-e" "CARGO_TARGET_DIR=/opt/rustwide/target" "-e" "CARGO_INCREMENTAL=0" "-e" "RUST_BACKTRACE=full" "-e" "RUSTFLAGS=--cap-lints=warn" "-e" "RUSTDOCFLAGS=--cap-lints=warn" "-w" "/opt/rustwide/workdir" "--user" "0:0" "9341f201b5a7336e2537e31ee44b578325e80f7d1c1f5641478569cc4aca7a86" "/opt/rustwide/cargo-home/bin/cargo" "+1.100.0-beta.1" "test" "--frozen" "--release", kill_on_drop: false }`
[INFO] [stderr] warning: unused dependency `anyhow`
[INFO] [stderr]  --> Cargo.toml:6:15
[INFO] [stderr]   |
[INFO] [stderr] 6 | [dependencies.anyhow]
[INFO] [stderr]   |               ^^^^^^^
[INFO] [stderr]   |
[INFO] [stderr]   = note: `cargo::unused_dependencies` is set to `warn` by default
[INFO] [stderr] help: consider removing the dependency on `anyhow`
[INFO] [stderr] help: to still use for development builds, move to `dev-dependencies`
[INFO] [stderr] warning: unused dependency `ring`
[INFO] [stderr]   --> Cargo.toml:55:15
[INFO] [stderr]    |
[INFO] [stderr] 55 | [dependencies.ring]
[INFO] [stderr]    |               ^^^^^
[INFO] [stderr]    |
[INFO] [stderr] help: consider removing the dependency on `ring`
[INFO] [stderr] warning: unused dependency `serde_bytes`
[INFO] [stderr]   --> Cargo.toml:62:15
[INFO] [stderr]    |
[INFO] [stderr] 62 | [dependencies.serde_bytes]
[INFO] [stderr]    |               ^^^^^^^^^^^^
[INFO] [stderr]    |
[INFO] [stderr] help: consider removing the dependency on `serde_bytes`
[INFO] [stderr] warning: unused dependency `tracing-subscriber`
[INFO] [stderr]   --> Cargo.toml:80:15
[INFO] [stderr]    |
[INFO] [stderr] 80 | [dependencies.tracing-subscriber]
[INFO] [stderr]    |               ^^^^^^^^^^^^^^^^^^^
[INFO] [stderr]    |
[INFO] [stderr] help: consider removing the dependency on `tracing-subscriber`
[INFO] [stderr] warning: `permitry` (manifest) generated 4 warnings
[INFO] [stderr]     Finished `release` profile [optimized] target(s) in 0.17s
[INFO] [stderr]      Running unittests src/lib.rs (/opt/rustwide/target/release/build/permitry/312228492073ef72/out/permitry-312228492073ef72)
[INFO] [stdout] 
[INFO] [stdout] running 81 tests
[INFO] [stdout] test builtins::builtin_policy::tests::write_operation_respects_limit ... ok
[INFO] [stdout] test builtins::default_binding::tests::collect_handles_missing_user_env ... ok
[INFO] [stdout] test builtins::builtin_policy::tests::feature_operation_allowed ... ok
[INFO] [stdout] test builtins::ed25519_verifier::tests::verify_rejects_tampered_signature ... ok
[INFO] [stdout] test builtins::ed25519_verifier::tests::verify_detached_accepts_valid_package_signature ... ok
[INFO] [stdout] test builtins::embedded_key_set::tests::locate_missing_key_returns_error ... ok
[INFO] [stdout] test builtins::embedded_key_set::tests::locate_returns_expected_key ... ok
[INFO] [stdout] test builder::tests::invalid_pubkeys_json_propagates_error ... ok
[INFO] [stdout] test builtins::file_audit_sink::tests::record_appends_jsonl_line ... ok
[INFO] [stdout] test builtins::file_state_store::tests::load_returns_default_when_file_absent ... ok
[INFO] [stdout] test builtins::in_memory_usage::tests::consume_tracks_multiple_operations ... ok
[INFO] [stdout] test builtins::cose_decoder::tests::decode_rejects_unknown_operation_kind ... ok
[INFO] [stdout] test builder::tests::build_with_embedded_material_succeeds ... ok
[INFO] [stdout] test builtins::memory_revocation::tests::apply_snapshot_updates_revoked_subjects ... ok
[INFO] [stdout] test builtins::default_binding::tests::collect_returns_fingerprint_with_requested_confidence ... ok
[INFO] [stdout] test builtins::file_audit_sink::tests::record_creates_parent_directory ... ok
[INFO] [stdout] test builtins::mock_lease_client::tests::release_reduces_active_count ... ok
[INFO] [stdout] test builtins::builtin_policy::tests::lease_denied_when_exceeding_capacity ... ok
[INFO] [stdout] test builtins::ed25519_verifier::tests::verify_errors_on_invalid_key_length ... ok
[INFO] [stdout] test builtins::ed25519_verifier::tests::verify_accepts_valid_signature ... ok
[INFO] [stdout] test builtins::file_state_store::tests::store_then_load_round_trips ... ok
[INFO] [stdout] test builder::tests::build_requires_keyset ... ok
[INFO] [stdout] test builtins::cose_decoder::tests::decode_returns_claims ... ok
[INFO] [stdout] test builtins::memory_revocation::tests::snapshot_sequence_must_be_monotonic ... ok
[INFO] [stdout] test builtins::embedded_key_set::tests::from_json_bytes_parses_records ... ok
[INFO] [stdout] test builtins::cose_decoder::tests::decode_requires_kid ... ok
[INFO] [stdout] test builtins::memory_revocation::tests::check_allows_when_no_snapshot_applied ... ok
[INFO] [stdout] test builtins::in_memory_usage::tests::consume_accumulates_usage ... ok
[INFO] [stdout] test builtins::mock_lease_client::tests::acquire_without_register_uses_requested_capacity ... ok
[INFO] [stdout] test builtins::source_lpkg::tests::verify_signature_fails_on_tamper ... ok
[INFO] [stdout] test config::tests::development_config_is_valid ... ok
[INFO] [stdout] test permitry::tests::enforce_monotonic_accepts_increasing_values ... ok
[INFO] [stdout] test builtins::secure_clock::tests::now_never_moves_backward ... ok
[INFO] [stdout] test builtins::file_state_store::tests::tampered_file_fails_mac_check ... ok
[INFO] [stdout] test builtins::source_lpkg::tests::local_package_source_reads_file ... ok
[INFO] [stdout] test config::tests::production_config_is_valid ... ok
[INFO] [stdout] test config::tests::config_serialization_round_trip ... ok
[INFO] [stdout] test config::tests::validation_rejects_invalid_values ... ok
[INFO] [stdout] test builtins::mock_lease_client::tests::acquire_respects_capacity ... ok
[INFO] [stdout] test permitry::tests::enforce_monotonic_rejects_rollback ... ok
[INFO] [stdout] test builtins::source_lpkg::tests::outcome_rejects_invalid_hwt ... ok
[INFO] [stdout] test config::tests::default_config_is_valid ... ok
[INFO] [stdout] test security::hsn::tests::applies_accepts_greater_sequence ... ok
[INFO] [stdout] test security::hwt::tests::applies_accepts_later_timestamp ... ok
[INFO] [stdout] test security::hwt::tests::merge_only_updates_on_increase ... ok
[INFO] [stdout] test security::hsn::tests::merge_retains_highest_value ... ok
[INFO] [stdout] test security::hwt::tests::applies_rejects_earlier_timestamp ... ok
[INFO] [stdout] test traits::audit::tests::audit_sink_errors_are_returned ... ok
[INFO] [stdout] test traits::clock::tests::clock_trait_can_be_used_via_arc ... ok
[INFO] [stdout] test traits::key_set::tests::locate_missing_key_returns_error ... ok
[INFO] [stdout] test builtins::source_lpkg::tests::outcome_contains_tokens_and_revocation ... ok
[INFO] [stdout] test traits::lease::tests::lease_client_trait_invokes_methods ... ok
[INFO] [stdout] test config::tests::config_file_operations ... ok
[INFO] [stdout] test security::hsn::tests::applies_rejects_smaller_sequence ... ok
[INFO] [stdout] test traits::audit::tests::audit_sink_trait_records_decisions ... ok
[INFO] [stdout] test traits::key_set::tests::locate_returns_key_material ... ok
[INFO] [stdout] test traits::revocation::tests::apply_snapshot_rejects_stale_sequences ... ok
[INFO] [stdout] test traits::binding::tests::collect_via_trait_object ... ok
[INFO] [stdout] test traits::lease::tests::lease_client_errors_are_propagated ... ok
[INFO] [stdout] test traits::revocation::tests::revocation_provider_trait_flow ... ok
[INFO] [stdout] test traits::clock::tests::clock_implementations_can_enforce_monotonic_sequence ... ok
[INFO] [stdout] test traits::revocation::tests::latest_returns_none_until_snapshot_applied ... ok
[INFO] [stdout] test traits::source::tests::token_and_package_source_errors_bubble_up ... ok
[INFO] [stdout] test traits::source::tests::token_and_package_sources_return_bytes ... ok
[INFO] [stdout] test traits::binding::tests::collect_propagates_errors ... ok
[INFO] [stdout] test traits::usage::tests::usage_meter_trait_records_operations ... ok
[INFO] [stdout] test types::context::tests::allow_and_deny_set_flags ... ok
[INFO] [stdout] test types::errors::tests::display_formats_error_message ... ok
[INFO] [stdout] test types::errors::tests::result_alias_works_with_error ... ok
[INFO] [stdout] test types::context::tests::decision_for_returns_matching_decision ... ok
[INFO] [stdout] test types::errors::tests::public_error_messages ... ok
[INFO] [stdout] test types::errors::tests::retryable_errors_are_identified ... ok
[INFO] [stdout] test types::errors::tests::error_categories_are_correct ... ok
[INFO] [stdout] test traits::policy::tests::default_advice_is_empty_and_errors_propagate ... ok
[INFO] [stdout] test types::token::tests::operations_equality_respects_kind_details ... ok
[INFO] [stdout] test traits::token_decoder::tests::decoder_trait_can_be_called ... ok
[INFO] [stdout] test traits::policy::tests::evaluate_and_advice_work_via_trait_object ... ok
[INFO] [stdout] test builtins::secure_clock::tests::concurrent_access_stays_monotonic ... ok
[INFO] [stdout] test traits::usage::tests::usage_meter_errors_when_limit_exceeded ... ok
[INFO] [stdout] test traits::token_decoder::tests::decoder_trait_returns_claims ... ok
[INFO] [stdout] test types::token::tests::serialize_and_deserialize_claims_round_trip ... ok
[INFO] [stdout] 
[INFO] [stdout] test result: ok. 81 passed; 0 failed; 0 ignored; 0 measured; 0 filtered out; finished in 0.02s
[INFO] [stdout] 
[INFO] [stderr]      Running tests/atomic_state_update.rs (/opt/rustwide/target/release/build/permitry/07f961c4212f6091/out/atomic_state_update-07f961c4212f6091)
[INFO] [stdout] 
[INFO] [stdout] running 8 tests
[INFO] [stdout] test atomic_update_rolls_back_on_updater_error ... ok
[INFO] [stdout] test atomic_update_succeeds_in_single_thread ... ok
[INFO] [stdout] test atomic_update_no_partial_state_on_crash ... ok
[INFO] [stdout] test atomic_update_compatible_with_existing_load_store ... ok
[INFO] [stdout] test atomic_update_preserves_state_on_filesystem_error ... FAILED
[INFO] [stdout] test atomic_update_handles_boundary_values ... ok
[INFO] [stdout] test atomic_update_handles_concurrent_writes ... FAILED
[INFO] [stdout] test atomic_update_no_deadlock_under_high_concurrency ... ok
[INFO] [stdout] 
[INFO] [stdout] failures:
[INFO] [stdout] 
[INFO] [stdout] ---- atomic_update_preserves_state_on_filesystem_error stdout ----
[INFO] [stdout] 
[INFO] [stdout] thread 'atomic_update_preserves_state_on_filesystem_error' (2545) panicked at tests/atomic_state_update.rs:150:9:
[INFO] [stdout] assertion failed: result.is_err()
[INFO] [stdout] stack backtrace:
[INFO] [stdout]    0:     0x5a6067be2481 - <<std[617be2ca0a6fd877]::sys::backtrace::BacktraceLock>::print::DisplayBacktrace as core[a373ad73a504971]::fmt::Display>::fmt
[INFO] [stdout]    1:     0x5a6067bf6eba - core[a373ad73a504971]::fmt::write
[INFO] [stdout]    2:     0x5a6067be696c - <alloc[2e1b2a31b91974c5]::vec::Vec<u8> as core[a373ad73a504971]::io::write::Write>::write_fmt
[INFO] [stdout]    3:     0x5a6067bbc956 - std[617be2ca0a6fd877]::panicking::default_hook::{closure#0}
[INFO] [stdout]    4:     0x5a6067bd9da9 - std[617be2ca0a6fd877]::panicking::default_hook
[INFO] [stdout]    5:     0x5a6067b50540 - test[aada8e7e76ba119b]::test_main_inner::{closure#0}
[INFO] [stdout]    6:     0x5a6067bd9f62 - std[617be2ca0a6fd877]::panicking::panic_with_hook
[INFO] [stdout]    7:     0x5a6067bbca34 - std[617be2ca0a6fd877]::panicking::panic_handler::{closure#0}
[INFO] [stdout]    8:     0x5a6067bb54f9 - std[617be2ca0a6fd877]::sys::backtrace::__rust_end_short_backtrace::<std[617be2ca0a6fd877]::panicking::panic_handler::{closure#0}, !>
[INFO] [stdout]    9:     0x5a6067bbd7bd - __rustc[ea4f61d10b84890b]::rust_begin_unwind
[INFO] [stdout]   10:     0x5a6067bf75ec - core[a373ad73a504971]::panicking::panic_fmt
[INFO] [stdout]   11:     0x5a6067bf75b2 - core[a373ad73a504971]::panicking::panic
[INFO] [stdout]   12:     0x5a6067b425a3 - <atomic_state_update[4bd187922de270b2]::atomic_update_preserves_state_on_filesystem_error::{closure#0} as core[a373ad73a504971]::ops::function::FnOnce<()>>::call_once
[INFO] [stdout]   13:     0x5a6067b4398b - test[aada8e7e76ba119b]::__rust_begin_short_backtrace::<core[a373ad73a504971]::result::Result<(), alloc[2e1b2a31b91974c5]::string::String>, fn() -> core[a373ad73a504971]::result::Result<(), alloc[2e1b2a31b91974c5]::string::String>>
[INFO] [stdout]   14:     0x5a6067b50b65 - test[aada8e7e76ba119b]::run_test::{closure#0}
[INFO] [stdout]   15:     0x5a6067b4a454 - std[617be2ca0a6fd877]::sys::backtrace::__rust_begin_short_backtrace::<test[aada8e7e76ba119b]::run_test::{closure#1}, ()>
[INFO] [stdout]   16:     0x5a6067b53bf2 - <std[617be2ca0a6fd877]::thread::lifecycle::spawn_unchecked<test[aada8e7e76ba119b]::run_test::{closure#1}, ()>::{closure#1} as core[a373ad73a504971]::ops::function::FnOnce<()>>::call_once::{shim:vtable#0}
[INFO] [stdout]   17:     0x5a6067be1cdf - <std[617be2ca0a6fd877]::sys::thread::unix::Thread>::new::thread_start
[INFO] [stdout]   18:     0x7abb1cc67dfa - <unknown>
[INFO] [stdout]   19:     0x7abb1ccfb3d4 - clone
[INFO] [stdout]   20:                0x0 - <unknown>
[INFO] [stdout] 
[INFO] [stdout] ---- atomic_update_handles_concurrent_writes stdout ----
[INFO] [stdout] 
[INFO] [stdout] thread '<unnamed>' (2553) panicked at tests/atomic_state_update.rs:71:22:
[INFO] [stdout] called `Result::unwrap()` on an `Err` value: State("rename state failed: No such file or directory (os error 2)")
[INFO] [stdout] stack backtrace:
[INFO] [stdout]    0:     0x5a6067be2481 - <<std[617be2ca0a6fd877]::sys::backtrace::BacktraceLock>::print::DisplayBacktrace as core[a373ad73a504971]::fmt::Display>::fmt
[INFO] [stdout]    1:     0x5a6067bf6eba - core[a373ad73a504971]::fmt::write
[INFO] [stdout]    2:     0x5a6067be696c - <alloc[2e1b2a31b91974c5]::vec::Vec<u8> as core[a373ad73a504971]::io::write::Write>::write_fmt
[INFO] [stdout]    3:     0x5a6067bbc956 - std[617be2ca0a6fd877]::panicking::default_hook::{closure#0}
[INFO] [stdout]    4:     0x5a6067bd9da9 - std[617be2ca0a6fd877]::panicking::default_hook
[INFO] [stdout]    5:     0x5a6067b50540 - test[aada8e7e76ba119b]::test_main_inner::{closure#0}
[INFO] [stdout]    6:     0x5a6067bd9f62 - std[617be2ca0a6fd877]::panicking::panic_with_hook
[INFO] [stdout]    7:     0x5a6067bbca02 - std[617be2ca0a6fd877]::panicking::panic_handler::{closure#0}
[INFO] [stdout]    8:     0x5a6067bb54f9 - std[617be2ca0a6fd877]::sys::backtrace::__rust_end_short_backtrace::<std[617be2ca0a6fd877]::panicking::panic_handler::{closure#0}, !>
[INFO] [stdout]    9:     0x5a6067bbd7bd - __rustc[ea4f61d10b84890b]::rust_begin_unwind
[INFO] [stdout]   10:     0x5a6067bf75ec - core[a373ad73a504971]::panicking::panic_fmt
[INFO] [stdout]   11:     0x5a6067bf73c2 - core[a373ad73a504971]::result::unwrap_failed
[INFO] [stdout]   12:     0x5a6067b3cb49 - std[617be2ca0a6fd877]::sys::backtrace::__rust_begin_short_backtrace::<atomic_state_update[4bd187922de270b2]::atomic_update_handles_concurrent_writes::{closure#0}::{closure#0}, ()>
[INFO] [stdout]   13:     0x5a6067b3d9a8 - <std[617be2ca0a6fd877]::thread::lifecycle::spawn_unchecked<atomic_state_update[4bd187922de270b2]::atomic_update_handles_concurrent_writes::{closure#0}::{closure#0}, ()>::{closure#1} as core[a373ad73a504971]::ops::function::FnOnce<()>>::call_once::{shim:vtable#0}
[INFO] [stdout]   14:     0x5a6067be1cdf - <std[617be2ca0a6fd877]::sys::thread::unix::Thread>::new::thread_start
[INFO] [stdout]   15:     0x7abb1cc67dfa - <unknown>
[INFO] [stdout]   16:     0x7abb1ccfb3d4 - clone
[INFO] [stdout]   17:                0x0 - <unknown>
[INFO] [stdout] 
[INFO] [stdout] thread 'atomic_update_handles_concurrent_writes' (2542) panicked at tests/atomic_state_update.rs:77:23:
[INFO] [stdout] called `Result::unwrap()` on an `Err` value: Any { .. }
[INFO] [stdout] stack backtrace:
[INFO] [stdout]    0:     0x5a6067be2481 - <<std[617be2ca0a6fd877]::sys::backtrace::BacktraceLock>::print::DisplayBacktrace as core[a373ad73a504971]::fmt::Display>::fmt
[INFO] [stdout]    1:     0x5a6067bf6eba - core[a373ad73a504971]::fmt::write
[INFO] [stdout]    2:     0x5a6067be696c - <alloc[2e1b2a31b91974c5]::vec::Vec<u8> as core[a373ad73a504971]::io::write::Write>::write_fmt
[INFO] [stdout]    3:     0x5a6067bbc956 - std[617be2ca0a6fd877]::panicking::default_hook::{closure#0}
[INFO] [stdout]    4:     0x5a6067bd9da9 - std[617be2ca0a6fd877]::panicking::default_hook
[INFO] [stdout]    5:     0x5a6067b50540 - test[aada8e7e76ba119b]::test_main_inner::{closure#0}
[INFO] [stdout]    6:     0x5a6067bd9f62 - std[617be2ca0a6fd877]::panicking::panic_with_hook
[INFO] [stdout]    7:     0x5a6067bbca02 - std[617be2ca0a6fd877]::panicking::panic_handler::{closure#0}
[INFO] [stdout]    8:     0x5a6067bb54f9 - std[617be2ca0a6fd877]::sys::backtrace::__rust_end_short_backtrace::<std[617be2ca0a6fd877]::panicking::panic_handler::{closure#0}, !>
[INFO] [stdout]    9:     0x5a6067bbd7bd - __rustc[ea4f61d10b84890b]::rust_begin_unwind
[INFO] [stdout]   10:     0x5a6067bf75ec - core[a373ad73a504971]::panicking::panic_fmt
[INFO] [stdout]   11:     0x5a6067bf73c2 - core[a373ad73a504971]::result::unwrap_failed
[INFO] [stdout]   12:     0x5a6067b40029 - <atomic_state_update[4bd187922de270b2]::atomic_update_handles_concurrent_writes::{closure#0} as core[a373ad73a504971]::ops::function::FnOnce<()>>::call_once
[INFO] [stdout]   13:     0x5a6067b4398b - test[aada8e7e76ba119b]::__rust_begin_short_backtrace::<core[a373ad73a504971]::result::Result<(), alloc[2e1b2a31b91974c5]::string::String>, fn() -> core[a373ad73a504971]::result::Result<(), alloc[2e1b2a31b91974c5]::string::String>>
[INFO] [stdout]   14:     0x5a6067b50b65 - test[aada8e7e76ba119b]::run_test::{closure#0}
[INFO] [stdout]   15:     0x5a6067b4a454 - std[617be2ca0a6fd877]::sys::backtrace::__rust_begin_short_backtrace::<test[aada8e7e76ba119b]::run_test::{closure#1}, ()>
[INFO] [stdout]   16:     0x5a6067b53bf2 - <std[617be2ca0a6fd877]::thread::lifecycle::spawn_unchecked<test[aada8e7e76ba119b]::run_test::{closure#1}, ()>::{closure#1} as core[a373ad73a504971]::ops::function::FnOnce<()>>::call_once::{shim:vtable#0}
[INFO] [stdout]   17:     0x5a6067be1cdf - <std[617be2ca0a6fd877]::sys::thread::unix::Thread>::new::thread_start
[INFO] [stdout]   18:     0x7abb1cc67dfa - <unknown>
[INFO] [stdout]   19:     0x7abb1ccfb3d4 - clone
[INFO] [stdout]   20:                0x0 - <unknown>
[INFO] [stdout] 
[INFO] [stdout] 
[INFO] [stdout] failures:
[INFO] [stdout]     atomic_update_handles_concurrent_writes
[INFO] [stdout]     atomic_update_preserves_state_on_filesystem_error
[INFO] [stdout] 
[INFO] [stdout] test result: FAILED. 6 passed; 2 failed; 0 ignored; 0 measured; 0 filtered out; finished in 0.34s
[INFO] [stdout] 
[INFO] [stderr] error: test failed, to rerun pass `--test atomic_state_update`
[INFO] running `Command { std: "docker" "inspect" "9341f201b5a7336e2537e31ee44b578325e80f7d1c1f5641478569cc4aca7a86", kill_on_drop: false }`
[INFO] running `Command { std: "docker" "rm" "-f" "9341f201b5a7336e2537e31ee44b578325e80f7d1c1f5641478569cc4aca7a86", kill_on_drop: false }`
[INFO] [stdout] 9341f201b5a7336e2537e31ee44b578325e80f7d1c1f5641478569cc4aca7a86
