[INFO] fetching crate pegtastic 0.1.0...
[INFO] testing pegtastic-0.1.0 against 1.99.0-beta.8+cargoflags=--release for beta-release-1.100-2
[INFO] extracting crate pegtastic 0.1.0 into /workspace/builds/worker-5-tc1/source
[INFO] started tweaking crates.io crate pegtastic 0.1.0
[INFO] removed 0 missing tests
[INFO] finished tweaking crates.io crate pegtastic 0.1.0
[INFO] tweaked toml for crates.io crate pegtastic 0.1.0 written to /workspace/builds/worker-5-tc1/source/Cargo.toml
[INFO] validating manifest of crates.io crate pegtastic 0.1.0 on toolchain 1.99.0-beta.8
[INFO] running `Command { std: CARGO_HOME="/workspace/cargo-home" RUSTUP_HOME="/workspace/rustup-home" "/workspace/cargo-home/bin/cargo" "+1.99.0-beta.8" "metadata" "--manifest-path" "Cargo.toml" "--no-deps", kill_on_drop: false }`
[INFO] running `Command { std: CARGO_HOME="/workspace/cargo-home" RUSTUP_HOME="/workspace/rustup-home" "/workspace/cargo-home/bin/cargo" "+1.99.0-beta.8" "generate-lockfile" "--manifest-path" "Cargo.toml", kill_on_drop: false }`
[INFO] [stderr]     Updating crates.io index
[INFO] [stderr]      Locking 29 packages to highest compatible versions
[INFO] running `Command { std: CARGO_HOME="/workspace/cargo-home" RUSTUP_HOME="/workspace/rustup-home" "/workspace/cargo-home/bin/cargo" "+1.99.0-beta.8" "fetch" "--manifest-path" "Cargo.toml", kill_on_drop: false }`
[INFO] [stderr]  Downloading crates ...
[INFO] [stderr]   Downloaded pegtastic-runtime v0.1.0
[INFO] [stderr]   Downloaded pegtastic-macros v0.1.0
[INFO] running `Command { std: "docker" "create" "-v" "/var/lib/crater-agent-workspace/builds/worker-5-tc1/source:/opt/rustwide/workdir:ro,Z" "-v" "/var/lib/crater-agent-workspace/builds/worker-5-tc1/target:/opt/rustwide/target:rw,Z" "-v" "/var/lib/crater-agent-workspace/cargo-home:/opt/rustwide/cargo-home:ro,Z" "-v" "/var/lib/crater-agent-workspace/rustup-home:/opt/rustwide/rustup-home:ro,Z" "-m" "1610612736" "--network" "none" "ghcr.io/rust-lang/crates-build-env/linux@sha256:77db811e55d90add9212f6832c23229e3de5f1c1f9905e8cb07319ea15df73ac" "sleep" "infinity", kill_on_drop: false }`
[INFO] [stdout] 9e03100751e7373ba44d89c6d44a1981b12296a93f8ab357f0e57e5678ef4145
[INFO] running `Command { std: "docker" "start" "9e03100751e7373ba44d89c6d44a1981b12296a93f8ab357f0e57e5678ef4145", kill_on_drop: false }`
[INFO] running `Command { std: "docker" "inspect" "9e03100751e7373ba44d89c6d44a1981b12296a93f8ab357f0e57e5678ef4145", kill_on_drop: false }`
[INFO] running `Command { std: "docker" "exec" "-e" "SOURCE_DIR=/opt/rustwide/workdir" "-e" "CARGO_HOME=/opt/rustwide/cargo-home" "-e" "RUSTUP_HOME=/opt/rustwide/rustup-home" "-e" "CARGO_TARGET_DIR=/opt/rustwide/target" "-w" "/opt/rustwide/workdir" "--user" "0:0" "9e03100751e7373ba44d89c6d44a1981b12296a93f8ab357f0e57e5678ef4145" "/opt/rustwide/cargo-home/bin/cargo" "+1.99.0-beta.8" "metadata" "--no-deps" "--format-version=1", kill_on_drop: false }`
[INFO] running `Command { std: "docker" "inspect" "9e03100751e7373ba44d89c6d44a1981b12296a93f8ab357f0e57e5678ef4145", kill_on_drop: false }`
[INFO] running `Command { std: "docker" "exec" "-e" "SOURCE_DIR=/opt/rustwide/workdir" "-e" "CARGO_HOME=/opt/rustwide/cargo-home" "-e" "RUSTUP_HOME=/opt/rustwide/rustup-home" "-e" "CARGO_TARGET_DIR=/opt/rustwide/target" "-e" "CARGO_INCREMENTAL=0" "-e" "RUST_BACKTRACE=full" "-e" "RUSTFLAGS=--cap-lints=warn" "-e" "RUSTDOCFLAGS=--cap-lints=warn" "-w" "/opt/rustwide/workdir" "--user" "0:0" "9e03100751e7373ba44d89c6d44a1981b12296a93f8ab357f0e57e5678ef4145" "/opt/rustwide/cargo-home/bin/cargo" "+1.99.0-beta.8" "build" "--frozen" "--message-format=json" "--release", kill_on_drop: false }`
[INFO] [stderr]    Compiling pegtastic-runtime v0.1.0
[INFO] [stderr]    Compiling pegtastic-macros v0.1.0
[INFO] [stderr]    Compiling pegtastic v0.1.0 (/opt/rustwide/workdir)
[INFO] [stderr]     Finished `release` profile [optimized] target(s) in 1.37s
[INFO] running `Command { std: "docker" "inspect" "9e03100751e7373ba44d89c6d44a1981b12296a93f8ab357f0e57e5678ef4145", kill_on_drop: false }`
[INFO] running `Command { std: "docker" "exec" "-e" "SOURCE_DIR=/opt/rustwide/workdir" "-e" "CARGO_HOME=/opt/rustwide/cargo-home" "-e" "RUSTUP_HOME=/opt/rustwide/rustup-home" "-e" "CARGO_TARGET_DIR=/opt/rustwide/target" "-e" "CARGO_INCREMENTAL=0" "-e" "RUST_BACKTRACE=full" "-e" "RUSTFLAGS=--cap-lints=warn" "-e" "RUSTDOCFLAGS=--cap-lints=warn" "-w" "/opt/rustwide/workdir" "--user" "0:0" "9e03100751e7373ba44d89c6d44a1981b12296a93f8ab357f0e57e5678ef4145" "/opt/rustwide/cargo-home/bin/cargo" "+1.99.0-beta.8" "test" "--frozen" "--no-run" "--message-format=json" "--release", kill_on_drop: false }`
[INFO] [stderr]    Compiling target-tuple v1.0.2
[INFO] [stderr]    Compiling serde v1.0.229
[INFO] [stderr]    Compiling syn v3.0.9
[INFO] [stderr]    Compiling serde_json v1.0.154
[INFO] [stderr]    Compiling serde_derive v1.0.229
[INFO] [stderr]    Compiling trybuild v1.0.122
[INFO] [stderr]    Compiling pegtastic v0.1.0 (/opt/rustwide/workdir)
[INFO] [stderr]     Finished `release` profile [optimized] target(s) in 15.45s
[INFO] running `Command { std: "docker" "inspect" "9e03100751e7373ba44d89c6d44a1981b12296a93f8ab357f0e57e5678ef4145", kill_on_drop: false }`
[INFO] running `Command { std: "docker" "exec" "-e" "SOURCE_DIR=/opt/rustwide/workdir" "-e" "CARGO_HOME=/opt/rustwide/cargo-home" "-e" "RUSTUP_HOME=/opt/rustwide/rustup-home" "-e" "CARGO_TARGET_DIR=/opt/rustwide/target" "-e" "CARGO_INCREMENTAL=0" "-e" "RUST_BACKTRACE=full" "-e" "RUSTFLAGS=--cap-lints=warn" "-e" "RUSTDOCFLAGS=--cap-lints=warn" "-w" "/opt/rustwide/workdir" "--user" "0:0" "9e03100751e7373ba44d89c6d44a1981b12296a93f8ab357f0e57e5678ef4145" "/opt/rustwide/cargo-home/bin/cargo" "+1.99.0-beta.8" "test" "--frozen" "--release", kill_on_drop: false }`
[INFO] [stderr]     Finished `release` profile [optimized] target(s) in 0.06s
[INFO] [stderr]      Running unittests src/lib.rs (/opt/rustwide/target/release/deps/pegtastic-8a09ffb6720c1641)
[INFO] [stderr]      Running tests/trybuild.rs (/opt/rustwide/target/release/deps/trybuild-64c2623e5ffec71e)
[INFO] [stdout] 
[INFO] [stdout] running 0 tests
[INFO] [stdout] 
[INFO] [stdout] test result: ok. 0 passed; 0 failed; 0 ignored; 0 measured; 0 filtered out; finished in 0.00s
[INFO] [stdout] 
[INFO] [stdout] Note: compile-fail tests are normally only tested on the stable rust compiler in CI.
[INFO] [stderr]    Compiling proc-macro2 v1.0.107
[INFO] [stderr]    Compiling unicode-ident v1.0.27
[INFO] [stderr]    Compiling quote v1.0.47
[INFO] [stderr]    Compiling pegtastic-runtime v0.1.0
[INFO] [stderr]    Compiling pegtastic-macros v0.1.0
[INFO] [stderr]    Compiling pegtastic v0.1.0 (/opt/rustwide/workdir)
[INFO] [stderr]    Compiling pegtastic-tests v0.0.0 (/opt/rustwide/target/tests/trybuild/pegtastic)
[INFO] [stderr]     Finished `dev` profile [unoptimized + debuginfo] target(s) in 3.05s
[INFO] [stderr] 
[INFO] [stderr] 
[INFO] [stderr] test tests/compile-fail/cache_with_args.rs [should fail to compile] ... ok
[INFO] [stderr] test tests/compile-fail/duplicate_rule.rs [should fail to compile] ... ok
[INFO] [stderr] test tests/compile-fail/left_recursion.rs [should fail to compile] ... ok
[INFO] [stderr] test tests/compile-fail/rule_args_errors.rs [should fail to compile] ... mismatch
[INFO] [stderr] 
[INFO] [stderr] EXPECTED:
[INFO] [stderr] ┈┈┈┈┈┈┈┈┈┈┈┈┈┈┈┈┈┈┈┈┈┈┈┈┈┈┈┈┈┈┈┈┈┈┈┈┈┈┈┈┈┈┈┈┈┈┈┈┈┈┈┈┈┈┈┈┈┈┈┈
[INFO] [stderr] error: this rule takes 2 parameters but 1 parameters were supplied
[INFO] [stderr]  --> $DIR/rule_args_errors.rs:7:22
[INFO] [stderr]   |
[INFO] [stderr] 7 |     rule too_few() = foo(1) //~ ERROR
[INFO] [stderr]   |                      ^^^
[INFO] [stderr] 
[INFO] [stderr] error: this rule takes 2 parameters but 3 parameters were supplied
[INFO] [stderr]  --> $DIR/rule_args_errors.rs:8:23
[INFO] [stderr]   |
[INFO] [stderr] 8 |     rule too_many() = foo(1, <[_]>, 2)  //~ ERROR
[INFO] [stderr]   |                       ^^^
[INFO] [stderr] 
[INFO] [stderr] error: parameter `x` expects a value, but a PEG expression was passed
[INFO] [stderr]   --> $DIR/rule_args_errors.rs:10:26
[INFO] [stderr]    |
[INFO] [stderr] 10 |     rule wrong_type1() = foo(<[_]>, 1) //~ ERROR
[INFO] [stderr]    |                          ^^^
[INFO] [stderr] 
[INFO] [stderr] error: parameter `y` expects a PEG expression, but a value was passed
[INFO] [stderr]   --> $DIR/rule_args_errors.rs:11:26
[INFO] [stderr]    |
[INFO] [stderr] 11 |     rule wrong_type2() = foo(1, 1) //~ ERROR
[INFO] [stderr]    |                          ^^^
[INFO] [stderr] 
[INFO] [stderr] error: parameters on `pub rule` must be Rust types
[INFO] [stderr]   --> $DIR/rule_args_errors.rs:13:27
[INFO] [stderr]    |
[INFO] [stderr] 13 |     pub rule pub_rule_arg(x: rule<()>) = "foo" //~ ERROR
[INFO] [stderr]    |                           ^
[INFO] [stderr] ┈┈┈┈┈┈┈┈┈┈┈┈┈┈┈┈┈┈┈┈┈┈┈┈┈┈┈┈┈┈┈┈┈┈┈┈┈┈┈┈┈┈┈┈┈┈┈┈┈┈┈┈┈┈┈┈┈┈┈┈
[INFO] [stderr] 
[INFO] [stderr] ACTUAL OUTPUT:
[INFO] [stderr] ┈┈┈┈┈┈┈┈┈┈┈┈┈┈┈┈┈┈┈┈┈┈┈┈┈┈┈┈┈┈┈┈┈┈┈┈┈┈┈┈┈┈┈┈┈┈┈┈┈┈┈┈┈┈┈┈┈┈┈┈
[INFO] [stderr] error: this rule takes 2 parameters but 1 parameters were supplied
[INFO] [stderr]  --> tests/compile-fail/rule_args_errors.rs:7:22
[INFO] [stderr]   |
[INFO] [stderr] 7 |     rule too_few() = foo(1) //~ ERROR
[INFO] [stderr]   |                      ^^^
[INFO] [stderr] 
[INFO] [stderr] error: this rule takes 2 parameters but 3 parameters were supplied
[INFO] [stderr]  --> tests/compile-fail/rule_args_errors.rs:8:23
[INFO] [stderr]   |
[INFO] [stderr] 8 |     rule too_many() = foo(1, <[_]>, 2)  //~ ERROR
[INFO] [stderr]   |                       ^^^
[INFO] [stderr] 
[INFO] [stderr] error: parameter `x` expects a value, but a PEG expression was passed
[INFO] [stderr]   --> tests/compile-fail/rule_args_errors.rs:10:26
[INFO] [stderr]    |
[INFO] [stderr] 10 |     rule wrong_type1() = foo(<[_]>, 1) //~ ERROR
[INFO] [stderr]    |                          ^^^
[INFO] [stderr] 
[INFO] [stderr] error: parameter `y` expects a PEG expression, but a value was passed
[INFO] [stderr]   --> tests/compile-fail/rule_args_errors.rs:11:26
[INFO] [stderr]    |
[INFO] [stderr] 11 |     rule wrong_type2() = foo(1, 1) //~ ERROR
[INFO] [stderr]    |                          ^^^
[INFO] [stderr] 
[INFO] [stderr] error: parameters on `pub rule` must be Rust types
[INFO] [stderr]   --> tests/compile-fail/rule_args_errors.rs:13:27
[INFO] [stderr]    |
[INFO] [stderr] 13 |     pub rule pub_rule_arg(x: rule<()>) = "foo" //~ ERROR
[INFO] [stderr]    |                           ^
[INFO] [stderr] 
[INFO] [stderr] error[E0382]: use of moved value: `x`
[INFO] [stderr]   --> tests/compile-fail/rule_args_errors.rs:13:27
[INFO] [stderr]    |
[INFO] [stderr] 13 |     pub rule pub_rule_arg(x: rule<()>) = "foo" //~ ERROR
[INFO] [stderr]    |                           ^
[INFO] [stderr]    |                           |
[INFO] [stderr]    |                           value used here after move
[INFO] [stderr]    |                           move occurs because `x` has type `impl Fn(&'input Input, &mut ParseState<'input>, &mut ::pegtastic::error::ErrorState, usize) -> ::pegtastic::RuleResult<()>`, which does not implement the `Copy` trait
[INFO] [stderr]    |
[INFO] [stderr] help: consider borrowing `x`
[INFO] [stderr]    |
[INFO] [stderr] 13 |     pub rule pub_rule_arg(&x: rule<()>) = "foo" //~ ERROR
[INFO] [stderr]    |                           +
[INFO] [stderr] ┈┈┈┈┈┈┈┈┈┈┈┈┈┈┈┈┈┈┈┈┈┈┈┈┈┈┈┈┈┈┈┈┈┈┈┈┈┈┈┈┈┈┈┈┈┈┈┈┈┈┈┈┈┈┈┈┈┈┈┈
[INFO] [stderr] note: If the actual output is the correct output you can bless it by rerunning
[INFO] [stderr]       your test with the environment variable TRYBUILD=overwrite
[INFO] [stderr] 
[INFO] [stderr] test tests/compile-fail/rust_action_syntax_error.rs [should fail to compile] ... ok
[INFO] [stderr] test tests/compile-fail/rust_action_type_error.rs [should fail to compile] ... mismatch
[INFO] [stderr] 
[INFO] [stderr] EXPECTED:
[INFO] [stderr] ┈┈┈┈┈┈┈┈┈┈┈┈┈┈┈┈┈┈┈┈┈┈┈┈┈┈┈┈┈┈┈┈┈┈┈┈┈┈┈┈┈┈┈┈┈┈┈┈┈┈┈┈┈┈┈┈┈┈┈┈
[INFO] [stderr] error[E0308]: mismatched types
[INFO] [stderr]  --> $DIR/rust_action_type_error.rs:7:29
[INFO] [stderr]   |
[INFO] [stderr] 7 |     rule foo() -> X = "a" { Y } //~ ERROR
[INFO] [stderr]   |                             ^ expected struct `X`, found struct `Y`
[INFO] [stderr] ┈┈┈┈┈┈┈┈┈┈┈┈┈┈┈┈┈┈┈┈┈┈┈┈┈┈┈┈┈┈┈┈┈┈┈┈┈┈┈┈┈┈┈┈┈┈┈┈┈┈┈┈┈┈┈┈┈┈┈┈
[INFO] [stderr] 
[INFO] [stderr] ACTUAL OUTPUT:
[INFO] [stderr] ┈┈┈┈┈┈┈┈┈┈┈┈┈┈┈┈┈┈┈┈┈┈┈┈┈┈┈┈┈┈┈┈┈┈┈┈┈┈┈┈┈┈┈┈┈┈┈┈┈┈┈┈┈┈┈┈┈┈┈┈
[INFO] [stderr] error[E0308]: mismatched types
[INFO] [stderr]  --> tests/compile-fail/rust_action_type_error.rs:7:29
[INFO] [stderr]   |
[INFO] [stderr] 7 |     rule foo() -> X = "a" { Y } //~ ERROR
[INFO] [stderr]   |                             ^ expected `X`, found `Y`
[INFO] [stderr] ┈┈┈┈┈┈┈┈┈┈┈┈┈┈┈┈┈┈┈┈┈┈┈┈┈┈┈┈┈┈┈┈┈┈┈┈┈┈┈┈┈┈┈┈┈┈┈┈┈┈┈┈┈┈┈┈┈┈┈┈
[INFO] [stderr] note: If the actual output is the correct output you can bless it by rerunning
[INFO] [stderr]       your test with the environment variable TRYBUILD=overwrite
[INFO] [stderr] 
[INFO] [stderr] test tests/compile-fail/syntax_error.rs [should fail to compile] ... ok
[INFO] [stderr] test tests/compile-fail/use_undefined_result.rs [should fail to compile] ... ok
[INFO] [stderr] test tests/compile-fail/use_undefined_rule.rs [should fail to compile] ... ok
[INFO] [stderr] test tests/run-pass/arithmetic.rs [should pass] ... ok
[INFO] [stderr] test tests/run-pass/arithmetic_ast.rs [should pass] ... ok
[INFO] [stderr] test tests/run-pass/arithmetic_infix.rs [should pass] ... ok
[INFO] [stderr] test tests/run-pass/arithmetic_infix_ast.rs [should pass] ... ok
[INFO] [stderr] test tests/run-pass/arithmetic_infix_ast_span.rs [should pass] ... ok
[INFO] [stderr] test tests/run-pass/borrow_from_input.rs [should pass] ... ok
[INFO] [stderr] test tests/run-pass/bytes.rs [should pass] ... ok
[INFO] [stderr] test tests/run-pass/conditional_block.rs [should pass] ... ok
[INFO] [stderr] test tests/run-pass/crate_import.rs [should pass] ... ok
[INFO] [stderr] test tests/run-pass/errors.rs [should pass] ... ok
[INFO] [stderr] test tests/run-pass/keyval.rs [should pass] ... ok
[INFO] [stderr] test tests/run-pass/memoization.rs [should pass] ... ok
[INFO] [stderr] test tests/run-pass/optional.rs [should pass] ... ok
[INFO] [stderr] test tests/run-pass/pos_neg_assert.rs [should pass] ... ok
[INFO] [stderr] test tests/run-pass/position.rs [should pass] ... ok
[INFO] [stderr] test tests/run-pass/renamed_imports.rs [should pass] ... ok
[INFO] [stderr] test tests/run-pass/repeats.rs [should pass] ... ok
[INFO] [stderr] test tests/run-pass/rule_args.rs [should pass] ... ok
[INFO] [stderr] test tests/run-pass/test-hygiene.rs [should pass] ... ok
[INFO] [stderr] test tests/run-pass/utf8.rs [should pass] ... ok
[INFO] [stderr] 
[INFO] [stderr] 
[INFO] [stderr] 
[INFO] [stderr] thread 'main' (393) panicked at /opt/rustwide/cargo-home/registry/src/index.crates.io-1949cf8c6b5b557f/trybuild-1.0.122/src/run.rs:103:13:
[INFO] [stderr] 2 of 29 tests failed
[INFO] [stderr] stack backtrace:
[INFO] [stderr]    0:     0x613ed1d911e1 - <<std[70759c8f55707aa4]::sys::backtrace::BacktraceLock>::print::DisplayBacktrace as core[df12db4294e9bfd3]::fmt::Display>::fmt
[INFO] [stderr]    1:     0x613ed1da69ea - core[df12db4294e9bfd3]::fmt::write
[INFO] [stderr]    2:     0x613ed1d9609c - <std[70759c8f55707aa4]::sys::stdio::unix::Stderr as core[df12db4294e9bfd3]::io::write::Write>::write_fmt
[INFO] [stderr]    3:     0x613ed1d6e956 - std[70759c8f55707aa4]::panicking::default_hook::{closure#0}
[INFO] [stderr]    4:     0x613ed1d8b961 - std[70759c8f55707aa4]::panicking::default_hook
[INFO] [stderr]    5:     0x613ed1d8bb1b - std[70759c8f55707aa4]::panicking::panic_with_hook
[INFO] [stderr]    6:     0x613ed1d6ea02 - std[70759c8f55707aa4]::panicking::panic_handler::{closure#0}
[INFO] [stderr]    7:     0x613ed1d673e9 - std[70759c8f55707aa4]::sys::backtrace::__rust_end_short_backtrace::<std[70759c8f55707aa4]::panicking::panic_handler::{closure#0}, !>
[INFO] [stderr]    8:     0x613ed1d6f1fd - __rustc[8fa7c3cbc660c2b3]::rust_begin_unwind
[INFO] [stderr]    9:     0x613ed1da715c - core[df12db4294e9bfd3]::panicking::panic_fmt
[INFO] [stderr]   10:     0x613ed1cba74b - <trybuild[6c188aa1e2891758]::Runner>::run
[INFO] [stderr]   11:     0x613ed1cbdb40 - <trybuild[6c188aa1e2891758]::TestCases as core[df12db4294e9bfd3]::ops::drop::Drop>::drop
[INFO] [stderr]   12:     0x613ed1cb46a1 - trybuild[e7b135241b1aed49]::main
[INFO] [stderr]   13:     0x613ed1cb454b - std[70759c8f55707aa4]::sys::backtrace::__rust_begin_short_backtrace::<fn(), ()>
[INFO] [stderr]   14:     0x613ed1cb4559 - std[70759c8f55707aa4]::rt::lang_start::<()>::{closure#0}
[INFO] [stderr]   15:     0x613ed1d8a7e9 - std[70759c8f55707aa4]::rt::lang_start_internal
[INFO] [stderr]   16:     0x613ed1cb48e5 - main
[INFO] [stderr]   17:     0x74caa9029601 - <unknown>
[INFO] [stderr]   18:     0x74caa9029718 - __libc_start_main
[INFO] [stderr]   19:     0x613ed1cb4365 - _start
[INFO] [stderr]   20:                0x0 - <unknown>
[INFO] [stderr] error: test failed, to rerun pass `--test trybuild`
[INFO] running `Command { std: "docker" "inspect" "9e03100751e7373ba44d89c6d44a1981b12296a93f8ab357f0e57e5678ef4145", kill_on_drop: false }`
[INFO] running `Command { std: "docker" "rm" "-f" "9e03100751e7373ba44d89c6d44a1981b12296a93f8ab357f0e57e5678ef4145", kill_on_drop: false }`
[INFO] [stdout] 9e03100751e7373ba44d89c6d44a1981b12296a93f8ab357f0e57e5678ef4145
