[INFO] fetching crate pegase 0.2.0...
[INFO] testing pegase-0.2.0 against 1.99.0-beta.8+cargoflags=--release for beta-release-1.100-2
[INFO] extracting crate pegase 0.2.0 into /workspace/builds/worker-4-tc1/source
[INFO] started tweaking crates.io crate pegase 0.2.0
[INFO] removed 0 missing tests
[INFO] finished tweaking crates.io crate pegase 0.2.0
[INFO] tweaked toml for crates.io crate pegase 0.2.0 written to /workspace/builds/worker-4-tc1/source/Cargo.toml
[INFO] validating manifest of crates.io crate pegase 0.2.0 on toolchain 1.99.0-beta.8
[INFO] running `Command { std: CARGO_HOME="/workspace/cargo-home" RUSTUP_HOME="/workspace/rustup-home" "/workspace/cargo-home/bin/cargo" "+1.99.0-beta.8" "metadata" "--manifest-path" "Cargo.toml" "--no-deps", kill_on_drop: false }`
[INFO] crate crates.io crate pegase 0.2.0 already has a lockfile, it will not be regenerated
[INFO] running `Command { std: CARGO_HOME="/workspace/cargo-home" RUSTUP_HOME="/workspace/rustup-home" "/workspace/cargo-home/bin/cargo" "+1.99.0-beta.8" "fetch" "--manifest-path" "Cargo.toml", kill_on_drop: false }`
[INFO] [stderr]     Updating crates.io index
[INFO] [stderr]  Downloading crates ...
[INFO] [stderr]   Downloaded mcf v0.6.0
[INFO] [stderr]   Downloaded granit-parser v1.1.0
[INFO] [stderr]   Downloaded serde-envfile v0.4.1
[INFO] [stderr]   Downloaded yescrypt v0.1.0
[INFO] [stderr]   Downloaded serde-saphyr v1.1.0
[INFO] running `Command { std: "docker" "create" "-v" "/var/lib/crater-agent-workspace/builds/worker-4-tc1/source:/opt/rustwide/workdir:ro,Z" "-v" "/var/lib/crater-agent-workspace/builds/worker-4-tc1/target:/opt/rustwide/target:rw,Z" "-v" "/var/lib/crater-agent-workspace/cargo-home:/opt/rustwide/cargo-home:ro,Z" "-v" "/var/lib/crater-agent-workspace/rustup-home:/opt/rustwide/rustup-home:ro,Z" "-m" "1610612736" "--network" "none" "ghcr.io/rust-lang/crates-build-env/linux@sha256:77db811e55d90add9212f6832c23229e3de5f1c1f9905e8cb07319ea15df73ac" "sleep" "infinity", kill_on_drop: false }`
[INFO] [stdout] 820aee5b55356725aa19f6570e14cdfe6d838c31a3e1efa3c14fc614f5c9fe33
[INFO] running `Command { std: "docker" "start" "820aee5b55356725aa19f6570e14cdfe6d838c31a3e1efa3c14fc614f5c9fe33", kill_on_drop: false }`
[INFO] running `Command { std: "docker" "inspect" "820aee5b55356725aa19f6570e14cdfe6d838c31a3e1efa3c14fc614f5c9fe33", kill_on_drop: false }`
[INFO] running `Command { std: "docker" "exec" "-e" "SOURCE_DIR=/opt/rustwide/workdir" "-e" "CARGO_HOME=/opt/rustwide/cargo-home" "-e" "RUSTUP_HOME=/opt/rustwide/rustup-home" "-e" "CARGO_TARGET_DIR=/opt/rustwide/target" "-w" "/opt/rustwide/workdir" "--user" "0:0" "820aee5b55356725aa19f6570e14cdfe6d838c31a3e1efa3c14fc614f5c9fe33" "/opt/rustwide/cargo-home/bin/cargo" "+1.99.0-beta.8" "metadata" "--no-deps" "--format-version=1", kill_on_drop: false }`
[INFO] running `Command { std: "docker" "inspect" "820aee5b55356725aa19f6570e14cdfe6d838c31a3e1efa3c14fc614f5c9fe33", kill_on_drop: false }`
[INFO] running `Command { std: "docker" "exec" "-e" "SOURCE_DIR=/opt/rustwide/workdir" "-e" "CARGO_HOME=/opt/rustwide/cargo-home" "-e" "RUSTUP_HOME=/opt/rustwide/rustup-home" "-e" "CARGO_TARGET_DIR=/opt/rustwide/target" "-e" "CARGO_INCREMENTAL=0" "-e" "RUST_BACKTRACE=full" "-e" "RUSTFLAGS=--cap-lints=warn" "-e" "RUSTDOCFLAGS=--cap-lints=warn" "-w" "/opt/rustwide/workdir" "--user" "0:0" "820aee5b55356725aa19f6570e14cdfe6d838c31a3e1efa3c14fc614f5c9fe33" "/opt/rustwide/cargo-home/bin/cargo" "+1.99.0-beta.8" "build" "--frozen" "--message-format=json" "--release", kill_on_drop: false }`
[INFO] [stderr]    Compiling crypto-common v0.2.2
[INFO] [stderr]    Compiling syn v2.0.119
[INFO] [stderr]    Compiling inout v0.2.2
[INFO] [stderr]    Compiling curve25519-dalek v5.0.0
[INFO] [stderr]    Compiling smallvec v1.15.2
[INFO] [stderr]    Compiling serde v1.0.229
[INFO] [stderr]    Compiling getrandom v0.4.3
[INFO] [stderr]    Compiling castaway v0.2.4
[INFO] [stderr]    Compiling thiserror-impl v2.0.20
[INFO] [stderr]    Compiling mcf v0.6.0
[INFO] [stderr]    Compiling base16ct v1.0.0
[INFO] [stderr]    Compiling arraydeque v0.5.1
[INFO] [stderr]    Compiling clap_derive v4.6.4
[INFO] [stderr]    Compiling clap_builder v4.6.6
[INFO] [stderr]    Compiling annotate-snippets v0.12.16
[INFO] [stderr]    Compiling encoding_rs_io v0.1.8
[INFO] [stderr]    Compiling compact_str v0.9.1
[INFO] [stderr]    Compiling sec1 v0.8.1
[INFO] [stderr]    Compiling ordered-float v2.10.1
[INFO] [stderr]    Compiling serde_spanned v1.1.1
[INFO] [stderr]    Compiling toml_datetime v1.1.1+spec-1.1.0
[INFO] [stderr]    Compiling phc v0.6.1
[INFO] [stderr]    Compiling either v1.17.0
[INFO] [stderr]    Compiling serde_json v1.0.151
[INFO] [stderr]    Compiling rand v0.10.2
[INFO] [stderr]    Compiling granit-parser v1.1.0
[INFO] [stderr]    Compiling itertools v0.15.0
[INFO] [stderr]    Compiling digest v0.11.3
[INFO] [stderr]    Compiling sha2 v0.11.0
[INFO] [stderr]    Compiling zeroize v1.9.0
[INFO] [stderr]    Compiling signature v3.0.0
[INFO] [stderr]    Compiling cipher v0.5.2
[INFO] [stderr]    Compiling crypto-bigint v0.7.5
[INFO] [stderr]    Compiling password-hash v0.6.1
[INFO] [stderr]    Compiling ed25519 v3.0.0
[INFO] [stderr]    Compiling hmac v0.13.0
[INFO] [stderr]    Compiling salsa20 v0.11.0
[INFO] [stderr]    Compiling envy v0.4.2
[INFO] [stderr]    Compiling blake2 v0.11.0-rc.6
[INFO] [stderr]    Compiling serde-value v0.7.0
[INFO] [stderr]    Compiling toml v1.1.4+spec-1.1.0
[INFO] [stderr]    Compiling pbkdf2 v0.13.0
[INFO] [stderr]    Compiling thiserror v2.0.20
[INFO] [stderr]    Compiling serde-envfile v0.4.1
[INFO] [stderr]    Compiling argon2 v0.6.0-rc.8
[INFO] [stderr]    Compiling yescrypt v0.1.0
[INFO] [stderr]    Compiling curve25519-dalek-derive v0.1.1
[INFO] [stderr]    Compiling garde_derive v0.23.0
[INFO] [stderr]    Compiling enum_dispatch v0.3.13
[INFO] [stderr]    Compiling clap v4.6.6
[INFO] [stderr]    Compiling garde v0.23.0
[INFO] [stderr]    Compiling ssh-encoding v0.3.0
[INFO] [stderr]    Compiling crypto-primes v0.7.2
[INFO] [stderr]    Compiling serde-saphyr v1.1.0
[INFO] [stderr]    Compiling ed25519-dalek v3.0.0
[INFO] [stderr]    Compiling ssh-cipher v0.3.0
[INFO] [stderr]    Compiling rsa v0.10.0-rc.18
[INFO] [stderr]    Compiling ssh-key v0.7.0-rc.11
[INFO] [stderr]    Compiling pegase v0.2.0 (/opt/rustwide/workdir)
[INFO] [stderr]     Finished `release` profile [optimized] target(s) in 1m 06s
[INFO] running `Command { std: "docker" "inspect" "820aee5b55356725aa19f6570e14cdfe6d838c31a3e1efa3c14fc614f5c9fe33", kill_on_drop: false }`
[INFO] running `Command { std: "docker" "exec" "-e" "SOURCE_DIR=/opt/rustwide/workdir" "-e" "CARGO_HOME=/opt/rustwide/cargo-home" "-e" "RUSTUP_HOME=/opt/rustwide/rustup-home" "-e" "CARGO_TARGET_DIR=/opt/rustwide/target" "-e" "CARGO_INCREMENTAL=0" "-e" "RUST_BACKTRACE=full" "-e" "RUSTFLAGS=--cap-lints=warn" "-e" "RUSTDOCFLAGS=--cap-lints=warn" "-w" "/opt/rustwide/workdir" "--user" "0:0" "820aee5b55356725aa19f6570e14cdfe6d838c31a3e1efa3c14fc614f5c9fe33" "/opt/rustwide/cargo-home/bin/cargo" "+1.99.0-beta.8" "test" "--frozen" "--no-run" "--message-format=json" "--release", kill_on_drop: false }`
[INFO] [stderr]    Compiling rustix v1.1.4
[INFO] [stderr]    Compiling tempfile v3.27.0
[INFO] [stderr]    Compiling pegase v0.2.0 (/opt/rustwide/workdir)
[INFO] [stderr]     Finished `release` profile [optimized] target(s) in 22.62s
[INFO] running `Command { std: "docker" "inspect" "820aee5b55356725aa19f6570e14cdfe6d838c31a3e1efa3c14fc614f5c9fe33", kill_on_drop: false }`
[INFO] running `Command { std: "docker" "exec" "-e" "SOURCE_DIR=/opt/rustwide/workdir" "-e" "CARGO_HOME=/opt/rustwide/cargo-home" "-e" "RUSTUP_HOME=/opt/rustwide/rustup-home" "-e" "CARGO_TARGET_DIR=/opt/rustwide/target" "-e" "CARGO_INCREMENTAL=0" "-e" "RUST_BACKTRACE=full" "-e" "RUSTFLAGS=--cap-lints=warn" "-e" "RUSTDOCFLAGS=--cap-lints=warn" "-w" "/opt/rustwide/workdir" "--user" "0:0" "820aee5b55356725aa19f6570e14cdfe6d838c31a3e1efa3c14fc614f5c9fe33" "/opt/rustwide/cargo-home/bin/cargo" "+1.99.0-beta.8" "test" "--frozen" "--release", kill_on_drop: false }`
[INFO] [stderr]     Finished `release` profile [optimized] target(s) in 0.19s
[INFO] [stderr]      Running unittests src/lib.rs (/opt/rustwide/target/release/deps/pegase-cb3f03d1f4345e3b)
[INFO] [stdout] 
[INFO] [stdout] running 11 tests
[INFO] [stdout] test generators::pass::tests::check_bits_hex ... ok
[INFO] [stdout] test generators::pass::tests::check_charset ... ok
[INFO] [stdout] test generators::pass::tests::check_invalid ... ok
[INFO] [stdout] test internal::sops::tests::encrypt_basic_age ... FAILED
[INFO] [stdout] test generators::hash::test::check_pbkdf2 ... ok
[INFO] [stdout] test generators::hash::test::check_yescrypt ... ok
[INFO] [stdout] test generators::hash::test::check_argon2 ... ok
[INFO] [stdout] test generators::ssh::tests::check_ed25519 ... ok
[INFO] [stdout] test generators::pass::tests::check_bits_alnum ... ok
[INFO] [stdout] test generators::pass::tests::check_length ... ok
[INFO] [stdout] test generators::ssh::tests::check_rsa ... ok
[INFO] [stdout] 
[INFO] [stdout] failures:
[INFO] [stdout] 
[INFO] [stdout] ---- internal::sops::tests::encrypt_basic_age stdout ----
[INFO] [stdout] 
[INFO] [stdout] thread 'internal::sops::tests::encrypt_basic_age' (1399) panicked at src/internal/sops.rs:196:10:
[INFO] [stdout] encrypt failed: Io(Os { code: 2, kind: NotFound, message: "No such file or directory" })
[INFO] [stdout] stack backtrace:
[INFO] [stdout]    0:     0x5c2abcec10f1 - <<std[70759c8f55707aa4]::sys::backtrace::BacktraceLock>::print::DisplayBacktrace as core[df12db4294e9bfd3]::fmt::Display>::fmt
[INFO] [stdout]    1:     0x5c2abced610a - core[df12db4294e9bfd3]::fmt::write
[INFO] [stdout]    2:     0x5c2abcec55fc - <alloc[2182bb758b4b3781]::vec::Vec<u8> as core[df12db4294e9bfd3]::io::write::Write>::write_fmt
[INFO] [stdout]    3:     0x5c2abce9d186 - std[70759c8f55707aa4]::panicking::default_hook::{closure#0}
[INFO] [stdout]    4:     0x5c2abceb9789 - std[70759c8f55707aa4]::panicking::default_hook
[INFO] [stdout]    5:     0x5c2abcdd06d0 - test[9d35eded1c95d3be]::test_main_inner::<test[9d35eded1c95d3be]::test_main_static::{closure#0}>::{closure#0}
[INFO] [stdout]    6:     0x5c2abceb9942 - std[70759c8f55707aa4]::panicking::panic_with_hook
[INFO] [stdout]    7:     0x5c2abce9d232 - std[70759c8f55707aa4]::panicking::panic_handler::{closure#0}
[INFO] [stdout]    8:     0x5c2abce95fb9 - std[70759c8f55707aa4]::sys::backtrace::__rust_end_short_backtrace::<std[70759c8f55707aa4]::panicking::panic_handler::{closure#0}, !>
[INFO] [stdout]    9:     0x5c2abce9de2d - __rustc[8fa7c3cbc660c2b3]::rust_begin_unwind
[INFO] [stdout]   10:     0x5c2abced683c - core[df12db4294e9bfd3]::panicking::panic_fmt
[INFO] [stdout]   11:     0x5c2abced6612 - core[df12db4294e9bfd3]::result::unwrap_failed
[INFO] [stdout]   12:     0x5c2abcdc23a6 - pegase[799587cba696dc29]::internal::sops::tests::encrypt_basic_age
[INFO] [stdout]   13:     0x5c2abcdc1279 - <pegase[799587cba696dc29]::internal::sops::tests::encrypt_basic_age::{closure#0} as core[df12db4294e9bfd3]::ops::function::FnOnce<()>>::call_once
[INFO] [stdout]   14:     0x5c2abcdc39bb - test[9d35eded1c95d3be]::__rust_begin_short_backtrace::<core[df12db4294e9bfd3]::result::Result<(), alloc[2182bb758b4b3781]::string::String>, fn() -> core[df12db4294e9bfd3]::result::Result<(), alloc[2182bb758b4b3781]::string::String>>
[INFO] [stdout]   15:     0x5c2abcdd1025 - test[9d35eded1c95d3be]::run_test::{closure#0}
[INFO] [stdout]   16:     0x5c2abcdca8e4 - std[70759c8f55707aa4]::sys::backtrace::__rust_begin_short_backtrace::<test[9d35eded1c95d3be]::run_test::{closure#1}, ()>
[INFO] [stdout]   17:     0x5c2abcdd4182 - <std[70759c8f55707aa4]::thread::lifecycle::spawn_unchecked<test[9d35eded1c95d3be]::run_test::{closure#1}, ()>::{closure#1} as core[df12db4294e9bfd3]::ops::function::FnOnce<()>>::call_once::{shim:vtable#0}
[INFO] [stdout]   18:     0x5c2abcec09c9 - <std[70759c8f55707aa4]::sys::thread::unix::Thread>::new::thread_start
[INFO] [stdout]   19:     0x7b65c6651dfa - <unknown>
[INFO] [stdout]   20:     0x7b65c66e53d4 - clone
[INFO] [stdout]   21:                0x0 - <unknown>
[INFO] [stdout] 
[INFO] [stdout] 
[INFO] [stdout] failures:
[INFO] [stdout]     internal::sops::tests::encrypt_basic_age
[INFO] [stdout] 
[INFO] [stdout] test result: FAILED. 10 passed; 1 failed; 0 ignored; 0 measured; 0 filtered out; finished in 1.36s
[INFO] [stdout] 
[INFO] [stderr] error: test failed, to rerun pass `--lib`
[INFO] running `Command { std: "docker" "inspect" "820aee5b55356725aa19f6570e14cdfe6d838c31a3e1efa3c14fc614f5c9fe33", kill_on_drop: false }`
[INFO] running `Command { std: "docker" "rm" "-f" "820aee5b55356725aa19f6570e14cdfe6d838c31a3e1efa3c14fc614f5c9fe33", kill_on_drop: false }`
[INFO] [stdout] 820aee5b55356725aa19f6570e14cdfe6d838c31a3e1efa3c14fc614f5c9fe33
