[INFO] fetching crate peeroxide 1.7.3...
[INFO] testing peeroxide-1.7.3 against 1.99.0-beta.8+cargoflags=--release for beta-release-1.100-2
[INFO] extracting crate peeroxide 1.7.3 into /workspace/builds/worker-2-tc1/source
[INFO] started tweaking crates.io crate peeroxide 1.7.3
[INFO] removed 0 missing examples
[INFO] removed 0 missing tests
[INFO] finished tweaking crates.io crate peeroxide 1.7.3
[INFO] tweaked toml for crates.io crate peeroxide 1.7.3 written to /workspace/builds/worker-2-tc1/source/Cargo.toml
[INFO] validating manifest of crates.io crate peeroxide 1.7.3 on toolchain 1.99.0-beta.8
[INFO] running `Command { std: CARGO_HOME="/workspace/cargo-home" RUSTUP_HOME="/workspace/rustup-home" "/workspace/cargo-home/bin/cargo" "+1.99.0-beta.8" "metadata" "--manifest-path" "Cargo.toml" "--no-deps", kill_on_drop: false }`
[INFO] crate crates.io crate peeroxide 1.7.3 already has a lockfile, it will not be regenerated
[INFO] running `Command { std: CARGO_HOME="/workspace/cargo-home" RUSTUP_HOME="/workspace/rustup-home" "/workspace/cargo-home/bin/cargo" "+1.99.0-beta.8" "fetch" "--manifest-path" "Cargo.toml", kill_on_drop: false }`
[INFO] [stderr]     Updating crates.io index
[INFO] [stderr]  Downloading crates ...
[INFO] [stderr]   Downloaded if-addrs v0.13.4
[INFO] [stderr]   Downloaded libudx v1.7.3
[INFO] [stderr]   Downloaded xsalsa20poly1305 v0.9.1
[INFO] [stderr]   Downloaded peeroxide-dht v1.7.3
[INFO] running `Command { std: "docker" "create" "-v" "/var/lib/crater-agent-workspace/builds/worker-2-tc1/source:/opt/rustwide/workdir:ro,Z" "-v" "/var/lib/crater-agent-workspace/builds/worker-2-tc1/target:/opt/rustwide/target:rw,Z" "-v" "/var/lib/crater-agent-workspace/cargo-home:/opt/rustwide/cargo-home:ro,Z" "-v" "/var/lib/crater-agent-workspace/rustup-home:/opt/rustwide/rustup-home:ro,Z" "-m" "1610612736" "--network" "none" "ghcr.io/rust-lang/crates-build-env/linux@sha256:77db811e55d90add9212f6832c23229e3de5f1c1f9905e8cb07319ea15df73ac" "sleep" "infinity", kill_on_drop: false }`
[INFO] [stdout] 6e837da2ef41ed94204ce99e6eb3625ed5a2cfbea53d666d56817246e037400f
[INFO] running `Command { std: "docker" "start" "6e837da2ef41ed94204ce99e6eb3625ed5a2cfbea53d666d56817246e037400f", kill_on_drop: false }`
[INFO] running `Command { std: "docker" "inspect" "6e837da2ef41ed94204ce99e6eb3625ed5a2cfbea53d666d56817246e037400f", kill_on_drop: false }`
[INFO] running `Command { std: "docker" "exec" "-e" "SOURCE_DIR=/opt/rustwide/workdir" "-e" "CARGO_HOME=/opt/rustwide/cargo-home" "-e" "RUSTUP_HOME=/opt/rustwide/rustup-home" "-e" "CARGO_TARGET_DIR=/opt/rustwide/target" "-w" "/opt/rustwide/workdir" "--user" "0:0" "6e837da2ef41ed94204ce99e6eb3625ed5a2cfbea53d666d56817246e037400f" "/opt/rustwide/cargo-home/bin/cargo" "+1.99.0-beta.8" "metadata" "--no-deps" "--format-version=1", kill_on_drop: false }`
[INFO] running `Command { std: "docker" "inspect" "6e837da2ef41ed94204ce99e6eb3625ed5a2cfbea53d666d56817246e037400f", kill_on_drop: false }`
[INFO] running `Command { std: "docker" "exec" "-e" "SOURCE_DIR=/opt/rustwide/workdir" "-e" "CARGO_HOME=/opt/rustwide/cargo-home" "-e" "RUSTUP_HOME=/opt/rustwide/rustup-home" "-e" "CARGO_TARGET_DIR=/opt/rustwide/target" "-e" "CARGO_INCREMENTAL=0" "-e" "RUST_BACKTRACE=full" "-e" "RUSTFLAGS=--cap-lints=warn" "-e" "RUSTDOCFLAGS=--cap-lints=warn" "-w" "/opt/rustwide/workdir" "--user" "0:0" "6e837da2ef41ed94204ce99e6eb3625ed5a2cfbea53d666d56817246e037400f" "/opt/rustwide/cargo-home/bin/cargo" "+1.99.0-beta.8" "build" "--frozen" "--message-format=json" "--release", kill_on_drop: false }`
[INFO] [stderr]    Compiling getrandom v0.2.17
[INFO] [stderr]    Compiling zeroize v1.8.2
[INFO] [stderr]    Compiling inout v0.1.4
[INFO] [stderr]    Compiling curve25519-dalek v4.1.3
[INFO] [stderr]    Compiling getrandom v0.3.4
[INFO] [stderr]    Compiling parking_lot_core v0.9.12
[INFO] [stderr]    Compiling errno v0.3.14
[INFO] [stderr]    Compiling ppv-lite86 v0.2.21
[INFO] [stderr]    Compiling signal-hook-registry v1.4.8
[INFO] [stderr]    Compiling curve25519-dalek-derive v0.1.1
[INFO] [stderr]    Compiling rand_core v0.6.4
[INFO] [stderr]    Compiling socket2 v0.6.3
[INFO] [stderr]    Compiling rand_core v0.9.5
[INFO] [stderr]    Compiling crypto-common v0.1.7
[INFO] [stderr]    Compiling parking_lot v0.12.5
[INFO] [stderr]    Compiling cipher v0.4.4
[INFO] [stderr]    Compiling digest v0.10.7
[INFO] [stderr]    Compiling universal-hash v0.5.1
[INFO] [stderr]    Compiling poly1305 v0.8.0
[INFO] [stderr]    Compiling aead v0.5.2
[INFO] [stderr]    Compiling mio v1.2.0
[INFO] [stderr]    Compiling rand_chacha v0.9.0
[INFO] [stderr]    Compiling chacha20 v0.9.1
[INFO] [stderr]    Compiling salsa20 v0.10.2
[INFO] [stderr]    Compiling sha2 v0.10.9
[INFO] [stderr]    Compiling tokio v1.52.1
[INFO] [stderr]    Compiling tracing v0.1.44
[INFO] [stderr]    Compiling chacha20poly1305 v0.10.1
[INFO] [stderr]    Compiling rand v0.9.4
[INFO] [stderr]    Compiling xsalsa20poly1305 v0.9.1
[INFO] [stderr]    Compiling blake2 v0.10.6
[INFO] [stderr]    Compiling if-addrs v0.13.4
[INFO] [stderr]    Compiling ed25519-dalek v2.2.0
[INFO] [stderr]    Compiling libudx v1.7.3
[INFO] [stderr]    Compiling peeroxide-dht v1.7.3
[INFO] [stderr]    Compiling peeroxide v1.7.3 (/opt/rustwide/workdir)
[INFO] [stderr]     Finished `release` profile [optimized] target(s) in 1m 19s
[INFO] running `Command { std: "docker" "inspect" "6e837da2ef41ed94204ce99e6eb3625ed5a2cfbea53d666d56817246e037400f", kill_on_drop: false }`
[INFO] running `Command { std: "docker" "exec" "-e" "SOURCE_DIR=/opt/rustwide/workdir" "-e" "CARGO_HOME=/opt/rustwide/cargo-home" "-e" "RUSTUP_HOME=/opt/rustwide/rustup-home" "-e" "CARGO_TARGET_DIR=/opt/rustwide/target" "-e" "CARGO_INCREMENTAL=0" "-e" "RUST_BACKTRACE=full" "-e" "RUSTFLAGS=--cap-lints=warn" "-e" "RUSTDOCFLAGS=--cap-lints=warn" "-w" "/opt/rustwide/workdir" "--user" "0:0" "6e837da2ef41ed94204ce99e6eb3625ed5a2cfbea53d666d56817246e037400f" "/opt/rustwide/cargo-home/bin/cargo" "+1.99.0-beta.8" "test" "--frozen" "--no-run" "--message-format=json" "--release", kill_on_drop: false }`
[INFO] [stderr]    Compiling tracing v0.1.44
[INFO] [stderr]    Compiling tokio v1.52.1
[INFO] [stderr]    Compiling serde_core v1.0.228
[INFO] [stderr]    Compiling regex-automata v0.4.14
[INFO] [stderr]    Compiling tracing-log v0.2.0
[INFO] [stderr]    Compiling matchers v0.2.0
[INFO] [stderr]    Compiling tracing-subscriber v0.3.23
[INFO] [stderr]    Compiling serde_json v1.0.149
[INFO] [stderr]    Compiling libudx v1.7.3
[INFO] [stderr]    Compiling peeroxide-dht v1.7.3
[INFO] [stderr]    Compiling peeroxide v1.7.3 (/opt/rustwide/workdir)
[INFO] [stderr]     Finished `release` profile [optimized] target(s) in 4m 40s
[INFO] running `Command { std: "docker" "inspect" "6e837da2ef41ed94204ce99e6eb3625ed5a2cfbea53d666d56817246e037400f", kill_on_drop: false }`
[INFO] running `Command { std: "docker" "exec" "-e" "SOURCE_DIR=/opt/rustwide/workdir" "-e" "CARGO_HOME=/opt/rustwide/cargo-home" "-e" "RUSTUP_HOME=/opt/rustwide/rustup-home" "-e" "CARGO_TARGET_DIR=/opt/rustwide/target" "-e" "CARGO_INCREMENTAL=0" "-e" "RUST_BACKTRACE=full" "-e" "RUSTFLAGS=--cap-lints=warn" "-e" "RUSTDOCFLAGS=--cap-lints=warn" "-w" "/opt/rustwide/workdir" "--user" "0:0" "6e837da2ef41ed94204ce99e6eb3625ed5a2cfbea53d666d56817246e037400f" "/opt/rustwide/cargo-home/bin/cargo" "+1.99.0-beta.8" "test" "--frozen" "--release", kill_on_drop: false }`
[INFO] [stderr]     Finished `release` profile [optimized] target(s) in 0.21s
[INFO] [stderr]      Running unittests src/lib.rs (/opt/rustwide/target/release/deps/peeroxide-6236e8a31f9735aa)
[INFO] [stdout] 
[INFO] [stdout] running 24 tests
[INFO] [stdout] test connection_set::tests::add_and_has ... ok
[INFO] [stdout] test connection_set::tests::get_info ... ok
[INFO] [stdout] test connection_set::tests::remove ... ok
[INFO] [stdout] test peer_info::tests::priority_after_many_attempts ... ok
[INFO] [stdout] test peer_info::tests::priority_after_one_attempt_proven ... ok
[INFO] [stdout] test peer_info::tests::priority_after_one_attempt_unproven ... ok
[INFO] [stdout] test peer_info::tests::priority_after_three_attempts ... ok
[INFO] [stdout] test peer_info::tests::priority_after_two_attempts_proven ... ok
[INFO] [stdout] test peer_info::tests::priority_after_two_attempts_unproven ... ok
[INFO] [stdout] test peer_info::tests::priority_initial ... ok
[INFO] [stdout] test peer_info::tests::should_gc_empty_topics ... ok
[INFO] [stdout] test peer_info::tests::should_gc_queued ... ok
[INFO] [stdout] test peer_info::tests::should_gc_with_topics ... ok
[INFO] [stdout] test swarm::tests::default_config ... ok
[INFO] [stdout] test swarm::tests::default_join_opts ... ok
[INFO] [stdout] test swarm::tests::retry_delay_first_attempt_proven ... ok
[INFO] [stdout] test peer_info::tests::priority_ordering ... ok
[INFO] [stdout] test swarm::tests::retry_delay_first_attempt_unproven ... ok
[INFO] [stdout] test swarm::tests::short_hex_format ... ok
[INFO] [stdout] test peer_info::tests::should_gc_banned ... ok
[INFO] [stdout] test swarm::tests::retry_delay_many_attempts ... ok
[INFO] [stdout] test swarm::tests::server_unregistered_on_handle_drop ... ok
[INFO] [stdout] test swarm::tests::server_unregistered_on_destroy ... ok
[INFO] [stdout] test swarm::tests::server_unregistered_on_leave_last_topic ... ok
[INFO] [stdout] 
[INFO] [stdout] test result: ok. 24 passed; 0 failed; 0 ignored; 0 measured; 0 filtered out; finished in 0.06s
[INFO] [stdout] 
[INFO] [stderr]      Running tests/hyperswarm_interop.rs (/opt/rustwide/target/release/deps/hyperswarm_interop-6a0058f8486ad04c)
[INFO] [stdout] 
[INFO] [stdout] running 1 test
[INFO] [stderr] node:internal/modules/cjs/loader:1386
[INFO] [stderr]   throw err;
[INFO] [stderr]   ^
[INFO] [stderr] 
[INFO] [stderr] Error: Cannot find module '/opt/rustwide/tests/node/hyperswarm-server.js'
[INFO] [stderr]     at Module._resolveFilename (node:internal/modules/cjs/loader:1383:15)
[INFO] [stderr]     at defaultResolveImpl (node:internal/modules/cjs/loader:1025:19)
[INFO] [stderr]     at resolveForCJSWithHooks (node:internal/modules/cjs/loader:1030:22)
[INFO] [stderr]     at Module._load (node:internal/modules/cjs/loader:1192:37)
[INFO] [stderr]     at TracingChannel.traceSync (node:diagnostics_channel:328:14)
[INFO] [stderr]     at wrapModuleLoad (node:internal/modules/cjs/loader:237:24)
[INFO] [stderr]     at Function.executeUserEntryPoint [as runMain] (node:internal/modules/run_main:171:5)
[INFO] [stderr]     at node:internal/main/run_main_module:36:49 {
[INFO] [stderr]   code: 'MODULE_NOT_FOUND',
[INFO] [stderr]   requireStack: []
[INFO] [stderr] }
[INFO] [stderr] 
[INFO] [stderr] Node.js v22.22.1
[INFO] [stdout] test hyperswarm_cross_language_connect ... FAILED
[INFO] [stderr] error: test failed, to rerun pass `--test hyperswarm_interop`
[INFO] [stdout] 
[INFO] [stdout] failures:
[INFO] [stdout] 
[INFO] [stdout] ---- hyperswarm_cross_language_connect stdout ----
[INFO] [stdout] 
[INFO] [stdout] thread 'hyperswarm_cross_language_connect' (1296) panicked at tests/hyperswarm_interop.rs:74:13:
[INFO] [stdout] timed out waiting for JS ready
[INFO] [stdout] stack backtrace:
[INFO] [stdout]    0:     0x56c0f31c9031 - <<std[70759c8f55707aa4]::sys::backtrace::BacktraceLock>::print::DisplayBacktrace as core[df12db4294e9bfd3]::fmt::Display>::fmt
[INFO] [stdout]    1:     0x56c0f31e012a - core[df12db4294e9bfd3]::fmt::write
[INFO] [stdout]    2:     0x56c0f31cdabc - <alloc[2182bb758b4b3781]::vec::Vec<u8> as core[df12db4294e9bfd3]::io::write::Write>::write_fmt
[INFO] [stdout]    3:     0x56c0f31a40f6 - std[70759c8f55707aa4]::panicking::default_hook::{closure#0}
[INFO] [stdout]    4:     0x56c0f31c0fa9 - std[70759c8f55707aa4]::panicking::default_hook
[INFO] [stdout]    5:     0x56c0f2fed420 - test[9d35eded1c95d3be]::test_main_inner::<test[9d35eded1c95d3be]::test_main_static::{closure#0}>::{closure#0}
[INFO] [stdout]    6:     0x56c0f31c12d2 - std[70759c8f55707aa4]::panicking::panic_with_hook
[INFO] [stdout]    7:     0x56c0f31a41d4 - std[70759c8f55707aa4]::panicking::panic_handler::{closure#0}
[INFO] [stdout]    8:     0x56c0f319ce79 - std[70759c8f55707aa4]::sys::backtrace::__rust_end_short_backtrace::<std[70759c8f55707aa4]::panicking::panic_handler::{closure#0}, !>
[INFO] [stdout]    9:     0x56c0f31a4f8d - __rustc[8fa7c3cbc660c2b3]::rust_begin_unwind
[INFO] [stdout]   10:     0x56c0f31e090c - core[df12db4294e9bfd3]::panicking::panic_fmt
[INFO] [stdout]   11:     0x56c0f2f49038 - <hyperswarm_interop[3ae563965fad9cc3]::JsSwarm>::read_ready
[INFO] [stdout]   12:     0x56c0f2f0ed5b - <tokio[934650c5186cef72]::time::timeout::Timeout<hyperswarm_interop[3ae563965fad9cc3]::run_interop::{closure#0}> as core[df12db4294e9bfd3]::future::future::Future>::poll
[INFO] [stdout]   13:     0x56c0f2f48b46 - hyperswarm_interop[3ae563965fad9cc3]::hyperswarm_cross_language_connect::{closure#0}
[INFO] [stdout]   14:     0x56c0f2f3000a - <tokio[934650c5186cef72]::runtime::runtime::Runtime>::block_on::<core[df12db4294e9bfd3]::pin::Pin<&mut dyn core[df12db4294e9bfd3]::future::future::Future<Output = ()>>>
[INFO] [stdout]   15:     0x56c0f2f4bd6e - <hyperswarm_interop[3ae563965fad9cc3]::hyperswarm_cross_language_connect::{closure#0} as core[df12db4294e9bfd3]::ops::function::FnOnce<()>>::call_once
[INFO] [stdout]   16:     0x56c0f2fe070b - test[9d35eded1c95d3be]::__rust_begin_short_backtrace::<core[df12db4294e9bfd3]::result::Result<(), alloc[2182bb758b4b3781]::string::String>, fn() -> core[df12db4294e9bfd3]::result::Result<(), alloc[2182bb758b4b3781]::string::String>>
[INFO] [stdout]   17:     0x56c0f2fedd75 - test[9d35eded1c95d3be]::run_test::{closure#0}
[INFO] [stdout]   18:     0x56c0f2fe7634 - std[70759c8f55707aa4]::sys::backtrace::__rust_begin_short_backtrace::<test[9d35eded1c95d3be]::run_test::{closure#1}, ()>
[INFO] [stdout]   19:     0x56c0f2ff0ed2 - <std[70759c8f55707aa4]::thread::lifecycle::spawn_unchecked<test[9d35eded1c95d3be]::run_test::{closure#1}, ()>::{closure#1} as core[df12db4294e9bfd3]::ops::function::FnOnce<()>>::call_once::{shim:vtable#0}
[INFO] [stdout]   20:     0x56c0f31c8559 - <std[70759c8f55707aa4]::sys::thread::unix::Thread>::new::thread_start
[INFO] [stdout]   21:     0x7c0bd6b48dfa - <unknown>
[INFO] [stdout]   22:     0x7c0bd6bdc3d4 - clone
[INFO] [stdout]   23:                0x0 - <unknown>
[INFO] [stdout] 
[INFO] [stdout] 
[INFO] [stdout] failures:
[INFO] [stdout]     hyperswarm_cross_language_connect
[INFO] [stdout] 
[INFO] [stdout] test result: FAILED. 0 passed; 1 failed; 0 ignored; 0 measured; 0 filtered out; finished in 30.02s
[INFO] [stdout] 
[INFO] running `Command { std: "docker" "inspect" "6e837da2ef41ed94204ce99e6eb3625ed5a2cfbea53d666d56817246e037400f", kill_on_drop: false }`
[INFO] running `Command { std: "docker" "rm" "-f" "6e837da2ef41ed94204ce99e6eb3625ed5a2cfbea53d666d56817246e037400f", kill_on_drop: false }`
[INFO] [stdout] 6e837da2ef41ed94204ce99e6eb3625ed5a2cfbea53d666d56817246e037400f
