[INFO] fetching crate peeroxide-dht 1.7.3...
[INFO] testing peeroxide-dht-1.7.3 against 1.100.0-beta.1+cargoflags=--release for beta-release-1.100-2
[INFO] extracting crate peeroxide-dht 1.7.3 into /workspace/builds/worker-5-tc2/source
[INFO] started tweaking crates.io crate peeroxide-dht 1.7.3
[INFO] removed 0 missing examples
[INFO] removed 0 missing tests
[INFO] finished tweaking crates.io crate peeroxide-dht 1.7.3
[INFO] tweaked toml for crates.io crate peeroxide-dht 1.7.3 written to /workspace/builds/worker-5-tc2/source/Cargo.toml
[INFO] validating manifest of crates.io crate peeroxide-dht 1.7.3 on toolchain 1.100.0-beta.1
[INFO] running `Command { std: CARGO_HOME="/workspace/cargo-home" RUSTUP_HOME="/workspace/rustup-home" "/workspace/cargo-home/bin/cargo" "+1.100.0-beta.1" "metadata" "--manifest-path" "Cargo.toml" "--no-deps", kill_on_drop: false }`
[INFO] crate crates.io crate peeroxide-dht 1.7.3 already has a lockfile, it will not be regenerated
[INFO] running `Command { std: CARGO_HOME="/workspace/cargo-home" RUSTUP_HOME="/workspace/rustup-home" "/workspace/cargo-home/bin/cargo" "+1.100.0-beta.1" "fetch" "--manifest-path" "Cargo.toml", kill_on_drop: false }`
[INFO] running `Command { std: "docker" "create" "-v" "/var/lib/crater-agent-workspace/builds/worker-5-tc2/source:/opt/rustwide/workdir:ro,Z" "-v" "/var/lib/crater-agent-workspace/builds/worker-5-tc2/target:/opt/rustwide/target:rw,Z" "-v" "/var/lib/crater-agent-workspace/cargo-home:/opt/rustwide/cargo-home:ro,Z" "-v" "/var/lib/crater-agent-workspace/rustup-home:/opt/rustwide/rustup-home:ro,Z" "-m" "1610612736" "--network" "none" "ghcr.io/rust-lang/crates-build-env/linux@sha256:77db811e55d90add9212f6832c23229e3de5f1c1f9905e8cb07319ea15df73ac" "sleep" "infinity", kill_on_drop: false }`
[INFO] [stdout] a70dff6f3de1a6f3c4603b0f757ed6596df8ce75a66ff34ed86c0406f9d7372b
[INFO] running `Command { std: "docker" "start" "a70dff6f3de1a6f3c4603b0f757ed6596df8ce75a66ff34ed86c0406f9d7372b", kill_on_drop: false }`
[INFO] running `Command { std: "docker" "inspect" "a70dff6f3de1a6f3c4603b0f757ed6596df8ce75a66ff34ed86c0406f9d7372b", kill_on_drop: false }`
[INFO] running `Command { std: "docker" "exec" "-e" "SOURCE_DIR=/opt/rustwide/workdir" "-e" "CARGO_HOME=/opt/rustwide/cargo-home" "-e" "RUSTUP_HOME=/opt/rustwide/rustup-home" "-e" "CARGO_TARGET_DIR=/opt/rustwide/target" "-w" "/opt/rustwide/workdir" "--user" "0:0" "a70dff6f3de1a6f3c4603b0f757ed6596df8ce75a66ff34ed86c0406f9d7372b" "/opt/rustwide/cargo-home/bin/cargo" "+1.100.0-beta.1" "metadata" "--no-deps" "--format-version=1", kill_on_drop: false }`
[INFO] running `Command { std: "docker" "inspect" "a70dff6f3de1a6f3c4603b0f757ed6596df8ce75a66ff34ed86c0406f9d7372b", kill_on_drop: false }`
[INFO] running `Command { std: "docker" "exec" "-e" "SOURCE_DIR=/opt/rustwide/workdir" "-e" "CARGO_HOME=/opt/rustwide/cargo-home" "-e" "RUSTUP_HOME=/opt/rustwide/rustup-home" "-e" "CARGO_TARGET_DIR=/opt/rustwide/target" "-e" "CARGO_INCREMENTAL=0" "-e" "RUST_BACKTRACE=full" "-e" "RUSTFLAGS=--cap-lints=warn" "-e" "RUSTDOCFLAGS=--cap-lints=warn" "-w" "/opt/rustwide/workdir" "--user" "0:0" "a70dff6f3de1a6f3c4603b0f757ed6596df8ce75a66ff34ed86c0406f9d7372b" "/opt/rustwide/cargo-home/bin/cargo" "+1.100.0-beta.1" "build" "--frozen" "--message-format=json" "--release", kill_on_drop: false }`
[INFO] [stderr]    Compiling typenum v1.20.0
[INFO] [stderr]    Compiling getrandom v0.2.17
[INFO] [stderr]    Compiling zeroize v1.8.2
[INFO] [stderr]    Compiling errno v0.3.14
[INFO] [stderr]    Compiling getrandom v0.3.4
[INFO] [stderr]    Compiling curve25519-dalek v4.1.3
[INFO] [stderr]    Compiling parking_lot_core v0.9.12
[INFO] [stderr]    Compiling socket2 v0.6.3
[INFO] [stderr]    Compiling mio v1.2.0
[INFO] [stderr]    Compiling signature v2.2.0
[INFO] [stderr]    Compiling ppv-lite86 v0.2.21
[INFO] [stderr]    Compiling if-addrs v0.13.4
[INFO] [stderr]    Compiling curve25519-dalek-derive v0.1.1
[INFO] [stderr]    Compiling tokio-macros v2.7.0
[INFO] [stderr]    Compiling ed25519 v2.2.3
[INFO] [stderr]    Compiling signal-hook-registry v1.4.8
[INFO] [stderr]    Compiling rand_core v0.6.4
[INFO] [stderr]    Compiling rand_core v0.9.5
[INFO] [stderr]    Compiling parking_lot v0.12.5
[INFO] [stderr]    Compiling rand_chacha v0.9.0
[INFO] [stderr]    Compiling rand v0.9.4
[INFO] [stderr]    Compiling tokio v1.52.1
[INFO] [stderr]    Compiling generic-array v0.14.7
[INFO] [stderr]    Compiling crypto-common v0.1.7
[INFO] [stderr]    Compiling block-buffer v0.10.4
[INFO] [stderr]    Compiling inout v0.1.4
[INFO] [stderr]    Compiling universal-hash v0.5.1
[INFO] [stderr]    Compiling aead v0.5.2
[INFO] [stderr]    Compiling poly1305 v0.8.0
[INFO] [stderr]    Compiling cipher v0.4.4
[INFO] [stderr]    Compiling digest v0.10.7
[INFO] [stderr]    Compiling chacha20 v0.9.1
[INFO] [stderr]    Compiling salsa20 v0.10.2
[INFO] [stderr]    Compiling sha2 v0.10.9
[INFO] [stderr]    Compiling blake2 v0.10.6
[INFO] [stderr]    Compiling xsalsa20poly1305 v0.9.1
[INFO] [stderr]    Compiling chacha20poly1305 v0.10.1
[INFO] [stderr]    Compiling ed25519-dalek v2.2.0
[INFO] [stderr]    Compiling libudx v1.7.3
[INFO] [stderr]    Compiling peeroxide-dht v1.7.3 (/opt/rustwide/workdir)
[INFO] [stderr]     Finished `release` profile [optimized] target(s) in 38.40s
[INFO] running `Command { std: "docker" "inspect" "a70dff6f3de1a6f3c4603b0f757ed6596df8ce75a66ff34ed86c0406f9d7372b", kill_on_drop: false }`
[INFO] running `Command { std: "docker" "exec" "-e" "SOURCE_DIR=/opt/rustwide/workdir" "-e" "CARGO_HOME=/opt/rustwide/cargo-home" "-e" "RUSTUP_HOME=/opt/rustwide/rustup-home" "-e" "CARGO_TARGET_DIR=/opt/rustwide/target" "-e" "CARGO_INCREMENTAL=0" "-e" "RUST_BACKTRACE=full" "-e" "RUSTFLAGS=--cap-lints=warn" "-e" "RUSTDOCFLAGS=--cap-lints=warn" "-w" "/opt/rustwide/workdir" "--user" "0:0" "a70dff6f3de1a6f3c4603b0f757ed6596df8ce75a66ff34ed86c0406f9d7372b" "/opt/rustwide/cargo-home/bin/cargo" "+1.100.0-beta.1" "test" "--frozen" "--no-run" "--message-format=json" "--release", kill_on_drop: false }`
[INFO] [stderr]    Compiling regex-automata v0.4.14
[INFO] [stderr]    Compiling tracing-log v0.2.0
[INFO] [stderr]    Compiling tokio v1.52.1
[INFO] [stderr]    Compiling matchers v0.2.0
[INFO] [stderr]    Compiling tracing-subscriber v0.3.23
[INFO] [stderr]    Compiling libudx v1.7.3
[INFO] [stderr]    Compiling peeroxide-dht v1.7.3 (/opt/rustwide/workdir)
[INFO] [stderr]     Finished `release` profile [optimized] target(s) in 1m 35s
[INFO] running `Command { std: "docker" "inspect" "a70dff6f3de1a6f3c4603b0f757ed6596df8ce75a66ff34ed86c0406f9d7372b", kill_on_drop: false }`
[INFO] running `Command { std: "docker" "exec" "-e" "SOURCE_DIR=/opt/rustwide/workdir" "-e" "CARGO_HOME=/opt/rustwide/cargo-home" "-e" "RUSTUP_HOME=/opt/rustwide/rustup-home" "-e" "CARGO_TARGET_DIR=/opt/rustwide/target" "-e" "CARGO_INCREMENTAL=0" "-e" "RUST_BACKTRACE=full" "-e" "RUSTFLAGS=--cap-lints=warn" "-e" "RUSTDOCFLAGS=--cap-lints=warn" "-w" "/opt/rustwide/workdir" "--user" "0:0" "a70dff6f3de1a6f3c4603b0f757ed6596df8ce75a66ff34ed86c0406f9d7372b" "/opt/rustwide/cargo-home/bin/cargo" "+1.100.0-beta.1" "test" "--frozen" "--release", kill_on_drop: false }`
[INFO] [stderr]     Finished `release` profile [optimized] target(s) in 0.17s
[INFO] [stderr]      Running unittests src/lib.rs (/opt/rustwide/target/release/build/peeroxide-dht/2b327305f3647ee3/out/peeroxide_dht-2b327305f3647ee3)
[INFO] [stdout] 
[INFO] [stdout] running 388 tests
[INFO] [stdout] test blind_relay::tests::protocol_name_constant ... ok
[INFO] [stdout] test blind_relay::golden_interop::golden_blind_relay_encode_roundtrip ... FAILED
[INFO] [stdout] test blind_relay::golden_interop::golden_blind_relay_decode_pair ... FAILED
[INFO] [stdout] test blind_relay::tests::pair_roundtrip_responder ... ok
[INFO] [stdout] test blind_relay::golden_interop::golden_blind_relay_decode_unpair ... FAILED
[INFO] [stdout] test blind_relay::tests::pair_roundtrip_initiator ... ok
[INFO] [stdout] test blind_relay::tests::pair_wire_format_responder ... ok
[INFO] [stdout] test blind_relay::tests::pair_wire_format ... ok
[INFO] [stdout] test blind_relay::tests::release_session_only_tears_down_its_own_active_pairings ... ok
[INFO] [stdout] test blind_relay::tests::release_session_tears_down_its_active_pairings ... ok
[INFO] [stdout] test blind_relay::tests::client_pair_with_fake_relay ... ok
[INFO] [stdout] test blind_relay::tests::session_end_to_end_pair_match ... ok
[INFO] [stdout] test blind_relay::tests::client_unpair ... ok
[INFO] [stdout] test blind_relay::tests::release_session_cancels_its_pending_pairings ... ok
[INFO] [stdout] test blind_relay::tests::pair_large_ids ... ok
[INFO] [stdout] test blind_relay::tests::try_pair_matches_two_sides ... ok
[INFO] [stdout] test blind_relay::tests::try_pair_duplicate_same_slot_is_noop ... ok
[INFO] [stdout] test blind_relay::tests::session_new_respects_max_sessions ... ok
[INFO] [stdout] test blind_relay::tests::try_pair_respects_max_pairings_per_session ... ok
[INFO] [stdout] test blind_relay::tests::unpair_roundtrip ... ok
[INFO] [stdout] test blind_relay::tests::sweep_idle_sessions_keeps_recently_active_sessions ... ok
[INFO] [stdout] test blind_relay::tests::sweep_expired_pairings_keeps_fresh_entries ... ok
[INFO] [stdout] test blind_relay::tests::try_accept_session_respects_max_sessions ... ok
[INFO] [stdout] test blind_relay::tests::unpair_unknown_token_not_found ... ok
[INFO] [stdout] test compact_encoding::tests::bool_roundtrip ... ok
[INFO] [stdout] test compact_encoding::tests::buffer_none ... ok
[INFO] [stdout] test compact_encoding::tests::buffer_some ... ok
[INFO] [stdout] test blind_relay::tests::unpair_wire_format ... ok
[INFO] [stdout] test compact_encoding::tests::fixed32_roundtrip ... ok
[INFO] [stdout] test compact_encoding::tests::golden_interop::golden_bool ... FAILED
[INFO] [stdout] test compact_encoding::tests::golden_interop::golden_fixed64 ... FAILED
[INFO] [stdout] test compact_encoding::tests::float64_roundtrip ... ok
[INFO] [stdout] test compact_encoding::tests::golden_interop::golden_float32 ... FAILED
[INFO] [stdout] test compact_encoding::tests::golden_interop::golden_buffer ... FAILED
[INFO] [stdout] test compact_encoding::tests::golden_interop::golden_int64 ... FAILED
[INFO] [stdout] test compact_encoding::tests::golden_interop::golden_ipv4 ... FAILED
[INFO] [stdout] test compact_encoding::tests::golden_interop::golden_fixed32 ... FAILED
[INFO] [stdout] test blind_relay::tests::unpair_cancels_pending_registration ... ok
[INFO] [stdout] test blind_relay::tests::unpair_on_active_pairing_signals_teardown ... ok
[INFO] [stdout] test compact_encoding::tests::fixed64_roundtrip ... ok
[INFO] [stdout] test compact_encoding::tests::golden_interop::golden_string ... FAILED
[INFO] [stdout] test compact_encoding::tests::golden_interop::golden_int16 ... FAILED
[INFO] [stdout] test compact_encoding::tests::golden_interop::golden_int32 ... FAILED
[INFO] [stdout] test compact_encoding::tests::golden_interop::golden_uint16 ... FAILED
[INFO] [stdout] test compact_encoding::tests::golden_interop::golden_ip_dual ... FAILED
[INFO] [stdout] test compact_encoding::tests::golden_interop::golden_ipv4_address ... FAILED
[INFO] [stdout] test compact_encoding::tests::golden_interop::golden_ipv6 ... FAILED
[INFO] [stdout] test compact_encoding::tests::golden_interop::golden_float64 ... FAILED
[INFO] [stdout] test compact_encoding::tests::golden_interop::golden_int8 ... FAILED
[INFO] [stdout] test compact_encoding::tests::golden_interop::golden_int_zigzag ... FAILED
[INFO] [stdout] test compact_encoding::tests::ip_dual_v4 ... ok
[INFO] [stdout] test compact_encoding::tests::golden_interop::golden_uint64 ... FAILED
[INFO] [stdout] test compact_encoding::tests::int_roundtrip ... ok
[INFO] [stdout] test compact_encoding::tests::golden_interop::golden_uint8 ... FAILED
[INFO] [stdout] test compact_encoding::tests::ip_dual_v6 ... ok
[INFO] [stdout] test compact_encoding::tests::golden_interop::golden_string_array ... FAILED
[INFO] [stdout] test compact_encoding::tests::string_array_roundtrip ... ok
[INFO] [stdout] test compact_encoding::tests::ipv4_address_roundtrip ... ok
[INFO] [stdout] test compact_encoding::tests::ipv6_roundtrip ... ok
[INFO] [stdout] test compact_encoding::tests::multiple_values_sequential ... ok
[INFO] [stdout] test compact_encoding::tests::out_of_bounds_error ... ok
[INFO] [stdout] test compact_encoding::tests::ipv4_roundtrip ... ok
[INFO] [stdout] test compact_encoding::tests::string_roundtrip ... ok
[INFO] [stdout] test compact_encoding::tests::uint16_little_endian ... ok
[INFO] [stdout] test compact_encoding::tests::uint24_little_endian ... ok
[INFO] [stdout] test compact_encoding::tests::uint64_little_endian ... ok
[INFO] [stdout] test compact_encoding::tests::golden_interop::golden_uint_varint ... FAILED
[INFO] [stdout] test compact_encoding::tests::uint8_roundtrip ... ok
[INFO] [stdout] test compact_encoding::tests::uint_array_roundtrip ... ok
[INFO] [stdout] test compact_encoding::tests::uint_varint_1_byte ... ok
[INFO] [stdout] test compact_encoding::tests::uint_varint_9_byte ... ok
[INFO] [stdout] test compact_encoding::tests::uint_varint_3_byte ... ok
[INFO] [stdout] test compact_encoding::tests::uint_varint_5_byte ... ok
[INFO] [stdout] test compact_encoding::tests::uint32_little_endian ... ok
[INFO] [stdout] test compact_encoding::tests::golden_interop::golden_uint_array ... FAILED
[INFO] [stdout] test compact_encoding::tests::golden_interop::golden_uint32 ... FAILED
[INFO] [stdout] test compact_encoding::tests::golden_interop::golden_uint24 ... FAILED
[INFO] [stdout] test crypto::tests::discovery_key_deterministic ... ok
[INFO] [stdout] test crypto::tests::namespace_statics_non_zero ... ok
[INFO] [stdout] test crypto::tests::hash_batch_equals_sequential ... ok
[INFO] [stdout] test compact_encoding::tests::zigzag_encoding ... ok
[INFO] [stdout] test crypto::tests::mutable_signable_length ... ok
[INFO] [stdout] test crypto::tests::ann_signable_length ... ok
[INFO] [stdout] test crypto::tests::namespace_deterministic ... ok
[INFO] [stdout] test crypto::tests::namespace_different_ids_differ ... ok
[INFO] [stdout] test crypto::tests::sign_verify_roundtrip ... ok
[INFO] [stdout] test crypto::tests::namespace_length ... ok
[INFO] [stdout] test crypto::tests::namespace_statics_match_inline ... ok
[INFO] [stdout] test holepuncher::recv_adapter_tests::local_addresses_excludes_loopback_when_other_ifaces_exist ... ok
[INFO] [stdout] test holepuncher::recv_adapter_tests::local_addresses_assigns_input_port_to_every_entry ... ok
[INFO] [stdout] test crypto::tests::hash_is_deterministic ... ok
[INFO] [stdout] test holepuncher::recv_adapter_tests::local_addresses_returns_only_ipv4_strings ... ok
[INFO] [stdout] test crypto::tests::verify_bad_signature_fails ... ok
[INFO] [stdout] test holepuncher::recv_adapter_tests::select_punch_addresses_falls_back_to_local_when_autosample_empty ... ok
[INFO] [stdout] test holepuncher::tests::match_address_different_network ... ok
[INFO] [stdout] test holepuncher::recv_adapter_tests::recv_adapter_covers_birthday_sockets ... ok
[INFO] [stdout] test holepuncher::recv_adapter_tests::select_punch_addresses_falls_back_to_local_when_autosample_none ... ok
[INFO] [stdout] test holepuncher::tests::match_address_empty_remote ... ok
[INFO] [stdout] test holepuncher::tests::match_address_partial_subnet ... ok
[INFO] [stdout] test holepuncher::tests::match_address_first_octet_only ... ok
[INFO] [stdout] test holepuncher::tests::match_address_picks_closest ... ok
[INFO] [stdout] test holepuncher::recv_adapter_tests::recv_adapter_passive_reflects_probe ... ok
[INFO] [stdout] test hyperdht::tests::default_bootstrap_has_three_nodes ... ok
[INFO] [stdout] test holepuncher::tests::match_address_exact_subnet ... ok
[INFO] [stdout] test holepuncher::recv_adapter_tests::local_addresses_fallback_is_loopback_zero_port_ok ... ok
[INFO] [stdout] test holepuncher::recv_adapter_tests::select_punch_addresses_prepends_autosample_then_appends_local ... ok
[INFO] [stdout] test hyperdht::tests::current_relay_addresses_starts_empty ... ok
[INFO] [stdout] test hyperdht::tests::direct_connect_all_conditions_false_except_one ... ok
[INFO] [stdout] test hyperdht::tests::direct_connect_when_not_holepunchable ... ok
[INFO] [stdout] test hyperdht::passive_holepunch_helper_tests::passive_holepunch_helper_roundtrip ... ok
[INFO] [stdout] test hyperdht::tests::current_relay_addresses_is_shared_across_clones ... ok
[INFO] [stdout] test hyperdht::tests::establish_stream_bad_address ... ok
[INFO] [stdout] test hyperdht::tests::encode_compact_uint_round_trips ... ok
[INFO] [stdout] test hyperdht::tests::holepunch_when_relayed_firewalled_holepunchable_different_host ... ok
[INFO] [stdout] test hyperdht::tests::direct_connect_when_same_host ... ok
[INFO] [stdout] test hyperdht::tests::hyperdht_config_defaults ... ok
[INFO] [stdout] test hyperdht::tests::establish_stream_remote_id_overflow ... ok
[INFO] [stdout] test hyperdht::tests::establish_stream_missing_udx_info ... ok
[INFO] [stdout] test blind_relay::tests::sweep_idle_sessions_closes_sessions_past_timeout ... ok
[INFO] [stdout] test hyperdht::tests::direct_connect_when_not_relayed ... ok
[INFO] [stdout] test blind_relay::tests::sweep_expired_pairings_drops_stale_entries ... ok
[INFO] [stdout] test hyperdht::tests::direct_connect_when_firewall_open ... ok
[INFO] [stdout] test hyperdht::tests::keypair_debug_hides_secret ... ok
[INFO] [stdout] test hyperdht::tests::hyperdht_error_display ... ok
[INFO] [stdout] test hyperdht::tests::keypair_from_seed_deterministic ... ok
[INFO] [stdout] test hyperdht::tests::keypair_generate_produces_unique_keys ... ok
[INFO] [stdout] test hyperdht::tests::keypair_public_key_matches_secret ... ok
[INFO] [stdout] test hyperdht::tests::topology_both_firewalled_same_network ... ok
[INFO] [stdout] test hyperdht::tests::topology_sender_firewalled_receiver_open ... ok
[INFO] [stdout] test hyperdht::tests::topology_sender_open_receiver_firewalled ... ok
[INFO] [stdout] test hyperdht_messages::tests::announce_all_fields ... ok
[INFO] [stdout] test hyperdht::tests::topology_one_behind_cgnat ... ok
[INFO] [stdout] test hyperdht::tests::keypair_sign_verify_roundtrip ... ok
[INFO] [stdout] test hyperdht::tests::wire_stats_starts_at_zero_and_is_addressable ... ok
[INFO] [stdout] test hyperdht::tests::with_public_bootstrap_populates_nodes ... ok
[INFO] [stdout] test hyperdht::tests::topology_both_open ... ok
[INFO] [stdout] test hyperdht_messages::tests::announce_peer_only ... ok
[INFO] [stdout] test hyperdht_messages::tests::handshake_empty_noise ... ok
[INFO] [stdout] test hyperdht_messages::tests::announce_bump_only ... ok
[INFO] [stdout] test hyperdht_messages::tests::error_constants ... ok
[INFO] [stdout] test hyperdht_messages::tests::handshake_no_addresses ... ok
[INFO] [stdout] test hyperdht_messages::tests::handshake_with_peer_address ... ok
[INFO] [stdout] test hyperdht_messages::tests::holepunch_msg_empty_payload ... ok
[INFO] [stdout] test hyperdht::tests::spawn_and_destroy ... ok
[INFO] [stdout] test hyperdht::tests::next_stream_id_is_unique ... ok
[INFO] [stdout] test hyperdht_messages::tests::announce_flags_all_absent ... ok
[INFO] [stdout] test hyperdht_messages::tests::handshake_with_relay_address ... ok
[INFO] [stdout] test hyperdht_messages::tests::handshake_both_addresses ... ok
[INFO] [stdout] test hyperdht_messages::tests::command_constants ... ok
[INFO] [stdout] test hyperdht::tests::topology_both_firewalled_different_networks ... ok
[INFO] [stdout] test hyperdht_messages::tests::lookup_raw_reply_empty ... ok
[INFO] [stdout] test hyperdht_messages::tests::mutable_put_request_roundtrip ... ok
[INFO] [stdout] test hyperdht_messages::tests::mutable_get_response_roundtrip ... ok
[INFO] [stdout] test hyperdht_messages::tests::mutable_signable_roundtrip ... ok
[INFO] [stdout] test hyperdht_messages::tests::holepunch_payload_minimal ... ok
[INFO] [stdout] test hyperdht_messages::tests::holepunch_payload_with_addresses ... ok
[INFO] [stdout] test hyperdht_messages::tests::noise_payload_all_fields ... ok
[INFO] [stdout] test hyperdht_messages::tests::holepunch_payload_all_fields ... ok
[INFO] [stdout] test hyperdht_messages::tests::holepunch_payload_with_tokens ... ok
[INFO] [stdout] test hyperdht_messages::tests::holepunch_msg_no_peer_address ... ok
[INFO] [stdout] test hyperdht_messages::tests::lookup_raw_reply_with_peers ... ok
[INFO] [stdout] test hyperdht_messages::tests::noise_payload_relay_through ... ok
[INFO] [stdout] test hyperdht_messages::tests::noise_payload_version_mismatch_returns_defaults ... ok
[INFO] [stdout] test hyperdht_messages::tests::noise_payload_minimal ... ok
[INFO] [stdout] test hyperdht_messages::tests::hyper_peer_roundtrip_no_relays ... ok
[INFO] [stdout] test hyperdht_messages::tests::holepunch_payload_connected_punching ... ok
[INFO] [stdout] test hyperdht_messages::tests::hyper_peer_roundtrip_with_relay ... ok
[INFO] [stdout] test hyperdht_messages::tests::holepunch_msg_with_peer_address ... ok
[INFO] [stdout] test hyperdht_messages::tests::mode_and_firewall_constants ... ok
[INFO] [stdout] test hyperdht_messages::tests::relay_info_roundtrip ... ok
[INFO] [stdout] test hyperdht_messages::tests::udx_info_roundtrip ... ok
[INFO] [stdout] test hyperdht_messages::tests::noise_payload_with_addresses4 ... ok
[INFO] [stdout] test hyperdht_messages::tests::noise_payload_with_holepunch_info ... ok
[INFO] [stdout] test hyperdht_messages::tests::relay_through_info_roundtrip ... ok
[INFO] [stdout] test hyperdht_messages::tests::noise_payload_with_udx_and_secret_stream ... ok
[INFO] [stdout] test io::tests::congestion_window_basic ... ok
[INFO] [stdout] test io::tests::token_validation_both_secrets ... ok
[INFO] [stdout] test messages::tests::decode_empty_buffer_fails ... ok
[INFO] [stdout] test io::tests::token_generation_different_secret ... ok
[INFO] [stdout] test messages::tests::decode_wrong_version_fails ... ok
[INFO] [stdout] test messages::tests::request_roundtrip_minimal ... ok
[INFO] [stdout] test messages::tests::request_type_byte ... ok
[INFO] [stdout] test io::tests::congestion_window_full_condition_total ... ok
[INFO] [stdout] test io::tests::tid_wraps ... ok
[INFO] [stdout] test io::tests::token_generation_deterministic ... ok
[INFO] [stdout] test io::tests::token_generation_different_host ... ok
[INFO] [stdout] test messages::tests::request_roundtrip_full ... ok
[INFO] [stdout] test io::tests::congestion_window_clear ... ok
[INFO] [stdout] test io::tests::token_validation_wrong_host_fails ... ok
[INFO] [stdout] test messages::tests::command_values ... ok
[INFO] [stdout] test messages::tests::response_type_byte ... ok
[INFO] [stdout] test io::tests::congestion_window_full_condition_single_quarter ... ok
[INFO] [stdout] test messages::tests::ipv4_array_roundtrip ... ok
[INFO] [stdout] test messages::tests::response_roundtrip_with_closer_nodes ... ok
[INFO] [stdout] test messages::tests::response_roundtrip_with_error ... ok
[INFO] [stdout] test nat::tests::add_sample_sorting ... ok
[INFO] [stdout] test messages::tests::response_roundtrip_minimal ... ok
[INFO] [stdout] test io::tests::congestion_window_drain_clears_oldest ... ok
[INFO] [stdout] test nat::tests::not_firewalled_always_open ... ok
[INFO] [stdout] test nat::tests::over_four_samples_no_decision_random ... ok
[INFO] [stdout] test nat::tests::consistent_nat_three_same_port ... ok
[INFO] [stdout] test nat::tests::analyzing_resolves_on_consistent ... ok
[INFO] [stdout] test nat::tests::duplicate_from_ignored ... ok
[INFO] [stdout] test nat::tests::analyzing_resolves_on_destroy ... ok
[INFO] [stdout] test nat::tests::analyzing_resolves_on_min_samples_exhaustion ... ok
[INFO] [stdout] test nat::tests::two_hits_multi_host_consistent ... ok
[INFO] [stdout] test noise::tests::cipher_no_key_passthrough ... ok
[INFO] [stdout] test nat::tests::add_sample_triple_hit_stays_sorted ... ok
[INFO] [stdout] test nat::tests::consistent_addresses_include_high_hit_entries ... ok
[INFO] [stdout] test nat::tests::freeze_prevents_update ... ok
[INFO] [stdout] test nat::tests::mark_visited_dedup ... ok
[INFO] [stdout] test noise::tests::cipher_roundtrip ... ok
[INFO] [stdout] test nat::tests::settled_state_after_three_consistent_samples ... ok
[INFO] [stdout] test nat::tests::new_firewalled_starts_unknown ... ok
[INFO] [stdout] test nat::tests::two_hits_single_host_over_three_random ... ok
[INFO] [stdout] test noise::tests::handshake_ik_different_prologue_fails ... ok
[INFO] [stdout] test nat::tests::new_not_firewalled_starts_open ... ok
[INFO] [stdout] test nat::tests::update_resets_open_if_firewalled ... ok
[INFO] [stdout] test nat::tests::random_nat_all_different_ports ... ok
[INFO] [stdout] test noise::tests::ed25519_dh_symmetric ... ok
[INFO] [stdout] test noise::tests::handshake_ik_m1_too_short ... ok
[INFO] [stdout] test noise::tests::handshake_ik_completes ... ok
[INFO] [stdout] test noise::tests::handshake_ik_send_after_complete_errors ... ok
[INFO] [stdout] test nat::tests::auto_sample_collects_target_samples ... ok
[INFO] [stdout] test noise::tests::handshake_ik_remote_static_key_available ... ok
[INFO] [stdout] test noise::tests::hkdf_produces_different_outputs ... ok
[INFO] [stdout] test noise::tests::handshake_ik_large_payload ... ok
[INFO] [stdout] test noise::tests::handshake_ik_wrong_remote_key_fails ... ok
[INFO] [stdout] test noise::tests::handshake_ik_empty_payloads ... ok
[INFO] [stdout] test noise::tests::handshake_ik_m2_too_short ... ok
[INFO] [stdout] test noise_wrap::tests::finalize_before_complete_errors ... ok
[INFO] [stdout] test noise::tests::handshake_xx_completes ... ok
[INFO] [stdout] test noise_wrap::tests::holepunch_secret_is_keyed_blake2b ... ok
[INFO] [stdout] test noise::tests::hmac_deterministic ... ok
[INFO] [stdout] test noise_wrap::tests::roundtrip_initiator_responder ... ok
[INFO] [stdout] test peer::tests::peer_addr_id ... ok
[INFO] [stdout] test persistent::tests::immutable_put_bad_hash_is_silent ... ok
[INFO] [stdout] test persistent::tests::immutable_put_get_roundtrip ... ok
[INFO] [stdout] test noise_wrap::tests::different_keypairs_different_secrets ... ok
[INFO] [stdout] test noise_wrap::tests::payload_with_all_fields_roundtrips ... ok
[INFO] [stdout] test persistent::tests::lru_cache_delete ... ok
[INFO] [stdout] test peer::tests::peer_id_is_32_bytes ... ok
[INFO] [stdout] test peer::tests::peer_id_differs_by_host ... ok
[INFO] [stdout] test peer::tests::peer_id_differs_by_port ... ok
[INFO] [stdout] test peer::tests::peer_id_deterministic ... ok
[INFO] [stdout] test noise_wrap::tests::deterministic_holepunch_secret ... ok
[INFO] [stdout] test persistent::tests::lru_cache_len_after_set ... ok
[INFO] [stdout] test persistent::tests::lru_cache_miss ... ok
[INFO] [stdout] test persistent::tests::mutable_put_get_roundtrip ... ok
[INFO] [stdout] test persistent::tests::on_announce_invalid_signature_is_silent ... ok
[INFO] [stdout] test persistent::tests::mutable_put_seq_too_low ... ok
[INFO] [stdout] test persistent::tests::lru_cache_len_empty ... ok
[INFO] [stdout] test persistent::tests::on_lookup_empty_returns_none_value ... ok
[INFO] [stdout] test persistent::tests::mutable_put_seq_reused ... ok
[INFO] [stdout] test persistent::tests::lru_cache_set_get ... ok
[INFO] [stdout] test persistent::tests::record_cache_max_per_key ... ok
[INFO] [stdout] test persistent::tests::record_cache_record_count ... ok
[INFO] [stdout] test persistent::tests::record_cache_remove ... ok
[INFO] [stdout] test persistent::tests::persistent_stats_after_immutable_put ... ok
[INFO] [stdout] test persistent::tests::on_lookup_no_target_is_silent ... ok
[INFO] [stdout] test persistent::tests::persistent_stats_empty ... ok
[INFO] [stdout] test persistent::tests::record_cache_add_get ... ok
[INFO] [stdout] test persistent::tests::record_cache_topic_count ... ok
[INFO] [stdout] test persistent::tests::record_cache_destroy ... ok
[INFO] [stdout] test persistent::tests::lru_cache_ttl ... ok
[INFO] [stdout] test protomux::tests::empty_batch ... ok
[INFO] [stdout] test persistent::tests::record_cache_replace_same_pubkey ... ok
[INFO] [stdout] test blind_relay::tests::pair_and_unpair_reset_idle_clock ... ok
[INFO] [stdout] test protomux::tests::open_frame_roundtrip ... ok
[INFO] [stdout] test protomux::tests::message_frame_roundtrip ... ok
[INFO] [stdout] test protomux::tests::channel_close ... ok
[INFO] [stdout] test protomux::tests::multiple_channels ... ok
[INFO] [stdout] test protomux::tests::close_frame_roundtrip ... ok
[INFO] [stdout] test protomux::tests::reject_frame_roundtrip ... ok
[INFO] [stdout] test protomux::tests::send_receive_messages ... ok
[INFO] [stdout] test protomux::tests::two_mux_open_channel ... ok
[INFO] [stdout] test protomux::tests::batch_frame_roundtrip ... ok
[INFO] [stdout] test query::tests::test_add_from_table_populates_pending ... ok
[INFO] [stdout] test query::tests::test_bootstrap_parse_bad ... ok
[INFO] [stdout] test query::tests::test_bootstrap_parse_simple ... ok
[INFO] [stdout] test protomux::tests::handshake_exchange ... ok
[INFO] [stdout] test protomux::tests::open_frame_with_id_and_handshake ... ok
[INFO] [stdout] test query::tests::test_is_closer_full_set ... ok
[INFO] [stdout] test query::tests::test_compare_a_closer ... ok
[INFO] [stdout] test query::tests::test_bootstrap_parse_with_suggested_ip ... ok
[INFO] [stdout] test query::tests::test_compare_b_closer ... ok
[INFO] [stdout] test query::tests::test_compare_identical ... ok
[INFO] [stdout] test query::tests::test_compare_tiebreak_second_byte ... ok
[INFO] [stdout] test persistent::tests::record_cache_ttl_expired ... ok
[INFO] [stdout] test query::tests::test_is_closer_empty_set ... ok
[INFO] [stdout] test query::tests::test_push_closest_cap_at_k ... ok
[INFO] [stdout] test query::tests::test_push_closest_dedup ... ok
[INFO] [stdout] test query::tests::test_push_closest_sorted_order ... ok
[INFO] [stdout] test query::tests::test_query_default_k_is_20 ... ok
[INFO] [stdout] test router::tests::forward_entry_expires_after_20_min_ttl ... ok
[INFO] [stdout] test router::tests::forward_entry_persists_within_20_min_ttl ... ok
[INFO] [stdout] test router::tests::gc_removes_expired ... ok
[INFO] [stdout] test router::tests::gc_preserves_fresh_entries ... ok
[INFO] [stdout] test router::tests::forward_cache_set_get_delete ... ok
[INFO] [stdout] test router::tests::forward_cache_expires ... ok
[INFO] [stdout] test router::tests::route_handshake_client_to_relay ... ok
[INFO] [stdout] test router::tests::route_handshake_self_announce_then_relay ... ok
[INFO] [stdout] test router::tests::route_handshake_expired_entry_falls_through ... ok
[INFO] [stdout] test router::tests::forward_entry_refresh_extends_lifetime ... ok
[INFO] [stdout] test router::tests::encode_client_handshake_roundtrip ... ok
[INFO] [stdout] test router::tests::default_ttl_matches_nodejs_20_minutes ... ok
[INFO] [stdout] test query::tests::test_resolve_bootstrap_ip_passthrough ... ok
[INFO] [stdout] test router::tests::route_handshake_client_no_relay_closer_nodes ... ok
[INFO] [stdout] test router::tests::route_holepunch_client_to_relay ... ok
[INFO] [stdout] test router::tests::route_holepunch_server_to_reply ... ok
[INFO] [stdout] test router::tests::server_entry_never_expires_on_ttl ... ok
[INFO] [stdout] test router::tests::validate_handshake_reply_good ... ok
[INFO] [stdout] test router::tests::server_entry_survives_gc ... ok
[INFO] [stdout] test router::tests::route_handshake_server_to_reply ... ok
[INFO] [stdout] test router::tests::server_entry_removed_by_delete ... ok
[INFO] [stdout] test router::tests::server_entry_routes_handshake_after_ttl ... ok
[INFO] [stdout] test router::tests::encode_client_holepunch_roundtrip ... ok
[INFO] [stdout] test query::tests::test_resolve_bootstrap_bad_hostname_skipped ... ok
[INFO] [stdout] test query::tests::test_resolve_bootstrap_suggested_ip_preferred ... ok
[INFO] [stdout] test router::tests::validate_handshake_reply_wrong_mode ... ok
[INFO] [stdout] test router::tests::validate_holepunch_reply_good ... ok
[INFO] [stdout] test routing_table::tests::recent_caps_at_limit ... ok
[INFO] [stdout] test routing_table::tests::recent_limit_zero_returns_empty ... ok
[INFO] [stdout] test routing_table::tests::test_add_single_node ... ok
[INFO] [stdout] test router::tests::route_handshake_relayed_to_local_server ... ok
[INFO] [stdout] test routing_table::tests::test_add_duplicate_replaces ... ok
[INFO] [stdout] test routing_table::tests::test_add_fills_bucket ... ok
[INFO] [stdout] test routing_table::tests::recent_orders_by_seen_tick_desc ... ok
[INFO] [stdout] test router::tests::route_handshake_local_server_handles_locally ... ok
[INFO] [stdout] test routing_table::tests::recent_skips_5_newest_when_cache_geq_8 ... ok
[INFO] [stdout] test routing_table::tests::test_bucket_index_self ... ok
[INFO] [stdout] test routing_table::tests::test_closest_basic ... ok
[INFO] [stdout] test routing_table::tests::test_bucket_index_max_distance ... ok
[INFO] [stdout] test query::tests::test_resolve_bootstrap_hostname_only ... ok
[INFO] [stdout] test routing_table::tests::test_closest_wraps_buckets ... ok
[INFO] [stdout] test routing_table::tests::test_remove_node ... ok
[INFO] [stdout] test routing_table::tests::test_get_mut ... ok
[INFO] [stdout] test routing_table::tests::test_multiple_buckets ... ok
[INFO] [stdout] test rpc::tests::remote_address_starts_unsettled ... ok
[INFO] [stdout] test rpc::tests::test_dht_config_defaults ... ok
[INFO] [stdout] test rpc::tests::test_bootstrap_parse_bad_no_colon ... ok
[INFO] [stdout] test rpc::tests::test_bootstrap_parse_bad_port ... ok
[INFO] [stdout] test rpc::tests::test_bootstrap_parse_with_at ... ok
[INFO] [stdout] test rpc::tests::test_down_hints_rate_limit_constant ... ok
[INFO] [stdout] test routing_table::tests::test_closest_respects_k_limit ... ok
[INFO] [stdout] test routing_table::tests::test_random_empty ... ok
[INFO] [stdout] test rpc::tests::test_err_display ... ok
[INFO] [stdout] test rpc::tests::test_tick_constants ... ok
[INFO] [stdout] test router::tests::validate_handshake_reply_wrong_from ... ok
[INFO] [stdout] test routing_table::tests::test_random_nonempty ... ok
[INFO] [stdout] test routing_table::tests::test_new_table ... ok
[INFO] [stdout] test secret_stream::tests::empty_message_roundtrip ... ok
[INFO] [stdout] test rpc::tests::remote_address_unfirewalled_starts_open ... ok
[INFO] [stdout] test routing_table::tests::test_bucket_full_event ... ok
[INFO] [stdout] test rpc::tests::test_bootstrap_parse_simple ... ok
[INFO] [stdout] test secret_stream::tests::from_session_roundtrip ... ok
[INFO] [stdout] test secret_stream::tests::handshake_and_exchange ... ok
[INFO] [stdout] test secret_stream::tests::into_split_empty_keepalive ... ok
[INFO] [stdout] test secret_stream::tests::stream_id_differs_by_role ... ok
[INFO] [stdout] test secretstream::tests::empty_plaintext_size ... ok
[INFO] [stdout] test secret_stream::tests::remote_public_key_matches ... ok
[INFO] [stdout] test secretstream::tests::tampered_ciphertext_fails ... ok
[INFO] [stdout] test secure_payload::tests::decrypt_corrupted_ciphertext_fails ... ok
[INFO] [stdout] test secure_payload::tests::decrypt_truncated_fails ... ok
[INFO] [stdout] test secure_payload::tests::encrypt_decrypt_roundtrip ... ok
[INFO] [stdout] test secure_payload::tests::encrypt_minimal_payload ... ok
[INFO] [stdout] test secure_payload::tests::token_deterministic ... ok
[INFO] [stdout] test secure_payload::tests::token_different_hosts ... ok
[INFO] [stdout] test secure_payload::tests::token_different_secrets ... ok
[INFO] [stdout] test socket_pool::tests::coerce_consistent_unchanged ... ok
[INFO] [stdout] test secret_stream::tests::namespace_constants_are_distinct ... ok
[INFO] [stdout] test socket_pool::tests::coerce_open_to_consistent ... ok
[INFO] [stdout] test secretstream::tests::push_pull_roundtrip ... ok
[INFO] [stdout] test secure_payload::tests::decrypt_wrong_key_fails ... ok
[INFO] [stdout] test socket_pool::tests::coerce_random_unchanged ... ok
[INFO] [stdout] test secretstream::tests::tag_final_detected ... ok
[INFO] [stdout] test socket_pool::tests::coerce_unknown_unchanged ... ok
[INFO] [stdout] test secure_payload::tests::deterministic_encrypt_with_fixed_nonce ... ok
[INFO] [stdout] test secure_payload::tests::decrypt_corrupted_tag_fails ... ok
[INFO] [stdout] test socket_pool::tests::demux_routes_dht_response_to_reply_lane ... ok
[INFO] [stdout] test secure_payload::tests::encrypt_all_fields_payload ... ok
[INFO] [stdout] test socket_pool::tests::demux_routes_one_byte_to_holepunch ... ok
[INFO] [stdout] test socket_pool::tests::random_port_in_range ... ok
[INFO] [stdout] test socket_pool::tests::demux_drops_udx_framed_packet ... ok
[INFO] [stdout] test secret_stream::tests::frame_eof_returns_none ... ok
[INFO] [stdout] test secret_stream::tests::into_split_roundtrip ... ok
[INFO] [stdout] test secret_stream::tests::frame_roundtrip ... ok
[INFO] [stdout] test holepuncher::recv_adapter_tests::recv_adapter_initiator_emits_connected_on_first_probe ... ok
[INFO] [stdout] 
[INFO] [stdout] failures:
[INFO] [stdout] 
[INFO] [stdout] ---- blind_relay::golden_interop::golden_blind_relay_encode_roundtrip stdout ----
[INFO] [stdout] 
[INFO] [stdout] thread 'blind_relay::golden_interop::golden_blind_relay_encode_roundtrip' (1611) panicked at src/blind_relay.rs:1069:13:
[INFO] [stdout] Failed to read blind-relay fixtures at /opt/rustwide/workdir/../tests/interop/blind-relay-fixtures.json: No such file or directory (os error 2). Run `node generate-blind-relay-golden.js` in tests/node/ first.
[INFO] [stdout] stack backtrace:
[INFO] [stdout]    0:     0x654887b06391 - <<std[617be2ca0a6fd877]::sys::backtrace::BacktraceLock>::print::DisplayBacktrace as core[a373ad73a504971]::fmt::Display>::fmt
[INFO] [stdout]    1:     0x654887b1c31a - core[a373ad73a504971]::fmt::write
[INFO] [stdout]    2:     0x654887b0ab2c - <alloc[2e1b2a31b91974c5]::vec::Vec<u8> as core[a373ad73a504971]::io::write::Write>::write_fmt
[INFO] [stdout]    3:     0x654887ae1436 - std[617be2ca0a6fd877]::panicking::default_hook::{closure#0}
[INFO] [stdout]    4:     0x654887afdf79 - std[617be2ca0a6fd877]::panicking::default_hook
[INFO] [stdout]    5:     0x654887a334b0 - test[aada8e7e76ba119b]::test_main_inner::{closure#0}
[INFO] [stdout]    6:     0x654887afe2a2 - std[617be2ca0a6fd877]::panicking::panic_with_hook
[INFO] [stdout]    7:     0x654887ae14e2 - std[617be2ca0a6fd877]::panicking::panic_handler::{closure#0}
[INFO] [stdout]    8:     0x654887ad9fb9 - std[617be2ca0a6fd877]::sys::backtrace::__rust_end_short_backtrace::<std[617be2ca0a6fd877]::panicking::panic_handler::{closure#0}, !>
[INFO] [stdout]    9:     0x654887ae22dd - __rustc[ea4f61d10b84890b]::rust_begin_unwind
[INFO] [stdout]   10:     0x654887b1ca7c - core[a373ad73a504971]::panicking::panic_fmt
[INFO] [stdout]   11:     0x6548879b83ba - peeroxide_dht[1bd81d5f8b29b42c]::blind_relay::golden_interop::load_fixtures::{closure#0}
[INFO] [stdout]   12:     0x6548879be4b1 - peeroxide_dht[1bd81d5f8b29b42c]::blind_relay::golden_interop::load_fixtures
[INFO] [stdout]   13:     0x6548879c79e6 - <peeroxide_dht[1bd81d5f8b29b42c]::blind_relay::golden_interop::golden_blind_relay_encode_roundtrip::{closure#0} as core[a373ad73a504971]::ops::function::FnOnce<()>>::call_once
[INFO] [stdout]   14:     0x654887a268fb - test[aada8e7e76ba119b]::__rust_begin_short_backtrace::<core[a373ad73a504971]::result::Result<(), alloc[2e1b2a31b91974c5]::string::String>, fn() -> core[a373ad73a504971]::result::Result<(), alloc[2e1b2a31b91974c5]::string::String>>
[INFO] [stdout]   15:     0x654887a33ad5 - test[aada8e7e76ba119b]::run_test::{closure#0}
[INFO] [stdout]   16:     0x654887a2d3c4 - std[617be2ca0a6fd877]::sys::backtrace::__rust_begin_short_backtrace::<test[aada8e7e76ba119b]::run_test::{closure#1}, ()>
[INFO] [stdout]   17:     0x654887a36b62 - <std[617be2ca0a6fd877]::thread::lifecycle::spawn_unchecked<test[aada8e7e76ba119b]::run_test::{closure#1}, ()>::{closure#1} as core[a373ad73a504971]::ops::function::FnOnce<()>>::call_once::{shim:vtable#0}
[INFO] [stdout]   18:     0x654887b054df - <std[617be2ca0a6fd877]::sys::thread::unix::Thread>::new::thread_start
[INFO] [stdout]   19:     0x75de7ff2edfa - <unknown>
[INFO] [stdout]   20:     0x75de7ffc23d4 - clone
[INFO] [stdout]   21:                0x0 - <unknown>
[INFO] [stdout] 
[INFO] [stdout] ---- blind_relay::golden_interop::golden_blind_relay_decode_pair stdout ----
[INFO] [stdout] 
[INFO] [stdout] thread 'blind_relay::golden_interop::golden_blind_relay_decode_pair' (1609) panicked at src/blind_relay.rs:1069:13:
[INFO] [stdout] Failed to read blind-relay fixtures at /opt/rustwide/workdir/../tests/interop/blind-relay-fixtures.json: No such file or directory (os error 2). Run `node generate-blind-relay-golden.js` in tests/node/ first.
[INFO] [stdout] stack backtrace:
[INFO] [stdout]    0:     0x654887b06391 - <<std[617be2ca0a6fd877]::sys::backtrace::BacktraceLock>::print::DisplayBacktrace as core[a373ad73a504971]::fmt::Display>::fmt
[INFO] [stdout]    1:     0x654887b1c31a - core[a373ad73a504971]::fmt::write
[INFO] [stdout]    2:     0x654887b0ab2c - <alloc[2e1b2a31b91974c5]::vec::Vec<u8> as core[a373ad73a504971]::io::write::Write>::write_fmt
[INFO] [stdout]    3:     0x654887ae1436 - std[617be2ca0a6fd877]::panicking::default_hook::{closure#0}
[INFO] [stdout]    4:     0x654887afdf79 - std[617be2ca0a6fd877]::panicking::default_hook
[INFO] [stdout]    5:     0x654887a334b0 - test[aada8e7e76ba119b]::test_main_inner::{closure#0}
[INFO] [stdout]    6:     0x654887afe2a2 - std[617be2ca0a6fd877]::panicking::panic_with_hook
[INFO] [stdout]    7:     0x654887ae14e2 - std[617be2ca0a6fd877]::panicking::panic_handler::{closure#0}
[INFO] [stdout]    8:     0x654887ad9fb9 - std[617be2ca0a6fd877]::sys::backtrace::__rust_end_short_backtrace::<std[617be2ca0a6fd877]::panicking::panic_handler::{closure#0}, !>
[INFO] [stdout]    9:     0x654887ae22dd - __rustc[ea4f61d10b84890b]::rust_begin_unwind
[INFO] [stdout]   10:     0x654887b1ca7c - core[a373ad73a504971]::panicking::panic_fmt
[INFO] [stdout]   11:     0x6548879b83ba - peeroxide_dht[1bd81d5f8b29b42c]::blind_relay::golden_interop::load_fixtures::{closure#0}
[INFO] [stdout]   12:     0x6548879be4b1 - peeroxide_dht[1bd81d5f8b29b42c]::blind_relay::golden_interop::load_fixtures
[INFO] [stdout]   13:     0x6548879c6e11 - <peeroxide_dht[1bd81d5f8b29b42c]::blind_relay::golden_interop::golden_blind_relay_decode_pair::{closure#0} as core[a373ad73a504971]::ops::function::FnOnce<()>>::call_once
[INFO] [stdout]   14:     0x654887a268fb - test[aada8e7e76ba119b]::__rust_begin_short_backtrace::<core[a373ad73a504971]::result::Result<(), alloc[2e1b2a31b91974c5]::string::String>, fn() -> core[a373ad73a504971]::result::Result<(), alloc[2e1b2a31b91974c5]::string::String>>
[INFO] [stdout]   15:     0x654887a33ad5 - test[aada8e7e76ba119b]::run_test::{closure#0}
[INFO] [stdout]   16:     0x654887a2d3c4 - std[617be2ca0a6fd877]::sys::backtrace::__rust_begin_short_backtrace::<test[aada8e7e76ba119b]::run_test::{closure#1}, ()>
[INFO] [stdout]   17:     0x654887a36b62 - <std[617be2ca0a6fd877]::thread::lifecycle::spawn_unchecked<test[aada8e7e76ba119b]::run_test::{closure#1}, ()>::{closure#1} as core[a373ad73a504971]::ops::function::FnOnce<()>>::call_once::{shim:vtable#0}
[INFO] [stdout]   18:     0x654887b054df - <std[617be2ca0a6fd877]::sys::thread::unix::Thread>::new::thread_start
[INFO] [stdout]   19:     0x75de7ff2edfa - <unknown>
[INFO] [stdout]   20:     0x75de7ffc23d4 - clone
[INFO] [stdout]   21:                0x0 - <unknown>
[INFO] [stdout] 
[INFO] [stdout] ---- blind_relay::golden_interop::golden_blind_relay_decode_unpair stdout ----
[INFO] [stdout] 
[INFO] [stdout] thread 'blind_relay::golden_interop::golden_blind_relay_decode_unpair' (1610) panicked at src/blind_relay.rs:1069:13:
[INFO] [stdout] Failed to read blind-relay fixtures at /opt/rustwide/workdir/../tests/interop/blind-relay-fixtures.json: No such file or directory (os error 2). Run `node generate-blind-relay-golden.js` in tests/node/ first.
[INFO] [stdout] stack backtrace:
[INFO] [stdout]    0:     0x654887b06391 - <<std[617be2ca0a6fd877]::sys::backtrace::BacktraceLock>::print::DisplayBacktrace as core[a373ad73a504971]::fmt::Display>::fmt
[INFO] [stdout]    1:     0x654887b1c31a - core[a373ad73a504971]::fmt::write
[INFO] [stdout]    2:     0x654887b0ab2c - <alloc[2e1b2a31b91974c5]::vec::Vec<u8> as core[a373ad73a504971]::io::write::Write>::write_fmt
[INFO] [stdout]    3:     0x654887ae1436 - std[617be2ca0a6fd877]::panicking::default_hook::{closure#0}
[INFO] [stdout]    4:     0x654887afdf79 - std[617be2ca0a6fd877]::panicking::default_hook
[INFO] [stdout]    5:     0x654887a334b0 - test[aada8e7e76ba119b]::test_main_inner::{closure#0}
[INFO] [stdout]    6:     0x654887afe2a2 - std[617be2ca0a6fd877]::panicking::panic_with_hook
[INFO] [stdout]    7:     0x654887ae14e2 - std[617be2ca0a6fd877]::panicking::panic_handler::{closure#0}
[INFO] [stdout]    8:     0x654887ad9fb9 - std[617be2ca0a6fd877]::sys::backtrace::__rust_end_short_backtrace::<std[617be2ca0a6fd877]::panicking::panic_handler::{closure#0}, !>
[INFO] [stdout]    9:     0x654887ae22dd - __rustc[ea4f61d10b84890b]::rust_begin_unwind
[INFO] [stdout]   10:     0x654887b1ca7c - core[a373ad73a504971]::panicking::panic_fmt
[INFO] [stdout]   11:     0x6548879b83ba - peeroxide_dht[1bd81d5f8b29b42c]::blind_relay::golden_interop::load_fixtures::{closure#0}
[INFO] [stdout]   12:     0x6548879be4b1 - peeroxide_dht[1bd81d5f8b29b42c]::blind_relay::golden_interop::load_fixtures
[INFO] [stdout]   13:     0x6548879c7441 - <peeroxide_dht[1bd81d5f8b29b42c]::blind_relay::golden_interop::golden_blind_relay_decode_unpair::{closure#0} as core[a373ad73a504971]::ops::function::FnOnce<()>>::call_once
[INFO] [stdout]   14:     0x654887a268fb - test[aada8e7e76ba119b]::__rust_begin_short_backtrace::<core[a373ad73a504971]::result::Result<(), alloc[2e1b2a31b91974c5]::string::String>, fn() -> core[a373ad73a504971]::result::Result<(), alloc[2e1b2a31b91974c5]::string::String>>
[INFO] [stdout]   15:     0x654887a33ad5 - test[aada8e7e76ba119b]::run_test::{closure#0}
[INFO] [stdout]   16:     0x654887a2d3c4 - std[617be2ca0a6fd877]::sys::backtrace::__rust_begin_short_backtrace::<test[aada8e7e76ba119b]::run_test::{closure#1}, ()>
[INFO] [stdout]   17:     0x654887a36b62 - <std[617be2ca0a6fd877]::thread::lifecycle::spawn_unchecked<test[aada8e7e76ba119b]::run_test::{closure#1}, ()>::{closure#1} as core[a373ad73a504971]::ops::function::FnOnce<()>>::call_once::{shim:vtable#0}
[INFO] [stdout]   18:     0x654887b054df - <std[617be2ca0a6fd877]::sys::thread::unix::Thread>::new::thread_start
[INFO] [stdout]   19:     0x75de7ff2edfa - <unknown>
[INFO] [stdout]   20:     0x75de7ffc23d4 - clone
[INFO] [stdout]   21:                0x0 - <unknown>
[INFO] [stdout] 
[INFO] [stdout] ---- compact_encoding::tests::golden_interop::golden_bool stdout ----
[INFO] [stdout] 
[INFO] [stdout] thread 'compact_encoding::tests::golden_interop::golden_bool' (1645) panicked at src/compact_encoding/tests.rs:395:33:
[INFO] [stdout] Failed to read golden fixtures at /opt/rustwide/workdir/../tests/interop/golden-fixtures.json: No such file or directory (os error 2). Run `node generate-golden.js` in tests/node/ first.
[INFO] [stdout] stack backtrace:
[INFO] [stdout]    0:     0x654887b06391 - <<std[617be2ca0a6fd877]::sys::backtrace::BacktraceLock>::print::DisplayBacktrace as core[a373ad73a504971]::fmt::Display>::fmt
[INFO] [stdout]    1:     0x654887b1c31a - core[a373ad73a504971]::fmt::write
[INFO] [stdout]    2:     0x654887b0ab2c - <alloc[2e1b2a31b91974c5]::vec::Vec<u8> as core[a373ad73a504971]::io::write::Write>::write_fmt
[INFO] [stdout]    3:     0x654887ae1436 - std[617be2ca0a6fd877]::panicking::default_hook::{closure#0}
[INFO] [stdout]    4:     0x654887afdf79 - std[617be2ca0a6fd877]::panicking::default_hook
[INFO] [stdout]    5:     0x654887a334b0 - test[aada8e7e76ba119b]::test_main_inner::{closure#0}
[INFO] [stdout]    6:     0x654887afe2a2 - std[617be2ca0a6fd877]::panicking::panic_with_hook
[INFO] [stdout]    7:     0x654887ae14e2 - std[617be2ca0a6fd877]::panicking::panic_handler::{closure#0}
[INFO] [stdout]    8:     0x654887ad9fb9 - std[617be2ca0a6fd877]::sys::backtrace::__rust_end_short_backtrace::<std[617be2ca0a6fd877]::panicking::panic_handler::{closure#0}, !>
[INFO] [stdout]    9:     0x654887ae22dd - __rustc[ea4f61d10b84890b]::rust_begin_unwind
[INFO] [stdout]   10:     0x654887b1ca7c - core[a373ad73a504971]::panicking::panic_fmt
[INFO] [stdout]   11:     0x6548878f2b6a - peeroxide_dht[1bd81d5f8b29b42c]::compact_encoding::tests::golden_interop::load_fixtures::{closure#0}
[INFO] [stdout]   12:     0x6548878f3ddd - peeroxide_dht[1bd81d5f8b29b42c]::compact_encoding::tests::golden_interop::load_fixtures
[INFO] [stdout]   13:     0x654887905dd1 - <peeroxide_dht[1bd81d5f8b29b42c]::compact_encoding::tests::golden_interop::golden_bool::{closure#0} as core[a373ad73a504971]::ops::function::FnOnce<()>>::call_once
[INFO] [stdout]   14:     0x654887a268fb - test[aada8e7e76ba119b]::__rust_begin_short_backtrace::<core[a373ad73a504971]::result::Result<(), alloc[2e1b2a31b91974c5]::string::String>, fn() -> core[a373ad73a504971]::result::Result<(), alloc[2e1b2a31b91974c5]::string::String>>
[INFO] [stdout]   15:     0x654887a33ad5 - test[aada8e7e76ba119b]::run_test::{closure#0}
[INFO] [stdout]   16:     0x654887a2d3c4 - std[617be2ca0a6fd877]::sys::backtrace::__rust_begin_short_backtrace::<test[aada8e7e76ba119b]::run_test::{closure#1}, ()>
[INFO] [stdout]   17:     0x654887a36b62 - <std[617be2ca0a6fd877]::thread::lifecycle::spawn_unchecked<test[aada8e7e76ba119b]::run_test::{closure#1}, ()>::{closure#1} as core[a373ad73a504971]::ops::function::FnOnce<()>>::call_once::{shim:vtable#0}
[INFO] [stdout]   18:     0x654887b054df - <std[617be2ca0a6fd877]::sys::thread::unix::Thread>::new::thread_start
[INFO] [stdout]   19:     0x75de7ff2edfa - <unknown>
[INFO] [stdout]   20:     0x75de7ffc23d4 - clone
[INFO] [stdout]   21:                0x0 - <unknown>
[INFO] [stdout] 
[INFO] [stdout] ---- compact_encoding::tests::golden_interop::golden_fixed64 stdout ----
[INFO] [stdout] 
[INFO] [stdout] thread 'compact_encoding::tests::golden_interop::golden_fixed64' (1648) panicked at src/compact_encoding/tests.rs:395:33:
[INFO] [stdout] Failed to read golden fixtures at /opt/rustwide/workdir/../tests/interop/golden-fixtures.json: No such file or directory (os error 2). Run `node generate-golden.js` in tests/node/ first.
[INFO] [stdout] stack backtrace:
[INFO] [stdout]    0:     0x654887b06391 - <<std[617be2ca0a6fd877]::sys::backtrace::BacktraceLock>::print::DisplayBacktrace as core[a373ad73a504971]::fmt::Display>::fmt
[INFO] [stdout]    1:     0x654887b1c31a - core[a373ad73a504971]::fmt::write
[INFO] [stdout]    2:     0x654887b0ab2c - <alloc[2e1b2a31b91974c5]::vec::Vec<u8> as core[a373ad73a504971]::io::write::Write>::write_fmt
[INFO] [stdout]    3:     0x654887ae1436 - std[617be2ca0a6fd877]::panicking::default_hook::{closure#0}
[INFO] [stdout]    4:     0x654887afdf79 - std[617be2ca0a6fd877]::panicking::default_hook
[INFO] [stdout]    5:     0x654887a334b0 - test[aada8e7e76ba119b]::test_main_inner::{closure#0}
[INFO] [stdout]    6:     0x654887afe2a2 - std[617be2ca0a6fd877]::panicking::panic_with_hook
[INFO] [stdout]    7:     0x654887ae14e2 - std[617be2ca0a6fd877]::panicking::panic_handler::{closure#0}
[INFO] [stdout]    8:     0x654887ad9fb9 - std[617be2ca0a6fd877]::sys::backtrace::__rust_end_short_backtrace::<std[617be2ca0a6fd877]::panicking::panic_handler::{closure#0}, !>
[INFO] [stdout]    9:     0x654887ae22dd - __rustc[ea4f61d10b84890b]::rust_begin_unwind
[INFO] [stdout]   10:     0x654887b1ca7c - core[a373ad73a504971]::panicking::panic_fmt
[INFO] [stdout]   11:     0x6548878f2b6a - peeroxide_dht[1bd81d5f8b29b42c]::compact_encoding::tests::golden_interop::load_fixtures::{closure#0}
[INFO] [stdout]   12:     0x6548878f3ddd - peeroxide_dht[1bd81d5f8b29b42c]::compact_encoding::tests::golden_interop::load_fixtures
[INFO] [stdout]   13:     0x65488790d2e1 - <peeroxide_dht[1bd81d5f8b29b42c]::compact_encoding::tests::golden_interop::golden_fixed64::{closure#0} as core[a373ad73a504971]::ops::function::FnOnce<()>>::call_once
[INFO] [stdout]   14:     0x654887a268fb - test[aada8e7e76ba119b]::__rust_begin_short_backtrace::<core[a373ad73a504971]::result::Result<(), alloc[2e1b2a31b91974c5]::string::String>, fn() -> core[a373ad73a504971]::result::Result<(), alloc[2e1b2a31b91974c5]::string::String>>
[INFO] [stdout]   15:     0x654887a33ad5 - test[aada8e7e76ba119b]::run_test::{closure#0}
[INFO] [stdout]   16:     0x654887a2d3c4 - std[617be2ca0a6fd877]::sys::backtrace::__rust_begin_short_backtrace::<test[aada8e7e76ba119b]::run_test::{closure#1}, ()>
[INFO] [stdout]   17:     0x654887a36b62 - <std[617be2ca0a6fd877]::thread::lifecycle::spawn_unchecked<test[aada8e7e76ba119b]::run_test::{closure#1}, ()>::{closure#1} as core[a373ad73a504971]::ops::function::FnOnce<()>>::call_once::{shim:vtable#0}
[INFO] [stdout]   18:     0x654887b054df - <std[617be2ca0a6fd877]::sys::thread::unix::Thread>::new::thread_start
[INFO] [stdout]   19:     0x75de7ff2edfa - <unknown>
[INFO] [stdout]   20:     0x75de7ffc23d4 - clone
[INFO] [stdout]   21:                0x0 - <unknown>
[INFO] [stdout] 
[INFO] [stdout] ---- compact_encoding::tests::golden_interop::golden_float32 stdout ----
[INFO] [stdout] 
[INFO] [stdout] thread 'compact_encoding::tests::golden_interop::golden_float32' (1649) panicked at src/compact_encoding/tests.rs:395:33:
[INFO] [stdout] Failed to read golden fixtures at /opt/rustwide/workdir/../tests/interop/golden-fixtures.json: No such file or directory (os error 2). Run `node generate-golden.js` in tests/node/ first.
[INFO] [stdout] stack backtrace:
[INFO] [stdout]    0:     0x654887b06391 - <<std[617be2ca0a6fd877]::sys::backtrace::BacktraceLock>::print::DisplayBacktrace as core[a373ad73a504971]::fmt::Display>::fmt
[INFO] [stdout]    1:     0x654887b1c31a - core[a373ad73a504971]::fmt::write
[INFO] [stdout]    2:     0x654887b0ab2c - <alloc[2e1b2a31b91974c5]::vec::Vec<u8> as core[a373ad73a504971]::io::write::Write>::write_fmt
[INFO] [stdout]    3:     0x654887ae1436 - std[617be2ca0a6fd877]::panicking::default_hook::{closure#0}
[INFO] [stdout]    4:     0x654887afdf79 - std[617be2ca0a6fd877]::panicking::default_hook
[INFO] [stdout]    5:     0x654887a334b0 - test[aada8e7e76ba119b]::test_main_inner::{closure#0}
[INFO] [stdout]    6:     0x654887afe2a2 - std[617be2ca0a6fd877]::panicking::panic_with_hook
[INFO] [stdout]    7:     0x654887ae14e2 - std[617be2ca0a6fd877]::panicking::panic_handler::{closure#0}
[INFO] [stdout]    8:     0x654887ad9fb9 - std[617be2ca0a6fd877]::sys::backtrace::__rust_end_short_backtrace::<std[617be2ca0a6fd877]::panicking::panic_handler::{closure#0}, !>
[INFO] [stdout]    9:     0x654887ae22dd - __rustc[ea4f61d10b84890b]::rust_begin_unwind
[INFO] [stdout]   10:     0x654887b1ca7c - core[a373ad73a504971]::panicking::panic_fmt
[INFO] [stdout]   11:     0x6548878f2b6a - peeroxide_dht[1bd81d5f8b29b42c]::compact_encoding::tests::golden_interop::load_fixtures::{closure#0}
[INFO] [stdout]   12:     0x6548878f3ddd - peeroxide_dht[1bd81d5f8b29b42c]::compact_encoding::tests::golden_interop::load_fixtures
[INFO] [stdout]   13:     0x65488790dc81 - <peeroxide_dht[1bd81d5f8b29b42c]::compact_encoding::tests::golden_interop::golden_float32::{closure#0} as core[a373ad73a504971]::ops::function::FnOnce<()>>::call_once
[INFO] [stdout]   14:     0x654887a268fb - test[aada8e7e76ba119b]::__rust_begin_short_backtrace::<core[a373ad73a504971]::result::Result<(), alloc[2e1b2a31b91974c5]::string::String>, fn() -> core[a373ad73a504971]::result::Result<(), alloc[2e1b2a31b91974c5]::string::String>>
[INFO] [stdout]   15:     0x654887a33ad5 - test[aada8e7e76ba119b]::run_test::{closure#0}
[INFO] [stdout]   16:     0x654887a2d3c4 - std[617be2ca0a6fd877]::sys::backtrace::__rust_begin_short_backtrace::<test[aada8e7e76ba119b]::run_test::{closure#1}, ()>
[INFO] [stdout]   17:     0x654887a36b62 - <std[617be2ca0a6fd877]::thread::lifecycle::spawn_unchecked<test[aada8e7e76ba119b]::run_test::{closure#1}, ()>::{closure#1} as core[a373ad73a504971]::ops::function::FnOnce<()>>::call_once::{shim:vtable#0}
[INFO] [stdout]   18:     0x654887b054df - <std[617be2ca0a6fd877]::sys::thread::unix::Thread>::new::thread_start
[INFO] [stdout]   19:     0x75de7ff2edfa - <unknown>
[INFO] [stdout]   20:     0x75de7ffc23d4 - clone
[INFO] [stdout]   21:                0x0 - <unknown>
[INFO] [stdout] 
[INFO] [stdout] ---- compact_encoding::tests::golden_interop::golden_buffer stdout ----
[INFO] [stdout] 
[INFO] [stdout] thread 'compact_encoding::tests::golden_interop::golden_buffer' (1646) panicked at src/compact_encoding/tests.rs:395:33:
[INFO] [stdout] Failed to read golden fixtures at /opt/rustwide/workdir/../tests/interop/golden-fixtures.json: No such file or directory (os error 2). Run `node generate-golden.js` in tests/node/ first.
[INFO] [stdout] stack backtrace:
[INFO] [stdout]    0:     0x654887b06391 - <<std[617be2ca0a6fd877]::sys::backtrace::BacktraceLock>::print::DisplayBacktrace as core[a373ad73a504971]::fmt::Display>::fmt
[INFO] [stdout]    1:     0x654887b1c31a - core[a373ad73a504971]::fmt::write
[INFO] [stdout]    2:     0x654887b0ab2c - <alloc[2e1b2a31b91974c5]::vec::Vec<u8> as core[a373ad73a504971]::io::write::Write>::write_fmt
[INFO] [stdout]    3:     0x654887ae1436 - std[617be2ca0a6fd877]::panicking::default_hook::{closure#0}
[INFO] [stdout]    4:     0x654887afdf79 - std[617be2ca0a6fd877]::panicking::default_hook
[INFO] [stdout]    5:     0x654887a334b0 - test[aada8e7e76ba119b]::test_main_inner::{closure#0}
[INFO] [stdout]    6:     0x654887afe2a2 - std[617be2ca0a6fd877]::panicking::panic_with_hook
[INFO] [stdout]    7:     0x654887ae14e2 - std[617be2ca0a6fd877]::panicking::panic_handler::{closure#0}
[INFO] [stdout]    8:     0x654887ad9fb9 - std[617be2ca0a6fd877]::sys::backtrace::__rust_end_short_backtrace::<std[617be2ca0a6fd877]::panicking::panic_handler::{closure#0}, !>
[INFO] [stdout]    9:     0x654887ae22dd - __rustc[ea4f61d10b84890b]::rust_begin_unwind
[INFO] [stdout]   10:     0x654887b1ca7c - core[a373ad73a504971]::panicking::panic_fmt
[INFO] [stdout]   11:     0x6548878f2b6a - peeroxide_dht[1bd81d5f8b29b42c]::compact_encoding::tests::golden_interop::load_fixtures::{closure#0}
[INFO] [stdout]   12:     0x6548878f3ddd - peeroxide_dht[1bd81d5f8b29b42c]::compact_encoding::tests::golden_interop::load_fixtures
[INFO] [stdout]   13:     0x654887909971 - <peeroxide_dht[1bd81d5f8b29b42c]::compact_encoding::tests::golden_interop::golden_buffer::{closure#0} as core[a373ad73a504971]::ops::function::FnOnce<()>>::call_once
[INFO] [stdout]   14:     0x654887a268fb - test[aada8e7e76ba119b]::__rust_begin_short_backtrace::<core[a373ad73a504971]::result::Result<(), alloc[2e1b2a31b91974c5]::string::String>, fn() -> core[a373ad73a504971]::result::Result<(), alloc[2e1b2a31b91974c5]::string::String>>
[INFO] [stdout]   15:     0x654887a33ad5 - test[aada8e7e76ba119b]::run_test::{closure#0}
[INFO] [stdout]   16:     0x654887a2d3c4 - std[617be2ca0a6fd877]::sys::backtrace::__rust_begin_short_backtrace::<test[aada8e7e76ba119b]::run_test::{closure#1}, ()>
[INFO] [stdout]   17:     0x654887a36b62 - <std[617be2ca0a6fd877]::thread::lifecycle::spawn_unchecked<test[aada8e7e76ba119b]::run_test::{closure#1}, ()>::{closure#1} as core[a373ad73a504971]::ops::function::FnOnce<()>>::call_once::{shim:vtable#0}
[INFO] [stdout]   18:     0x654887b054df - <std[617be2ca0a6fd877]::sys::thread::unix::Thread>::new::thread_start
[INFO] [stdout]   19:     0x75de7ff2edfa - <unknown>
[INFO] [stdout]   20:     0x75de7ffc23d4 - clone
[INFO] [stdout]   21:                0x0 - <unknown>
[INFO] [stdout] 
[INFO] [stdout] ---- compact_encoding::tests::golden_interop::golden_int64 stdout ----
[INFO] [stdout] 
[INFO] [stdout] thread 'compact_encoding::tests::golden_interop::golden_int64' (1653) panicked at src/compact_encoding/tests.rs:395:33:
[INFO] [stdout] Failed to read golden fixtures at /opt/rustwide/workdir/../tests/interop/golden-fixtures.json: No such file or directory (os error 2). Run `node generate-golden.js` in tests/node/ first.
[INFO] [stdout] stack backtrace:
[INFO] [stdout]    0:     0x654887b06391 - <<std[617be2ca0a6fd877]::sys::backtrace::BacktraceLock>::print::DisplayBacktrace as core[a373ad73a504971]::fmt::Display>::fmt
[INFO] [stdout]    1:     0x654887b1c31a - core[a373ad73a504971]::fmt::write
[INFO] [stdout]    2:     0x654887b0ab2c - <alloc[2e1b2a31b91974c5]::vec::Vec<u8> as core[a373ad73a504971]::io::write::Write>::write_fmt
[INFO] [stdout]    3:     0x654887ae1436 - std[617be2ca0a6fd877]::panicking::default_hook::{closure#0}
[INFO] [stdout]    4:     0x654887afdf79 - std[617be2ca0a6fd877]::panicking::default_hook
[INFO] [stdout]    5:     0x654887a334b0 - test[aada8e7e76ba119b]::test_main_inner::{closure#0}
[INFO] [stdout]    6:     0x654887afe2a2 - std[617be2ca0a6fd877]::panicking::panic_with_hook
[INFO] [stdout]    7:     0x654887ae14e2 - std[617be2ca0a6fd877]::panicking::panic_handler::{closure#0}
[INFO] [stdout]    8:     0x654887ad9fb9 - std[617be2ca0a6fd877]::sys::backtrace::__rust_end_short_backtrace::<std[617be2ca0a6fd877]::panicking::panic_handler::{closure#0}, !>
[INFO] [stdout]    9:     0x654887ae22dd - __rustc[ea4f61d10b84890b]::rust_begin_unwind
[INFO] [stdout]   10:     0x654887b1ca7c - core[a373ad73a504971]::panicking::panic_fmt
[INFO] [stdout]   11:     0x6548878f2b6a - peeroxide_dht[1bd81d5f8b29b42c]::compact_encoding::tests::golden_interop::load_fixtures::{closure#0}
[INFO] [stdout]   12:     0x6548878f3ddd - peeroxide_dht[1bd81d5f8b29b42c]::compact_encoding::tests::golden_interop::load_fixtures
[INFO] [stdout]   13:     0x654887908ac1 - <peeroxide_dht[1bd81d5f8b29b42c]::compact_encoding::tests::golden_interop::golden_int64::{closure#0} as core[a373ad73a504971]::ops::function::FnOnce<()>>::call_once
[INFO] [stdout]   14:     0x654887a268fb - test[aada8e7e76ba119b]::__rust_begin_short_backtrace::<core[a373ad73a504971]::result::Result<(), alloc[2e1b2a31b91974c5]::string::String>, fn() -> core[a373ad73a504971]::result::Result<(), alloc[2e1b2a31b91974c5]::string::String>>
[INFO] [stdout]   15:     0x654887a33ad5 - test[aada8e7e76ba119b]::run_test::{closure#0}
[INFO] [stdout]   16:     0x654887a2d3c4 - std[617be2ca0a6fd877]::sys::backtrace::__rust_begin_short_backtrace::<test[aada8e7e76ba119b]::run_test::{closure#1}, ()>
[INFO] [stdout]   17:     0x654887a36b62 - <std[617be2ca0a6fd877]::thread::lifecycle::spawn_unchecked<test[aada8e7e76ba119b]::run_test::{closure#1}, ()>::{closure#1} as core[a373ad73a504971]::ops::function::FnOnce<()>>::call_once::{shim:vtable#0}
[INFO] [stdout]   18:     0x654887b054df - <std[617be2ca0a6fd877]::sys::thread::unix::Thread>::new::thread_start
[INFO] [stdout]   19:     0x75de7ff2edfa - <unknown>
[INFO] [stdout]   20:     0x75de7ffc23d4 - clone
[INFO] [stdout]   21:                0x0 - <unknown>
[INFO] [stdout] 
[INFO] [stdout] ---- compact_encoding::tests::golden_interop::golden_ipv4 stdout ----
[INFO] [stdout] 
[INFO] [stdout] thread 'compact_encoding::tests::golden_interop::golden_ipv4' (1657) panicked at src/compact_encoding/tests.rs:395:33:
[INFO] [stdout] Failed to read golden fixtures at /opt/rustwide/workdir/../tests/interop/golden-fixtures.json: No such file or directory (os error 2). Run `node generate-golden.js` in tests/node/ first.
[INFO] [stdout] stack backtrace:
[INFO] [stdout]    0:     0x654887b06391 - <<std[617be2ca0a6fd877]::sys::backtrace::BacktraceLock>::print::DisplayBacktrace as core[a373ad73a504971]::fmt::Display>::fmt
[INFO] [stdout]    1:     0x654887b1c31a - core[a373ad73a504971]::fmt::write
[INFO] [stdout]    2:     0x654887b0ab2c - <alloc[2e1b2a31b91974c5]::vec::Vec<u8> as core[a373ad73a504971]::io::write::Write>::write_fmt
[INFO] [stdout]    3:     0x654887ae1436 - std[617be2ca0a6fd877]::panicking::default_hook::{closure#0}
[INFO] [stdout]    4:     0x654887afdf79 - std[617be2ca0a6fd877]::panicking::default_hook
[INFO] [stdout]    5:     0x654887a334b0 - test[aada8e7e76ba119b]::test_main_inner::{closure#0}
[INFO] [stdout]    6:     0x654887afe2a2 - std[617be2ca0a6fd877]::panicking::panic_with_hook
[INFO] [stdout]    7:     0x654887ae14e2 - std[617be2ca0a6fd877]::panicking::panic_handler::{closure#0}
[INFO] [stdout]    8:     0x654887ad9fb9 - std[617be2ca0a6fd877]::sys::backtrace::__rust_end_short_backtrace::<std[617be2ca0a6fd877]::panicking::panic_handler::{closure#0}, !>
[INFO] [stdout]    9:     0x654887ae22dd - __rustc[ea4f61d10b84890b]::rust_begin_unwind
[INFO] [stdout]   10:     0x654887b1ca7c - core[a373ad73a504971]::panicking::panic_fmt
[INFO] [stdout]   11:     0x6548878f2b6a - peeroxide_dht[1bd81d5f8b29b42c]::compact_encoding::tests::golden_interop::load_fixtures::{closure#0}
[INFO] [stdout]   12:     0x6548878f3ddd - peeroxide_dht[1bd81d5f8b29b42c]::compact_encoding::tests::golden_interop::load_fixtures
[INFO] [stdout]   13:     0x654887906ac1 - <peeroxide_dht[1bd81d5f8b29b42c]::compact_encoding::tests::golden_interop::golden_ipv4::{closure#0} as core[a373ad73a504971]::ops::function::FnOnce<()>>::call_once
[INFO] [stdout]   14:     0x654887a268fb - test[aada8e7e76ba119b]::__rust_begin_short_backtrace::<core[a373ad73a504971]::result::Result<(), alloc[2e1b2a31b91974c5]::string::String>, fn() -> core[a373ad73a504971]::result::Result<(), alloc[2e1b2a31b91974c5]::string::String>>
[INFO] [stdout]   15:     0x654887a33ad5 - test[aada8e7e76ba119b]::run_test::{closure#0}
[INFO] [stdout]   16:     0x654887a2d3c4 - std[617be2ca0a6fd877]::sys::backtrace::__rust_begin_short_backtrace::<test[aada8e7e76ba119b]::run_test::{closure#1}, ()>
[INFO] [stdout]   17:     0x654887a36b62 - <std[617be2ca0a6fd877]::thread::lifecycle::spawn_unchecked<test[aada8e7e76ba119b]::run_test::{closure#1}, ()>::{closure#1} as core[a373ad73a504971]::ops::function::FnOnce<()>>::call_once::{shim:vtable#0}
[INFO] [stdout]   18:     0x654887b054df - <std[617be2ca0a6fd877]::sys::thread::unix::Thread>::new::thread_start
[INFO] [stdout]   19:     0x75de7ff2edfa - <unknown>
[INFO] [stdout]   20:     0x75de7ffc23d4 - clone
[INFO] [stdout]   21:                0x0 - <unknown>
[INFO] [stdout] 
[INFO] [stdout] ---- compact_encoding::tests::golden_interop::golden_fixed32 stdout ----
[INFO] [stdout] 
[INFO] [stdout] thread 'compact_encoding::tests::golden_interop::golden_fixed32' (1647) panicked at src/compact_encoding/tests.rs:395:33:
[INFO] [stdout] Failed to read golden fixtures at /opt/rustwide/workdir/../tests/interop/golden-fixtures.json: No such file or directory (os error 2). Run `node generate-golden.js` in tests/node/ first.
[INFO] [stdout] stack backtrace:
[INFO] [stdout]    0:     0x654887b06391 - <<std[617be2ca0a6fd877]::sys::backtrace::BacktraceLock>::print::DisplayBacktrace as core[a373ad73a504971]::fmt::Display>::fmt
[INFO] [stdout]    1:     0x654887b1c31a - core[a373ad73a504971]::fmt::write
[INFO] [stdout]    2:     0x654887b0ab2c - <alloc[2e1b2a31b91974c5]::vec::Vec<u8> as core[a373ad73a504971]::io::write::Write>::write_fmt
[INFO] [stdout]    3:     0x654887ae1436 - std[617be2ca0a6fd877]::panicking::default_hook::{closure#0}
[INFO] [stdout]    4:     0x654887afdf79 - std[617be2ca0a6fd877]::panicking::default_hook
[INFO] [stdout]    5:     0x654887a334b0 - test[aada8e7e76ba119b]::test_main_inner::{closure#0}
[INFO] [stdout]    6:     0x654887afe2a2 - std[617be2ca0a6fd877]::panicking::panic_with_hook
[INFO] [stdout]    7:     0x654887ae14e2 - std[617be2ca0a6fd877]::panicking::panic_handler::{closure#0}
[INFO] [stdout]    8:     0x654887ad9fb9 - std[617be2ca0a6fd877]::sys::backtrace::__rust_end_short_backtrace::<std[617be2ca0a6fd877]::panicking::panic_handler::{closure#0}, !>
[INFO] [stdout]    9:     0x654887ae22dd - __rustc[ea4f61d10b84890b]::rust_begin_unwind
[INFO] [stdout]   10:     0x654887b1ca7c - core[a373ad73a504971]::panicking::panic_fmt
[INFO] [stdout]   11:     0x6548878f2b6a - peeroxide_dht[1bd81d5f8b29b42c]::compact_encoding::tests::golden_interop::load_fixtures::{closure#0}
[INFO] [stdout]   12:     0x6548878f3ddd - peeroxide_dht[1bd81d5f8b29b42c]::compact_encoding::tests::golden_interop::load_fixtures
[INFO] [stdout]   13:     0x65488790c981 - <peeroxide_dht[1bd81d5f8b29b42c]::compact_encoding::tests::golden_interop::golden_fixed32::{closure#0} as core[a373ad73a504971]::ops::function::FnOnce<()>>::call_once
[INFO] [stdout]   14:     0x654887a268fb - test[aada8e7e76ba119b]::__rust_begin_short_backtrace::<core[a373ad73a504971]::result::Result<(), alloc[2e1b2a31b91974c5]::string::String>, fn() -> core[a373ad73a504971]::result::Result<(), alloc[2e1b2a31b91974c5]::string::String>>
[INFO] [stdout]   15:     0x654887a33ad5 - test[aada8e7e76ba119b]::run_test::{closure#0}
[INFO] [stdout]   16:     0x654887a2d3c4 - std[617be2ca0a6fd877]::sys::backtrace::__rust_begin_short_backtrace::<test[aada8e7e76ba119b]::run_test::{closure#1}, ()>
[INFO] [stdout]   17:     0x654887a36b62 - <std[617be2ca0a6fd877]::thread::lifecycle::spawn_unchecked<test[aada8e7e76ba119b]::run_test::{closure#1}, ()>::{closure#1} as core[a373ad73a504971]::ops::function::FnOnce<()>>::call_once::{shim:vtable#0}
[INFO] [stdout]   18:     0x654887b054df - <std[617be2ca0a6fd877]::sys::thread::unix::Thread>::new::thread_start
[INFO] [stdout]   19:     0x75de7ff2edfa - <unknown>
[INFO] [stdout]   20:     0x75de7ffc23d4 - clone
[INFO] [stdout]   21:                0x0 - <unknown>
[INFO] [stdout] 
[INFO] [stdout] ---- compact_encoding::tests::golden_interop::golden_string stdout ----
[INFO] [stdout] 
[INFO] [stdout] thread 'compact_encoding::tests::golden_interop::golden_string' (1660) panicked at src/compact_encoding/tests.rs:395:33:
[INFO] [stdout] Failed to read golden fixtures at /opt/rustwide/workdir/../tests/interop/golden-fixtures.json: No such file or directory (os error 2). Run `node generate-golden.js` in tests/node/ first.
[INFO] [stdout] stack backtrace:
[INFO] [stdout]    0:     0x654887b06391 - <<std[617be2ca0a6fd877]::sys::backtrace::BacktraceLock>::print::DisplayBacktrace as core[a373ad73a504971]::fmt::Display>::fmt
[INFO] [stdout]    1:     0x654887b1c31a - core[a373ad73a504971]::fmt::write
[INFO] [stdout]    2:     0x654887b0ab2c - <alloc[2e1b2a31b91974c5]::vec::Vec<u8> as core[a373ad73a504971]::io::write::Write>::write_fmt
[INFO] [stdout]    3:     0x654887ae1436 - std[617be2ca0a6fd877]::panicking::default_hook::{closure#0}
[INFO] [stdout]    4:     0x654887afdf79 - std[617be2ca0a6fd877]::panicking::default_hook
[INFO] [stdout]    5:     0x654887a334b0 - test[aada8e7e76ba119b]::test_main_inner::{closure#0}
[INFO] [stdout]    6:     0x654887afe2a2 - std[617be2ca0a6fd877]::panicking::panic_with_hook
[INFO] [stdout]    7:     0x654887ae14e2 - std[617be2ca0a6fd877]::panicking::panic_handler::{closure#0}
[INFO] [stdout]    8:     0x654887ad9fb9 - std[617be2ca0a6fd877]::sys::backtrace::__rust_end_short_backtrace::<std[617be2ca0a6fd877]::panicking::panic_handler::{closure#0}, !>
[INFO] [stdout]    9:     0x654887ae22dd - __rustc[ea4f61d10b84890b]::rust_begin_unwind
[INFO] [stdout]   10:     0x654887b1ca7c - core[a373ad73a504971]::panicking::panic_fmt
[INFO] [stdout]   11:     0x6548878f2b6a - peeroxide_dht[1bd81d5f8b29b42c]::compact_encoding::tests::golden_interop::load_fixtures::{closure#0}
[INFO] [stdout]   12:     0x6548878f3ddd - peeroxide_dht[1bd81d5f8b29b42c]::compact_encoding::tests::golden_interop::load_fixtures
[INFO] [stdout]   13:     0x65488790a3f1 - <peeroxide_dht[1bd81d5f8b29b42c]::compact_encoding::tests::golden_interop::golden_string::{closure#0} as core[a373ad73a504971]::ops::function::FnOnce<()>>::call_once
[INFO] [stdout]   14:     0x654887a268fb - test[aada8e7e76ba119b]::__rust_begin_short_backtrace::<core[a373ad73a504971]::result::Result<(), alloc[2e1b2a31b91974c5]::string::String>, fn() -> core[a373ad73a504971]::result::Result<(), alloc[2e1b2a31b91974c5]::string::String>>
[INFO] [stdout]   15:     0x654887a33ad5 - test[aada8e7e76ba119b]::run_test::{closure#0}
[INFO] [stdout]   16:     0x654887a2d3c4 - std[617be2ca0a6fd877]::sys::backtrace::__rust_begin_short_backtrace::<test[aada8e7e76ba119b]::run_test::{closure#1}, ()>
[INFO] [stdout]   17:     0x654887a36b62 - <std[617be2ca0a6fd877]::thread::lifecycle::spawn_unchecked<test[aada8e7e76ba119b]::run_test::{closure#1}, ()>::{closure#1} as core[a373ad73a504971]::ops::function::FnOnce<()>>::call_once::{shim:vtable#0}
[INFO] [stdout]   18:     0x654887b054df - <std[617be2ca0a6fd877]::sys::thread::unix::Thread>::new::thread_start
[INFO] [stdout]   19:     0x75de7ff2edfa - <unknown>
[INFO] [stdout]   20:     0x75de7ffc23d4 - clone
[INFO] [stdout]   21:                0x0 - <unknown>
[INFO] [stdout] 
[INFO] [stdout] ---- compact_encoding::tests::golden_interop::golden_int16 stdout ----
[INFO] [stdout] 
[INFO] [stdout] thread 'compact_encoding::tests::golden_interop::golden_int16' (1651) panicked at src/compact_encoding/tests.rs:395:33:
[INFO] [stdout] Failed to read golden fixtures at /opt/rustwide/workdir/../tests/interop/golden-fixtures.json: No such file or directory (os error 2). Run `node generate-golden.js` in tests/node/ first.
[INFO] [stdout] stack backtrace:
[INFO] [stdout]    0:     0x654887b06391 - <<std[617be2ca0a6fd877]::sys::backtrace::BacktraceLock>::print::DisplayBacktrace as core[a373ad73a504971]::fmt::Display>::fmt
[INFO] [stdout]    1:     0x654887b1c31a - core[a373ad73a504971]::fmt::write
[INFO] [stdout]    2:     0x654887b0ab2c - <alloc[2e1b2a31b91974c5]::vec::Vec<u8> as core[a373ad73a504971]::io::write::Write>::write_fmt
[INFO] [stdout]    3:     0x654887ae1436 - std[617be2ca0a6fd877]::panicking::default_hook::{closure#0}
[INFO] [stdout]    4:     0x654887afdf79 - std[617be2ca0a6fd877]::panicking::default_hook
[INFO] [stdout]    5:     0x654887a334b0 - test[aada8e7e76ba119b]::test_main_inner::{closure#0}
[INFO] [stdout]    6:     0x654887afe2a2 - std[617be2ca0a6fd877]::panicking::panic_with_hook
[INFO] [stdout]    7:     0x654887ae14e2 - std[617be2ca0a6fd877]::panicking::panic_handler::{closure#0}
[INFO] [stdout]    8:     0x654887ad9fb9 - std[617be2ca0a6fd877]::sys::backtrace::__rust_end_short_backtrace::<std[617be2ca0a6fd877]::panicking::panic_handler::{closure#0}, !>
[INFO] [stdout]    9:     0x654887ae22dd - __rustc[ea4f61d10b84890b]::rust_begin_unwind
[INFO] [stdout]   10:     0x654887b1ca7c - core[a373ad73a504971]::panicking::panic_fmt
[INFO] [stdout]   11:     0x6548878f2b6a - peeroxide_dht[1bd81d5f8b29b42c]::compact_encoding::tests::golden_interop::load_fixtures::{closure#0}
[INFO] [stdout]   12:     0x6548878f3ddd - peeroxide_dht[1bd81d5f8b29b42c]::compact_encoding::tests::golden_interop::load_fixtures
[INFO] [stdout]   13:     0x654887907c01 - <peeroxide_dht[1bd81d5f8b29b42c]::compact_encoding::tests::golden_interop::golden_int16::{closure#0} as core[a373ad73a504971]::ops::function::FnOnce<()>>::call_once
[INFO] [stdout]   14:     0x654887a268fb - test[aada8e7e76ba119b]::__rust_begin_short_backtrace::<core[a373ad73a504971]::result::Result<(), alloc[2e1b2a31b91974c5]::string::String>, fn() -> core[a373ad73a504971]::result::Result<(), alloc[2e1b2a31b91974c5]::string::String>>
[INFO] [stdout]   15:     0x654887a33ad5 - test[aada8e7e76ba119b]::run_test::{closure#0}
[INFO] [stdout]   16:     0x654887a2d3c4 - std[617be2ca0a6fd877]::sys::backtrace::__rust_begin_short_backtrace::<test[aada8e7e76ba119b]::run_test::{closure#1}, ()>
[INFO] [stdout]   17:     0x654887a36b62 - <std[617be2ca0a6fd877]::thread::lifecycle::spawn_unchecked<test[aada8e7e76ba119b]::run_test::{closure#1}, ()>::{closure#1} as core[a373ad73a504971]::ops::function::FnOnce<()>>::call_once::{shim:vtable#0}
[INFO] [stdout]   18:     0x654887b054df - <std[617be2ca0a6fd877]::sys::thread::unix::Thread>::new::thread_start
[INFO] [stdout]   19:     0x75de7ff2edfa - <unknown>
[INFO] [stdout]   20:     0x75de7ffc23d4 - clone
[INFO] [stdout]   21:                0x0 - <unknown>
[INFO] [stdout] 
[INFO] [stdout] ---- compact_encoding::tests::golden_interop::golden_int32 stdout ----
[INFO] [stdout] 
[INFO] [stdout] thread 'compact_encoding::tests::golden_interop::golden_int32' (1652) panicked at src/compact_encoding/tests.rs:395:33:
[INFO] [stdout] Failed to read golden fixtures at /opt/rustwide/workdir/../tests/interop/golden-fixtures.json: No such file or directory (os error 2). Run `node generate-golden.js` in tests/node/ first.
[INFO] [stdout] stack backtrace:
[INFO] [stdout]    0:     0x654887b06391 - <<std[617be2ca0a6fd877]::sys::backtrace::BacktraceLock>::print::DisplayBacktrace as core[a373ad73a504971]::fmt::Display>::fmt
[INFO] [stdout]    1:     0x654887b1c31a - core[a373ad73a504971]::fmt::write
[INFO] [stdout]    2:     0x654887b0ab2c - <alloc[2e1b2a31b91974c5]::vec::Vec<u8> as core[a373ad73a504971]::io::write::Write>::write_fmt
[INFO] [stdout]    3:     0x654887ae1436 - std[617be2ca0a6fd877]::panicking::default_hook::{closure#0}
[INFO] [stdout]    4:     0x654887afdf79 - std[617be2ca0a6fd877]::panicking::default_hook
[INFO] [stdout]    5:     0x654887a334b0 - test[aada8e7e76ba119b]::test_main_inner::{closure#0}
[INFO] [stdout]    6:     0x654887afe2a2 - std[617be2ca0a6fd877]::panicking::panic_with_hook
[INFO] [stdout]    7:     0x654887ae14e2 - std[617be2ca0a6fd877]::panicking::panic_handler::{closure#0}
[INFO] [stdout]    8:     0x654887ad9fb9 - std[617be2ca0a6fd877]::sys::backtrace::__rust_end_short_backtrace::<std[617be2ca0a6fd877]::panicking::panic_handler::{closure#0}, !>
[INFO] [stdout]    9:     0x654887ae22dd - __rustc[ea4f61d10b84890b]::rust_begin_unwind
[INFO] [stdout]   10:     0x654887b1ca7c - core[a373ad73a504971]::panicking::panic_fmt
[INFO] [stdout]   11:     0x6548878f2b6a - peeroxide_dht[1bd81d5f8b29b42c]::compact_encoding::tests::golden_interop::load_fixtures::{closure#0}
[INFO] [stdout]   12:     0x6548878f3ddd - peeroxide_dht[1bd81d5f8b29b42c]::compact_encoding::tests::golden_interop::load_fixtures
[INFO] [stdout]   13:     0x654887908311 - <peeroxide_dht[1bd81d5f8b29b42c]::compact_encoding::tests::golden_interop::golden_int32::{closure#0} as core[a373ad73a504971]::ops::function::FnOnce<()>>::call_once
[INFO] [stdout]   14:     0x654887a268fb - test[aada8e7e76ba119b]::__rust_begin_short_backtrace::<core[a373ad73a504971]::result::Result<(), alloc[2e1b2a31b91974c5]::string::String>, fn() -> core[a373ad73a504971]::result::Result<(), alloc[2e1b2a31b91974c5]::string::String>>
[INFO] [stdout]   15:     0x654887a33ad5 - test[aada8e7e76ba119b]::run_test::{closure#0}
[INFO] [stdout]   16:     0x654887a2d3c4 - std[617be2ca0a6fd877]::sys::backtrace::__rust_begin_short_backtrace::<test[aada8e7e76ba119b]::run_test::{closure#1}, ()>
[INFO] [stdout]   17:     0x654887a36b62 - <std[617be2ca0a6fd877]::thread::lifecycle::spawn_unchecked<test[aada8e7e76ba119b]::run_test::{closure#1}, ()>::{closure#1} as core[a373ad73a504971]::ops::function::FnOnce<()>>::call_once::{shim:vtable#0}
[INFO] [stdout]   18:     0x654887b054df - <std[617be2ca0a6fd877]::sys::thread::unix::Thread>::new::thread_start
[INFO] [stdout]   19:     0x75de7ff2edfa - <unknown>
[INFO] [stdout]   20:     0x75de7ffc23d4 - clone
[INFO] [stdout]   21:                0x0 - <unknown>
[INFO] [stdout] 
[INFO] [stdout] ---- compact_encoding::tests::golden_interop::golden_uint16 stdout ----
[INFO] [stdout] 
[INFO] [stdout] thread 'compact_encoding::tests::golden_interop::golden_uint16' (1662) panicked at src/compact_encoding/tests.rs:395:33:
[INFO] [stdout] Failed to read golden fixtures at /opt/rustwide/workdir/../tests/interop/golden-fixtures.json: No such file or directory (os error 2). Run `node generate-golden.js` in tests/node/ first.
[INFO] [stdout] stack backtrace:
[INFO] [stdout]    0:     0x654887b06391 - <<std[617be2ca0a6fd877]::sys::backtrace::BacktraceLock>::print::DisplayBacktrace as core[a373ad73a504971]::fmt::Display>::fmt
[INFO] [stdout]    1:     0x654887b1c31a - core[a373ad73a504971]::fmt::write
[INFO] [stdout]    2:     0x654887b0ab2c - <alloc[2e1b2a31b91974c5]::vec::Vec<u8> as core[a373ad73a504971]::io::write::Write>::write_fmt
[INFO] [stdout]    3:     0x654887ae1436 - std[617be2ca0a6fd877]::panicking::default_hook::{closure#0}
[INFO] [stdout]    4:     0x654887afdf79 - std[617be2ca0a6fd877]::panicking::default_hook
[INFO] [stdout]    5:     0x654887a334b0 - test[aada8e7e76ba119b]::test_main_inner::{closure#0}
[INFO] [stdout]    6:     0x654887afe2a2 - std[617be2ca0a6fd877]::panicking::panic_with_hook
[INFO] [stdout]    7:     0x654887ae14e2 - std[617be2ca0a6fd877]::panicking::panic_handler::{closure#0}
[INFO] [stdout]    8:     0x654887ad9fb9 - std[617be2ca0a6fd877]::sys::backtrace::__rust_end_short_backtrace::<std[617be2ca0a6fd877]::panicking::panic_handler::{closure#0}, !>
[INFO] [stdout]    9:     0x654887ae22dd - __rustc[ea4f61d10b84890b]::rust_begin_unwind
[INFO] [stdout]   10:     0x654887b1ca7c - core[a373ad73a504971]::panicking::panic_fmt
[INFO] [stdout]   11:     0x6548878f2b6a - peeroxide_dht[1bd81d5f8b29b42c]::compact_encoding::tests::golden_interop::load_fixtures::{closure#0}
[INFO] [stdout]   12:     0x6548878f3ddd - peeroxide_dht[1bd81d5f8b29b42c]::compact_encoding::tests::golden_interop::load_fixtures
[INFO] [stdout]   13:     0x65488790ac11 - <peeroxide_dht[1bd81d5f8b29b42c]::compact_encoding::tests::golden_interop::golden_uint16::{closure#0} as core[a373ad73a504971]::ops::function::FnOnce<()>>::call_once
[INFO] [stdout]   14:     0x654887a268fb - test[aada8e7e76ba119b]::__rust_begin_short_backtrace::<core[a373ad73a504971]::result::Result<(), alloc[2e1b2a31b91974c5]::string::String>, fn() -> core[a373ad73a504971]::result::Result<(), alloc[2e1b2a31b91974c5]::string::String>>
[INFO] [stdout]   15:     0x654887a33ad5 - test[aada8e7e76ba119b]::run_test::{closure#0}
[INFO] [stdout]   16:     0x654887a2d3c4 - std[617be2ca0a6fd877]::sys::backtrace::__rust_begin_short_backtrace::<test[aada8e7e76ba119b]::run_test::{closure#1}, ()>
[INFO] [stdout]   17:     0x654887a36b62 - <std[617be2ca0a6fd877]::thread::lifecycle::spawn_unchecked<test[aada8e7e76ba119b]::run_test::{closure#1}, ()>::{closure#1} as core[a373ad73a504971]::ops::function::FnOnce<()>>::call_once::{shim:vtable#0}
[INFO] [stdout]   18:     0x654887b054df - <std[617be2ca0a6fd877]::sys::thread::unix::Thread>::new::thread_start
[INFO] [stdout]   19:     0x75de7ff2edfa - <unknown>
[INFO] [stdout]   20:     0x75de7ffc23d4 - clone
[INFO] [stdout]   21:                0x0 - <unknown>
[INFO] [stdout] 
[INFO] [stdout] ---- compact_encoding::tests::golden_interop::golden_ip_dual stdout ----
[INFO] [stdout] 
[INFO] [stdout] thread 'compact_encoding::tests::golden_interop::golden_ip_dual' (1656) panicked at src/compact_encoding/tests.rs:395:33:
[INFO] [stdout] Failed to read golden fixtures at /opt/rustwide/workdir/../tests/interop/golden-fixtures.json: No such file or directory (os error 2). Run `node generate-golden.js` in tests/node/ first.
[INFO] [stdout] stack backtrace:
[INFO] [stdout]    0:     0x654887b06391 - <<std[617be2ca0a6fd877]::sys::backtrace::BacktraceLock>::print::DisplayBacktrace as core[a373ad73a504971]::fmt::Display>::fmt
[INFO] [stdout]    1:     0x654887b1c31a - core[a373ad73a504971]::fmt::write
[INFO] [stdout]    2:     0x654887b0ab2c - <alloc[2e1b2a31b91974c5]::vec::Vec<u8> as core[a373ad73a504971]::io::write::Write>::write_fmt
[INFO] [stdout]    3:     0x654887ae1436 - std[617be2ca0a6fd877]::panicking::default_hook::{closure#0}
[INFO] [stdout]    4:     0x654887afdf79 - std[617be2ca0a6fd877]::panicking::default_hook
[INFO] [stdout]    5:     0x654887a334b0 - test[aada8e7e76ba119b]::test_main_inner::{closure#0}
[INFO] [stdout]    6:     0x654887afe2a2 - std[617be2ca0a6fd877]::panicking::panic_with_hook
[INFO] [stdout]    7:     0x654887ae14e2 - std[617be2ca0a6fd877]::panicking::panic_handler::{closure#0}
[INFO] [stdout]    8:     0x654887ad9fb9 - std[617be2ca0a6fd877]::sys::backtrace::__rust_end_short_backtrace::<std[617be2ca0a6fd877]::panicking::panic_handler::{closure#0}, !>
[INFO] [stdout]    9:     0x654887ae22dd - __rustc[ea4f61d10b84890b]::rust_begin_unwind
[INFO] [stdout]   10:     0x654887b1ca7c - core[a373ad73a504971]::panicking::panic_fmt
[INFO] [stdout]   11:     0x6548878f2b6a - peeroxide_dht[1bd81d5f8b29b42c]::compact_encoding::tests::golden_interop::load_fixtures::{closure#0}
[INFO] [stdout]   12:     0x6548878f3ddd - peeroxide_dht[1bd81d5f8b29b42c]::compact_encoding::tests::golden_interop::load_fixtures
[INFO] [stdout]   13:     0x65488790ebc1 - <peeroxide_dht[1bd81d5f8b29b42c]::compact_encoding::tests::golden_interop::golden_ip_dual::{closure#0} as core[a373ad73a504971]::ops::function::FnOnce<()>>::call_once
[INFO] [stdout]   14:     0x654887a268fb - test[aada8e7e76ba119b]::__rust_begin_short_backtrace::<core[a373ad73a504971]::result::Result<(), alloc[2e1b2a31b91974c5]::string::String>, fn() -> core[a373ad73a504971]::result::Result<(), alloc[2e1b2a31b91974c5]::string::String>>
[INFO] [stdout]   15:     0x654887a33ad5 - test[aada8e7e76ba119b]::run_test::{closure#0}
[INFO] [stdout]   16:     0x654887a2d3c4 - std[617be2ca0a6fd877]::sys::backtrace::__rust_begin_short_backtrace::<test[aada8e7e76ba119b]::run_test::{closure#1}, ()>
[INFO] [stdout]   17:     0x654887a36b62 - <std[617be2ca0a6fd877]::thread::lifecycle::spawn_unchecked<test[aada8e7e76ba119b]::run_test::{closure#1}, ()>::{closure#1} as core[a373ad73a504971]::ops::function::FnOnce<()>>::call_once::{shim:vtable#0}
[INFO] [stdout]   18:     0x654887b054df - <std[617be2ca0a6fd877]::sys::thread::unix::Thread>::new::thread_start
[INFO] [stdout]   19:     0x75de7ff2edfa - <unknown>
[INFO] [stdout]   20:     0x75de7ffc23d4 - clone
[INFO] [stdout]   21:                0x0 - <unknown>
[INFO] [stdout] 
[INFO] [stdout] ---- compact_encoding::tests::golden_interop::golden_ipv4_address stdout ----
[INFO] [stdout] 
[INFO] [stdout] thread 'compact_encoding::tests::golden_interop::golden_ipv4_address' (1658) panicked at src/compact_encoding/tests.rs:395:33:
[INFO] [stdout] Failed to read golden fixtures at /opt/rustwide/workdir/../tests/interop/golden-fixtures.json: No such file or directory (os error 2). Run `node generate-golden.js` in tests/node/ first.
[INFO] [stdout] stack backtrace:
[INFO] [stdout]    0:     0x654887b06391 - <<std[617be2ca0a6fd877]::sys::backtrace::BacktraceLock>::print::DisplayBacktrace as core[a373ad73a504971]::fmt::Display>::fmt
[INFO] [stdout]    1:     0x654887b1c31a - core[a373ad73a504971]::fmt::write
[INFO] [stdout]    2:     0x654887b0ab2c - <alloc[2e1b2a31b91974c5]::vec::Vec<u8> as core[a373ad73a504971]::io::write::Write>::write_fmt
[INFO] [stdout]    3:     0x654887ae1436 - std[617be2ca0a6fd877]::panicking::default_hook::{closure#0}
[INFO] [stdout]    4:     0x654887afdf79 - std[617be2ca0a6fd877]::panicking::default_hook
[INFO] [stdout]    5:     0x654887a334b0 - test[aada8e7e76ba119b]::test_main_inner::{closure#0}
[INFO] [stdout]    6:     0x654887afe2a2 - std[617be2ca0a6fd877]::panicking::panic_with_hook
[INFO] [stdout]    7:     0x654887ae14e2 - std[617be2ca0a6fd877]::panicking::panic_handler::{closure#0}
[INFO] [stdout]    8:     0x654887ad9fb9 - std[617be2ca0a6fd877]::sys::backtrace::__rust_end_short_backtrace::<std[617be2ca0a6fd877]::panicking::panic_handler::{closure#0}, !>
[INFO] [stdout]    9:     0x654887ae22dd - __rustc[ea4f61d10b84890b]::rust_begin_unwind
[INFO] [stdout]   10:     0x654887b1ca7c - core[a373ad73a504971]::panicking::panic_fmt
[INFO] [stdout]   11:     0x6548878f2b6a - peeroxide_dht[1bd81d5f8b29b42c]::compact_encoding::tests::golden_interop::load_fixtures::{closure#0}
[INFO] [stdout]   12:     0x6548878f3ddd - peeroxide_dht[1bd81d5f8b29b42c]::compact_encoding::tests::golden_interop::load_fixtures
[INFO] [stdout]   13:     0x654887911006 - <peeroxide_dht[1bd81d5f8b29b42c]::compact_encoding::tests::golden_interop::golden_ipv4_address::{closure#0} as core[a373ad73a504971]::ops::function::FnOnce<()>>::call_once
[INFO] [stdout]   14:     0x654887a268fb - test[aada8e7e76ba119b]::__rust_begin_short_backtrace::<core[a373ad73a504971]::result::Result<(), alloc[2e1b2a31b91974c5]::string::String>, fn() -> core[a373ad73a504971]::result::Result<(), alloc[2e1b2a31b91974c5]::string::String>>
[INFO] [stdout]   15:     0x654887a33ad5 - test[aada8e7e76ba119b]::run_test::{closure#0}
[INFO] [stdout]   16:     0x654887a2d3c4 - std[617be2ca0a6fd877]::sys::backtrace::__rust_begin_short_backtrace::<test[aada8e7e76ba119b]::run_test::{closure#1}, ()>
[INFO] [stdout]   17:     0x654887a36b62 - <std[617be2ca0a6fd877]::thread::lifecycle::spawn_unchecked<test[aada8e7e76ba119b]::run_test::{closure#1}, ()>::{closure#1} as core[a373ad73a504971]::ops::function::FnOnce<()>>::call_once::{shim:vtable#0}
[INFO] [stdout]   18:     0x654887b054df - <std[617be2ca0a6fd877]::sys::thread::unix::Thread>::new::thread_start
[INFO] [stdout]   19:     0x75de7ff2edfa - <unknown>
[INFO] [stdout]   20:     0x75de7ffc23d4 - clone
[INFO] [stdout]   21:                0x0 - <unknown>
[INFO] [stdout] 
[INFO] [stdout] ---- compact_encoding::tests::golden_interop::golden_ipv6 stdout ----
[INFO] [stdout] 
[INFO] [stdout] thread 'compact_encoding::tests::golden_interop::golden_ipv6' (1659) panicked at src/compact_encoding/tests.rs:395:33:
[INFO] [stdout] Failed to read golden fixtures at /opt/rustwide/workdir/../tests/interop/golden-fixtures.json: No such file or directory (os error 2). Run `node generate-golden.js` in tests/node/ first.
[INFO] [stdout] stack backtrace:
[INFO] [stdout]    0:     0x654887b06391 - <<std[617be2ca0a6fd877]::sys::backtrace::BacktraceLock>::print::DisplayBacktrace as core[a373ad73a504971]::fmt::Display>::fmt
[INFO] [stdout]    1:     0x654887b1c31a - core[a373ad73a504971]::fmt::write
[INFO] [stdout]    2:     0x654887b0ab2c - <alloc[2e1b2a31b91974c5]::vec::Vec<u8> as core[a373ad73a504971]::io::write::Write>::write_fmt
[INFO] [stdout]    3:     0x654887ae1436 - std[617be2ca0a6fd877]::panicking::default_hook::{closure#0}
[INFO] [stdout]    4:     0x654887afdf79 - std[617be2ca0a6fd877]::panicking::default_hook
[INFO] [stdout]    5:     0x654887a334b0 - test[aada8e7e76ba119b]::test_main_inner::{closure#0}
[INFO] [stdout]    6:     0x654887afe2a2 - std[617be2ca0a6fd877]::panicking::panic_with_hook
[INFO] [stdout]    7:     0x654887ae14e2 - std[617be2ca0a6fd877]::panicking::panic_handler::{closure#0}
[INFO] [stdout]    8:     0x654887ad9fb9 - std[617be2ca0a6fd877]::sys::backtrace::__rust_end_short_backtrace::<std[617be2ca0a6fd877]::panicking::panic_handler::{closure#0}, !>
[INFO] [stdout]    9:     0x654887ae22dd - __rustc[ea4f61d10b84890b]::rust_begin_unwind
[INFO] [stdout]   10:     0x654887b1ca7c - core[a373ad73a504971]::panicking::panic_fmt
[INFO] [stdout]   11:     0x6548878f2b6a - peeroxide_dht[1bd81d5f8b29b42c]::compact_encoding::tests::golden_interop::load_fixtures::{closure#0}
[INFO] [stdout]   12:     0x6548878f3ddd - peeroxide_dht[1bd81d5f8b29b42c]::compact_encoding::tests::golden_interop::load_fixtures
[INFO] [stdout]   13:     0x6548879072d1 - <peeroxide_dht[1bd81d5f8b29b42c]::compact_encoding::tests::golden_interop::golden_ipv6::{closure#0} as core[a373ad73a504971]::ops::function::FnOnce<()>>::call_once
[INFO] [stdout]   14:     0x654887a268fb - test[aada8e7e76ba119b]::__rust_begin_short_backtrace::<core[a373ad73a504971]::result::Result<(), alloc[2e1b2a31b91974c5]::string::String>, fn() -> core[a373ad73a504971]::result::Result<(), alloc[2e1b2a31b91974c5]::string::String>>
[INFO] [stdout]   15:     0x654887a33ad5 - test[aada8e7e76ba119b]::run_test::{closure#0}
[INFO] [stdout]   16:     0x654887a2d3c4 - std[617be2ca0a6fd877]::sys::backtrace::__rust_begin_short_backtrace::<test[aada8e7e76ba119b]::run_test::{closure#1}, ()>
[INFO] [stdout]   17:     0x654887a36b62 - <std[617be2ca0a6fd877]::thread::lifecycle::spawn_unchecked<test[aada8e7e76ba119b]::run_test::{closure#1}, ()>::{closure#1} as core[a373ad73a504971]::ops::function::FnOnce<()>>::call_once::{shim:vtable#0}
[INFO] [stdout]   18:     0x654887b054df - <std[617be2ca0a6fd877]::sys::thread::unix::Thread>::new::thread_start
[INFO] [stdout]   19:     0x75de7ff2edfa - <unknown>
[INFO] [stdout]   20:     0x75de7ffc23d4 - clone
[INFO] [stdout]   21:                0x0 - <unknown>
[INFO] [stdout] 
[INFO] [stdout] ---- compact_encoding::tests::golden_interop::golden_float64 stdout ----
[INFO] [stdout] 
[INFO] [stdout] thread 'compact_encoding::tests::golden_interop::golden_float64' (1650) panicked at src/compact_encoding/tests.rs:395:33:
[INFO] [stdout] Failed to read golden fixtures at /opt/rustwide/workdir/../tests/interop/golden-fixtures.json: No such file or directory (os error 2). Run `node generate-golden.js` in tests/node/ first.
[INFO] [stdout] stack backtrace:
[INFO] [stdout]    0:     0x654887b06391 - <<std[617be2ca0a6fd877]::sys::backtrace::BacktraceLock>::print::DisplayBacktrace as core[a373ad73a504971]::fmt::Display>::fmt
[INFO] [stdout]    1:     0x654887b1c31a - core[a373ad73a504971]::fmt::write
[INFO] [stdout]    2:     0x654887b0ab2c - <alloc[2e1b2a31b91974c5]::vec::Vec<u8> as core[a373ad73a504971]::io::write::Write>::write_fmt
[INFO] [stdout]    3:     0x654887ae1436 - std[617be2ca0a6fd877]::panicking::default_hook::{closure#0}
[INFO] [stdout]    4:     0x654887afdf79 - std[617be2ca0a6fd877]::panicking::default_hook
[INFO] [stdout]    5:     0x654887a334b0 - test[aada8e7e76ba119b]::test_main_inner::{closure#0}
[INFO] [stdout]    6:     0x654887afe2a2 - std[617be2ca0a6fd877]::panicking::panic_with_hook
[INFO] [stdout]    7:     0x654887ae14e2 - std[617be2ca0a6fd877]::panicking::panic_handler::{closure#0}
[INFO] [stdout]    8:     0x654887ad9fb9 - std[617be2ca0a6fd877]::sys::backtrace::__rust_end_short_backtrace::<std[617be2ca0a6fd877]::panicking::panic_handler::{closure#0}, !>
[INFO] [stdout]    9:     0x654887ae22dd - __rustc[ea4f61d10b84890b]::rust_begin_unwind
[INFO] [stdout]   10:     0x654887b1ca7c - core[a373ad73a504971]::panicking::panic_fmt
[INFO] [stdout]   11:     0x6548878f2b6a - peeroxide_dht[1bd81d5f8b29b42c]::compact_encoding::tests::golden_interop::load_fixtures::{closure#0}
[INFO] [stdout]   12:     0x6548878f3ddd - peeroxide_dht[1bd81d5f8b29b42c]::compact_encoding::tests::golden_interop::load_fixtures
[INFO] [stdout]   13:     0x65488790e426 - <peeroxide_dht[1bd81d5f8b29b42c]::compact_encoding::tests::golden_interop::golden_float64::{closure#0} as core[a373ad73a504971]::ops::function::FnOnce<()>>::call_once
[INFO] [stdout]   14:     0x654887a268fb - test[aada8e7e76ba119b]::__rust_begin_short_backtrace::<core[a373ad73a504971]::result::Result<(), alloc[2e1b2a31b91974c5]::string::String>, fn() -> core[a373ad73a504971]::result::Result<(), alloc[2e1b2a31b91974c5]::string::String>>
[INFO] [stdout]   15:     0x654887a33ad5 - test[aada8e7e76ba119b]::run_test::{closure#0}
[INFO] [stdout]   16:     0x654887a2d3c4 - std[617be2ca0a6fd877]::sys::backtrace::__rust_begin_short_backtrace::<test[aada8e7e76ba119b]::run_test::{closure#1}, ()>
[INFO] [stdout]   17:     0x654887a36b62 - <std[617be2ca0a6fd877]::thread::lifecycle::spawn_unchecked<test[aada8e7e76ba119b]::run_test::{closure#1}, ()>::{closure#1} as core[a373ad73a504971]::ops::function::FnOnce<()>>::call_once::{shim:vtable#0}
[INFO] [stdout]   18:     0x654887b054df - <std[617be2ca0a6fd877]::sys::thread::unix::Thread>::new::thread_start
[INFO] [stdout]   19:     0x75de7ff2edfa - <unknown>
[INFO] [stdout]   20:     0x75de7ffc23d4 - clone
[INFO] [stdout]   21:                0x0 - <unknown>
[INFO] [stdout] 
[INFO] [stdout] ---- compact_encoding::tests::golden_interop::golden_int8 stdout ----
[INFO] [stdout] 
[INFO] [stdout] thread 'compact_encoding::tests::golden_interop::golden_int8' (1654) panicked at src/compact_encoding/tests.rs:395:33:
[INFO] [stdout] Failed to read golden fixtures at /opt/rustwide/workdir/../tests/interop/golden-fixtures.json: No such file or directory (os error 2). Run `node generate-golden.js` in tests/node/ first.
[INFO] [stdout] stack backtrace:
[INFO] [stdout]    0:     0x654887b06391 - <<std[617be2ca0a6fd877]::sys::backtrace::BacktraceLock>::print::DisplayBacktrace as core[a373ad73a504971]::fmt::Display>::fmt
[INFO] [stdout]    1:     0x654887b1c31a - core[a373ad73a504971]::fmt::write
[INFO] [stdout]    2:     0x654887b0ab2c - <alloc[2e1b2a31b91974c5]::vec::Vec<u8> as core[a373ad73a504971]::io::write::Write>::write_fmt
[INFO] [stdout]    3:     0x654887ae1436 - std[617be2ca0a6fd877]::panicking::default_hook::{closure#0}
[INFO] [stdout]    4:     0x654887afdf79 - std[617be2ca0a6fd877]::panicking::default_hook
[INFO] [stdout]    5:     0x654887a334b0 - test[aada8e7e76ba119b]::test_main_inner::{closure#0}
[INFO] [stdout]    6:     0x654887afe2a2 - std[617be2ca0a6fd877]::panicking::panic_with_hook
[INFO] [stdout]    7:     0x654887ae14e2 - std[617be2ca0a6fd877]::panicking::panic_handler::{closure#0}
[INFO] [stdout]    8:     0x654887ad9fb9 - std[617be2ca0a6fd877]::sys::backtrace::__rust_end_short_backtrace::<std[617be2ca0a6fd877]::panicking::panic_handler::{closure#0}, !>
[INFO] [stdout]    9:     0x654887ae22dd - __rustc[ea4f61d10b84890b]::rust_begin_unwind
[INFO] [stdout]   10:     0x654887b1ca7c - core[a373ad73a504971]::panicking::panic_fmt
[INFO] [stdout]   11:     0x6548878f2b6a - peeroxide_dht[1bd81d5f8b29b42c]::compact_encoding::tests::golden_interop::load_fixtures::{closure#0}
[INFO] [stdout]   12:     0x6548878f3ddd - peeroxide_dht[1bd81d5f8b29b42c]::compact_encoding::tests::golden_interop::load_fixtures
[INFO] [stdout]   13:     0x654887906461 - <peeroxide_dht[1bd81d5f8b29b42c]::compact_encoding::tests::golden_interop::golden_int8::{closure#0} as core[a373ad73a504971]::ops::function::FnOnce<()>>::call_once
[INFO] [stdout]   14:     0x654887a268fb - test[aada8e7e76ba119b]::__rust_begin_short_backtrace::<core[a373ad73a504971]::result::Result<(), alloc[2e1b2a31b91974c5]::string::String>, fn() -> core[a373ad73a504971]::result::Result<(), alloc[2e1b2a31b91974c5]::string::String>>
[INFO] [stdout]   15:     0x654887a33ad5 - test[aada8e7e76ba119b]::run_test::{closure#0}
[INFO] [stdout]   16:     0x654887a2d3c4 - std[617be2ca0a6fd877]::sys::backtrace::__rust_begin_short_backtrace::<test[aada8e7e76ba119b]::run_test::{closure#1}, ()>
[INFO] [stdout]   17:     0x654887a36b62 - <std[617be2ca0a6fd877]::thread::lifecycle::spawn_unchecked<test[aada8e7e76ba119b]::run_test::{closure#1}, ()>::{closure#1} as core[a373ad73a504971]::ops::function::FnOnce<()>>::call_once::{shim:vtable#0}
[INFO] [stdout]   18:     0x654887b054df - <std[617be2ca0a6fd877]::sys::thread::unix::Thread>::new::thread_start
[INFO] [stdout]   19:     0x75de7ff2edfa - <unknown>
[INFO] [stdout]   20:     0x75de7ffc23d4 - clone
[INFO] [stdout]   21:                0x0 - <unknown>
[INFO] [stdout] 
[INFO] [stdout] ---- compact_encoding::tests::golden_interop::golden_int_zigzag stdout ----
[INFO] [stdout] 
[INFO] [stdout] thread 'compact_encoding::tests::golden_interop::golden_int_zigzag' (1655) panicked at src/compact_encoding/tests.rs:395:33:
[INFO] [stdout] Failed to read golden fixtures at /opt/rustwide/workdir/../tests/interop/golden-fixtures.json: No such file or directory (os error 2). Run `node generate-golden.js` in tests/node/ first.
[INFO] [stdout] stack backtrace:
[INFO] [stdout]    0:     0x654887b06391 - <<std[617be2ca0a6fd877]::sys::backtrace::BacktraceLock>::print::DisplayBacktrace as core[a373ad73a504971]::fmt::Display>::fmt
[INFO] [stdout]    1:     0x654887b1c31a - core[a373ad73a504971]::fmt::write
[INFO] [stdout]    2:     0x654887b0ab2c - <alloc[2e1b2a31b91974c5]::vec::Vec<u8> as core[a373ad73a504971]::io::write::Write>::write_fmt
[INFO] [stdout]    3:     0x654887ae1436 - std[617be2ca0a6fd877]::panicking::default_hook::{closure#0}
[INFO] [stdout]    4:     0x654887afdf79 - std[617be2ca0a6fd877]::panicking::default_hook
[INFO] [stdout]    5:     0x654887a334b0 - test[aada8e7e76ba119b]::test_main_inner::{closure#0}
[INFO] [stdout]    6:     0x654887afe2a2 - std[617be2ca0a6fd877]::panicking::panic_with_hook
[INFO] [stdout]    7:     0x654887ae14e2 - std[617be2ca0a6fd877]::panicking::panic_handler::{closure#0}
[INFO] [stdout]    8:     0x654887ad9fb9 - std[617be2ca0a6fd877]::sys::backtrace::__rust_end_short_backtrace::<std[617be2ca0a6fd877]::panicking::panic_handler::{closure#0}, !>
[INFO] [stdout]    9:     0x654887ae22dd - __rustc[ea4f61d10b84890b]::rust_begin_unwind
[INFO] [stdout]   10:     0x654887b1ca7c - core[a373ad73a504971]::panicking::panic_fmt
[INFO] [stdout]   11:     0x6548878f2b6a - peeroxide_dht[1bd81d5f8b29b42c]::compact_encoding::tests::golden_interop::load_fixtures::{closure#0}
[INFO] [stdout]   12:     0x6548878f3ddd - peeroxide_dht[1bd81d5f8b29b42c]::compact_encoding::tests::golden_interop::load_fixtures
[INFO] [stdout]   13:     0x65488790f621 - <peeroxide_dht[1bd81d5f8b29b42c]::compact_encoding::tests::golden_interop::golden_int_zigzag::{closure#0} as core[a373ad73a504971]::ops::function::FnOnce<()>>::call_once
[INFO] [stdout]   14:     0x654887a268fb - test[aada8e7e76ba119b]::__rust_begin_short_backtrace::<core[a373ad73a504971]::result::Result<(), alloc[2e1b2a31b91974c5]::string::String>, fn() -> core[a373ad73a504971]::result::Result<(), alloc[2e1b2a31b91974c5]::string::String>>
[INFO] [stdout]   15:     0x654887a33ad5 - test[aada8e7e76ba119b]::run_test::{closure#0}
[INFO] [stdout]   16:     0x654887a2d3c4 - std[617be2ca0a6fd877]::sys::backtrace::__rust_begin_short_backtrace::<test[aada8e7e76ba119b]::run_test::{closure#1}, ()>
[INFO] [stdout]   17:     0x654887a36b62 - <std[617be2ca0a6fd877]::thread::lifecycle::spawn_unchecked<test[aada8e7e76ba119b]::run_test::{closure#1}, ()>::{closure#1} as core[a373ad73a504971]::ops::function::FnOnce<()>>::call_once::{shim:vtable#0}
[INFO] [stdout]   18:     0x654887b054df - <std[617be2ca0a6fd877]::sys::thread::unix::Thread>::new::thread_start
[INFO] [stdout]   19:     0x75de7ff2edfa - <unknown>
[INFO] [stdout]   20:     0x75de7ffc23d4 - clone
[INFO] [stdout]   21:                0x0 - <unknown>
[INFO] [stdout] 
[INFO] [stdout] ---- compact_encoding::tests::golden_interop::golden_uint64 stdout ----
[INFO] [stdout] 
[INFO] [stdout] thread 'compact_encoding::tests::golden_interop::golden_uint64' (1665) panicked at src/compact_encoding/tests.rs:395:33:
[INFO] [stdout] Failed to read golden fixtures at /opt/rustwide/workdir/../tests/interop/golden-fixtures.json: No such file or directory (os error 2). Run `node generate-golden.js` in tests/node/ first.
[INFO] [stdout] stack backtrace:
[INFO] [stdout]    0:     0x654887b06391 - <<std[617be2ca0a6fd877]::sys::backtrace::BacktraceLock>::print::DisplayBacktrace as core[a373ad73a504971]::fmt::Display>::fmt
[INFO] [stdout]    1:     0x654887b1c31a - core[a373ad73a504971]::fmt::write
[INFO] [stdout]    2:     0x654887b0ab2c - <alloc[2e1b2a31b91974c5]::vec::Vec<u8> as core[a373ad73a504971]::io::write::Write>::write_fmt
[INFO] [stdout]    3:     0x654887ae1436 - std[617be2ca0a6fd877]::panicking::default_hook::{closure#0}
[INFO] [stdout]    4:     0x654887afdf79 - std[617be2ca0a6fd877]::panicking::default_hook
[INFO] [stdout]    5:     0x654887a334b0 - test[aada8e7e76ba119b]::test_main_inner::{closure#0}
[INFO] [stdout]    6:     0x654887afe2a2 - std[617be2ca0a6fd877]::panicking::panic_with_hook
[INFO] [stdout]    7:     0x654887ae14e2 - std[617be2ca0a6fd877]::panicking::panic_handler::{closure#0}
[INFO] [stdout]    8:     0x654887ad9fb9 - std[617be2ca0a6fd877]::sys::backtrace::__rust_end_short_backtrace::<std[617be2ca0a6fd877]::panicking::panic_handler::{closure#0}, !>
[INFO] [stdout]    9:     0x654887ae22dd - __rustc[ea4f61d10b84890b]::rust_begin_unwind
[INFO] [stdout]   10:     0x654887b1ca7c - core[a373ad73a504971]::panicking::panic_fmt
[INFO] [stdout]   11:     0x6548878f2b6a - peeroxide_dht[1bd81d5f8b29b42c]::compact_encoding::tests::golden_interop::load_fixtures::{closure#0}
[INFO] [stdout]   12:     0x6548878f3ddd - peeroxide_dht[1bd81d5f8b29b42c]::compact_encoding::tests::golden_interop::load_fixtures
[INFO] [stdout]   13:     0x65488790c171 - <peeroxide_dht[1bd81d5f8b29b42c]::compact_encoding::tests::golden_interop::golden_uint64::{closure#0} as core[a373ad73a504971]::ops::function::FnOnce<()>>::call_once
[INFO] [stdout]   14:     0x654887a268fb - test[aada8e7e76ba119b]::__rust_begin_short_backtrace::<core[a373ad73a504971]::result::Result<(), alloc[2e1b2a31b91974c5]::string::String>, fn() -> core[a373ad73a504971]::result::Result<(), alloc[2e1b2a31b91974c5]::string::String>>
[INFO] [stdout]   15:     0x654887a33ad5 - test[aada8e7e76ba119b]::run_test::{closure#0}
[INFO] [stdout]   16:     0x654887a2d3c4 - std[617be2ca0a6fd877]::sys::backtrace::__rust_begin_short_backtrace::<test[aada8e7e76ba119b]::run_test::{closure#1}, ()>
[INFO] [stdout]   17:     0x654887a36b62 - <std[617be2ca0a6fd877]::thread::lifecycle::spawn_unchecked<test[aada8e7e76ba119b]::run_test::{closure#1}, ()>::{closure#1} as core[a373ad73a504971]::ops::function::FnOnce<()>>::call_once::{shim:vtable#0}
[INFO] [stdout]   18:     0x654887b054df - <std[617be2ca0a6fd877]::sys::thread::unix::Thread>::new::thread_start
[INFO] [stdout]   19:     0x75de7ff2edfa - <unknown>
[INFO] [stdout]   20:     0x75de7ffc23d4 - clone
[INFO] [stdout]   21:                0x0 - <unknown>
[INFO] [stdout] 
[INFO] [stdout] ---- compact_encoding::tests::golden_interop::golden_uint8 stdout ----
[INFO] [stdout] 
[INFO] [stdout] thread 'compact_encoding::tests::golden_interop::golden_uint8' (1666) panicked at src/compact_encoding/tests.rs:395:33:
[INFO] [stdout] Failed to read golden fixtures at /opt/rustwide/workdir/../tests/interop/golden-fixtures.json: No such file or directory (os error 2). Run `node generate-golden.js` in tests/node/ first.
[INFO] [stdout] stack backtrace:
[INFO] [stdout]    0:     0x654887b06391 - <<std[617be2ca0a6fd877]::sys::backtrace::BacktraceLock>::print::DisplayBacktrace as core[a373ad73a504971]::fmt::Display>::fmt
[INFO] [stdout]    1:     0x654887b1c31a - core[a373ad73a504971]::fmt::write
[INFO] [stdout]    2:     0x654887b0ab2c - <alloc[2e1b2a31b91974c5]::vec::Vec<u8> as core[a373ad73a504971]::io::write::Write>::write_fmt
[INFO] [stdout]    3:     0x654887ae1436 - std[617be2ca0a6fd877]::panicking::default_hook::{closure#0}
[INFO] [stdout]    4:     0x654887afdf79 - std[617be2ca0a6fd877]::panicking::default_hook
[INFO] [stdout]    5:     0x654887a334b0 - test[aada8e7e76ba119b]::test_main_inner::{closure#0}
[INFO] [stdout]    6:     0x654887afe2a2 - std[617be2ca0a6fd877]::panicking::panic_with_hook
[INFO] [stdout]    7:     0x654887ae14e2 - std[617be2ca0a6fd877]::panicking::panic_handler::{closure#0}
[INFO] [stdout]    8:     0x654887ad9fb9 - std[617be2ca0a6fd877]::sys::backtrace::__rust_end_short_backtrace::<std[617be2ca0a6fd877]::panicking::panic_handler::{closure#0}, !>
[INFO] [stdout]    9:     0x654887ae22dd - __rustc[ea4f61d10b84890b]::rust_begin_unwind
[INFO] [stdout]   10:     0x654887b1ca7c - core[a373ad73a504971]::panicking::panic_fmt
[INFO] [stdout]   11:     0x6548878f2b6a - peeroxide_dht[1bd81d5f8b29b42c]::compact_encoding::tests::golden_interop::load_fixtures::{closure#0}
[INFO] [stdout]   12:     0x6548878f3ddd - peeroxide_dht[1bd81d5f8b29b42c]::compact_encoding::tests::golden_interop::load_fixtures
[INFO] [stdout]   13:     0x6548879092f1 - <peeroxide_dht[1bd81d5f8b29b42c]::compact_encoding::tests::golden_interop::golden_uint8::{closure#0} as core[a373ad73a504971]::ops::function::FnOnce<()>>::call_once
[INFO] [stdout]   14:     0x654887a268fb - test[aada8e7e76ba119b]::__rust_begin_short_backtrace::<core[a373ad73a504971]::result::Result<(), alloc[2e1b2a31b91974c5]::string::String>, fn() -> core[a373ad73a504971]::result::Result<(), alloc[2e1b2a31b91974c5]::string::String>>
[INFO] [stdout]   15:     0x654887a33ad5 - test[aada8e7e76ba119b]::run_test::{closure#0}
[INFO] [stdout]   16:     0x654887a2d3c4 - std[617be2ca0a6fd877]::sys::backtrace::__rust_begin_short_backtrace::<test[aada8e7e76ba119b]::run_test::{closure#1}, ()>
[INFO] [stdout]   17:     0x654887a36b62 - <std[617be2ca0a6fd877]::thread::lifecycle::spawn_unchecked<test[aada8e7e76ba119b]::run_test::{closure#1}, ()>::{closure#1} as core[a373ad73a504971]::ops::function::FnOnce<()>>::call_once::{shim:vtable#0}
[INFO] [stdout]   18:     0x654887b054df - <std[617be2ca0a6fd877]::sys::thread::unix::Thread>::new::thread_start
[INFO] [stdout]   19:     0x75de7ff2edfa - <unknown>
[INFO] [stdout]   20:     0x75de7ffc23d4 - clone
[INFO] [stdout]   21:                0x0 - <unknown>
[INFO] [stdout] 
[INFO] [stdout] ---- compact_encoding::tests::golden_interop::golden_string_array stdout ----
[INFO] [stdout] 
[INFO] [stdout] thread 'compact_encoding::tests::golden_interop::golden_string_array' (1661) panicked at src/compact_encoding/tests.rs:395:33:
[INFO] [stdout] Failed to read golden fixtures at /opt/rustwide/workdir/../tests/interop/golden-fixtures.json: No such file or directory (os error 2). Run `node generate-golden.js` in tests/node/ first.
[INFO] [stdout] stack backtrace:
[INFO] [stdout]    0:     0x654887b06391 - <<std[617be2ca0a6fd877]::sys::backtrace::BacktraceLock>::print::DisplayBacktrace as core[a373ad73a504971]::fmt::Display>::fmt
[INFO] [stdout]    1:     0x654887b1c31a - core[a373ad73a504971]::fmt::write
[INFO] [stdout]    2:     0x654887b0ab2c - <alloc[2e1b2a31b91974c5]::vec::Vec<u8> as core[a373ad73a504971]::io::write::Write>::write_fmt
[INFO] [stdout]    3:     0x654887ae1436 - std[617be2ca0a6fd877]::panicking::default_hook::{closure#0}
[INFO] [stdout]    4:     0x654887afdf79 - std[617be2ca0a6fd877]::panicking::default_hook
[INFO] [stdout]    5:     0x654887a334b0 - test[aada8e7e76ba119b]::test_main_inner::{closure#0}
[INFO] [stdout]    6:     0x654887afe2a2 - std[617be2ca0a6fd877]::panicking::panic_with_hook
[INFO] [stdout]    7:     0x654887ae14e2 - std[617be2ca0a6fd877]::panicking::panic_handler::{closure#0}
[INFO] [stdout]    8:     0x654887ad9fb9 - std[617be2ca0a6fd877]::sys::backtrace::__rust_end_short_backtrace::<std[617be2ca0a6fd877]::panicking::panic_handler::{closure#0}, !>
[INFO] [stdout]    9:     0x654887ae22dd - __rustc[ea4f61d10b84890b]::rust_begin_unwind
[INFO] [stdout]   10:     0x654887b1ca7c - core[a373ad73a504971]::panicking::panic_fmt
[INFO] [stdout]   11:     0x6548878f2b6a - peeroxide_dht[1bd81d5f8b29b42c]::compact_encoding::tests::golden_interop::load_fixtures::{closure#0}
[INFO] [stdout]   12:     0x6548878f3ddd - peeroxide_dht[1bd81d5f8b29b42c]::compact_encoding::tests::golden_interop::load_fixtures
[INFO] [stdout]   13:     0x654887911b31 - <peeroxide_dht[1bd81d5f8b29b42c]::compact_encoding::tests::golden_interop::golden_string_array::{closure#0} as core[a373ad73a504971]::ops::function::FnOnce<()>>::call_once
[INFO] [stdout]   14:     0x654887a268fb - test[aada8e7e76ba119b]::__rust_begin_short_backtrace::<core[a373ad73a504971]::result::Result<(), alloc[2e1b2a31b91974c5]::string::String>, fn() -> core[a373ad73a504971]::result::Result<(), alloc[2e1b2a31b91974c5]::string::String>>
[INFO] [stdout]   15:     0x654887a33ad5 - test[aada8e7e76ba119b]::run_test::{closure#0}
[INFO] [stdout]   16:     0x654887a2d3c4 - std[617be2ca0a6fd877]::sys::backtrace::__rust_begin_short_backtrace::<test[aada8e7e76ba119b]::run_test::{closure#1}, ()>
[INFO] [stdout]   17:     0x654887a36b62 - <std[617be2ca0a6fd877]::thread::lifecycle::spawn_unchecked<test[aada8e7e76ba119b]::run_test::{closure#1}, ()>::{closure#1} as core[a373ad73a504971]::ops::function::FnOnce<()>>::call_once::{shim:vtable#0}
[INFO] [stdout]   18:     0x654887b054df - <std[617be2ca0a6fd877]::sys::thread::unix::Thread>::new::thread_start
[INFO] [stdout]   19:     0x75de7ff2edfa - <unknown>
[INFO] [stdout]   20:     0x75de7ffc23d4 - clone
[INFO] [stdout]   21:                0x0 - <unknown>
[INFO] [stdout] 
[INFO] [stdout] ---- compact_encoding::tests::golden_interop::golden_uint_varint stdout ----
[INFO] [stdout] 
[INFO] [stdout] thread 'compact_encoding::tests::golden_interop::golden_uint_varint' (1668) panicked at src/compact_encoding/tests.rs:395:33:
[INFO] [stdout] Failed to read golden fixtures at /opt/rustwide/workdir/../tests/interop/golden-fixtures.json: No such file or directory (os error 2). Run `node generate-golden.js` in tests/node/ first.
[INFO] [stdout] stack backtrace:
[INFO] [stdout]    0:     0x654887b06391 - <<std[617be2ca0a6fd877]::sys::backtrace::BacktraceLock>::print::DisplayBacktrace as core[a373ad73a504971]::fmt::Display>::fmt
[INFO] [stdout]    1:     0x654887b1c31a - core[a373ad73a504971]::fmt::write
[INFO] [stdout]    2:     0x654887b0ab2c - <alloc[2e1b2a31b91974c5]::vec::Vec<u8> as core[a373ad73a504971]::io::write::Write>::write_fmt
[INFO] [stdout]    3:     0x654887ae1436 - std[617be2ca0a6fd877]::panicking::default_hook::{closure#0}
[INFO] [stdout]    4:     0x654887afdf79 - std[617be2ca0a6fd877]::panicking::default_hook
[INFO] [stdout]    5:     0x654887a334b0 - test[aada8e7e76ba119b]::test_main_inner::{closure#0}
[INFO] [stdout]    6:     0x654887afe2a2 - std[617be2ca0a6fd877]::panicking::panic_with_hook
[INFO] [stdout]    7:     0x654887ae14e2 - std[617be2ca0a6fd877]::panicking::panic_handler::{closure#0}
[INFO] [stdout]    8:     0x654887ad9fb9 - std[617be2ca0a6fd877]::sys::backtrace::__rust_end_short_backtrace::<std[617be2ca0a6fd877]::panicking::panic_handler::{closure#0}, !>
[INFO] [stdout]    9:     0x654887ae22dd - __rustc[ea4f61d10b84890b]::rust_begin_unwind
[INFO] [stdout]   10:     0x654887b1ca7c - core[a373ad73a504971]::panicking::panic_fmt
[INFO] [stdout]   11:     0x6548878f2b6a - peeroxide_dht[1bd81d5f8b29b42c]::compact_encoding::tests::golden_interop::load_fixtures::{closure#0}
[INFO] [stdout]   12:     0x6548878f3ddd - peeroxide_dht[1bd81d5f8b29b42c]::compact_encoding::tests::golden_interop::load_fixtures
[INFO] [stdout]   13:     0x654887910861 - <peeroxide_dht[1bd81d5f8b29b42c]::compact_encoding::tests::golden_interop::golden_uint_varint::{closure#0} as core[a373ad73a504971]::ops::function::FnOnce<()>>::call_once
[INFO] [stdout]   14:     0x654887a268fb - test[aada8e7e76ba119b]::__rust_begin_short_backtrace::<core[a373ad73a504971]::result::Result<(), alloc[2e1b2a31b91974c5]::string::String>, fn() -> core[a373ad73a504971]::result::Result<(), alloc[2e1b2a31b91974c5]::string::String>>
[INFO] [stdout]   15:     0x654887a33ad5 - test[aada8e7e76ba119b]::run_test::{closure#0}
[INFO] [stdout]   16:     0x654887a2d3c4 - std[617be2ca0a6fd877]::sys::backtrace::__rust_begin_short_backtrace::<test[aada8e7e76ba119b]::run_test::{closure#1}, ()>
[INFO] [stdout]   17:     0x654887a36b62 - <std[617be2ca0a6fd877]::thread::lifecycle::spawn_unchecked<test[aada8e7e76ba119b]::run_test::{closure#1}, ()>::{closure#1} as core[a373ad73a504971]::ops::function::FnOnce<()>>::call_once::{shim:vtable#0}
[INFO] [stdout]   18:     0x654887b054df - <std[617be2ca0a6fd877]::sys::thread::unix::Thread>::new::thread_start
[INFO] [stdout]   19:     0x75de7ff2edfa - <unknown>
[INFO] [stdout]   20:     0x75de7ffc23d4 - clone
[INFO] [stdout]   21:                0x0 - <unknown>
[INFO] [stdout] 
[INFO] [stdout] ---- compact_encoding::tests::golden_interop::golden_uint_array stdout ----
[INFO] [stdout] 
[INFO] [stdout] thread 'compact_encoding::tests::golden_interop::golden_uint_array' (1667) panicked at src/compact_encoding/tests.rs:395:33:
[INFO] [stdout] Failed to read golden fixtures at /opt/rustwide/workdir/../tests/interop/golden-fixtures.json: No such file or directory (os error 2). Run `node generate-golden.js` in tests/node/ first.
[INFO] [stdout] stack backtrace:
[INFO] [stdout]    0:     0x654887b06391 - <<std[617be2ca0a6fd877]::sys::backtrace::BacktraceLock>::print::DisplayBacktrace as core[a373ad73a504971]::fmt::Display>::fmt
[INFO] [stdout]    1:     0x654887b1c31a - core[a373ad73a504971]::fmt::write
[INFO] [stdout]    2:     0x654887b0ab2c - <alloc[2e1b2a31b91974c5]::vec::Vec<u8> as core[a373ad73a504971]::io::write::Write>::write_fmt
[INFO] [stdout]    3:     0x654887ae1436 - std[617be2ca0a6fd877]::panicking::default_hook::{closure#0}
[INFO] [stdout]    4:     0x654887afdf79 - std[617be2ca0a6fd877]::panicking::default_hook
[INFO] [stdout]    5:     0x654887a334b0 - test[aada8e7e76ba119b]::test_main_inner::{closure#0}
[INFO] [stdout]    6:     0x654887afe2a2 - std[617be2ca0a6fd877]::panicking::panic_with_hook
[INFO] [stdout]    7:     0x654887ae14e2 - std[617be2ca0a6fd877]::panicking::panic_handler::{closure#0}
[INFO] [stdout]    8:     0x654887ad9fb9 - std[617be2ca0a6fd877]::sys::backtrace::__rust_end_short_backtrace::<std[617be2ca0a6fd877]::panicking::panic_handler::{closure#0}, !>
[INFO] [stdout]    9:     0x654887ae22dd - __rustc[ea4f61d10b84890b]::rust_begin_unwind
[INFO] [stdout]   10:     0x654887b1ca7c - core[a373ad73a504971]::panicking::panic_fmt
[INFO] [stdout]   11:     0x6548878f2b6a - peeroxide_dht[1bd81d5f8b29b42c]::compact_encoding::tests::golden_interop::load_fixtures::{closure#0}
[INFO] [stdout]   12:     0x6548878f3ddd - peeroxide_dht[1bd81d5f8b29b42c]::compact_encoding::tests::golden_interop::load_fixtures
[INFO] [stdout]   13:     0x65488790fe31 - <peeroxide_dht[1bd81d5f8b29b42c]::compact_encoding::tests::golden_interop::golden_uint_array::{closure#0} as core[a373ad73a504971]::ops::function::FnOnce<()>>::call_once
[INFO] [stdout]   14:     0x654887a268fb - test[aada8e7e76ba119b]::__rust_begin_short_backtrace::<core[a373ad73a504971]::result::Result<(), alloc[2e1b2a31b91974c5]::string::String>, fn() -> core[a373ad73a504971]::result::Result<(), alloc[2e1b2a31b91974c5]::string::String>>
[INFO] [stdout]   15:     0x654887a33ad5 - test[aada8e7e76ba119b]::run_test::{closure#0}
[INFO] [stdout]   16:     0x654887a2d3c4 - std[617be2ca0a6fd877]::sys::backtrace::__rust_begin_short_backtrace::<test[aada8e7e76ba119b]::run_test::{closure#1}, ()>
[INFO] [stdout]   17:     0x654887a36b62 - <std[617be2ca0a6fd877]::thread::lifecycle::spawn_unchecked<test[aada8e7e76ba119b]::run_test::{closure#1}, ()>::{closure#1} as core[a373ad73a504971]::ops::function::FnOnce<()>>::call_once::{shim:vtable#0}
[INFO] [stdout]   18:     0x654887b054df - <std[617be2ca0a6fd877]::sys::thread::unix::Thread>::new::thread_start
[INFO] [stdout]   19:     0x75de7ff2edfa - <unknown>
[INFO] [stdout]   20:     0x75de7ffc23d4 - clone
[INFO] [stdout]   21:                0x0 - <unknown>
[INFO] [stdout] 
[INFO] [stdout] ---- compact_encoding::tests::golden_interop::golden_uint32 stdout ----
[INFO] [stdout] 
[INFO] [stdout] thread 'compact_encoding::tests::golden_interop::golden_uint32' (1664) panicked at src/compact_encoding/tests.rs:395:33:
[INFO] [stdout] Failed to read golden fixtures at /opt/rustwide/workdir/../tests/interop/golden-fixtures.json: No such file or directory (os error 2). Run `node generate-golden.js` in tests/node/ first.
[INFO] [stdout] stack backtrace:
[INFO] [stdout]    0:     0x654887b06391 - <<std[617be2ca0a6fd877]::sys::backtrace::BacktraceLock>::print::DisplayBacktrace as core[a373ad73a504971]::fmt::Display>::fmt
[INFO] [stdout]    1:     0x654887b1c31a - core[a373ad73a504971]::fmt::write
[INFO] [stdout]    2:     0x654887b0ab2c - <alloc[2e1b2a31b91974c5]::vec::Vec<u8> as core[a373ad73a504971]::io::write::Write>::write_fmt
[INFO] [stdout]    3:     0x654887ae1436 - std[617be2ca0a6fd877]::panicking::default_hook::{closure#0}
[INFO] [stdout]    4:     0x654887afdf79 - std[617be2ca0a6fd877]::panicking::default_hook
[INFO] [stdout]    5:     0x654887a334b0 - test[aada8e7e76ba119b]::test_main_inner::{closure#0}
[INFO] [stdout]    6:     0x654887afe2a2 - std[617be2ca0a6fd877]::panicking::panic_with_hook
[INFO] [stdout]    7:     0x654887ae14e2 - std[617be2ca0a6fd877]::panicking::panic_handler::{closure#0}
[INFO] [stdout]    8:     0x654887ad9fb9 - std[617be2ca0a6fd877]::sys::backtrace::__rust_end_short_backtrace::<std[617be2ca0a6fd877]::panicking::panic_handler::{closure#0}, !>
[INFO] [stdout]    9:     0x654887ae22dd - __rustc[ea4f61d10b84890b]::rust_begin_unwind
[INFO] [stdout]   10:     0x654887b1ca7c - core[a373ad73a504971]::panicking::panic_fmt
[INFO] [stdout]   11:     0x6548878f2b6a - peeroxide_dht[1bd81d5f8b29b42c]::compact_encoding::tests::golden_interop::load_fixtures::{closure#0}
[INFO] [stdout]   12:     0x6548878f3ddd - peeroxide_dht[1bd81d5f8b29b42c]::compact_encoding::tests::golden_interop::load_fixtures
[INFO] [stdout]   13:     0x65488790b9f1 - <peeroxide_dht[1bd81d5f8b29b42c]::compact_encoding::tests::golden_interop::golden_uint32::{closure#0} as core[a373ad73a504971]::ops::function::FnOnce<()>>::call_once
[INFO] [stdout]   14:     0x654887a268fb - test[aada8e7e76ba119b]::__rust_begin_short_backtrace::<core[a373ad73a504971]::result::Result<(), alloc[2e1b2a31b91974c5]::string::String>, fn() -> core[a373ad73a504971]::result::Result<(), alloc[2e1b2a31b91974c5]::string::String>>
[INFO] [stdout]   15:     0x654887a33ad5 - test[aada8e7e76ba119b]::run_test::{closure#0}
[INFO] [stdout]   16:     0x654887a2d3c4 - std[617be2ca0a6fd877]::sys::backtrace::__rust_begin_short_backtrace::<test[aada8e7e76ba119b]::run_test::{closure#1}, ()>
[INFO] [stdout]   17:     0x654887a36b62 - <std[617be2ca0a6fd877]::thread::lifecycle::spawn_unchecked<test[aada8e7e76ba119b]::run_test::{closure#1}, ()>::{closure#1} as core[a373ad73a504971]::ops::function::FnOnce<()>>::call_once::{shim:vtable#0}
[INFO] [stdout]   18:     0x654887b054df - <std[617be2ca0a6fd877]::sys::thread::unix::Thread>::new::thread_start
[INFO] [stdout]   19:     0x75de7ff2edfa - <unknown>
[INFO] [stdout]   20:     0x75de7ffc23d4 - clone
[INFO] [stdout]   21:                0x0 - <unknown>
[INFO] [stdout] 
[INFO] [stdout] ---- compact_encoding::tests::golden_interop::golden_uint24 stdout ----
[INFO] [stdout] 
[INFO] [stdout] thread 'compact_encoding::tests::golden_interop::golden_uint24' (1663) panicked at src/compact_encoding/tests.rs:395:33:
[INFO] [stdout] Failed to read golden fixtures at /opt/rustwide/workdir/../tests/interop/golden-fixtures.json: No such file or directory (os error 2). Run `node generate-golden.js` in tests/node/ first.
[INFO] [stdout] stack backtrace:
[INFO] [stdout]    0:     0x654887b06391 - <<std[617be2ca0a6fd877]::sys::backtrace::BacktraceLock>::print::DisplayBacktrace as core[a373ad73a504971]::fmt::Display>::fmt
[INFO] [stdout]    1:     0x654887b1c31a - core[a373ad73a504971]::fmt::write
[INFO] [stdout]    2:     0x654887b0ab2c - <alloc[2e1b2a31b91974c5]::vec::Vec<u8> as core[a373ad73a504971]::io::write::Write>::write_fmt
[INFO] [stdout]    3:     0x654887ae1436 - std[617be2ca0a6fd877]::panicking::default_hook::{closure#0}
[INFO] [stdout]    4:     0x654887afdf79 - std[617be2ca0a6fd877]::panicking::default_hook
[INFO] [stdout]    5:     0x654887a334b0 - test[aada8e7e76ba119b]::test_main_inner::{closure#0}
[INFO] [stdout]    6:     0x654887afe2a2 - std[617be2ca0a6fd877]::panicking::panic_with_hook
[INFO] [stdout]    7:     0x654887ae14e2 - std[617be2ca0a6fd877]::panicking::panic_handler::{closure#0}
[INFO] [stdout]    8:     0x654887ad9fb9 - std[617be2ca0a6fd877]::sys::backtrace::__rust_end_short_backtrace::<std[617be2ca0a6fd877]::panicking::panic_handler::{closure#0}, !>
[INFO] [stdout]    9:     0x654887ae22dd - __rustc[ea4f61d10b84890b]::rust_begin_unwind
[INFO] [stdout]   10:     0x654887b1ca7c - core[a373ad73a504971]::panicking::panic_fmt
[INFO] [stdout]   11:     0x6548878f2b6a - peeroxide_dht[1bd81d5f8b29b42c]::compact_encoding::tests::golden_interop::load_fixtures::{closure#0}
[INFO] [stdout]   12:     0x6548878f3ddd - peeroxide_dht[1bd81d5f8b29b42c]::compact_encoding::tests::golden_interop::load_fixtures
[INFO] [stdout]   13:     0x65488790b2f1 - <peeroxide_dht[1bd81d5f8b29b42c]::compact_encoding::tests::golden_interop::golden_uint24::{closure#0} as core[a373ad73a504971]::ops::function::FnOnce<()>>::call_once
[INFO] [stdout]   14:     0x654887a268fb - test[aada8e7e76ba119b]::__rust_begin_short_backtrace::<core[a373ad73a504971]::result::Result<(), alloc[2e1b2a31b91974c5]::string::String>, fn() -> core[a373ad73a504971]::result::Result<(), alloc[2e1b2a31b91974c5]::string::String>>
[INFO] [stdout]   15:     0x654887a33ad5 - test[aada8e7e76ba119b]::run_test::{closure#0}
[INFO] [stdout]   16:     0x654887a2d3c4 - std[617be2ca0a6fd877]::sys::backtrace::__rust_begin_short_backtrace::<test[aada8e7e76ba119b]::run_test::{closure#1}, ()>
[INFO] [stdout]   17:     0x654887a36b62 - <std[617be2ca0a6fd877]::thread::lifecycle::spawn_unchecked<test[aada8e7e76ba119b]::run_test::{closure#1}, ()>::{closure#1} as core[a373ad73a504971]::ops::function::FnOnce<()>>::call_once::{shim:vtable#0}
[INFO] [stdout]   18:     0x654887b054df - <std[617be2ca0a6fd877]::sys::thread::unix::Thread>::new::thread_start
[INFO] [stdout]   19:     0x75de7ff2edfa - <unknown>
[INFO] [stdout]   20:     0x75de7ffc23d4 - clone
[INFO] [stdout]   21:                0x0 - <unknown>
[INFO] [stdout] 
[INFO] [stdout] 
[INFO] [stdout] failures:
[INFO] [stdout]     blind_relay::golden_interop::golden_blind_relay_decode_pair
[INFO] [stdout]     blind_relay::golden_interop::golden_blind_relay_decode_unpair
[INFO] [stdout]     blind_relay::golden_interop::golden_blind_relay_encode_roundtrip
[INFO] [stdout]     compact_encoding::tests::golden_interop::golden_bool
[INFO] [stdout]     compact_encoding::tests::golden_interop::golden_buffer
[INFO] [stdout]     compact_encoding::tests::golden_interop::golden_fixed32
[INFO] [stdout]     compact_encoding::tests::golden_interop::golden_fixed64
[INFO] [stdout]     compact_encoding::tests::golden_interop::golden_float32
[INFO] [stdout]     compact_encoding::tests::golden_interop::golden_float64
[INFO] [stdout]     compact_encoding::tests::golden_interop::golden_int16
[INFO] [stdout]     compact_encoding::tests::golden_interop::golden_int32
[INFO] [stdout]     compact_encoding::tests::golden_interop::golden_int64
[INFO] [stdout]     compact_encoding::tests::golden_interop::golden_int8
[INFO] [stdout]     compact_encoding::tests::golden_interop::golden_int_zigzag
[INFO] [stdout]     compact_encoding::tests::golden_interop::golden_ip_dual
[INFO] [stdout]     compact_encoding::tests::golden_interop::golden_ipv4
[INFO] [stdout]     compact_encoding::tests::golden_interop::golden_ipv4_address
[INFO] [stdout]     compact_encoding::tests::golden_interop::golden_ipv6
[INFO] [stdout]     compact_encoding::tests::golden_interop::golden_string
[INFO] [stdout]     compact_encoding::tests::golden_interop::golden_string_array
[INFO] [stdout]     compact_encoding::tests::golden_interop::golden_uint16
[INFO] [stdout]     compact_encoding::tests::golden_interop::golden_uint24
[INFO] [stdout]     compact_encoding::tests::golden_interop::golden_uint32
[INFO] [stdout]     compact_encoding::tests::golden_interop::golden_uint64
[INFO] [stdout]     compact_encoding::tests::golden_interop::golden_uint8
[INFO] [stdout]     compact_encoding::tests::golden_interop::golden_uint_array
[INFO] [stdout]     compact_encoding::tests::golden_interop::golden_uint_varint
[INFO] [stdout] 
[INFO] [stdout] test result: FAILED. 361 passed; 27 failed; 0 ignored; 0 measured; 0 filtered out; finished in 0.53s
[INFO] [stdout] 
[INFO] [stderr] error: test failed, to rerun pass `--lib`
[INFO] running `Command { std: "docker" "inspect" "a70dff6f3de1a6f3c4603b0f757ed6596df8ce75a66ff34ed86c0406f9d7372b", kill_on_drop: false }`
[INFO] running `Command { std: "docker" "rm" "-f" "a70dff6f3de1a6f3c4603b0f757ed6596df8ce75a66ff34ed86c0406f9d7372b", kill_on_drop: false }`
[INFO] [stdout] a70dff6f3de1a6f3c4603b0f757ed6596df8ce75a66ff34ed86c0406f9d7372b
