[INFO] fetching crate peeler 0.1.4...
[INFO] testing peeler-0.1.4 against 1.99.0-beta.8+cargoflags=--release for beta-release-1.100-2
[INFO] extracting crate peeler 0.1.4 into /workspace/builds/worker-5-tc1/source
[INFO] started tweaking crates.io crate peeler 0.1.4
[INFO] finished tweaking crates.io crate peeler 0.1.4
[INFO] tweaked toml for crates.io crate peeler 0.1.4 written to /workspace/builds/worker-5-tc1/source/Cargo.toml
[INFO] validating manifest of crates.io crate peeler 0.1.4 on toolchain 1.99.0-beta.8
[INFO] running `Command { std: CARGO_HOME="/workspace/cargo-home" RUSTUP_HOME="/workspace/rustup-home" "/workspace/cargo-home/bin/cargo" "+1.99.0-beta.8" "metadata" "--manifest-path" "Cargo.toml" "--no-deps", kill_on_drop: false }`
[INFO] crate crates.io crate peeler 0.1.4 already has a lockfile, it will not be regenerated
[INFO] running `Command { std: CARGO_HOME="/workspace/cargo-home" RUSTUP_HOME="/workspace/rustup-home" "/workspace/cargo-home/bin/cargo" "+1.99.0-beta.8" "fetch" "--manifest-path" "Cargo.toml", kill_on_drop: false }`
[INFO] [stderr]     Updating crates.io index
[INFO] [stderr]  Downloading crates ...
[INFO] [stderr]   Downloaded pnet_transport v0.34.0
[INFO] [stderr]   Downloaded pnet_sys v0.34.0
[INFO] [stderr]   Downloaded pnet_base v0.34.0
[INFO] [stderr]   Downloaded ipnetwork v0.20.0
[INFO] [stderr]   Downloaded serde_json v1.0.105
[INFO] [stderr]   Downloaded pnet_macros_support v0.34.0
[INFO] [stderr]   Downloaded pnet v0.34.0
[INFO] [stderr]   Downloaded no-std-net v0.6.0
[INFO] [stderr]   Downloaded pnet_datalink v0.34.0
[INFO] [stderr]   Downloaded pnet_macros v0.34.0
[INFO] [stderr]   Downloaded pnet_packet v0.34.0
[INFO] [stderr]   Downloaded pcap v1.1.0
[INFO] [stderr]   Downloaded etherparse v0.13.0
[INFO] [stderr]   Downloaded chrono v0.4.30
[INFO] [stderr]   Downloaded regex v1.9.5
[INFO] [stderr]   Downloaded syn v2.0.31
[INFO] [stderr]   Downloaded regex-automata v0.3.8
[INFO] running `Command { std: "docker" "create" "-v" "/var/lib/crater-agent-workspace/builds/worker-5-tc1/source:/opt/rustwide/workdir:ro,Z" "-v" "/var/lib/crater-agent-workspace/builds/worker-5-tc1/target:/opt/rustwide/target:rw,Z" "-v" "/var/lib/crater-agent-workspace/cargo-home:/opt/rustwide/cargo-home:ro,Z" "-v" "/var/lib/crater-agent-workspace/rustup-home:/opt/rustwide/rustup-home:ro,Z" "-m" "1610612736" "--network" "none" "ghcr.io/rust-lang/crates-build-env/linux@sha256:77db811e55d90add9212f6832c23229e3de5f1c1f9905e8cb07319ea15df73ac" "sleep" "infinity", kill_on_drop: false }`
[INFO] [stdout] cb8db0944cab17764584ea9df1b55f0aa9b2ef510d55bc7a6ea2c8157f7a7c10
[INFO] running `Command { std: "docker" "start" "cb8db0944cab17764584ea9df1b55f0aa9b2ef510d55bc7a6ea2c8157f7a7c10", kill_on_drop: false }`
[INFO] running `Command { std: "docker" "inspect" "cb8db0944cab17764584ea9df1b55f0aa9b2ef510d55bc7a6ea2c8157f7a7c10", kill_on_drop: false }`
[INFO] running `Command { std: "docker" "exec" "-e" "SOURCE_DIR=/opt/rustwide/workdir" "-e" "CARGO_HOME=/opt/rustwide/cargo-home" "-e" "RUSTUP_HOME=/opt/rustwide/rustup-home" "-e" "CARGO_TARGET_DIR=/opt/rustwide/target" "-w" "/opt/rustwide/workdir" "--user" "0:0" "cb8db0944cab17764584ea9df1b55f0aa9b2ef510d55bc7a6ea2c8157f7a7c10" "/opt/rustwide/cargo-home/bin/cargo" "+1.99.0-beta.8" "metadata" "--no-deps" "--format-version=1", kill_on_drop: false }`
[INFO] running `Command { std: "docker" "inspect" "cb8db0944cab17764584ea9df1b55f0aa9b2ef510d55bc7a6ea2c8157f7a7c10", kill_on_drop: false }`
[INFO] running `Command { std: "docker" "exec" "-e" "SOURCE_DIR=/opt/rustwide/workdir" "-e" "CARGO_HOME=/opt/rustwide/cargo-home" "-e" "RUSTUP_HOME=/opt/rustwide/rustup-home" "-e" "CARGO_TARGET_DIR=/opt/rustwide/target" "-e" "CARGO_INCREMENTAL=0" "-e" "RUST_BACKTRACE=full" "-e" "RUSTFLAGS=--cap-lints=warn" "-e" "RUSTDOCFLAGS=--cap-lints=warn" "-w" "/opt/rustwide/workdir" "--user" "0:0" "cb8db0944cab17764584ea9df1b55f0aa9b2ef510d55bc7a6ea2c8157f7a7c10" "/opt/rustwide/cargo-home/bin/cargo" "+1.99.0-beta.8" "build" "--frozen" "--message-format=json" "--release", kill_on_drop: false }`
[INFO] [stderr]    Compiling proc-macro2 v1.0.66
[INFO] [stderr]    Compiling unicode-ident v1.0.11
[INFO] [stderr]    Compiling memchr v2.6.3
[INFO] [stderr]    Compiling regex-syntax v0.7.5
[INFO] [stderr]    Compiling libc v0.2.147
[INFO] [stderr]    Compiling no-std-net v0.6.0
[INFO] [stderr]    Compiling cfg-if v1.0.0
[INFO] [stderr]    Compiling serde_json v1.0.105
[INFO] [stderr]    Compiling pnet v0.34.0
[INFO] [stderr]    Compiling arrayvec v0.7.4
[INFO] [stderr]    Compiling iana-time-zone v0.1.57
[INFO] [stderr]    Compiling num-traits v0.2.16
[INFO] [stderr]    Compiling libloading v0.6.7
[INFO] [stderr]    Compiling pnet_base v0.34.0
[INFO] [stderr]    Compiling pnet_macros_support v0.34.0
[INFO] [stderr]    Compiling etherparse v0.13.0
[INFO] [stderr]    Compiling pnet_sys v0.34.0
[INFO] [stderr]    Compiling errno v0.2.8
[INFO] [stderr]    Compiling aho-corasick v1.0.5
[INFO] [stderr]    Compiling quote v1.0.33
[INFO] [stderr]    Compiling syn v2.0.31
[INFO] [stderr]    Compiling chrono v0.4.30
[INFO] [stderr]    Compiling regex-automata v0.3.8
[INFO] [stderr]    Compiling serde_derive v1.0.188
[INFO] [stderr]    Compiling regex v1.9.5
[INFO] [stderr]    Compiling pnet_macros v0.34.0
[INFO] [stderr]    Compiling pcap v1.1.0
[INFO] [stderr]    Compiling pnet_packet v0.34.0
[INFO] [stderr]    Compiling serde v1.0.188
[INFO] [stderr]    Compiling pnet_transport v0.34.0
[INFO] [stderr]    Compiling ipnetwork v0.20.0
[INFO] [stderr]    Compiling pnet_datalink v0.34.0
[INFO] [stderr]    Compiling peeler v0.1.4 (/opt/rustwide/workdir)
[INFO] [stderr]     Finished `release` profile [optimized] target(s) in 25.98s
[INFO] running `Command { std: "docker" "inspect" "cb8db0944cab17764584ea9df1b55f0aa9b2ef510d55bc7a6ea2c8157f7a7c10", kill_on_drop: false }`
[INFO] running `Command { std: "docker" "exec" "-e" "SOURCE_DIR=/opt/rustwide/workdir" "-e" "CARGO_HOME=/opt/rustwide/cargo-home" "-e" "RUSTUP_HOME=/opt/rustwide/rustup-home" "-e" "CARGO_TARGET_DIR=/opt/rustwide/target" "-e" "CARGO_INCREMENTAL=0" "-e" "RUST_BACKTRACE=full" "-e" "RUSTFLAGS=--cap-lints=warn" "-e" "RUSTDOCFLAGS=--cap-lints=warn" "-w" "/opt/rustwide/workdir" "--user" "0:0" "cb8db0944cab17764584ea9df1b55f0aa9b2ef510d55bc7a6ea2c8157f7a7c10" "/opt/rustwide/cargo-home/bin/cargo" "+1.99.0-beta.8" "test" "--frozen" "--no-run" "--message-format=json" "--release", kill_on_drop: false }`
[INFO] [stderr]    Compiling peeler v0.1.4 (/opt/rustwide/workdir)
[INFO] [stderr]     Finished `release` profile [optimized] target(s) in 1.28s
[INFO] running `Command { std: "docker" "inspect" "cb8db0944cab17764584ea9df1b55f0aa9b2ef510d55bc7a6ea2c8157f7a7c10", kill_on_drop: false }`
[INFO] running `Command { std: "docker" "exec" "-e" "SOURCE_DIR=/opt/rustwide/workdir" "-e" "CARGO_HOME=/opt/rustwide/cargo-home" "-e" "RUSTUP_HOME=/opt/rustwide/rustup-home" "-e" "CARGO_TARGET_DIR=/opt/rustwide/target" "-e" "CARGO_INCREMENTAL=0" "-e" "RUST_BACKTRACE=full" "-e" "RUSTFLAGS=--cap-lints=warn" "-e" "RUSTDOCFLAGS=--cap-lints=warn" "-w" "/opt/rustwide/workdir" "--user" "0:0" "cb8db0944cab17764584ea9df1b55f0aa9b2ef510d55bc7a6ea2c8157f7a7c10" "/opt/rustwide/cargo-home/bin/cargo" "+1.99.0-beta.8" "test" "--frozen" "--release", kill_on_drop: false }`
[INFO] [stderr]     Finished `release` profile [optimized] target(s) in 0.05s
[INFO] [stderr]      Running unittests src/lib.rs (/opt/rustwide/target/release/deps/peeler-e1f06dd7e3e386d5)
[INFO] [stdout] 
[INFO] [stdout] running 5 tests
[INFO] [stdout] test tests::unittests::test_extract_tcp_fields ... ok
[INFO] [stdout] test tests::unittests::test_extract_udp_fields_from_generated_packet ... ok
[INFO] [stdout] test tests::unittests::test_extract_udp_fields_against_sample_file ... FAILED
[INFO] [stdout] test smoketest::unittests::test_process_pcapng_file ... FAILED
[INFO] [stdout] test tests::unittests::test_extract_tcp_fields_against_sample_file ... FAILED
[INFO] [stdout] 
[INFO] [stdout] failures:
[INFO] [stdout] 
[INFO] [stdout] ---- tests::unittests::test_extract_udp_fields_against_sample_file stdout ----
[INFO] [stdout] 
[INFO] [stdout] thread 'tests::unittests::test_extract_udp_fields_against_sample_file' (898) panicked at src/tests.rs:31:22:
[INFO] [stdout] Failed to get canonical path: Os { code: 2, kind: NotFound, message: "No such file or directory" }
[INFO] [stdout] stack backtrace:
[INFO] [stdout]    0:     0x594ce4ff0051 - <<std[70759c8f55707aa4]::sys::backtrace::BacktraceLock>::print::DisplayBacktrace as core[df12db4294e9bfd3]::fmt::Display>::fmt
[INFO] [stdout]    1:     0x594ce50049ba - core[df12db4294e9bfd3]::fmt::write
[INFO] [stdout]    2:     0x594ce4ff45bc - <alloc[2182bb758b4b3781]::vec::Vec<u8> as core[df12db4294e9bfd3]::io::write::Write>::write_fmt
[INFO] [stdout]    3:     0x594ce4fcc316 - std[70759c8f55707aa4]::panicking::default_hook::{closure#0}
[INFO] [stdout]    4:     0x594ce4fe8699 - std[70759c8f55707aa4]::panicking::default_hook
[INFO] [stdout]    5:     0x594ce4f7d7e0 - test[9d35eded1c95d3be]::test_main_inner::<test[9d35eded1c95d3be]::test_main_static::{closure#0}>::{closure#0}
[INFO] [stdout]    6:     0x594ce4fe8852 - std[70759c8f55707aa4]::panicking::panic_with_hook
[INFO] [stdout]    7:     0x594ce4fcc3c2 - std[70759c8f55707aa4]::panicking::panic_handler::{closure#0}
[INFO] [stdout]    8:     0x594ce4fc5119 - std[70759c8f55707aa4]::sys::backtrace::__rust_end_short_backtrace::<std[70759c8f55707aa4]::panicking::panic_handler::{closure#0}, !>
[INFO] [stdout]    9:     0x594ce4fccfbd - __rustc[8fa7c3cbc660c2b3]::rust_begin_unwind
[INFO] [stdout]   10:     0x594ce50050ec - core[df12db4294e9bfd3]::panicking::panic_fmt
[INFO] [stdout]   11:     0x594ce5004ec2 - core[df12db4294e9bfd3]::result::unwrap_failed
[INFO] [stdout]   12:     0x594ce4f6ebb8 - peeler[e030f1fc62cb4577]::tests::unittests::test_extract_udp_fields_against_sample_file
[INFO] [stdout]   13:     0x594ce4f67219 - <peeler[e030f1fc62cb4577]::tests::unittests::test_extract_udp_fields_against_sample_file::{closure#0} as core[df12db4294e9bfd3]::ops::function::FnOnce<()>>::call_once
[INFO] [stdout]   14:     0x594ce4f70acb - test[9d35eded1c95d3be]::__rust_begin_short_backtrace::<core[df12db4294e9bfd3]::result::Result<(), alloc[2182bb758b4b3781]::string::String>, fn() -> core[df12db4294e9bfd3]::result::Result<(), alloc[2182bb758b4b3781]::string::String>>
[INFO] [stderr] error: test failed, to rerun pass `--lib`
[INFO] [stdout]   15:     0x594ce4f7e135 - test[9d35eded1c95d3be]::run_test::{closure#0}
[INFO] [stdout]   16:     0x594ce4f779f4 - std[70759c8f55707aa4]::sys::backtrace::__rust_begin_short_backtrace::<test[9d35eded1c95d3be]::run_test::{closure#1}, ()>
[INFO] [stdout]   17:     0x594ce4f81292 - <std[70759c8f55707aa4]::thread::lifecycle::spawn_unchecked<test[9d35eded1c95d3be]::run_test::{closure#1}, ()>::{closure#1} as core[df12db4294e9bfd3]::ops::function::FnOnce<()>>::call_once::{shim:vtable#0}
[INFO] [stdout]   18:     0x594ce4fef929 - <std[70759c8f55707aa4]::sys::thread::unix::Thread>::new::thread_start
[INFO] [stdout]   19:     0x7d4c9c1e0dfa - <unknown>
[INFO] [stdout]   20:     0x7d4c9c2743d4 - clone
[INFO] [stdout]   21:                0x0 - <unknown>
[INFO] [stdout] 
[INFO] [stdout] ---- smoketest::unittests::test_process_pcapng_file stdout ----
[INFO] [stdout] 
[INFO] [stdout] thread 'smoketest::unittests::test_process_pcapng_file' (895) panicked at src/smoketest.rs:22:14:
[INFO] [stdout] Failed to get canonical path: Os { code: 2, kind: NotFound, message: "No such file or directory" }
[INFO] [stdout] stack backtrace:
[INFO] [stdout]    0:     0x594ce4ff0051 - <<std[70759c8f55707aa4]::sys::backtrace::BacktraceLock>::print::DisplayBacktrace as core[df12db4294e9bfd3]::fmt::Display>::fmt
[INFO] [stdout]    1:     0x594ce50049ba - core[df12db4294e9bfd3]::fmt::write
[INFO] [stdout]    2:     0x594ce4ff45bc - <alloc[2182bb758b4b3781]::vec::Vec<u8> as core[df12db4294e9bfd3]::io::write::Write>::write_fmt
[INFO] [stdout]    3:     0x594ce4fcc316 - std[70759c8f55707aa4]::panicking::default_hook::{closure#0}
[INFO] [stdout]    4:     0x594ce4fe8699 - std[70759c8f55707aa4]::panicking::default_hook
[INFO] [stdout]    5:     0x594ce4f7d7e0 - test[9d35eded1c95d3be]::test_main_inner::<test[9d35eded1c95d3be]::test_main_static::{closure#0}>::{closure#0}
[INFO] [stdout]    6:     0x594ce4fe8852 - std[70759c8f55707aa4]::panicking::panic_with_hook
[INFO] [stdout]    7:     0x594ce4fcc3c2 - std[70759c8f55707aa4]::panicking::panic_handler::{closure#0}
[INFO] [stdout]    8:     0x594ce4fc5119 - std[70759c8f55707aa4]::sys::backtrace::__rust_end_short_backtrace::<std[70759c8f55707aa4]::panicking::panic_handler::{closure#0}, !>
[INFO] [stdout]    9:     0x594ce4fccfbd - __rustc[8fa7c3cbc660c2b3]::rust_begin_unwind
[INFO] [stdout]   10:     0x594ce50050ec - core[df12db4294e9bfd3]::panicking::panic_fmt
[INFO] [stdout]   11:     0x594ce5004ec2 - core[df12db4294e9bfd3]::result::unwrap_failed
[INFO] [stdout]   12:     0x594ce4f69f11 - peeler[e030f1fc62cb4577]::smoketest::unittests::test_process_pcapng_file
[INFO] [stdout]   13:     0x594ce4f67263 - <peeler[e030f1fc62cb4577]::smoketest::unittests::test_process_pcapng_file::{closure#0} as core[df12db4294e9bfd3]::ops::function::FnOnce<()>>::call_once
[INFO] [stdout]   14:     0x594ce4f70acb - test[9d35eded1c95d3be]::__rust_begin_short_backtrace::<core[df12db4294e9bfd3]::result::Result<(), alloc[2182bb758b4b3781]::string::String>, fn() -> core[df12db4294e9bfd3]::result::Result<(), alloc[2182bb758b4b3781]::string::String>>
[INFO] [stdout]   15:     0x594ce4f7e135 - test[9d35eded1c95d3be]::run_test::{closure#0}
[INFO] [stdout]   16:     0x594ce4f779f4 - std[70759c8f55707aa4]::sys::backtrace::__rust_begin_short_backtrace::<test[9d35eded1c95d3be]::run_test::{closure#1}, ()>
[INFO] [stdout]   17:     0x594ce4f81292 - <std[70759c8f55707aa4]::thread::lifecycle::spawn_unchecked<test[9d35eded1c95d3be]::run_test::{closure#1}, ()>::{closure#1} as core[df12db4294e9bfd3]::ops::function::FnOnce<()>>::call_once::{shim:vtable#0}
[INFO] [stdout]   18:     0x594ce4fef929 - <std[70759c8f55707aa4]::sys::thread::unix::Thread>::new::thread_start
[INFO] [stdout]   19:     0x7d4c9c1e0dfa - <unknown>
[INFO] [stdout]   20:     0x7d4c9c2743d4 - clone
[INFO] [stdout]   21:                0x0 - <unknown>
[INFO] [stdout] 
[INFO] [stdout] ---- tests::unittests::test_extract_tcp_fields_against_sample_file stdout ----
[INFO] [stdout] 
[INFO] [stdout] thread 'tests::unittests::test_extract_tcp_fields_against_sample_file' (897) panicked at src/tests.rs:156:14:
[INFO] [stdout] Failed to get canonical path: Os { code: 2, kind: NotFound, message: "No such file or directory" }
[INFO] [stdout] stack backtrace:
[INFO] [stdout]    0:     0x594ce4ff0051 - <<std[70759c8f55707aa4]::sys::backtrace::BacktraceLock>::print::DisplayBacktrace as core[df12db4294e9bfd3]::fmt::Display>::fmt
[INFO] [stdout]    1:     0x594ce50049ba - core[df12db4294e9bfd3]::fmt::write
[INFO] [stdout]    2:     0x594ce4ff45bc - <alloc[2182bb758b4b3781]::vec::Vec<u8> as core[df12db4294e9bfd3]::io::write::Write>::write_fmt
[INFO] [stdout]    3:     0x594ce4fcc316 - std[70759c8f55707aa4]::panicking::default_hook::{closure#0}
[INFO] [stdout]    4:     0x594ce4fe8699 - std[70759c8f55707aa4]::panicking::default_hook
[INFO] [stdout]    5:     0x594ce4f7d7e0 - test[9d35eded1c95d3be]::test_main_inner::<test[9d35eded1c95d3be]::test_main_static::{closure#0}>::{closure#0}
[INFO] [stdout]    6:     0x594ce4fe8852 - std[70759c8f55707aa4]::panicking::panic_with_hook
[INFO] [stdout]    7:     0x594ce4fcc3c2 - std[70759c8f55707aa4]::panicking::panic_handler::{closure#0}
[INFO] [stdout]    8:     0x594ce4fc5119 - std[70759c8f55707aa4]::sys::backtrace::__rust_end_short_backtrace::<std[70759c8f55707aa4]::panicking::panic_handler::{closure#0}, !>
[INFO] [stdout]    9:     0x594ce4fccfbd - __rustc[8fa7c3cbc660c2b3]::rust_begin_unwind
[INFO] [stdout]   10:     0x594ce50050ec - core[df12db4294e9bfd3]::panicking::panic_fmt
[INFO] [stdout]   11:     0x594ce5004ec2 - core[df12db4294e9bfd3]::result::unwrap_failed
[INFO] [stdout]   12:     0x594ce4f6d89b - peeler[e030f1fc62cb4577]::tests::unittests::test_extract_tcp_fields_against_sample_file
[INFO] [stdout]   13:     0x594ce4f671f9 - <peeler[e030f1fc62cb4577]::tests::unittests::test_extract_tcp_fields_against_sample_file::{closure#0} as core[df12db4294e9bfd3]::ops::function::FnOnce<()>>::call_once
[INFO] [stdout]   14:     0x594ce4f70acb - test[9d35eded1c95d3be]::__rust_begin_short_backtrace::<core[df12db4294e9bfd3]::result::Result<(), alloc[2182bb758b4b3781]::string::String>, fn() -> core[df12db4294e9bfd3]::result::Result<(), alloc[2182bb758b4b3781]::string::String>>
[INFO] [stdout]   15:     0x594ce4f7e135 - test[9d35eded1c95d3be]::run_test::{closure#0}
[INFO] [stdout]   16:     0x594ce4f779f4 - std[70759c8f55707aa4]::sys::backtrace::__rust_begin_short_backtrace::<test[9d35eded1c95d3be]::run_test::{closure#1}, ()>
[INFO] [stdout]   17:     0x594ce4f81292 - <std[70759c8f55707aa4]::thread::lifecycle::spawn_unchecked<test[9d35eded1c95d3be]::run_test::{closure#1}, ()>::{closure#1} as core[df12db4294e9bfd3]::ops::function::FnOnce<()>>::call_once::{shim:vtable#0}
[INFO] [stdout]   18:     0x594ce4fef929 - <std[70759c8f55707aa4]::sys::thread::unix::Thread>::new::thread_start
[INFO] [stdout]   19:     0x7d4c9c1e0dfa - <unknown>
[INFO] [stdout]   20:     0x7d4c9c2743d4 - clone
[INFO] [stdout]   21:                0x0 - <unknown>
[INFO] [stdout] 
[INFO] [stdout] 
[INFO] [stdout] failures:
[INFO] [stdout]     smoketest::unittests::test_process_pcapng_file
[INFO] [stdout]     tests::unittests::test_extract_tcp_fields_against_sample_file
[INFO] [stdout]     tests::unittests::test_extract_udp_fields_against_sample_file
[INFO] [stdout] 
[INFO] [stdout] test result: FAILED. 2 passed; 3 failed; 0 ignored; 0 measured; 0 filtered out; finished in 0.00s
[INFO] [stdout] 
[INFO] running `Command { std: "docker" "inspect" "cb8db0944cab17764584ea9df1b55f0aa9b2ef510d55bc7a6ea2c8157f7a7c10", kill_on_drop: false }`
[INFO] running `Command { std: "docker" "rm" "-f" "cb8db0944cab17764584ea9df1b55f0aa9b2ef510d55bc7a6ea2c8157f7a7c10", kill_on_drop: false }`
[INFO] [stdout] cb8db0944cab17764584ea9df1b55f0aa9b2ef510d55bc7a6ea2c8157f7a7c10
