[INFO] fetching crate pedant-graph 0.5.1...
[INFO] testing pedant-graph-0.5.1 against 1.99.0-beta.8+cargoflags=--release for beta-release-1.100-2
[INFO] extracting crate pedant-graph 0.5.1 into /workspace/builds/worker-3-tc1/source
[INFO] started tweaking crates.io crate pedant-graph 0.5.1
[INFO] removed 0 missing tests
[INFO] finished tweaking crates.io crate pedant-graph 0.5.1
[INFO] tweaked toml for crates.io crate pedant-graph 0.5.1 written to /workspace/builds/worker-3-tc1/source/Cargo.toml
[INFO] validating manifest of crates.io crate pedant-graph 0.5.1 on toolchain 1.99.0-beta.8
[INFO] running `Command { std: CARGO_HOME="/workspace/cargo-home" RUSTUP_HOME="/workspace/rustup-home" "/workspace/cargo-home/bin/cargo" "+1.99.0-beta.8" "metadata" "--manifest-path" "Cargo.toml" "--no-deps", kill_on_drop: false }`
[INFO] crate crates.io crate pedant-graph 0.5.1 already has a lockfile, it will not be regenerated
[INFO] running `Command { std: CARGO_HOME="/workspace/cargo-home" RUSTUP_HOME="/workspace/rustup-home" "/workspace/cargo-home/bin/cargo" "+1.99.0-beta.8" "fetch" "--manifest-path" "Cargo.toml", kill_on_drop: false }`
[INFO] [stderr]     Updating crates.io index
[INFO] [stderr]  Downloading crates ...
[INFO] [stderr]   Downloaded pedant-types v0.17.0
[INFO] [stderr]   Downloaded pedant-syntax v0.6.0
[INFO] [stderr]   Downloaded tree-sitter v0.26.11
[INFO] [stderr]   Downloaded pedant-core v0.24.1
[INFO] running `Command { std: "docker" "create" "-v" "/var/lib/crater-agent-workspace/builds/worker-3-tc1/source:/opt/rustwide/workdir:ro,Z" "-v" "/var/lib/crater-agent-workspace/builds/worker-3-tc1/target:/opt/rustwide/target:rw,Z" "-v" "/var/lib/crater-agent-workspace/cargo-home:/opt/rustwide/cargo-home:ro,Z" "-v" "/var/lib/crater-agent-workspace/rustup-home:/opt/rustwide/rustup-home:ro,Z" "-m" "1610612736" "--network" "none" "ghcr.io/rust-lang/crates-build-env/linux@sha256:77db811e55d90add9212f6832c23229e3de5f1c1f9905e8cb07319ea15df73ac" "sleep" "infinity", kill_on_drop: false }`
[INFO] [stdout] 7636750ef418a0ec50d317dc1d3da5f2f2fb5d1e34b30535835b5e99af9cdffc
[INFO] running `Command { std: "docker" "start" "7636750ef418a0ec50d317dc1d3da5f2f2fb5d1e34b30535835b5e99af9cdffc", kill_on_drop: false }`
[INFO] running `Command { std: "docker" "inspect" "7636750ef418a0ec50d317dc1d3da5f2f2fb5d1e34b30535835b5e99af9cdffc", kill_on_drop: false }`
[INFO] running `Command { std: "docker" "exec" "-e" "SOURCE_DIR=/opt/rustwide/workdir" "-e" "CARGO_HOME=/opt/rustwide/cargo-home" "-e" "RUSTUP_HOME=/opt/rustwide/rustup-home" "-e" "CARGO_TARGET_DIR=/opt/rustwide/target" "-w" "/opt/rustwide/workdir" "--user" "0:0" "7636750ef418a0ec50d317dc1d3da5f2f2fb5d1e34b30535835b5e99af9cdffc" "/opt/rustwide/cargo-home/bin/cargo" "+1.99.0-beta.8" "metadata" "--no-deps" "--format-version=1", kill_on_drop: false }`
[INFO] running `Command { std: "docker" "inspect" "7636750ef418a0ec50d317dc1d3da5f2f2fb5d1e34b30535835b5e99af9cdffc", kill_on_drop: false }`
[INFO] running `Command { std: "docker" "exec" "-e" "SOURCE_DIR=/opt/rustwide/workdir" "-e" "CARGO_HOME=/opt/rustwide/cargo-home" "-e" "RUSTUP_HOME=/opt/rustwide/rustup-home" "-e" "CARGO_TARGET_DIR=/opt/rustwide/target" "-e" "CARGO_INCREMENTAL=0" "-e" "RUST_BACKTRACE=full" "-e" "RUSTFLAGS=--cap-lints=warn" "-e" "RUSTDOCFLAGS=--cap-lints=warn" "-w" "/opt/rustwide/workdir" "--user" "0:0" "7636750ef418a0ec50d317dc1d3da5f2f2fb5d1e34b30535835b5e99af9cdffc" "/opt/rustwide/cargo-home/bin/cargo" "+1.99.0-beta.8" "build" "--frozen" "--message-format=json" "--release", kill_on_drop: false }`
[INFO] [stderr]    Compiling serde_core v1.0.228
[INFO] [stderr]    Compiling proc-macro2 v1.0.106
[INFO] [stderr]    Compiling quote v1.0.46
[INFO] [stderr]    Compiling toml_parser v1.1.2+spec-1.1.0
[INFO] [stderr]    Compiling syn v2.0.118
[INFO] [stderr]    Compiling thiserror-impl v2.0.18
[INFO] [stderr]    Compiling serde_derive v1.0.228
[INFO] [stderr]    Compiling toml_datetime v1.1.1+spec-1.1.0
[INFO] [stderr]    Compiling serde_json v1.0.150
[INFO] [stderr]    Compiling serde_spanned v1.1.1
[INFO] [stderr]    Compiling thiserror v2.0.18
[INFO] [stderr]    Compiling toml v1.1.3+spec-1.1.0
[INFO] [stderr]    Compiling serde v1.0.228
[INFO] [stderr]    Compiling pedant-types v0.17.0
[INFO] [stderr]    Compiling pedant-core v0.24.1
[INFO] [stderr]    Compiling pedant-graph v0.5.1 (/opt/rustwide/workdir)
[INFO] [stderr]     Finished `release` profile [optimized] target(s) in 57.10s
[INFO] running `Command { std: "docker" "inspect" "7636750ef418a0ec50d317dc1d3da5f2f2fb5d1e34b30535835b5e99af9cdffc", kill_on_drop: false }`
[INFO] running `Command { std: "docker" "exec" "-e" "SOURCE_DIR=/opt/rustwide/workdir" "-e" "CARGO_HOME=/opt/rustwide/cargo-home" "-e" "RUSTUP_HOME=/opt/rustwide/rustup-home" "-e" "CARGO_TARGET_DIR=/opt/rustwide/target" "-e" "CARGO_INCREMENTAL=0" "-e" "RUST_BACKTRACE=full" "-e" "RUSTFLAGS=--cap-lints=warn" "-e" "RUSTDOCFLAGS=--cap-lints=warn" "-w" "/opt/rustwide/workdir" "--user" "0:0" "7636750ef418a0ec50d317dc1d3da5f2f2fb5d1e34b30535835b5e99af9cdffc" "/opt/rustwide/cargo-home/bin/cargo" "+1.99.0-beta.8" "test" "--frozen" "--no-run" "--message-format=json" "--release", kill_on_drop: false }`
[INFO] [stderr]    Compiling libc v0.2.186
[INFO] [stderr]    Compiling bitflags v2.13.0
[INFO] [stderr]    Compiling once_cell v1.21.4
[INFO] [stderr]    Compiling pedant-core v0.24.1
[INFO] [stderr]    Compiling rustix v1.1.4
[INFO] [stderr]    Compiling getrandom v0.4.3
[INFO] [stderr]    Compiling tempfile v3.27.0
[INFO] [stderr]    Compiling pedant-graph v0.5.1 (/opt/rustwide/workdir)
[INFO] [stderr]     Finished `release` profile [optimized] target(s) in 49.64s
[INFO] running `Command { std: "docker" "inspect" "7636750ef418a0ec50d317dc1d3da5f2f2fb5d1e34b30535835b5e99af9cdffc", kill_on_drop: false }`
[INFO] running `Command { std: "docker" "exec" "-e" "SOURCE_DIR=/opt/rustwide/workdir" "-e" "CARGO_HOME=/opt/rustwide/cargo-home" "-e" "RUSTUP_HOME=/opt/rustwide/rustup-home" "-e" "CARGO_TARGET_DIR=/opt/rustwide/target" "-e" "CARGO_INCREMENTAL=0" "-e" "RUST_BACKTRACE=full" "-e" "RUSTFLAGS=--cap-lints=warn" "-e" "RUSTDOCFLAGS=--cap-lints=warn" "-w" "/opt/rustwide/workdir" "--user" "0:0" "7636750ef418a0ec50d317dc1d3da5f2f2fb5d1e34b30535835b5e99af9cdffc" "/opt/rustwide/cargo-home/bin/cargo" "+1.99.0-beta.8" "test" "--frozen" "--release", kill_on_drop: false }`
[INFO] [stderr]     Finished `release` profile [optimized] target(s) in 0.11s
[INFO] [stderr]      Running unittests src/lib.rs (/opt/rustwide/target/release/deps/pedant_graph-44730acee4529526)
[INFO] [stderr]      Running tests/graph.rs (/opt/rustwide/target/release/deps/graph-09033e66feb8173d)
[INFO] [stdout] 
[INFO] [stdout] running 0 tests
[INFO] [stdout] 
[INFO] [stdout] test result: ok. 0 passed; 0 failed; 0 ignored; 0 measured; 0 filtered out; finished in 0.00s
[INFO] [stdout] 
[INFO] [stdout] 
[INFO] [stdout] running 70 tests
[INFO] [stdout] test graph_analysis_source_boundary_is_exact ... FAILED
[INFO] [stdout] test cached_graph_analysis_rechecks_every_limit_before_hits ... ok
[INFO] [stdout] test graph_cache_exact_hits_share_graph_and_short_circuit_work ... ok
[INFO] [stdout] test cached_graph_analysis_matches_every_direct_operation ... ok
[INFO] [stdout] test graph_cache_exact_retention_is_bounded_lru ... ok
[INFO] [stdout] test cached_graph_analysis_reuses_exact_arc_products_and_none ... ok
[INFO] [stdout] test graph_cache_hits_reapply_graph_limits_in_direct_order ... ok
[INFO] [stdout] test cached_graph_analysis_is_thread_shareable_and_deterministic ... ok
[INFO] [stdout] test graph_analysis_results_are_deterministic ... ok
[INFO] [stdout] test graph_analysis_limits_refuse_before_work ... ok
[INFO] [stdout] test graph_analysis_selection_is_explicit_and_shared ... ok
[INFO] [stdout] test graph_cache_rejects_invalid_pairs_before_observation ... ok
[INFO] [stdout] test go_graph_validation_and_limits_dominate_draft_allocation ... ok
[INFO] [stdout] test go_and_rust_public_graph_api_shapes_are_parallel_and_language_specific ... ok
[INFO] [stdout] test cached_graph_analysis_retention_is_bounded_lru ... ok
[INFO] [stdout] test graph_cache_source_boundary_is_exact ... FAILED
[INFO] [stdout] test graph_cache_exact_build_matches_direct_graph_and_json ... ok
[INFO] [stdout] test graph_components_and_condensation_are_exact ... ok
[INFO] [stdout] test graph_cache_clear_eviction_and_drop_keep_live_handles_valid ... ok
[INFO] [stdout] test graph_cache_source_projection_retention_is_bounded_lru ... ok
[INFO] [stdout] test graph_cache_exact_identity_guards_the_complete_resolution_claim ... ok
[INFO] [stdout] test graph_analysis_limit_checks_dominate_allocations ... ok
[INFO] [stdout] test graph_cache_counter_updates_are_saturating_and_single_owned ... ok
[INFO] [stdout] test graph_declared_partition_follows_nearest_container ... ok
[INFO] [stdout] test graph_defensive_malformed_inputs_return_exact_errors ... ok
[INFO] [stdout] test graph_derived_consumers_reuse_analysis_results ... ok
[INFO] [stdout] test graph_divergence_matches_declared_partition_arithmetic ... ok
[INFO] [stdout] test graph_betweenness_refuses_work_before_source_state ... ok
[INFO] [stdout] test graph_ids_languages_and_limits_are_dense_checked_and_atomic ... ok
[INFO] [stdout] test graph_defensive_error_paths_are_complete_and_wired ... ok
[INFO] [stdout] test graph_metrics_and_components_consume_shared_indexes ... ok
[INFO] [stdout] test graph_neighbors_are_bounded_directed_and_ordered ... ok
[INFO] [stdout] test graph_path_is_shortest_directed_and_deterministic ... ok
[INFO] [stdout] test graph_layout_assist_is_complete_and_coordinate_free ... ok
[INFO] [stdout] test graph_id_capacity_uses_one_checked_insertion_owner ... ok
[INFO] [stdout] test graph_divergence_selection_reuses_analysis_indexes ... ok
[INFO] [stdout] test graph_identity_checks_dominate_projection_state_construction ... ok
[INFO] [stdout] test graph_metric_selection_reuses_analysis_indexes ... ok
[INFO] [stdout] test graph_public_identity_defaults_and_schema_are_exact ... ok
[INFO] [stdout] test graph_cache_projection_has_one_planner_and_assembler ... ok
[INFO] [stdout] test graph_public_reading_surface_is_complete ... ok
[INFO] [stdout] test graph_traversal_consumes_shared_analysis_indexes ... ok
[INFO] [stdout] test graph_cache_poison_recovery_is_explicit_and_total ... ok
[INFO] [stdout] test graph_cache_revision_matrix_matches_direct_graph_and_json ... ok
[INFO] [stdout] test graph_divergence_and_layout_are_deterministic ... ok
[INFO] [stdout] test rust_graph_containment_is_a_unit_local_forest ... ok
[INFO] [stdout] test rust_graph_edges_retain_candidate_certainty_and_evidence ... ok
[INFO] [stdout] test rust_graph_maps_every_rust_reference_kind_exactly ... ok
[INFO] [stdout] test rust_graph_builds_and_serializes_after_fixture_teardown ... ok
[INFO] [stdout] test rust_graph_maps_every_rust_symbol_kind_exactly_once ... ok
[INFO] [stdout] test graph_subgraph_is_exact_induced_selection ... ok
[INFO] [stdout] test rust_graph_json_v1_is_exact_compact_and_deterministic ... ok
[INFO] [stdout] test graph_projection_uses_only_supplied_resolution_facts ... ok
[INFO] [stdout] test rust_graph_json_v1_covers_every_graph_owned_variant ... ok
[INFO] [stdout] test rust_graph_separates_logical_parentage_from_source_location ... ok
[INFO] [stdout] test rust_graph_preserves_cargo_dependency_evidence ... ok
[INFO] [stdout] test rust_graph_retains_enclosed_top_level_and_candidate_free_references ... ok
[INFO] [stdout] test rust_graph_rejects_identity_mismatch_before_capacity_checks ... ok
[INFO] [stdout] test rust_graph_qualifies_unit_roots_and_shared_source_files ... ok
[INFO] [stdout] test rust_direct_and_cached_projection_bytes_stay_exact_after_neutral_assembly ... ok
[INFO] [stdout] test rust_graph_tiers_change_only_resolution_evidence ... ok
[INFO] [stdout] test graph_cache_tied_definition_identities_survive_dense_remapping ... ok
[INFO] [stdout] test graph_traversal_and_components_are_iterative ... ok
[INFO] [stdout] test graph_projection_has_one_language_neutral_assembler ... ok
[INFO] [stdout] test graph_analysis_public_boundary_is_exact ... ok
[INFO] [stdout] test graph_public_lifecycle_surface_is_closed ... ok
[INFO] [stdout] test graph_degree_and_betweenness_match_directed_oracles ... ok
[INFO] [stdout] test graph_cache_public_boundary_is_exact ... ok
[INFO] [stdout] test graph_cache_reuses_only_exact_source_unit_claims ... ok
[INFO] [stdout] test graph_cache_remains_rust_only_after_neutral_assembly ... ok
[INFO] [stdout] 
[INFO] [stdout] failures:
[INFO] [stdout] 
[INFO] [stdout] ---- graph_analysis_source_boundary_is_exact stdout ----
[INFO] [stdout] 
[INFO] [stdout] thread 'graph_analysis_source_boundary_is_exact' (860) panicked at tests/graph_support/analysis_source_boundary.rs:108:5:
[INFO] [stdout] assertion `left == right` failed: the library closure states exactly its modelled dependencies
[INFO] [stdout]   left: []
[INFO] [stdout]  right: ["pedant-core", "pedant-types", "serde", "thiserror"]
[INFO] [stdout] stack backtrace:
[INFO] [stdout]    0:     0x58547864ea81 - <<std[70759c8f55707aa4]::sys::backtrace::BacktraceLock>::print::DisplayBacktrace as core[df12db4294e9bfd3]::fmt::Display>::fmt
[INFO] [stdout]    1:     0x5854786659ba - core[df12db4294e9bfd3]::fmt::write
[INFO] [stdout]    2:     0x5854786532dc - <alloc[2182bb758b4b3781]::vec::Vec<u8> as core[df12db4294e9bfd3]::io::write::Write>::write_fmt
[INFO] [stdout]    3:     0x585478628536 - std[70759c8f55707aa4]::panicking::default_hook::{closure#0}
[INFO] [stdout]    4:     0x585478645c99 - std[70759c8f55707aa4]::panicking::default_hook
[INFO] [stdout]    5:     0x5854783748c0 - test[9d35eded1c95d3be]::test_main_inner::<test[9d35eded1c95d3be]::test_main_static::{closure#0}>::{closure#0}
[INFO] [stdout]    6:     0x585478645fc2 - std[70759c8f55707aa4]::panicking::panic_with_hook
[INFO] [stdout]    7:     0x5854786285e2 - std[70759c8f55707aa4]::panicking::panic_handler::{closure#0}
[INFO] [stdout]    8:     0x585478621019 - std[70759c8f55707aa4]::sys::backtrace::__rust_end_short_backtrace::<std[70759c8f55707aa4]::panicking::panic_handler::{closure#0}, !>
[INFO] [stdout]    9:     0x5854786291dd - __rustc[8fa7c3cbc660c2b3]::rust_begin_unwind
[INFO] [stdout]   10:     0x58547866615c - core[df12db4294e9bfd3]::panicking::panic_fmt
[INFO] [stdout]   11:     0x5854786660d3 - core[df12db4294e9bfd3]::panicking::assert_failed_inner
[INFO] [stdout]   12:     0x5854782f0aab - core[df12db4294e9bfd3]::panicking::assert_failed::<alloc[2182bb758b4b3781]::vec::Vec<alloc[2182bb758b4b3781]::string::String>, &[&str]>
[INFO] [stdout]   13:     0x58547836219d - graph[ea35adae806d164c]::graph_support::analysis_source_boundary::assert_manifest_states_no_delta
[INFO] [stdout]   14:     0x5854783632f6 - graph[ea35adae806d164c]::graph_support::analysis_source_boundary::assert_analysis_source_boundary_is_exact
[INFO] [stdout]   15:     0x5854782edbb9 - <graph[ea35adae806d164c]::graph_analysis_source_boundary_is_exact::{closure#0} as core[df12db4294e9bfd3]::ops::function::FnOnce<()>>::call_once
[INFO] [stdout]   16:     0x585478367bab - test[9d35eded1c95d3be]::__rust_begin_short_backtrace::<core[df12db4294e9bfd3]::result::Result<(), alloc[2182bb758b4b3781]::string::String>, fn() -> core[df12db4294e9bfd3]::result::Result<(), alloc[2182bb758b4b3781]::string::String>>
[INFO] [stdout]   17:     0x585478375215 - test[9d35eded1c95d3be]::run_test::{closure#0}
[INFO] [stdout]   18:     0x58547836ead4 - std[70759c8f55707aa4]::sys::backtrace::__rust_begin_short_backtrace::<test[9d35eded1c95d3be]::run_test::{closure#1}, ()>
[INFO] [stdout]   19:     0x585478378372 - <std[70759c8f55707aa4]::thread::lifecycle::spawn_unchecked<test[9d35eded1c95d3be]::run_test::{closure#1}, ()>::{closure#1} as core[df12db4294e9bfd3]::ops::function::FnOnce<()>>::call_once::{shim:vtable#0}
[INFO] [stdout]   20:     0x58547864dac9 - <std[70759c8f55707aa4]::sys::thread::unix::Thread>::new::thread_start
[INFO] [stdout]   21:     0x749a4bcb7dfa - <unknown>
[INFO] [stdout]   22:     0x749a4bd4b3d4 - clone
[INFO] [stdout]   23:                0x0 - <unknown>
[INFO] [stdout] 
[INFO] [stdout] ---- graph_cache_source_boundary_is_exact stdout ----
[INFO] [stdout] 
[INFO] [stdout] thread 'graph_cache_source_boundary_is_exact' (880) panicked at tests/graph_support/analysis_source_boundary.rs:108:5:
[INFO] [stdout] assertion `left == right` failed: the library closure states exactly its modelled dependencies
[INFO] [stdout]   left: []
[INFO] [stdout]  right: ["pedant-core", "pedant-types", "serde", "thiserror"]
[INFO] [stdout] stack backtrace:
[INFO] [stdout]    0:     0x58547864ea81 - <<std[70759c8f55707aa4]::sys::backtrace::BacktraceLock>::print::DisplayBacktrace as core[df12db4294e9bfd3]::fmt::Display>::fmt
[INFO] [stdout]    1:     0x5854786659ba - core[df12db4294e9bfd3]::fmt::write
[INFO] [stdout]    2:     0x5854786532dc - <alloc[2182bb758b4b3781]::vec::Vec<u8> as core[df12db4294e9bfd3]::io::write::Write>::write_fmt
[INFO] [stdout]    3:     0x585478628536 - std[70759c8f55707aa4]::panicking::default_hook::{closure#0}
[INFO] [stdout]    4:     0x585478645c99 - std[70759c8f55707aa4]::panicking::default_hook
[INFO] [stdout]    5:     0x5854783748c0 - test[9d35eded1c95d3be]::test_main_inner::<test[9d35eded1c95d3be]::test_main_static::{closure#0}>::{closure#0}
[INFO] [stdout]    6:     0x585478645fc2 - std[70759c8f55707aa4]::panicking::panic_with_hook
[INFO] [stdout]    7:     0x5854786285e2 - std[70759c8f55707aa4]::panicking::panic_handler::{closure#0}
[INFO] [stdout]    8:     0x585478621019 - std[70759c8f55707aa4]::sys::backtrace::__rust_end_short_backtrace::<std[70759c8f55707aa4]::panicking::panic_handler::{closure#0}, !>
[INFO] [stdout]    9:     0x5854786291dd - __rustc[8fa7c3cbc660c2b3]::rust_begin_unwind
[INFO] [stdout]   10:     0x58547866615c - core[df12db4294e9bfd3]::panicking::panic_fmt
[INFO] [stdout]   11:     0x5854786660d3 - core[df12db4294e9bfd3]::panicking::assert_failed_inner
[INFO] [stdout]   12:     0x5854782f0aab - core[df12db4294e9bfd3]::panicking::assert_failed::<alloc[2182bb758b4b3781]::vec::Vec<alloc[2182bb758b4b3781]::string::String>, &[&str]>
[INFO] [stdout]   13:     0x58547836219d - graph[ea35adae806d164c]::graph_support::analysis_source_boundary::assert_manifest_states_no_delta
[INFO] [stdout]   14:     0x5854782d9a46 - graph[ea35adae806d164c]::graph_support::cache_source_boundary::assert_cache_source_boundary_is_exact
[INFO] [stdout]   15:     0x5854782edb79 - <graph[ea35adae806d164c]::graph_cache_source_boundary_is_exact::{closure#0} as core[df12db4294e9bfd3]::ops::function::FnOnce<()>>::call_once
[INFO] [stdout]   16:     0x585478367bab - test[9d35eded1c95d3be]::__rust_begin_short_backtrace::<core[df12db4294e9bfd3]::result::Result<(), alloc[2182bb758b4b3781]::string::String>, fn() -> core[df12db4294e9bfd3]::result::Result<(), alloc[2182bb758b4b3781]::string::String>>
[INFO] [stdout]   17:     0x585478375215 - test[9d35eded1c95d3be]::run_test::{closure#0}
[INFO] [stdout]   18:     0x58547836ead4 - std[70759c8f55707aa4]::sys::backtrace::__rust_begin_short_backtrace::<test[9d35eded1c95d3be]::run_test::{closure#1}, ()>
[INFO] [stdout]   19:     0x585478378372 - <std[70759c8f55707aa4]::thread::lifecycle::spawn_unchecked<test[9d35eded1c95d3be]::run_test::{closure#1}, ()>::{closure#1} as core[df12db4294e9bfd3]::ops::function::FnOnce<()>>::call_once::{shim:vtable#0}
[INFO] [stdout]   20:     0x58547864dac9 - <std[70759c8f55707aa4]::sys::thread::unix::Thread>::new::thread_start
[INFO] [stdout]   21:     0x749a4bcb7dfa - <unknown>
[INFO] [stdout]   22:     0x749a4bd4b3d4 - clone
[INFO] [stdout]   23:                0x0 - <unknown>
[INFO] [stdout] 
[INFO] [stdout] 
[INFO] [stdout] failures:
[INFO] [stdout]     graph_analysis_source_boundary_is_exact
[INFO] [stdout]     graph_cache_source_boundary_is_exact
[INFO] [stdout] 
[INFO] [stdout] test result: FAILED. 68 passed; 2 failed; 0 ignored; 0 measured; 0 filtered out; finished in 0.85s
[INFO] [stdout] 
[INFO] [stderr] error: test failed, to rerun pass `--test graph`
[INFO] running `Command { std: "docker" "inspect" "7636750ef418a0ec50d317dc1d3da5f2f2fb5d1e34b30535835b5e99af9cdffc", kill_on_drop: false }`
[INFO] running `Command { std: "docker" "rm" "-f" "7636750ef418a0ec50d317dc1d3da5f2f2fb5d1e34b30535835b5e99af9cdffc", kill_on_drop: false }`
[INFO] [stdout] 7636750ef418a0ec50d317dc1d3da5f2f2fb5d1e34b30535835b5e99af9cdffc
