[INFO] fetching crate peacock-crest 0.1.0...
[INFO] testing peacock-crest-0.1.0 against 1.100.0-beta.1+cargoflags=--release for beta-release-1.100-2
[INFO] extracting crate peacock-crest 0.1.0 into /workspace/builds/worker-6-tc2/source
[INFO] started tweaking crates.io crate peacock-crest 0.1.0
[INFO] removed 0 missing examples
[INFO] removed 0 missing tests
[INFO] finished tweaking crates.io crate peacock-crest 0.1.0
[INFO] tweaked toml for crates.io crate peacock-crest 0.1.0 written to /workspace/builds/worker-6-tc2/source/Cargo.toml
[INFO] validating manifest of crates.io crate peacock-crest 0.1.0 on toolchain 1.100.0-beta.1
[INFO] running `Command { std: CARGO_HOME="/workspace/cargo-home" RUSTUP_HOME="/workspace/rustup-home" "/workspace/cargo-home/bin/cargo" "+1.100.0-beta.1" "metadata" "--manifest-path" "Cargo.toml" "--no-deps", kill_on_drop: false }`
[INFO] crate crates.io crate peacock-crest 0.1.0 already has a lockfile, it will not be regenerated
[INFO] running `Command { std: CARGO_HOME="/workspace/cargo-home" RUSTUP_HOME="/workspace/rustup-home" "/workspace/cargo-home/bin/cargo" "+1.100.0-beta.1" "fetch" "--manifest-path" "Cargo.toml", kill_on_drop: false }`
[INFO] running `Command { std: "docker" "create" "-v" "/var/lib/crater-agent-workspace/builds/worker-6-tc2/source:/opt/rustwide/workdir:ro,Z" "-v" "/var/lib/crater-agent-workspace/builds/worker-6-tc2/target:/opt/rustwide/target:rw,Z" "-v" "/var/lib/crater-agent-workspace/cargo-home:/opt/rustwide/cargo-home:ro,Z" "-v" "/var/lib/crater-agent-workspace/rustup-home:/opt/rustwide/rustup-home:ro,Z" "-m" "1610612736" "--network" "none" "ghcr.io/rust-lang/crates-build-env/linux@sha256:77db811e55d90add9212f6832c23229e3de5f1c1f9905e8cb07319ea15df73ac" "sleep" "infinity", kill_on_drop: false }`
[INFO] [stdout] 5015b1ba7b3309b6f1f78dc17318526ae884cd192d35616924fae823a6eea3cc
[INFO] running `Command { std: "docker" "start" "5015b1ba7b3309b6f1f78dc17318526ae884cd192d35616924fae823a6eea3cc", kill_on_drop: false }`
[INFO] running `Command { std: "docker" "inspect" "5015b1ba7b3309b6f1f78dc17318526ae884cd192d35616924fae823a6eea3cc", kill_on_drop: false }`
[INFO] running `Command { std: "docker" "exec" "-e" "SOURCE_DIR=/opt/rustwide/workdir" "-e" "CARGO_HOME=/opt/rustwide/cargo-home" "-e" "RUSTUP_HOME=/opt/rustwide/rustup-home" "-e" "CARGO_TARGET_DIR=/opt/rustwide/target" "-w" "/opt/rustwide/workdir" "--user" "0:0" "5015b1ba7b3309b6f1f78dc17318526ae884cd192d35616924fae823a6eea3cc" "/opt/rustwide/cargo-home/bin/cargo" "+1.100.0-beta.1" "metadata" "--no-deps" "--format-version=1", kill_on_drop: false }`
[INFO] running `Command { std: "docker" "inspect" "5015b1ba7b3309b6f1f78dc17318526ae884cd192d35616924fae823a6eea3cc", kill_on_drop: false }`
[INFO] running `Command { std: "docker" "exec" "-e" "SOURCE_DIR=/opt/rustwide/workdir" "-e" "CARGO_HOME=/opt/rustwide/cargo-home" "-e" "RUSTUP_HOME=/opt/rustwide/rustup-home" "-e" "CARGO_TARGET_DIR=/opt/rustwide/target" "-e" "CARGO_INCREMENTAL=0" "-e" "RUST_BACKTRACE=full" "-e" "RUSTFLAGS=--cap-lints=warn" "-e" "RUSTDOCFLAGS=--cap-lints=warn" "-w" "/opt/rustwide/workdir" "--user" "0:0" "5015b1ba7b3309b6f1f78dc17318526ae884cd192d35616924fae823a6eea3cc" "/opt/rustwide/cargo-home/bin/cargo" "+1.100.0-beta.1" "build" "--frozen" "--message-format=json" "--release", kill_on_drop: false }`
[INFO] [stderr]    Compiling unicode-ident v1.0.14
[INFO] [stderr]    Compiling thiserror v2.0.11
[INFO] [stderr]    Compiling memchr v2.7.4
[INFO] [stderr]    Compiling rustversion v1.0.19
[INFO] [stderr]    Compiling once_cell v1.20.2
[INFO] [stderr]    Compiling strum v0.26.3
[INFO] [stderr]    Compiling proc-macro2 v1.0.93
[INFO] [stderr]    Compiling quote v1.0.38
[INFO] [stderr]    Compiling syn v2.0.96
[INFO] [stderr]    Compiling thiserror-impl v2.0.11
[INFO] [stderr]    Compiling derive_more-impl v1.0.0
[INFO] [stderr]    Compiling bitmask-enum v2.2.5
[INFO] [stderr]    Compiling strum_macros v0.26.4
[INFO] [stderr]    Compiling pest v2.7.15
[INFO] [stderr]    Compiling derive_more v1.0.0
[INFO] [stderr]    Compiling pest_meta v2.7.15
[INFO] [stderr]    Compiling pest_generator v2.7.15
[INFO] [stderr]    Compiling pest_derive v2.7.15
[INFO] [stderr]    Compiling peacock-crest v0.1.0 (/opt/rustwide/workdir)
[INFO] [stderr] warning: unused dependency `once_cell`
[INFO] [stderr]   --> Cargo.toml:22:15
[INFO] [stderr]    |
[INFO] [stderr] 22 | [dependencies.once_cell]
[INFO] [stderr]    |               ^^^^^^^^^^
[INFO] [stderr]    |
[INFO] [stderr]    = note: `cargo::unused_dependencies` is set to `warn` by default
[INFO] [stderr] help: consider removing the dependency on `once_cell`
[INFO] [stderr] warning: `peacock-crest` (manifest) generated 1 warning
[INFO] [stderr]     Finished `release` profile [optimized] target(s) in 34.44s
[INFO] running `Command { std: "docker" "inspect" "5015b1ba7b3309b6f1f78dc17318526ae884cd192d35616924fae823a6eea3cc", kill_on_drop: false }`
[INFO] running `Command { std: "docker" "exec" "-e" "SOURCE_DIR=/opt/rustwide/workdir" "-e" "CARGO_HOME=/opt/rustwide/cargo-home" "-e" "RUSTUP_HOME=/opt/rustwide/rustup-home" "-e" "CARGO_TARGET_DIR=/opt/rustwide/target" "-e" "CARGO_INCREMENTAL=0" "-e" "RUST_BACKTRACE=full" "-e" "RUSTFLAGS=--cap-lints=warn" "-e" "RUSTDOCFLAGS=--cap-lints=warn" "-w" "/opt/rustwide/workdir" "--user" "0:0" "5015b1ba7b3309b6f1f78dc17318526ae884cd192d35616924fae823a6eea3cc" "/opt/rustwide/cargo-home/bin/cargo" "+1.100.0-beta.1" "test" "--frozen" "--no-run" "--message-format=json" "--release", kill_on_drop: false }`
[INFO] [stderr]    Compiling serde v1.0.217
[INFO] [stderr]    Compiling num-traits v0.2.19
[INFO] [stderr]    Compiling rayon-core v1.12.1
[INFO] [stderr]    Compiling serde_json v1.0.137
[INFO] [stderr]    Compiling libc v0.2.169
[INFO] [stderr]    Compiling either v1.13.0
[INFO] [stderr]    Compiling serde_derive v1.0.217
[INFO] [stderr]    Compiling half v2.4.1
[INFO] [stderr]    Compiling clap_lex v0.7.4
[INFO] [stderr]    Compiling ciborium-io v0.2.2
[INFO] [stderr]    Compiling regex-syntax v0.8.5
[INFO] [stderr]    Compiling plotters-backend v0.3.7
[INFO] [stderr]    Compiling anstyle v1.0.10
[INFO] [stderr]    Compiling ryu v1.0.18
[INFO] [stderr]    Compiling itoa v1.0.14
[INFO] [stderr]    Compiling ciborium-ll v0.2.2
[INFO] [stderr]    Compiling clap_builder v4.5.26
[INFO] [stderr]    Compiling itertools v0.10.5
[INFO] [stderr]    Compiling plotters-svg v0.3.7
[INFO] [stderr]    Compiling same-file v1.0.6
[INFO] [stderr]    Compiling cast v0.3.0
[INFO] [stderr]    Compiling walkdir v2.5.0
[INFO] [stderr]    Compiling is-terminal v0.4.13
[INFO] [stderr]    Compiling rayon v1.10.0
[INFO] [stderr]    Compiling plotters v0.3.7
[INFO] [stderr]    Compiling anes v0.1.6
[INFO] [stderr]    Compiling regex-automata v0.4.9
[INFO] [stderr]    Compiling criterion-plot v0.5.0
[INFO] [stderr]    Compiling oorandom v11.1.4
[INFO] [stderr]    Compiling clap v4.5.26
[INFO] [stderr]    Compiling regex v1.11.1
[INFO] [stderr]    Compiling ciborium v0.2.2
[INFO] [stderr]    Compiling tinytemplate v1.2.1
[INFO] [stderr]    Compiling criterion v0.5.1
[INFO] [stderr]    Compiling peacock-crest v0.1.0 (/opt/rustwide/workdir)
[INFO] [stderr] warning: unused dependency `once_cell`
[INFO] [stderr]   --> Cargo.toml:22:15
[INFO] [stderr]    |
[INFO] [stderr] 22 | [dependencies.once_cell]
[INFO] [stderr]    |               ^^^^^^^^^^
[INFO] [stderr]    |
[INFO] [stderr]    = note: `cargo::unused_dependencies` is set to `warn` by default
[INFO] [stderr] help: consider removing the dependency on `once_cell`
[INFO] [stderr] warning: `peacock-crest` (manifest) generated 1 warning
[INFO] [stderr]     Finished `release` profile [optimized] target(s) in 1m 21s
[INFO] running `Command { std: "docker" "inspect" "5015b1ba7b3309b6f1f78dc17318526ae884cd192d35616924fae823a6eea3cc", kill_on_drop: false }`
[INFO] running `Command { std: "docker" "exec" "-e" "SOURCE_DIR=/opt/rustwide/workdir" "-e" "CARGO_HOME=/opt/rustwide/cargo-home" "-e" "RUSTUP_HOME=/opt/rustwide/rustup-home" "-e" "CARGO_TARGET_DIR=/opt/rustwide/target" "-e" "CARGO_INCREMENTAL=0" "-e" "RUST_BACKTRACE=full" "-e" "RUSTFLAGS=--cap-lints=warn" "-e" "RUSTDOCFLAGS=--cap-lints=warn" "-w" "/opt/rustwide/workdir" "--user" "0:0" "5015b1ba7b3309b6f1f78dc17318526ae884cd192d35616924fae823a6eea3cc" "/opt/rustwide/cargo-home/bin/cargo" "+1.100.0-beta.1" "test" "--frozen" "--release", kill_on_drop: false }`
[INFO] [stderr] warning: unused dependency `once_cell`
[INFO] [stderr]   --> Cargo.toml:22:15
[INFO] [stderr]    |
[INFO] [stderr] 22 | [dependencies.once_cell]
[INFO] [stderr]    |               ^^^^^^^^^^
[INFO] [stderr]    |
[INFO] [stderr]    = note: `cargo::unused_dependencies` is set to `warn` by default
[INFO] [stderr] help: consider removing the dependency on `once_cell`
[INFO] [stderr] warning: `peacock-crest` (manifest) generated 1 warning
[INFO] [stderr]     Finished `release` profile [optimized] target(s) in 0.17s
[INFO] [stderr]      Running unittests src/lib.rs (/opt/rustwide/target/release/build/peacock-crest/5a605b9a89eadf36/out/peacock_crest-5a605b9a89eadf36)
[INFO] [stderr]      Running tests/acid.rs (/opt/rustwide/target/release/build/peacock-crest/1857f51c872c01a3/out/acid-1857f51c872c01a3)
[INFO] [stdout] 
[INFO] [stdout] running 0 tests
[INFO] [stdout] 
[INFO] [stdout] test result: ok. 0 passed; 0 failed; 0 ignored; 0 measured; 0 filtered out; finished in 0.00s
[INFO] [stdout] 
[INFO] [stdout] 
[INFO] [stdout] running 8 tests
[INFO] [stdout] test acid2_selectors ... ok
[INFO] [stdout] test acid1 ... ok
[INFO] [stdout] test acid1_selectors ... ok
[INFO] [stdout] test acid1_selectors_display ... ok
[INFO] [stdout] test acid2_selectors_display ... ok
[INFO] [stdout] test acid1_display ... ok
[INFO] [stdout] test acid2 ... ok
[INFO] [stdout] test acid2_display ... ok
[INFO] [stdout] 
[INFO] [stdout] test result: ok. 8 passed; 0 failed; 0 ignored; 0 measured; 0 filtered out; finished in 0.02s
[INFO] [stdout] 
[INFO] [stderr]      Running tests/basic.rs (/opt/rustwide/target/release/build/peacock-crest/685bdb8d8a899640/out/basic-685bdb8d8a899640)
[INFO] [stderr]      Running tests/bootstrap.rs (/opt/rustwide/target/release/build/peacock-crest/ba78c4d0dc80920c/out/bootstrap-ba78c4d0dc80920c)
[INFO] [stdout] 
[INFO] [stdout] running 1 test
[INFO] [stdout] test token_gen ... ok
[INFO] [stdout] 
[INFO] [stdout] test result: ok. 1 passed; 0 failed; 0 ignored; 0 measured; 0 filtered out; finished in 0.00s
[INFO] [stdout] 
[INFO] [stdout] 
[INFO] [stdout] running 0 tests
[INFO] [stdout] 
[INFO] [stdout] test result: ok. 0 passed; 0 failed; 0 ignored; 0 measured; 0 filtered out; finished in 0.00s
[INFO] [stdout] 
[INFO] [stderr]    Doc-tests peacock_crest
[INFO] [stdout] 
[INFO] [stdout] running 4 tests
[INFO] [stdout] test src/lib.rs - (line 60) ... FAILED
[INFO] [stdout] test src/lib.rs - (line 46) ... FAILED
[INFO] [stdout] test src/lib.rs - (line 74) ... ok
[INFO] [stdout] test src/source.rs - source::floored_binary_index (line 123) ... ok
[INFO] [stdout] 
[INFO] [stdout] failures:
[INFO] [stdout] 
[INFO] [stdout] ---- src/lib.rs - (line 60) stdout ----
[INFO] [stdout] error[E0308]: mismatched types
[INFO] [stdout]    --> src/lib.rs:65:35
[INFO] [stdout]     |
[INFO] [stdout]  65 | let source_info = SourceInfo::new(css);
[INFO] [stdout]     |                   --------------- ^^^ expected `Arc<str>`, found `&str`
[INFO] [stdout]     |                   |
[INFO] [stdout]     |                   arguments to this function are incorrect
[INFO] [stdout]     |
[INFO] [stdout]     = note: expected struct `Arc<str>`
[INFO] [stdout]             found reference `&str`
[INFO] [stdout] note: associated function defined here
[INFO] [stdout]    --> src/source.rs:195:12
[INFO] [stdout]     |
[INFO] [stdout] 195 |     pub fn new(source: Arc<str>) -> Arc<Self> {
[INFO] [stdout]     |            ^^^
[INFO] [stdout] help: call `Into::into` on this expression to convert `&str` into `Arc<str>`
[INFO] [stdout]     |
[INFO] [stdout]  65 | let source_info = SourceInfo::new(css.into());
[INFO] [stdout]     |                                      +++++++
[INFO] [stdout] 
[INFO] [stdout] error[E0308]: mismatched types
[INFO] [stdout]   --> src/lib.rs:66:42
[INFO] [stdout]    |
[INFO] [stdout] 66 | let stylesheet = Stylesheet::from_source(source_info).expect("Failed to read css");
[INFO] [stdout]    |                  ----------------------- ^^^^^^^^^^^ expected `&str`, found `Arc<SourceInfo>`
[INFO] [stdout]    |                  |
[INFO] [stdout]    |                  arguments to this function are incorrect
[INFO] [stdout]    |
[INFO] [stdout]    = note: expected reference `&str`
[INFO] [stdout]                  found struct `Arc<SourceInfo>`
[INFO] [stdout] note: associated function defined here
[INFO] [stdout]   --> src/style/mod.rs:38:12
[INFO] [stdout]    |
[INFO] [stdout] 38 |     pub fn from_source(source: &str) -> Result<Self, Error> {
[INFO] [stdout]    |            ^^^^^^^^^^^
[INFO] [stdout] 
[INFO] [stdout] error: aborting due to 2 previous errors
[INFO] [stdout] 
[INFO] [stdout] For more information about this error, try `rustc --explain E0308`.
[INFO] [stdout] Couldn't compile the test.
[INFO] [stdout] ---- src/lib.rs - (line 46) stdout ----
[INFO] [stdout] error[E0308]: mismatched types
[INFO] [stdout]    --> src/lib.rs:51:35
[INFO] [stdout]     |
[INFO] [stdout]  51 | let source_info = SourceInfo::new(selector);
[INFO] [stdout]     |                   --------------- ^^^^^^^^ expected `Arc<str>`, found `&str`
[INFO] [stdout]     |                   |
[INFO] [stdout]     |                   arguments to this function are incorrect
[INFO] [stdout]     |
[INFO] [stdout]     = note: expected struct `Arc<str>`
[INFO] [stdout]             found reference `&str`
[INFO] [stdout] note: associated function defined here
[INFO] [stdout]    --> src/source.rs:195:12
[INFO] [stdout]     |
[INFO] [stdout] 195 |     pub fn new(source: Arc<str>) -> Arc<Self> {
[INFO] [stdout]     |            ^^^
[INFO] [stdout] help: call `Into::into` on this expression to convert `&str` into `Arc<str>`
[INFO] [stdout]     |
[INFO] [stdout]  51 | let source_info = SourceInfo::new(selector.into());
[INFO] [stdout]     |                                           +++++++
[INFO] [stdout] 
[INFO] [stdout] error[E0308]: mismatched types
[INFO] [stdout]    --> src/lib.rs:52:49
[INFO] [stdout]     |
[INFO] [stdout]  52 | let parsed_selector = SelectorNode::from_source(source_info).expect("Failed to read css");
[INFO] [stdout]     |                       ------------------------- ^^^^^^^^^^^ expected `SourceInfo`, found `Arc<SourceInfo>`
[INFO] [stdout]     |                       |
[INFO] [stdout]     |                       arguments to this function are incorrect
[INFO] [stdout]     |
[INFO] [stdout]     = note: expected struct `SourceInfo`
[INFO] [stdout]                found struct `Arc<SourceInfo>`
[INFO] [stdout] note: associated function defined here
[INFO] [stdout]    --> src/selector/mod.rs:533:12
[INFO] [stdout]     |
[INFO] [stdout] 533 |     pub fn from_source(source_info: SourceInfo) -> Result<Box<[Self]>, SelectorExpectError> {
[INFO] [stdout]     |            ^^^^^^^^^^^
[INFO] [stdout] 
[INFO] [stdout] error[E0277]: `[SelectorNode]` doesn't implement `std::fmt::Display`
[INFO] [stdout]   --> src/lib.rs:54:33
[INFO] [stdout]    |
[INFO] [stdout] 54 | println!("Parsed selector: {}", parsed_selector);
[INFO] [stdout]    |                            --   ^^^^^^^^^^^^^^^ `[SelectorNode]` cannot be formatted with the default formatter
[INFO] [stdout]    |                            |
[INFO] [stdout]    |                            required by this formatting parameter
[INFO] [stdout]    |
[INFO] [stdout]    = help: the trait `std::fmt::Display` is not implemented for `[SelectorNode]`
[INFO] [stdout]    = note: in format strings you may be able to use `{:?}` (or `{:#?}` for pretty-print) instead
[INFO] [stdout] help: the trait `std::fmt::Display` is conditionally implemented for `Box<T, A>`
[INFO] [stdout]   --> /rustc/e3feeb59cd1bdd011a2bfcc0747b55125d9b8527/library/alloc/src/boxed.rs:2264:8
[INFO] [stdout]    |
[INFO] [stdout]    = note: unsatisfied requirement introduced here: `[SelectorNode]: std::fmt::Display`
[INFO] [stdout]    = note: required for `Box<[SelectorNode]>` to implement `std::fmt::Display`
[INFO] [stdout] 
[INFO] [stdout] error: aborting due to 3 previous errors
[INFO] [stdout] 
[INFO] [stdout] Some errors have detailed explanations: E0277, E0308.
[INFO] [stdout] For more information about an error, try `rustc --explain E0277`.
[INFO] [stdout] Couldn't compile the test.
[INFO] [stdout] 
[INFO] [stdout] failures:
[INFO] [stdout]     src/lib.rs - (line 46)
[INFO] [stdout]     src/lib.rs - (line 60)
[INFO] [stdout] 
[INFO] [stdout] test result: FAILED. 2 passed; 2 failed; 0 ignored; 0 measured; 0 filtered out; finished in 0.24s
[INFO] [stdout] 
[INFO] [stderr] error: doctest failed, to rerun pass `--doc`
[INFO] running `Command { std: "docker" "inspect" "5015b1ba7b3309b6f1f78dc17318526ae884cd192d35616924fae823a6eea3cc", kill_on_drop: false }`
[INFO] running `Command { std: "docker" "rm" "-f" "5015b1ba7b3309b6f1f78dc17318526ae884cd192d35616924fae823a6eea3cc", kill_on_drop: false }`
[INFO] [stdout] 5015b1ba7b3309b6f1f78dc17318526ae884cd192d35616924fae823a6eea3cc
