[INFO] fetching crate pe-unwind-info 0.6.1...
[INFO] testing pe-unwind-info-0.6.1 against 1.99.0-beta.8+cargoflags=--release for beta-release-1.100-2
[INFO] extracting crate pe-unwind-info 0.6.1 into /workspace/builds/worker-5-tc1/source
[INFO] started tweaking crates.io crate pe-unwind-info 0.6.1
[INFO] finished tweaking crates.io crate pe-unwind-info 0.6.1
[INFO] tweaked toml for crates.io crate pe-unwind-info 0.6.1 written to /workspace/builds/worker-5-tc1/source/Cargo.toml
[INFO] validating manifest of crates.io crate pe-unwind-info 0.6.1 on toolchain 1.99.0-beta.8
[INFO] running `Command { std: CARGO_HOME="/workspace/cargo-home" RUSTUP_HOME="/workspace/rustup-home" "/workspace/cargo-home/bin/cargo" "+1.99.0-beta.8" "metadata" "--manifest-path" "Cargo.toml" "--no-deps", kill_on_drop: false }`
[INFO] crate crates.io crate pe-unwind-info 0.6.1 already has a lockfile, it will not be regenerated
[INFO] running `Command { std: CARGO_HOME="/workspace/cargo-home" RUSTUP_HOME="/workspace/rustup-home" "/workspace/cargo-home/bin/cargo" "+1.99.0-beta.8" "fetch" "--manifest-path" "Cargo.toml", kill_on_drop: false }`
[INFO] [stderr]     Updating crates.io index
[INFO] [stderr]  Downloading crates ...
[INFO] [stderr]   Downloaded twox-hash v2.1.4
[INFO] [stderr]   Downloaded zerocopy-derive v0.8.56
[INFO] [stderr]   Downloaded hex-literal v1.1.0
[INFO] [stderr]   Downloaded crc32fast v1.5.1
[INFO] [stderr]   Downloaded ruzstd v0.8.3
[INFO] [stderr]   Downloaded zlib-rs v0.6.7
[INFO] [stderr]   Downloaded zerocopy v0.8.56
[INFO] running `Command { std: "docker" "create" "-v" "/var/lib/crater-agent-workspace/builds/worker-5-tc1/source:/opt/rustwide/workdir:ro,Z" "-v" "/var/lib/crater-agent-workspace/builds/worker-5-tc1/target:/opt/rustwide/target:rw,Z" "-v" "/var/lib/crater-agent-workspace/cargo-home:/opt/rustwide/cargo-home:ro,Z" "-v" "/var/lib/crater-agent-workspace/rustup-home:/opt/rustwide/rustup-home:ro,Z" "-m" "1610612736" "--network" "none" "ghcr.io/rust-lang/crates-build-env/linux@sha256:77db811e55d90add9212f6832c23229e3de5f1c1f9905e8cb07319ea15df73ac" "sleep" "infinity", kill_on_drop: false }`
[INFO] [stdout] 2aad8bd603a8c1bcaa5e57fa5438582d44cc8174e0df9045b45af72f17870479
[INFO] running `Command { std: "docker" "start" "2aad8bd603a8c1bcaa5e57fa5438582d44cc8174e0df9045b45af72f17870479", kill_on_drop: false }`
[INFO] running `Command { std: "docker" "inspect" "2aad8bd603a8c1bcaa5e57fa5438582d44cc8174e0df9045b45af72f17870479", kill_on_drop: false }`
[INFO] running `Command { std: "docker" "exec" "-e" "SOURCE_DIR=/opt/rustwide/workdir" "-e" "CARGO_HOME=/opt/rustwide/cargo-home" "-e" "RUSTUP_HOME=/opt/rustwide/rustup-home" "-e" "CARGO_TARGET_DIR=/opt/rustwide/target" "-w" "/opt/rustwide/workdir" "--user" "0:0" "2aad8bd603a8c1bcaa5e57fa5438582d44cc8174e0df9045b45af72f17870479" "/opt/rustwide/cargo-home/bin/cargo" "+1.99.0-beta.8" "metadata" "--no-deps" "--format-version=1", kill_on_drop: false }`
[INFO] running `Command { std: "docker" "inspect" "2aad8bd603a8c1bcaa5e57fa5438582d44cc8174e0df9045b45af72f17870479", kill_on_drop: false }`
[INFO] running `Command { std: "docker" "exec" "-e" "SOURCE_DIR=/opt/rustwide/workdir" "-e" "CARGO_HOME=/opt/rustwide/cargo-home" "-e" "RUSTUP_HOME=/opt/rustwide/rustup-home" "-e" "CARGO_TARGET_DIR=/opt/rustwide/target" "-e" "CARGO_INCREMENTAL=0" "-e" "RUST_BACKTRACE=full" "-e" "RUSTFLAGS=--cap-lints=warn" "-e" "RUSTDOCFLAGS=--cap-lints=warn" "-w" "/opt/rustwide/workdir" "--user" "0:0" "2aad8bd603a8c1bcaa5e57fa5438582d44cc8174e0df9045b45af72f17870479" "/opt/rustwide/cargo-home/bin/cargo" "+1.99.0-beta.8" "build" "--frozen" "--message-format=json" "--release", kill_on_drop: false }`
[INFO] [stderr]    Compiling proc-macro2 v1.0.107
[INFO] [stderr]    Compiling quote v1.0.47
[INFO] [stderr]    Compiling thiserror v2.0.20
[INFO] [stderr]    Compiling zerocopy v0.8.56
[INFO] [stderr]    Compiling bitflags v2.13.1
[INFO] [stderr]    Compiling arrayvec v0.7.8
[INFO] [stderr]    Compiling syn v3.0.5
[INFO] [stderr]    Compiling syn v2.0.119
[INFO] [stderr]    Compiling thiserror-impl v2.0.20
[INFO] [stderr]    Compiling zerocopy-derive v0.8.56
[INFO] [stderr]    Compiling pe-unwind-info v0.6.1 (/opt/rustwide/workdir)
[INFO] [stderr]     Finished `release` profile [optimized] target(s) in 10.28s
[INFO] running `Command { std: "docker" "inspect" "2aad8bd603a8c1bcaa5e57fa5438582d44cc8174e0df9045b45af72f17870479", kill_on_drop: false }`
[INFO] running `Command { std: "docker" "exec" "-e" "SOURCE_DIR=/opt/rustwide/workdir" "-e" "CARGO_HOME=/opt/rustwide/cargo-home" "-e" "RUSTUP_HOME=/opt/rustwide/rustup-home" "-e" "CARGO_TARGET_DIR=/opt/rustwide/target" "-e" "CARGO_INCREMENTAL=0" "-e" "RUST_BACKTRACE=full" "-e" "RUSTFLAGS=--cap-lints=warn" "-e" "RUSTDOCFLAGS=--cap-lints=warn" "-w" "/opt/rustwide/workdir" "--user" "0:0" "2aad8bd603a8c1bcaa5e57fa5438582d44cc8174e0df9045b45af72f17870479" "/opt/rustwide/cargo-home/bin/cargo" "+1.99.0-beta.8" "test" "--frozen" "--no-run" "--message-format=json" "--release", kill_on_drop: false }`
[INFO] [stderr]    Compiling crc32fast v1.5.1
[INFO] [stderr]    Compiling libc v0.2.189
[INFO] [stderr]    Compiling simd-adler32 v0.3.10
[INFO] [stderr]    Compiling adler2 v2.0.1
[INFO] [stderr]    Compiling twox-hash v2.1.4
[INFO] [stderr]    Compiling object v0.37.3
[INFO] [stderr]    Compiling memchr v2.8.3
[INFO] [stderr]    Compiling hex-literal v1.1.0
[INFO] [stderr]    Compiling ruzstd v0.8.3
[INFO] [stderr]    Compiling miniz_oxide v0.9.1
[INFO] [stderr]    Compiling flate2 v1.1.10
[INFO] [stderr]    Compiling memmap2 v0.9.11
[INFO] [stderr]    Compiling pe-unwind-info v0.6.1 (/opt/rustwide/workdir)
[INFO] [stderr]     Finished `release` profile [optimized] target(s) in 11.57s
[INFO] running `Command { std: "docker" "inspect" "2aad8bd603a8c1bcaa5e57fa5438582d44cc8174e0df9045b45af72f17870479", kill_on_drop: false }`
[INFO] running `Command { std: "docker" "exec" "-e" "SOURCE_DIR=/opt/rustwide/workdir" "-e" "CARGO_HOME=/opt/rustwide/cargo-home" "-e" "RUSTUP_HOME=/opt/rustwide/rustup-home" "-e" "CARGO_TARGET_DIR=/opt/rustwide/target" "-e" "CARGO_INCREMENTAL=0" "-e" "RUST_BACKTRACE=full" "-e" "RUSTFLAGS=--cap-lints=warn" "-e" "RUSTDOCFLAGS=--cap-lints=warn" "-w" "/opt/rustwide/workdir" "--user" "0:0" "2aad8bd603a8c1bcaa5e57fa5438582d44cc8174e0df9045b45af72f17870479" "/opt/rustwide/cargo-home/bin/cargo" "+1.99.0-beta.8" "test" "--frozen" "--release", kill_on_drop: false }`
[INFO] [stderr]     Finished `release` profile [optimized] target(s) in 0.05s
[INFO] [stderr]      Running unittests src/lib.rs (/opt/rustwide/target/release/deps/pe_unwind_info-5618b026db7155ec)
[INFO] [stdout] 
[INFO] [stdout] running 8 tests
[INFO] [stdout] test x86_64::tests::chained_unwind_info_rejects_truncated_record ... ok
[INFO] [stdout] test x86_64::tests::chained_unwind_info_allows_trailing_data ... ok
[INFO] [stdout] test x86_64::tests::unwind_frame_1 ... FAILED
[INFO] [stdout] test x86_64::tests::multiple_frames ... FAILED
[INFO] [stdout] test x86_64::tests::unwind_frame_in_prolog ... FAILED
[INFO] [stdout] test x86_64::tests::unwind_frame_in_epilog_middle ... FAILED
[INFO] [stdout] test x86_64::tests::unwind_frame_in_epilog_beginning ... FAILED
[INFO] [stdout] test x86_64::tests::unwind_frame_2 ... FAILED
[INFO] [stdout] 
[INFO] [stdout] failures:
[INFO] [stdout] 
[INFO] [stdout] ---- x86_64::tests::unwind_frame_1 stdout ----
[INFO] [stdout] 
[INFO] [stdout] thread 'x86_64::tests::unwind_frame_1' (709) panicked at src/x86_64.rs:1081:18:
[INFO] [stdout] called `Result::unwrap()` on an `Err` value: Os { code: 2, kind: NotFound, message: "No such file or directory" }
[INFO] [stdout] stack backtrace:
[INFO] [stdout]    0:     0x623a040413f1 - <<std[70759c8f55707aa4]::sys::backtrace::BacktraceLock>::print::DisplayBacktrace as core[df12db4294e9bfd3]::fmt::Display>::fmt
[INFO] [stdout]    1:     0x623a04055eda - core[df12db4294e9bfd3]::fmt::write
[INFO] [stdout]    2:     0x623a0404588c - <alloc[2182bb758b4b3781]::vec::Vec<u8> as core[df12db4294e9bfd3]::io::write::Write>::write_fmt
[INFO] [stdout]    3:     0x623a0401d7e6 - std[70759c8f55707aa4]::panicking::default_hook::{closure#0}
[INFO] [stdout]    4:     0x623a04039aa9 - std[70759c8f55707aa4]::panicking::default_hook
[INFO] [stdout]    5:     0x623a03fd5330 - test[9d35eded1c95d3be]::test_main_inner::<test[9d35eded1c95d3be]::test_main_static::{closure#0}>::{closure#0}
[INFO] [stdout]    6:     0x623a04039c62 - std[70759c8f55707aa4]::panicking::panic_with_hook
[INFO] [stdout]    7:     0x623a0401d892 - std[70759c8f55707aa4]::panicking::panic_handler::{closure#0}
[INFO] [stdout]    8:     0x623a04016619 - std[70759c8f55707aa4]::sys::backtrace::__rust_end_short_backtrace::<std[70759c8f55707aa4]::panicking::panic_handler::{closure#0}, !>
[INFO] [stdout]    9:     0x623a0401e48d - __rustc[8fa7c3cbc660c2b3]::rust_begin_unwind
[INFO] [stdout]   10:     0x623a0405660c - core[df12db4294e9bfd3]::panicking::panic_fmt
[INFO] [stdout]   11:     0x623a040563e2 - core[df12db4294e9bfd3]::result::unwrap_failed
[INFO] [stdout]   12:     0x623a03fc043d - <std[70759c8f55707aa4]::sync::once::Once>::call_once_force::<<std[70759c8f55707aa4]::sync::once_lock::OnceLock<memmap2[24922c3390678226]::Mmap>>::initialize<<std[70759c8f55707aa4]::sync::once_lock::OnceLock<memmap2[24922c3390678226]::Mmap>>::get_or_init<pe_unwind_info[37a3d78731b27cdf]::x86_64::tests::get_fixture::{closure#0}>::{closure#0}, !>::{closure#0}>::{closure#0}
[INFO] [stdout]   13:     0x623a04023399 - <std[70759c8f55707aa4]::sys::sync::once::futex::Once>::call
[INFO] [stdout]   14:     0x623a03fc02ec - <std[70759c8f55707aa4]::sync::once_lock::OnceLock<memmap2[24922c3390678226]::Mmap>>::initialize::<<std[70759c8f55707aa4]::sync::once_lock::OnceLock<memmap2[24922c3390678226]::Mmap>>::get_or_init<pe_unwind_info[37a3d78731b27cdf]::x86_64::tests::get_fixture::{closure#0}>::{closure#0}, !>
[INFO] [stdout]   15:     0x623a03fc47f2 - pe_unwind_info[37a3d78731b27cdf]::x86_64::tests::assert_fixture_unwind
[INFO] [stdout]   16:     0x623a03fc4cc1 - <pe_unwind_info[37a3d78731b27cdf]::x86_64::tests::unwind_frame_1::{closure#0} as core[df12db4294e9bfd3]::ops::function::FnOnce<()>>::call_once
[INFO] [stdout]   17:     0x623a03fc861b - test[9d35eded1c95d3be]::__rust_begin_short_backtrace::<core[df12db4294e9bfd3]::result::Result<(), alloc[2182bb758b4b3781]::string::String>, fn() -> core[df12db4294e9bfd3]::result::Result<(), alloc[2182bb758b4b3781]::string::String>>
[INFO] [stdout]   18:     0x623a03fd5c85 - test[9d35eded1c95d3be]::run_test::{closure#0}
[INFO] [stdout]   19:     0x623a03fcf544 - std[70759c8f55707aa4]::sys::backtrace::__rust_begin_short_backtrace::<test[9d35eded1c95d3be]::run_test::{closure#1}, ()>
[INFO] [stdout]   20:     0x623a03fd8de2 - <std[70759c8f55707aa4]::thread::lifecycle::spawn_unchecked<test[9d35eded1c95d3be]::run_test::{closure#1}, ()>::{closure#1} as core[df12db4294e9bfd3]::ops::function::FnOnce<()>>::call_once::{shim:vtable#0}
[INFO] [stdout]   21:     0x623a04040cc9 - <std[70759c8f55707aa4]::sys::thread::unix::Thread>::new::thread_start
[INFO] [stdout]   22:     0x7a25ace5cdfa - <unknown>
[INFO] [stdout]   23:     0x7a25acef03d4 - clone
[INFO] [stdout]   24:                0x0 - <unknown>
[INFO] [stdout] 
[INFO] [stdout] ---- x86_64::tests::multiple_frames stdout ----
[INFO] [stdout] 
[INFO] [stdout] thread 'x86_64::tests::multiple_frames' (708) panicked at src/x86_64.rs:1081:18:
[INFO] [stdout] called `Result::unwrap()` on an `Err` value: Os { code: 2, kind: NotFound, message: "No such file or directory" }
[INFO] [stdout] stack backtrace:
[INFO] [stdout]    0:     0x623a040413f1 - <<std[70759c8f55707aa4]::sys::backtrace::BacktraceLock>::print::DisplayBacktrace as core[df12db4294e9bfd3]::fmt::Display>::fmt
[INFO] [stdout]    1:     0x623a04055eda - core[df12db4294e9bfd3]::fmt::write
[INFO] [stdout]    2:     0x623a0404588c - <alloc[2182bb758b4b3781]::vec::Vec<u8> as core[df12db4294e9bfd3]::io::write::Write>::write_fmt
[INFO] [stdout]    3:     0x623a0401d7e6 - std[70759c8f55707aa4]::panicking::default_hook::{closure#0}
[INFO] [stdout]    4:     0x623a04039aa9 - std[70759c8f55707aa4]::panicking::default_hook
[INFO] [stdout]    5:     0x623a03fd5330 - test[9d35eded1c95d3be]::test_main_inner::<test[9d35eded1c95d3be]::test_main_static::{closure#0}>::{closure#0}
[INFO] [stdout]    6:     0x623a04039c62 - std[70759c8f55707aa4]::panicking::panic_with_hook
[INFO] [stdout]    7:     0x623a0401d892 - std[70759c8f55707aa4]::panicking::panic_handler::{closure#0}
[INFO] [stdout]    8:     0x623a04016619 - std[70759c8f55707aa4]::sys::backtrace::__rust_end_short_backtrace::<std[70759c8f55707aa4]::panicking::panic_handler::{closure#0}, !>
[INFO] [stdout]    9:     0x623a0401e48d - __rustc[8fa7c3cbc660c2b3]::rust_begin_unwind
[INFO] [stdout]   10:     0x623a0405660c - core[df12db4294e9bfd3]::panicking::panic_fmt
[INFO] [stdout]   11:     0x623a040563e2 - core[df12db4294e9bfd3]::result::unwrap_failed
[INFO] [stdout]   12:     0x623a03fc043d - <std[70759c8f55707aa4]::sync::once::Once>::call_once_force::<<std[70759c8f55707aa4]::sync::once_lock::OnceLock<memmap2[24922c3390678226]::Mmap>>::initialize<<std[70759c8f55707aa4]::sync::once_lock::OnceLock<memmap2[24922c3390678226]::Mmap>>::get_or_init<pe_unwind_info[37a3d78731b27cdf]::x86_64::tests::get_fixture::{closure#0}>::{closure#0}, !>::{closure#0}>::{closure#0}
[INFO] [stdout]   13:     0x623a04023399 - <std[70759c8f55707aa4]::sys::sync::once::futex::Once>::call
[INFO] [stdout]   14:     0x623a03fc02ec - <std[70759c8f55707aa4]::sync::once_lock::OnceLock<memmap2[24922c3390678226]::Mmap>>::initialize::<<std[70759c8f55707aa4]::sync::once_lock::OnceLock<memmap2[24922c3390678226]::Mmap>>::get_or_init<pe_unwind_info[37a3d78731b27cdf]::x86_64::tests::get_fixture::{closure#0}>::{closure#0}, !>
[INFO] [stdout]   15:     0x623a03fc5367 - <pe_unwind_info[37a3d78731b27cdf]::x86_64::tests::multiple_frames::{closure#0} as core[df12db4294e9bfd3]::ops::function::FnOnce<()>>::call_once
[INFO] [stdout]   16:     0x623a03fc861b - test[9d35eded1c95d3be]::__rust_begin_short_backtrace::<core[df12db4294e9bfd3]::result::Result<(), alloc[2182bb758b4b3781]::string::String>, fn() -> core[df12db4294e9bfd3]::result::Result<(), alloc[2182bb758b4b3781]::string::String>>
[INFO] [stdout]   17:     0x623a03fd5c85 - test[9d35eded1c95d3be]::run_test::{closure#0}
[INFO] [stdout]   18:     0x623a03fcf544 - std[70759c8f55707aa4]::sys::backtrace::__rust_begin_short_backtrace::<test[9d35eded1c95d3be]::run_test::{closure#1}, ()>
[INFO] [stdout]   19:     0x623a03fd8de2 - <std[70759c8f55707aa4]::thread::lifecycle::spawn_unchecked<test[9d35eded1c95d3be]::run_test::{closure#1}, ()>::{closure#1} as core[df12db4294e9bfd3]::ops::function::FnOnce<()>>::call_once::{shim:vtable#0}
[INFO] [stdout]   20:     0x623a04040cc9 - <std[70759c8f55707aa4]::sys::thread::unix::Thread>::new::thread_start
[INFO] [stdout]   21:     0x7a25ace5cdfa - <unknown>
[INFO] [stdout]   22:     0x7a25acef03d4 - clone
[INFO] [stdout]   23:                0x0 - <unknown>
[INFO] [stdout] 
[INFO] [stdout] ---- x86_64::tests::unwind_frame_in_prolog stdout ----
[INFO] [stdout] 
[INFO] [stdout] thread 'x86_64::tests::unwind_frame_in_prolog' (713) panicked at src/x86_64.rs:1081:18:
[INFO] [stdout] called `Result::unwrap()` on an `Err` value: Os { code: 2, kind: NotFound, message: "No such file or directory" }
[INFO] [stdout] stack backtrace:
[INFO] [stdout]    0:     0x623a040413f1 - <<std[70759c8f55707aa4]::sys::backtrace::BacktraceLock>::print::DisplayBacktrace as core[df12db4294e9bfd3]::fmt::Display>::fmt
[INFO] [stdout]    1:     0x623a04055eda - core[df12db4294e9bfd3]::fmt::write
[INFO] [stdout]    2:     0x623a0404588c - <alloc[2182bb758b4b3781]::vec::Vec<u8> as core[df12db4294e9bfd3]::io::write::Write>::write_fmt
[INFO] [stdout]    3:     0x623a0401d7e6 - std[70759c8f55707aa4]::panicking::default_hook::{closure#0}
[INFO] [stdout]    4:     0x623a04039aa9 - std[70759c8f55707aa4]::panicking::default_hook
[INFO] [stdout]    5:     0x623a03fd5330 - test[9d35eded1c95d3be]::test_main_inner::<test[9d35eded1c95d3be]::test_main_static::{closure#0}>::{closure#0}
[INFO] [stdout]    6:     0x623a04039c62 - std[70759c8f55707aa4]::panicking::panic_with_hook
[INFO] [stdout]    7:     0x623a0401d892 - std[70759c8f55707aa4]::panicking::panic_handler::{closure#0}
[INFO] [stdout]    8:     0x623a04016619 - std[70759c8f55707aa4]::sys::backtrace::__rust_end_short_backtrace::<std[70759c8f55707aa4]::panicking::panic_handler::{closure#0}, !>
[INFO] [stdout]    9:     0x623a0401e48d - __rustc[8fa7c3cbc660c2b3]::rust_begin_unwind
[INFO] [stdout]   10:     0x623a0405660c - core[df12db4294e9bfd3]::panicking::panic_fmt
[INFO] [stdout]   11:     0x623a040563e2 - core[df12db4294e9bfd3]::result::unwrap_failed
[INFO] [stdout]   12:     0x623a03fc043d - <std[70759c8f55707aa4]::sync::once::Once>::call_once_force::<<std[70759c8f55707aa4]::sync::once_lock::OnceLock<memmap2[24922c3390678226]::Mmap>>::initialize<<std[70759c8f55707aa4]::sync::once_lock::OnceLock<memmap2[24922c3390678226]::Mmap>>::get_or_init<pe_unwind_info[37a3d78731b27cdf]::x86_64::tests::get_fixture::{closure#0}>::{closure#0}, !>::{closure#0}>::{closure#0}
[INFO] [stdout]   13:     0x623a04023399 - <std[70759c8f55707aa4]::sys::sync::once::futex::Once>::call
[INFO] [stdout]   14:     0x623a03fc02ec - <std[70759c8f55707aa4]::sync::once_lock::OnceLock<memmap2[24922c3390678226]::Mmap>>::initialize::<<std[70759c8f55707aa4]::sync::once_lock::OnceLock<memmap2[24922c3390678226]::Mmap>>::get_or_init<pe_unwind_info[37a3d78731b27cdf]::x86_64::tests::get_fixture::{closure#0}>::{closure#0}, !>
[INFO] [stdout]   15:     0x623a03fc47f2 - pe_unwind_info[37a3d78731b27cdf]::x86_64::tests::assert_fixture_unwind
[INFO] [stdout]   16:     0x623a03fc56aa - <pe_unwind_info[37a3d78731b27cdf]::x86_64::tests::unwind_frame_in_prolog::{closure#0} as core[df12db4294e9bfd3]::ops::function::FnOnce<()>>::call_once
[INFO] [stdout]   17:     0x623a03fc861b - test[9d35eded1c95d3be]::__rust_begin_short_backtrace::<core[df12db4294e9bfd3]::result::Result<(), alloc[2182bb758b4b3781]::string::String>, fn() -> core[df12db4294e9bfd3]::result::Result<(), alloc[2182bb758b4b3781]::string::String>>
[INFO] [stdout]   18:     0x623a03fd5c85 - test[9d35eded1c95d3be]::run_test::{closure#0}
[INFO] [stdout]   19:     0x623a03fcf544 - std[70759c8f55707aa4]::sys::backtrace::__rust_begin_short_backtrace::<test[9d35eded1c95d3be]::run_test::{closure#1}, ()>
[INFO] [stdout]   20:     0x623a03fd8de2 - <std[70759c8f55707aa4]::thread::lifecycle::spawn_unchecked<test[9d35eded1c95d3be]::run_test::{closure#1}, ()>::{closure#1} as core[df12db4294e9bfd3]::ops::function::FnOnce<()>>::call_once::{shim:vtable#0}
[INFO] [stdout]   21:     0x623a04040cc9 - <std[70759c8f55707aa4]::sys::thread::unix::Thread>::new::thread_start
[INFO] [stdout]   22:     0x7a25ace5cdfa - <unknown>
[INFO] [stdout]   23:     0x7a25acef03d4 - clone
[INFO] [stdout]   24:                0x0 - <unknown>
[INFO] [stdout] 
[INFO] [stdout] ---- x86_64::tests::unwind_frame_in_epilog_middle stdout ----
[INFO] [stdout] 
[INFO] [stdout] thread 'x86_64::tests::unwind_frame_in_epilog_middle' (712) panicked at src/x86_64.rs:1081:18:
[INFO] [stdout] called `Result::unwrap()` on an `Err` value: Os { code: 2, kind: NotFound, message: "No such file or directory" }
[INFO] [stdout] stack backtrace:
[INFO] [stdout]    0:     0x623a040413f1 - <<std[70759c8f55707aa4]::sys::backtrace::BacktraceLock>::print::DisplayBacktrace as core[df12db4294e9bfd3]::fmt::Display>::fmt
[INFO] [stdout]    1:     0x623a04055eda - core[df12db4294e9bfd3]::fmt::write
[INFO] [stdout]    2:     0x623a0404588c - <alloc[2182bb758b4b3781]::vec::Vec<u8> as core[df12db4294e9bfd3]::io::write::Write>::write_fmt
[INFO] [stdout]    3:     0x623a0401d7e6 - std[70759c8f55707aa4]::panicking::default_hook::{closure#0}
[INFO] [stdout]    4:     0x623a04039aa9 - std[70759c8f55707aa4]::panicking::default_hook
[INFO] [stdout]    5:     0x623a03fd5330 - test[9d35eded1c95d3be]::test_main_inner::<test[9d35eded1c95d3be]::test_main_static::{closure#0}>::{closure#0}
[INFO] [stdout]    6:     0x623a04039c62 - std[70759c8f55707aa4]::panicking::panic_with_hook
[INFO] [stdout]    7:     0x623a0401d892 - std[70759c8f55707aa4]::panicking::panic_handler::{closure#0}
[INFO] [stdout]    8:     0x623a04016619 - std[70759c8f55707aa4]::sys::backtrace::__rust_end_short_backtrace::<std[70759c8f55707aa4]::panicking::panic_handler::{closure#0}, !>
[INFO] [stdout]    9:     0x623a0401e48d - __rustc[8fa7c3cbc660c2b3]::rust_begin_unwind
[INFO] [stdout]   10:     0x623a0405660c - core[df12db4294e9bfd3]::panicking::panic_fmt
[INFO] [stdout]   11:     0x623a040563e2 - core[df12db4294e9bfd3]::result::unwrap_failed
[INFO] [stdout]   12:     0x623a03fc043d - <std[70759c8f55707aa4]::sync::once::Once>::call_once_force::<<std[70759c8f55707aa4]::sync::once_lock::OnceLock<memmap2[24922c3390678226]::Mmap>>::initialize<<std[70759c8f55707aa4]::sync::once_lock::OnceLock<memmap2[24922c3390678226]::Mmap>>::get_or_init<pe_unwind_info[37a3d78731b27cdf]::x86_64::tests::get_fixture::{closure#0}>::{closure#0}, !>::{closure#0}>::{closure#0}
[INFO] [stdout]   13:     0x623a04023399 - <std[70759c8f55707aa4]::sys::sync::once::futex::Once>::call
[INFO] [stdout]   14:     0x623a03fc02ec - <std[70759c8f55707aa4]::sync::once_lock::OnceLock<memmap2[24922c3390678226]::Mmap>>::initialize::<<std[70759c8f55707aa4]::sync::once_lock::OnceLock<memmap2[24922c3390678226]::Mmap>>::get_or_init<pe_unwind_info[37a3d78731b27cdf]::x86_64::tests::get_fixture::{closure#0}>::{closure#0}, !>
[INFO] [stdout]   15:     0x623a03fc47f2 - pe_unwind_info[37a3d78731b27cdf]::x86_64::tests::assert_fixture_unwind
[INFO] [stdout]   16:     0x623a03fc5969 - <pe_unwind_info[37a3d78731b27cdf]::x86_64::tests::unwind_frame_in_epilog_middle::{closure#0} as core[df12db4294e9bfd3]::ops::function::FnOnce<()>>::call_once
[INFO] [stdout]   17:     0x623a03fc861b - test[9d35eded1c95d3be]::__rust_begin_short_backtrace::<core[df12db4294e9bfd3]::result::Result<(), alloc[2182bb758b4b3781]::string::String>, fn() -> core[df12db4294e9bfd3]::result::Result<(), alloc[2182bb758b4b3781]::string::String>>
[INFO] [stdout]   18:     0x623a03fd5c85 - test[9d35eded1c95d3be]::run_test::{closure#0}
[INFO] [stdout]   19:     0x623a03fcf544 - std[70759c8f55707aa4]::sys::backtrace::__rust_begin_short_backtrace::<test[9d35eded1c95d3be]::run_test::{closure#1}, ()>
[INFO] [stdout]   20:     0x623a03fd8de2 - <std[70759c8f55707aa4]::thread::lifecycle::spawn_unchecked<test[9d35eded1c95d3be]::run_test::{closure#1}, ()>::{closure#1} as core[df12db4294e9bfd3]::ops::function::FnOnce<()>>::call_once::{shim:vtable#0}
[INFO] [stdout]   21:     0x623a04040cc9 - <std[70759c8f55707aa4]::sys::thread::unix::Thread>::new::thread_start
[INFO] [stdout]   22:     0x7a25ace5cdfa - <unknown>
[INFO] [stdout]   23:     0x7a25acef03d4 - clone
[INFO] [stdout]   24:                0x0 - <unknown>
[INFO] [stdout] 
[INFO] [stdout] ---- x86_64::tests::unwind_frame_in_epilog_beginning stdout ----
[INFO] [stdout] 
[INFO] [stdout] thread 'x86_64::tests::unwind_frame_in_epilog_beginning' (711) panicked at src/x86_64.rs:1081:18:
[INFO] [stdout] called `Result::unwrap()` on an `Err` value: Os { code: 2, kind: NotFound, message: "No such file or directory" }
[INFO] [stdout] stack backtrace:
[INFO] [stdout]    0:     0x623a040413f1 - <<std[70759c8f55707aa4]::sys::backtrace::BacktraceLock>::print::DisplayBacktrace as core[df12db4294e9bfd3]::fmt::Display>::fmt
[INFO] [stdout]    1:     0x623a04055eda - core[df12db4294e9bfd3]::fmt::write
[INFO] [stdout]    2:     0x623a0404588c - <alloc[2182bb758b4b3781]::vec::Vec<u8> as core[df12db4294e9bfd3]::io::write::Write>::write_fmt
[INFO] [stdout]    3:     0x623a0401d7e6 - std[70759c8f55707aa4]::panicking::default_hook::{closure#0}
[INFO] [stdout]    4:     0x623a04039aa9 - std[70759c8f55707aa4]::panicking::default_hook
[INFO] [stdout]    5:     0x623a03fd5330 - test[9d35eded1c95d3be]::test_main_inner::<test[9d35eded1c95d3be]::test_main_static::{closure#0}>::{closure#0}
[INFO] [stdout]    6:     0x623a04039c62 - std[70759c8f55707aa4]::panicking::panic_with_hook
[INFO] [stdout]    7:     0x623a0401d892 - std[70759c8f55707aa4]::panicking::panic_handler::{closure#0}
[INFO] [stdout]    8:     0x623a04016619 - std[70759c8f55707aa4]::sys::backtrace::__rust_end_short_backtrace::<std[70759c8f55707aa4]::panicking::panic_handler::{closure#0}, !>
[INFO] [stdout]    9:     0x623a0401e48d - __rustc[8fa7c3cbc660c2b3]::rust_begin_unwind
[INFO] [stdout]   10:     0x623a0405660c - core[df12db4294e9bfd3]::panicking::panic_fmt
[INFO] [stdout]   11:     0x623a040563e2 - core[df12db4294e9bfd3]::result::unwrap_failed
[INFO] [stdout]   12:     0x623a03fc043d - <std[70759c8f55707aa4]::sync::once::Once>::call_once_force::<<std[70759c8f55707aa4]::sync::once_lock::OnceLock<memmap2[24922c3390678226]::Mmap>>::initialize<<std[70759c8f55707aa4]::sync::once_lock::OnceLock<memmap2[24922c3390678226]::Mmap>>::get_or_init<pe_unwind_info[37a3d78731b27cdf]::x86_64::tests::get_fixture::{closure#0}>::{closure#0}, !>::{closure#0}>::{closure#0}
[INFO] [stdout]   13:     0x623a04023399 - <std[70759c8f55707aa4]::sys::sync::once::futex::Once>::call
[INFO] [stdout]   14:     0x623a03fc02ec - <std[70759c8f55707aa4]::sync::once_lock::OnceLock<memmap2[24922c3390678226]::Mmap>>::initialize::<<std[70759c8f55707aa4]::sync::once_lock::OnceLock<memmap2[24922c3390678226]::Mmap>>::get_or_init<pe_unwind_info[37a3d78731b27cdf]::x86_64::tests::get_fixture::{closure#0}>::{closure#0}, !>
[INFO] [stdout]   15:     0x623a03fc47f2 - pe_unwind_info[37a3d78731b27cdf]::x86_64::tests::assert_fixture_unwind
[INFO] [stdout]   16:     0x623a03fc5c4c - <pe_unwind_info[37a3d78731b27cdf]::x86_64::tests::unwind_frame_in_epilog_beginning::{closure#0} as core[df12db4294e9bfd3]::ops::function::FnOnce<()>>::call_once
[INFO] [stdout]   17:     0x623a03fc861b - test[9d35eded1c95d3be]::__rust_begin_short_backtrace::<core[df12db4294e9bfd3]::result::Result<(), alloc[2182bb758b4b3781]::string::String>, fn() -> core[df12db4294e9bfd3]::result::Result<(), alloc[2182bb758b4b3781]::string::String>>
[INFO] [stdout]   18:     0x623a03fd5c85 - test[9d35eded1c95d3be]::run_test::{closure#0}
[INFO] [stdout]   19:     0x623a03fcf544 - std[70759c8f55707aa4]::sys::backtrace::__rust_begin_short_backtrace::<test[9d35eded1c95d3be]::run_test::{closure#1}, ()>
[INFO] [stdout]   20:     0x623a03fd8de2 - <std[70759c8f55707aa4]::thread::lifecycle::spawn_unchecked<test[9d35eded1c95d3be]::run_test::{closure#1}, ()>::{closure#1} as core[df12db4294e9bfd3]::ops::function::FnOnce<()>>::call_once::{shim:vtable#0}
[INFO] [stdout]   21:     0x623a04040cc9 - <std[70759c8f55707aa4]::sys::thread::unix::Thread>::new::thread_start
[INFO] [stdout]   22:     0x7a25ace5cdfa - <unknown>
[INFO] [stdout]   23:     0x7a25acef03d4 - clone
[INFO] [stdout]   24:                0x0 - <unknown>
[INFO] [stdout] 
[INFO] [stdout] ---- x86_64::tests::unwind_frame_2 stdout ----
[INFO] [stdout] 
[INFO] [stdout] thread 'x86_64::tests::unwind_frame_2' (710) panicked at src/x86_64.rs:1081:18:
[INFO] [stdout] called `Result::unwrap()` on an `Err` value: Os { code: 2, kind: NotFound, message: "No such file or directory" }
[INFO] [stdout] stack backtrace:
[INFO] [stdout]    0:     0x623a040413f1 - <<std[70759c8f55707aa4]::sys::backtrace::BacktraceLock>::print::DisplayBacktrace as core[df12db4294e9bfd3]::fmt::Display>::fmt
[INFO] [stdout]    1:     0x623a04055eda - core[df12db4294e9bfd3]::fmt::write
[INFO] [stdout]    2:     0x623a0404588c - <alloc[2182bb758b4b3781]::vec::Vec<u8> as core[df12db4294e9bfd3]::io::write::Write>::write_fmt
[INFO] [stdout]    3:     0x623a0401d7e6 - std[70759c8f55707aa4]::panicking::default_hook::{closure#0}
[INFO] [stdout]    4:     0x623a04039aa9 - std[70759c8f55707aa4]::panicking::default_hook
[INFO] [stdout]    5:     0x623a03fd5330 - test[9d35eded1c95d3be]::test_main_inner::<test[9d35eded1c95d3be]::test_main_static::{closure#0}>::{closure#0}
[INFO] [stdout]    6:     0x623a04039c62 - std[70759c8f55707aa4]::panicking::panic_with_hook
[INFO] [stdout]    7:     0x623a0401d892 - std[70759c8f55707aa4]::panicking::panic_handler::{closure#0}
[INFO] [stdout]    8:     0x623a04016619 - std[70759c8f55707aa4]::sys::backtrace::__rust_end_short_backtrace::<std[70759c8f55707aa4]::panicking::panic_handler::{closure#0}, !>
[INFO] [stdout]    9:     0x623a0401e48d - __rustc[8fa7c3cbc660c2b3]::rust_begin_unwind
[INFO] [stdout]   10:     0x623a0405660c - core[df12db4294e9bfd3]::panicking::panic_fmt
[INFO] [stdout]   11:     0x623a040563e2 - core[df12db4294e9bfd3]::result::unwrap_failed
[INFO] [stdout]   12:     0x623a03fc043d - <std[70759c8f55707aa4]::sync::once::Once>::call_once_force::<<std[70759c8f55707aa4]::sync::once_lock::OnceLock<memmap2[24922c3390678226]::Mmap>>::initialize<<std[70759c8f55707aa4]::sync::once_lock::OnceLock<memmap2[24922c3390678226]::Mmap>>::get_or_init<pe_unwind_info[37a3d78731b27cdf]::x86_64::tests::get_fixture::{closure#0}>::{closure#0}, !>::{closure#0}>::{closure#0}
[INFO] [stdout]   13:     0x623a04023399 - <std[70759c8f55707aa4]::sys::sync::once::futex::Once>::call
[INFO] [stdout]   14:     0x623a03fc02ec - <std[70759c8f55707aa4]::sync::once_lock::OnceLock<memmap2[24922c3390678226]::Mmap>>::initialize::<<std[70759c8f55707aa4]::sync::once_lock::OnceLock<memmap2[24922c3390678226]::Mmap>>::get_or_init<pe_unwind_info[37a3d78731b27cdf]::x86_64::tests::get_fixture::{closure#0}>::{closure#0}, !>
[INFO] [stdout]   15:     0x623a03fc47f2 - pe_unwind_info[37a3d78731b27cdf]::x86_64::tests::assert_fixture_unwind
[INFO] [stdout]   16:     0x623a03fc4f6c - <pe_unwind_info[37a3d78731b27cdf]::x86_64::tests::unwind_frame_2::{closure#0} as core[df12db4294e9bfd3]::ops::function::FnOnce<()>>::call_once
[INFO] [stdout]   17:     0x623a03fc861b - test[9d35eded1c95d3be]::__rust_begin_short_backtrace::<core[df12db4294e9bfd3]::result::Result<(), alloc[2182bb758b4b3781]::string::String>, fn() -> core[df12db4294e9bfd3]::result::Result<(), alloc[2182bb758b4b3781]::string::String>>
[INFO] [stdout]   18:     0x623a03fd5c85 - test[9d35eded1c95d3be]::run_test::{closure#0}
[INFO] [stdout]   19:     0x623a03fcf544 - std[70759c8f55707aa4]::sys::backtrace::__rust_begin_short_backtrace::<test[9d35eded1c95d3be]::run_test::{closure#1}, ()>
[INFO] [stdout]   20:     0x623a03fd8de2 - <std[70759c8f55707aa4]::thread::lifecycle::spawn_unchecked<test[9d35eded1c95d3be]::run_test::{closure#1}, ()>::{closure#1} as core[df12db4294e9bfd3]::ops::function::FnOnce<()>>::call_once::{shim:vtable#0}
[INFO] [stdout]   21:     0x623a04040cc9 - <std[70759c8f55707aa4]::sys::thread::unix::Thread>::new::thread_start
[INFO] [stdout]   22:     0x7a25ace5cdfa - <unknown>
[INFO] [stdout]   23:     0x7a25acef03d4 - clone
[INFO] [stdout]   24:                0x0 - <unknown>
[INFO] [stdout] 
[INFO] [stdout] 
[INFO] [stdout] failures:
[INFO] [stdout]     x86_64::tests::multiple_frames
[INFO] [stdout]     x86_64::tests::unwind_frame_1
[INFO] [stdout]     x86_64::tests::unwind_frame_2
[INFO] [stdout]     x86_64::tests::unwind_frame_in_epilog_beginning
[INFO] [stdout]     x86_64::tests::unwind_frame_in_epilog_middle
[INFO] [stdout]     x86_64::tests::unwind_frame_in_prolog
[INFO] [stdout] 
[INFO] [stdout] test result: FAILED. 2 passed; 6 failed; 0 ignored; 0 measured; 0 filtered out; finished in 0.01s
[INFO] [stdout] 
[INFO] [stderr] error: test failed, to rerun pass `--lib`
[INFO] running `Command { std: "docker" "inspect" "2aad8bd603a8c1bcaa5e57fa5438582d44cc8174e0df9045b45af72f17870479", kill_on_drop: false }`
[INFO] running `Command { std: "docker" "rm" "-f" "2aad8bd603a8c1bcaa5e57fa5438582d44cc8174e0df9045b45af72f17870479", kill_on_drop: false }`
[INFO] [stdout] 2aad8bd603a8c1bcaa5e57fa5438582d44cc8174e0df9045b45af72f17870479
