[INFO] fetching crate pds-cli 0.1.1...
[INFO] testing pds-cli-0.1.1 against 1.100.0-beta.1+cargoflags=--release for beta-release-1.100-2
[INFO] extracting crate pds-cli 0.1.1 into /workspace/builds/worker-5-tc2/source
[INFO] started tweaking crates.io crate pds-cli 0.1.1
[INFO] removed 0 missing tests
[INFO] finished tweaking crates.io crate pds-cli 0.1.1
[INFO] tweaked toml for crates.io crate pds-cli 0.1.1 written to /workspace/builds/worker-5-tc2/source/Cargo.toml
[INFO] validating manifest of crates.io crate pds-cli 0.1.1 on toolchain 1.100.0-beta.1
[INFO] running `Command { std: CARGO_HOME="/workspace/cargo-home" RUSTUP_HOME="/workspace/rustup-home" "/workspace/cargo-home/bin/cargo" "+1.100.0-beta.1" "metadata" "--manifest-path" "Cargo.toml" "--no-deps", kill_on_drop: false }`
[INFO] crate crates.io crate pds-cli 0.1.1 already has a lockfile, it will not be regenerated
[INFO] running `Command { std: CARGO_HOME="/workspace/cargo-home" RUSTUP_HOME="/workspace/rustup-home" "/workspace/cargo-home/bin/cargo" "+1.100.0-beta.1" "fetch" "--manifest-path" "Cargo.toml", kill_on_drop: false }`
[INFO] running `Command { std: "docker" "create" "-v" "/var/lib/crater-agent-workspace/builds/worker-5-tc2/source:/opt/rustwide/workdir:ro,Z" "-v" "/var/lib/crater-agent-workspace/builds/worker-5-tc2/target:/opt/rustwide/target:rw,Z" "-v" "/var/lib/crater-agent-workspace/cargo-home:/opt/rustwide/cargo-home:ro,Z" "-v" "/var/lib/crater-agent-workspace/rustup-home:/opt/rustwide/rustup-home:ro,Z" "-m" "1610612736" "--network" "none" "ghcr.io/rust-lang/crates-build-env/linux@sha256:77db811e55d90add9212f6832c23229e3de5f1c1f9905e8cb07319ea15df73ac" "sleep" "infinity", kill_on_drop: false }`
[INFO] [stdout] 2745207647d474e542237b80b8bfcfdaee3fbc77c4d182cef96b47d4c9229f9d
[INFO] running `Command { std: "docker" "start" "2745207647d474e542237b80b8bfcfdaee3fbc77c4d182cef96b47d4c9229f9d", kill_on_drop: false }`
[INFO] running `Command { std: "docker" "inspect" "2745207647d474e542237b80b8bfcfdaee3fbc77c4d182cef96b47d4c9229f9d", kill_on_drop: false }`
[INFO] running `Command { std: "docker" "exec" "-e" "SOURCE_DIR=/opt/rustwide/workdir" "-e" "CARGO_HOME=/opt/rustwide/cargo-home" "-e" "RUSTUP_HOME=/opt/rustwide/rustup-home" "-e" "CARGO_TARGET_DIR=/opt/rustwide/target" "-w" "/opt/rustwide/workdir" "--user" "0:0" "2745207647d474e542237b80b8bfcfdaee3fbc77c4d182cef96b47d4c9229f9d" "/opt/rustwide/cargo-home/bin/cargo" "+1.100.0-beta.1" "metadata" "--no-deps" "--format-version=1", kill_on_drop: false }`
[INFO] running `Command { std: "docker" "inspect" "2745207647d474e542237b80b8bfcfdaee3fbc77c4d182cef96b47d4c9229f9d", kill_on_drop: false }`
[INFO] running `Command { std: "docker" "exec" "-e" "SOURCE_DIR=/opt/rustwide/workdir" "-e" "CARGO_HOME=/opt/rustwide/cargo-home" "-e" "RUSTUP_HOME=/opt/rustwide/rustup-home" "-e" "CARGO_TARGET_DIR=/opt/rustwide/target" "-e" "CARGO_INCREMENTAL=0" "-e" "RUST_BACKTRACE=full" "-e" "RUSTFLAGS=--cap-lints=warn" "-e" "RUSTDOCFLAGS=--cap-lints=warn" "-w" "/opt/rustwide/workdir" "--user" "0:0" "2745207647d474e542237b80b8bfcfdaee3fbc77c4d182cef96b47d4c9229f9d" "/opt/rustwide/cargo-home/bin/cargo" "+1.100.0-beta.1" "build" "--frozen" "--message-format=json" "--release", kill_on_drop: false }`
[INFO] [stderr]    Compiling clap_derive v4.6.1
[INFO] [stderr]    Compiling serde v1.0.228
[INFO] [stderr]    Compiling serde_spanned v0.6.9
[INFO] [stderr]    Compiling toml_datetime v0.6.11
[INFO] [stderr]    Compiling toml_edit v0.22.27
[INFO] [stderr]    Compiling clap v4.6.1
[INFO] [stderr]    Compiling toml v0.8.23
[INFO] [stderr]    Compiling pds-core v0.1.1
[INFO] [stderr]    Compiling pds-cli v0.1.1 (/opt/rustwide/workdir)
[INFO] [stderr]     Finished `release` profile [optimized] target(s) in 17.93s
[INFO] running `Command { std: "docker" "inspect" "2745207647d474e542237b80b8bfcfdaee3fbc77c4d182cef96b47d4c9229f9d", kill_on_drop: false }`
[INFO] running `Command { std: "docker" "exec" "-e" "SOURCE_DIR=/opt/rustwide/workdir" "-e" "CARGO_HOME=/opt/rustwide/cargo-home" "-e" "RUSTUP_HOME=/opt/rustwide/rustup-home" "-e" "CARGO_TARGET_DIR=/opt/rustwide/target" "-e" "CARGO_INCREMENTAL=0" "-e" "RUST_BACKTRACE=full" "-e" "RUSTFLAGS=--cap-lints=warn" "-e" "RUSTDOCFLAGS=--cap-lints=warn" "-w" "/opt/rustwide/workdir" "--user" "0:0" "2745207647d474e542237b80b8bfcfdaee3fbc77c4d182cef96b47d4c9229f9d" "/opt/rustwide/cargo-home/bin/cargo" "+1.100.0-beta.1" "test" "--frozen" "--no-run" "--message-format=json" "--release", kill_on_drop: false }`
[INFO] [stderr]    Compiling regex-automata v0.4.14
[INFO] [stderr]    Compiling predicates-core v1.0.10
[INFO] [stderr]    Compiling assert_cmd v2.2.2
[INFO] [stderr]    Compiling difflib v0.4.0
[INFO] [stderr]    Compiling bitflags v2.13.0
[INFO] [stderr]    Compiling normalize-line-endings v0.3.0
[INFO] [stderr]    Compiling float-cmp v0.10.0
[INFO] [stderr]    Compiling termtree v0.5.1
[INFO] [stderr]    Compiling wait-timeout v0.2.1
[INFO] [stderr]    Compiling getrandom v0.4.2
[INFO] [stderr]    Compiling fastrand v2.4.1
[INFO] [stderr]    Compiling predicates-tree v1.0.13
[INFO] [stderr]    Compiling rustix v1.1.4
[INFO] [stderr]    Compiling tempfile v3.27.0
[INFO] [stderr]    Compiling regex v1.12.3
[INFO] [stderr]    Compiling bstr v1.12.1
[INFO] [stderr]    Compiling predicates v3.1.4
[INFO] [stderr]    Compiling pds-cli v0.1.1 (/opt/rustwide/workdir)
[INFO] [stderr]     Finished `release` profile [optimized] target(s) in 18.33s
[INFO] running `Command { std: "docker" "inspect" "2745207647d474e542237b80b8bfcfdaee3fbc77c4d182cef96b47d4c9229f9d", kill_on_drop: false }`
[INFO] running `Command { std: "docker" "exec" "-e" "SOURCE_DIR=/opt/rustwide/workdir" "-e" "CARGO_HOME=/opt/rustwide/cargo-home" "-e" "RUSTUP_HOME=/opt/rustwide/rustup-home" "-e" "CARGO_TARGET_DIR=/opt/rustwide/target" "-e" "CARGO_INCREMENTAL=0" "-e" "RUST_BACKTRACE=full" "-e" "RUSTFLAGS=--cap-lints=warn" "-e" "RUSTDOCFLAGS=--cap-lints=warn" "-w" "/opt/rustwide/workdir" "--user" "0:0" "2745207647d474e542237b80b8bfcfdaee3fbc77c4d182cef96b47d4c9229f9d" "/opt/rustwide/cargo-home/bin/cargo" "+1.100.0-beta.1" "test" "--frozen" "--release", kill_on_drop: false }`
[INFO] [stderr]     Finished `release` profile [optimized] target(s) in 0.09s
[INFO] [stderr]      Running unittests src/main.rs (/opt/rustwide/target/release/build/pds-cli/7c73fc103798537c/out/pds-7c73fc103798537c)
[INFO] [stdout] 
[INFO] [stdout] running 0 tests
[INFO] [stdout] 
[INFO] [stdout] test result: ok. 0 passed; 0 failed; 0 ignored; 0 measured; 0 filtered out; finished in 0.00s
[INFO] [stdout] 
[INFO] [stderr]      Running tests/cli.rs (/opt/rustwide/target/release/build/pds-cli/d40f8aad5ed309c0/out/cli-d40f8aad5ed309c0)
[INFO] [stdout] 
[INFO] [stdout] running 65 tests
[INFO] [stdout] test check_ubc_check_fails_but_build_runs_and_produces_needs_json ... ok
[INFO] [stdout] test build_missing_builder_program_is_tool_error ... ok
[INFO] [stdout] test build_without_config_emits_config_error ... ok
[INFO] [stdout] test check_ubc_both_steps_fail_emits_two_ordered_findings ... ok
[INFO] [stdout] test build_exit_zero_but_no_needs_json_is_tool_error ... ok
[INFO] [stdout] test check_missing_builder_program_is_tool_error ... ok
[INFO] [stdout] test check_ubc_both_steps_pass_emits_clean_outcome ... ok
[INFO] [stdout] test bad_builder_value_surfaces_as_config_error ... ok
[INFO] [stdout] test build_child_chatter_stays_off_pds_stdout ... ok
[INFO] [stdout] test check_sphinx_failure_emits_single_build_finding ... ok
[INFO] [stdout] test check_builder_failure_skips_verdict_check ... ok
[INFO] [stdout] test dedup_github_backend_is_tool_error ... ok
[INFO] [stdout] test build_ubc_via_path_succeeds ... ok
[INFO] [stdout] test build_sphinx_success_emits_clean_outcome_with_needs_json_path ... ok
[INFO] [stdout] test dedup_missing_issue_role_is_config_error ... ok
[INFO] [stdout] test check_sphinx_success_emits_clean_outcome ... ok
[INFO] [stdout] test check_without_config_emits_config_error ... ok
[INFO] [stdout] test dedup_empty_candidate_is_config_error ... ok
[INFO] [stdout] test fingerprint_github_backend_is_tool_error ... ok
[INFO] [stdout] test config_flag_pointing_at_missing_file_is_config_error ... ok
[INFO] [stdout] test dedup_build_failure_surfaces_findings_under_dedup_verb ... ok
[INFO] [stdout] test dedup_non_issue_hit_does_not_gate ... ok
[INFO] [stdout] test check_clean_when_verdict_passes_and_fresh ... ok
[INFO] [stdout] test check_with_builder_failure_does_not_run_lint ... ok
[INFO] [stdout] test build_failure_emits_failed_outcome_with_findings ... ok
[INFO] [stdout] test dedup_invalid_threshold_flag_is_config_error ... ok
[INFO] [stdout] test fingerprint_build_failure_surfaces_findings_under_fingerprint_verb ... ok
[INFO] [stdout] test dedup_near_copy_of_existing_issue_exits_one_duplicate ... ok
[INFO] [stdout] test check_with_verdicts_table_appends_verdict_findings ... ok
[INFO] [stdout] test fingerprint_matches_pds_core_for_the_same_need ... ok
[INFO] [stdout] test dedup_novel_candidate_exits_zero_unique ... ok
[INFO] [stdout] test lint_with_no_table_is_clean_and_does_not_build ... ok
[INFO] [stdout] test next_missing_issue_role_is_config_error ... ok
[INFO] [stdout] test fingerprint_unknown_id_is_config_error_naming_it ... ok
[INFO] [stdout] test check_with_lint_table_appends_lint_findings_after_builder ... ok
[INFO] [stdout] test next_github_backend_is_tool_error_naming_gh_command ... ok
[INFO] [stdout] test next_build_failure_surfaces_findings_under_next_verb ... ok
[INFO] [stdout] test search_empty_query_is_config_error ... ok
[INFO] [stdout] test check_with_both_lint_and_verdict_tables_both_findings_coexist ... ok
[INFO] [stdout] test status_github_backend_is_tool_error_naming_gh ... ok
[INFO] [stdout] test next_with_no_ready_issue_is_clean_none_ready ... ok
[INFO] [stdout] test search_build_failure_surfaces_findings_under_search_verb ... ok
[INFO] [stdout] test status_missing_issue_role_is_config_error ... ok
[INFO] [stdout] test next_emits_lowest_ready_issue_with_links ... ok
[INFO] [stdout] test lint_required_sections_on_undeclared_directive_is_config_error ... ok
[INFO] [stdout] test search_github_backend_is_tool_error_naming_gh ... ok
[INFO] [stdout] test unknown_subcommand_exits_two ... ok
[INFO] [stdout] test dedup_threshold_flag_flips_the_verdict ... ok
[INFO] [stdout] test verdict_check_missing_verdict_role_is_config_error ... ok
[INFO] [stdout] test fingerprint_prints_the_need_fingerprint ... ok
[INFO] [stdout] test fingerprint_includes_content_in_the_hash ... ok
[INFO] [stdout] test version_flag_succeeds ... FAILED
[INFO] [stdout] test lint_with_violations_exits_one_with_namespaced_findings ... ok
[INFO] [stdout] test verdict_check_passing_fresh_verdict_exits_zero ... ok
[INFO] [stdout] test verdict_check_without_table_is_clean_and_does_not_build ... ok
[INFO] [stdout] test verdict_check_failing_axes_exits_one ... ok
[INFO] [stdout] test search_with_no_matches_is_clean_empty_hits ... ok
[INFO] [stdout] test verdict_check_undeclared_rubric_in_require_is_config_error ... ok
[INFO] [stdout] test search_ranks_hits_with_engine_and_normalized_scores ... ok
[INFO] [stdout] test verdict_check_stale_message_carries_recomputed_fingerprint ... ok
[INFO] [stdout] test status_emits_per_status_counts ... ok
[INFO] [stdout] test lint_exempts_done_status_needs_but_not_statusless_ones ... ok
[INFO] [stdout] test verdict_check_malformed_names_the_verdict ... ok
[INFO] [stdout] test lint_clean_corpus_exits_zero ... ok
[INFO] [stdout] test verdict_check_missing_exits_one ... ok
[INFO] [stdout] 
[INFO] [stdout] failures:
[INFO] [stdout] 
[INFO] [stdout] ---- version_flag_succeeds stdout ----
[INFO] [stdout] 
[INFO] [stdout] thread 'version_flag_succeeds' (1045) panicked at tests/cli.rs:67:10:
[INFO] [stdout] Unexpected stdout, failed var.contains(0.1.0)
[INFO] [stdout] ├── var: pds 0.1.1
[INFO] [stdout] └── var as str: pds 0.1.1
[INFO] [stdout] 
[INFO] [stdout] command=`"/opt/rustwide/target/release/pds" "--version"`
[INFO] [stdout] code=0
[INFO] [stdout] stdout="pds 0.1.1\n"
[INFO] [stdout] stderr=""
[INFO] [stdout] 
[INFO] [stdout] stack backtrace:
[INFO] [stdout]    0:     0x56422888a931 - <<std[617be2ca0a6fd877]::sys::backtrace::BacktraceLock>::print::DisplayBacktrace as core[a373ad73a504971]::fmt::Display>::fmt
[INFO] [stdout]    1:     0x5642288a185a - core[a373ad73a504971]::fmt::write
[INFO] [stdout]    2:     0x56422889022c - <alloc[2e1b2a31b91974c5]::vec::Vec<u8> as core[a373ad73a504971]::io::write::Write>::write_fmt
[INFO] [stdout]    3:     0x564228864a06 - std[617be2ca0a6fd877]::panicking::default_hook::{closure#0}
[INFO] [stdout]    4:     0x5642288821a9 - std[617be2ca0a6fd877]::panicking::default_hook
[INFO] [stdout]    5:     0x564228805ea0 - test[aada8e7e76ba119b]::test_main_inner::{closure#0}
[INFO] [stdout]    6:     0x564228882362 - std[617be2ca0a6fd877]::panicking::panic_with_hook
[INFO] [stdout]    7:     0x564228864ab2 - std[617be2ca0a6fd877]::panicking::panic_handler::{closure#0}
[INFO] [stdout]    8:     0x56422885d519 - std[617be2ca0a6fd877]::sys::backtrace::__rust_end_short_backtrace::<std[617be2ca0a6fd877]::panicking::panic_handler::{closure#0}, !>
[INFO] [stdout]    9:     0x56422886577d - __rustc[ea4f61d10b84890b]::rust_begin_unwind
[INFO] [stdout]   10:     0x5642288a200c - core[a373ad73a504971]::panicking::panic_fmt
[INFO] [stdout]   11:     0x5642287eb310 - <assert_cmd[36a347fc908bcff8]::assert::AssertError>::panic::<assert_cmd[36a347fc908bcff8]::assert::Assert>
[INFO] [stdout]   12:     0x5642287c580e - <cli[8d0e461ab49ed842]::version_flag_succeeds::{closure#0} as core[a373ad73a504971]::ops::function::FnOnce<()>>::call_once
[INFO] [stdout]   13:     0x5642287f92eb - test[aada8e7e76ba119b]::__rust_begin_short_backtrace::<core[a373ad73a504971]::result::Result<(), alloc[2e1b2a31b91974c5]::string::String>, fn() -> core[a373ad73a504971]::result::Result<(), alloc[2e1b2a31b91974c5]::string::String>>
[INFO] [stdout]   14:     0x5642288064c5 - test[aada8e7e76ba119b]::run_test::{closure#0}
[INFO] [stdout]   15:     0x5642287ffdb4 - std[617be2ca0a6fd877]::sys::backtrace::__rust_begin_short_backtrace::<test[aada8e7e76ba119b]::run_test::{closure#1}, ()>
[INFO] [stdout]   16:     0x564228809552 - <std[617be2ca0a6fd877]::thread::lifecycle::spawn_unchecked<test[aada8e7e76ba119b]::run_test::{closure#1}, ()>::{closure#1} as core[a373ad73a504971]::ops::function::FnOnce<()>>::call_once::{shim:vtable#0}
[INFO] [stdout]   17:     0x564228889bcf - <std[617be2ca0a6fd877]::sys::thread::unix::Thread>::new::thread_start
[INFO] [stdout]   18:     0x79a9574eedfa - <unknown>
[INFO] [stdout]   19:     0x79a9575823d4 - clone
[INFO] [stdout]   20:                0x0 - <unknown>
[INFO] [stdout] 
[INFO] [stdout] 
[INFO] [stdout] failures:
[INFO] [stdout]     version_flag_succeeds
[INFO] [stdout] 
[INFO] [stdout] test result: FAILED. 64 passed; 1 failed; 0 ignored; 0 measured; 0 filtered out; finished in 0.26s
[INFO] [stdout] 
[INFO] [stderr] error: test failed, to rerun pass `--test cli`
[INFO] running `Command { std: "docker" "inspect" "2745207647d474e542237b80b8bfcfdaee3fbc77c4d182cef96b47d4c9229f9d", kill_on_drop: false }`
[INFO] running `Command { std: "docker" "rm" "-f" "2745207647d474e542237b80b8bfcfdaee3fbc77c4d182cef96b47d4c9229f9d", kill_on_drop: false }`
[INFO] [stdout] 2745207647d474e542237b80b8bfcfdaee3fbc77c4d182cef96b47d4c9229f9d
