[INFO] fetching crate pdf 0.10.0...
[INFO] testing pdf-0.10.0 against 1.99.0-beta.8+cargoflags=--release for beta-release-1.100-2
[INFO] extracting crate pdf 0.10.0 into /workspace/builds/worker-1-tc1/source
[INFO] started tweaking crates.io crate pdf 0.10.0
[INFO] removed 0 missing examples
[INFO] removed 0 missing tests
[INFO] finished tweaking crates.io crate pdf 0.10.0
[INFO] tweaked toml for crates.io crate pdf 0.10.0 written to /workspace/builds/worker-1-tc1/source/Cargo.toml
[INFO] validating manifest of crates.io crate pdf 0.10.0 on toolchain 1.99.0-beta.8
[INFO] running `Command { std: CARGO_HOME="/workspace/cargo-home" RUSTUP_HOME="/workspace/rustup-home" "/workspace/cargo-home/bin/cargo" "+1.99.0-beta.8" "metadata" "--manifest-path" "Cargo.toml" "--no-deps", kill_on_drop: false }`
[INFO] crate crates.io crate pdf 0.10.0 already has a lockfile, it will not be regenerated
[INFO] running `Command { std: CARGO_HOME="/workspace/cargo-home" RUSTUP_HOME="/workspace/rustup-home" "/workspace/cargo-home/bin/cargo" "+1.99.0-beta.8" "fetch" "--manifest-path" "Cargo.toml", kill_on_drop: false }`
[INFO] [stderr]     Updating crates.io index
[INFO] [stderr]  Downloading crates ...
[INFO] [stderr]   Downloaded pdf_derive v0.3.0
[INFO] [stderr]   Downloaded datasize v0.2.15
[INFO] [stderr]   Downloaded datasize_derive v0.2.15
[INFO] [stderr]   Downloaded istring v0.3.4
[INFO] [stderr]   Downloaded globalcache v0.3.2
[INFO] [stderr]   Downloaded jpeg-decoder v0.3.2
[INFO] running `Command { std: "docker" "create" "-v" "/var/lib/crater-agent-workspace/builds/worker-1-tc1/source:/opt/rustwide/workdir:ro,Z" "-v" "/var/lib/crater-agent-workspace/builds/worker-1-tc1/target:/opt/rustwide/target:rw,Z" "-v" "/var/lib/crater-agent-workspace/cargo-home:/opt/rustwide/cargo-home:ro,Z" "-v" "/var/lib/crater-agent-workspace/rustup-home:/opt/rustwide/rustup-home:ro,Z" "-m" "1610612736" "--network" "none" "ghcr.io/rust-lang/crates-build-env/linux@sha256:77db811e55d90add9212f6832c23229e3de5f1c1f9905e8cb07319ea15df73ac" "sleep" "infinity", kill_on_drop: false }`
[INFO] [stdout] d8b41f088601fd24e63b6c102be5a340f6510caaa0ace4c994f5e0118b62592d
[INFO] running `Command { std: "docker" "start" "d8b41f088601fd24e63b6c102be5a340f6510caaa0ace4c994f5e0118b62592d", kill_on_drop: false }`
[INFO] running `Command { std: "docker" "inspect" "d8b41f088601fd24e63b6c102be5a340f6510caaa0ace4c994f5e0118b62592d", kill_on_drop: false }`
[INFO] running `Command { std: "docker" "exec" "-e" "SOURCE_DIR=/opt/rustwide/workdir" "-e" "CARGO_HOME=/opt/rustwide/cargo-home" "-e" "RUSTUP_HOME=/opt/rustwide/rustup-home" "-e" "CARGO_TARGET_DIR=/opt/rustwide/target" "-w" "/opt/rustwide/workdir" "--user" "0:0" "d8b41f088601fd24e63b6c102be5a340f6510caaa0ace4c994f5e0118b62592d" "/opt/rustwide/cargo-home/bin/cargo" "+1.99.0-beta.8" "metadata" "--no-deps" "--format-version=1", kill_on_drop: false }`
[INFO] running `Command { std: "docker" "inspect" "d8b41f088601fd24e63b6c102be5a340f6510caaa0ace4c994f5e0118b62592d", kill_on_drop: false }`
[INFO] running `Command { std: "docker" "exec" "-e" "SOURCE_DIR=/opt/rustwide/workdir" "-e" "CARGO_HOME=/opt/rustwide/cargo-home" "-e" "RUSTUP_HOME=/opt/rustwide/rustup-home" "-e" "CARGO_TARGET_DIR=/opt/rustwide/target" "-e" "CARGO_INCREMENTAL=0" "-e" "RUST_BACKTRACE=full" "-e" "RUSTFLAGS=--cap-lints=warn" "-e" "RUSTDOCFLAGS=--cap-lints=warn" "-w" "/opt/rustwide/workdir" "--user" "0:0" "d8b41f088601fd24e63b6c102be5a340f6510caaa0ace4c994f5e0118b62592d" "/opt/rustwide/cargo-home/bin/cargo" "+1.99.0-beta.8" "build" "--frozen" "--message-format=json" "--release", kill_on_drop: false }`
[INFO] [stderr]    Compiling crc32fast v1.5.0
[INFO] [stderr]    Compiling memchr v2.7.6
[INFO] [stderr]    Compiling rle-decode-fast v1.0.3
[INFO] [stderr]    Compiling adler32 v1.2.0
[INFO] [stderr]    Compiling rustc-hash v2.1.1
[INFO] [stderr]    Compiling dary_heap v0.3.8
[INFO] [stderr]    Compiling unicode-properties v0.1.4
[INFO] [stderr]    Compiling indexmap v2.12.1
[INFO] [stderr]    Compiling syn v2.0.111
[INFO] [stderr]    Compiling syn v1.0.109
[INFO] [stderr]    Compiling itertools v0.13.0
[INFO] [stderr]    Compiling crypto-common v0.1.7
[INFO] [stderr]    Compiling block-padding v0.3.3
[INFO] [stderr]    Compiling tuple v0.5.2
[INFO] [stderr]    Compiling md5 v0.7.0
[INFO] [stderr]    Compiling jpeg-decoder v0.3.2
[INFO] [stderr]    Compiling digest v0.10.7
[INFO] [stderr]    Compiling deflate v1.0.0
[INFO] [stderr]    Compiling stringprep v0.1.5
[INFO] [stderr]    Compiling inout v0.1.4
[INFO] [stderr]    Compiling sha2 v0.10.9
[INFO] [stderr]    Compiling cipher v0.4.4
[INFO] [stderr]    Compiling aes v0.8.4
[INFO] [stderr]    Compiling cbc v0.1.2
[INFO] [stderr]    Compiling core2 v0.4.0
[INFO] [stderr]    Compiling libflate_lz77 v2.2.0
[INFO] [stderr]    Compiling libflate v2.2.1
[INFO] [stderr]    Compiling datasize_derive v0.2.15
[INFO] [stderr]    Compiling fax_derive v0.2.0
[INFO] [stderr]    Compiling async-trait v0.1.89
[INFO] [stderr]    Compiling snafu-derive v0.8.9
[INFO] [stderr]    Compiling pdf_derive v0.3.0
[INFO] [stderr]    Compiling datasize v0.2.15
[INFO] [stderr]    Compiling istring v0.3.4
[INFO] [stderr]    Compiling fax v0.2.6
[INFO] [stderr]    Compiling globalcache v0.3.2
[INFO] [stderr]    Compiling snafu v0.8.9
[INFO] [stderr]    Compiling pdf v0.10.0 (/opt/rustwide/workdir)
[INFO] [stdout] warning: use of deprecated constant `std::f32::INFINITY`: replaced by the `INFINITY` associated constant on `f32`
[INFO] [stdout]   --> src/object/function.rs:99:23
[INFO] [stdout]    |
[INFO] [stdout] 99 |         use std::f32::INFINITY;
[INFO] [stdout]    |                       ^^^^^^^^
[INFO] [stdout]    |
[INFO] [stdout]    = note: `#[warn(deprecated)]` on by default
[INFO] [stdout] 
[INFO] [stdout] 
[INFO] [stdout] warning: use of deprecated constant `std::f32::INFINITY`: replaced by the `INFINITY` associated constant on `f32`
[INFO] [stdout]    --> src/object/function.rs:118:41
[INFO] [stdout]     |
[INFO] [stdout] 118 | ...                   .unwrap_or(-INFINITY),
[INFO] [stdout]     |                                   ^^^^^^^^
[INFO] [stdout] 
[INFO] [stdout] 
[INFO] [stdout] warning: use of deprecated constant `std::f32::INFINITY`: replaced by the `INFINITY` associated constant on `f32`
[INFO] [stdout]    --> src/object/function.rs:122:40
[INFO] [stdout]     |
[INFO] [stdout] 122 | ...                   .unwrap_or(INFINITY),
[INFO] [stdout]     |                                  ^^^^^^^^
[INFO] [stdout] 
[INFO] [stdout] 
[INFO] [stdout] warning: variable does not need to be mutable
[INFO] [stdout]    --> src/object/types/nametree.rs:156:13
[INFO] [stdout]     |
[INFO] [stdout] 156 |         let mut entries = VecDeque::from(entries);
[INFO] [stdout]     |             ----^^^^^^^
[INFO] [stdout]     |             |
[INFO] [stdout]     |             help: remove this `mut`
[INFO] [stdout]     |
[INFO] [stdout]     = note: `#[warn(unused_mut)]` (part of `#[warn(unused)]`) on by default
[INFO] [stdout] 
[INFO] [stdout] 
[INFO] [stdout] warning: unused variable: `root_levels`
[INFO] [stdout]    --> src/object/types/nametree.rs:154:13
[INFO] [stdout]     |
[INFO] [stdout] 154 |         let root_levels = IDEAL_LEVEL_SIZE.powf(root_levels_ln2).ceil() as usize;
[INFO] [stdout]     |             ^^^^^^^^^^^ help: if this is intentional, prefix it with an underscore: `_root_levels`
[INFO] [stdout]     |
[INFO] [stdout]     = note: `#[warn(unused_variables)]` (part of `#[warn(unused)]`) on by default
[INFO] [stdout] 
[INFO] [stdout] 
[INFO] [stdout] warning: unused variable: `entries`
[INFO] [stdout]    --> src/object/types/nametree.rs:156:13
[INFO] [stdout]     |
[INFO] [stdout] 156 |         let mut entries = VecDeque::from(entries);
[INFO] [stdout]     |             ^^^^^^^^^^^ help: if this is intentional, prefix it with an underscore: `_entries`
[INFO] [stdout] 
[INFO] [stdout] 
[INFO] [stdout] warning: enum `Counter` is never used
[INFO] [stdout]  --> src/object/types/nametree.rs:6:10
[INFO] [stdout]   |
[INFO] [stdout] 6 | pub enum Counter {
[INFO] [stdout]   |          ^^^^^^^
[INFO] [stdout]   |
[INFO] [stdout]   = note: `#[warn(dead_code)]` (part of `#[warn(unused)]`) on by default
[INFO] [stdout] 
[INFO] [stdout] 
[INFO] [stderr]     Finished `release` profile [optimized] target(s) in 30.50s
[INFO] running `Command { std: "docker" "inspect" "d8b41f088601fd24e63b6c102be5a340f6510caaa0ace4c994f5e0118b62592d", kill_on_drop: false }`
[INFO] running `Command { std: "docker" "exec" "-e" "SOURCE_DIR=/opt/rustwide/workdir" "-e" "CARGO_HOME=/opt/rustwide/cargo-home" "-e" "RUSTUP_HOME=/opt/rustwide/rustup-home" "-e" "CARGO_TARGET_DIR=/opt/rustwide/target" "-e" "CARGO_INCREMENTAL=0" "-e" "RUST_BACKTRACE=full" "-e" "RUSTFLAGS=--cap-lints=warn" "-e" "RUSTDOCFLAGS=--cap-lints=warn" "-w" "/opt/rustwide/workdir" "--user" "0:0" "d8b41f088601fd24e63b6c102be5a340f6510caaa0ace4c994f5e0118b62592d" "/opt/rustwide/cargo-home/bin/cargo" "+1.99.0-beta.8" "test" "--frozen" "--no-run" "--message-format=json" "--release", kill_on_drop: false }`
[INFO] [stdout] warning: use of deprecated constant `std::f32::INFINITY`: replaced by the `INFINITY` associated constant on `f32`
[INFO] [stdout]   --> src/object/function.rs:99:23
[INFO] [stdout]    |
[INFO] [stdout] 99 |         use std::f32::INFINITY;
[INFO] [stdout]    |                       ^^^^^^^^
[INFO] [stdout]    |
[INFO] [stdout]    = note: `#[warn(deprecated)]` on by default
[INFO] [stdout] 
[INFO] [stdout] 
[INFO] [stdout] warning: use of deprecated constant `std::f32::INFINITY`: replaced by the `INFINITY` associated constant on `f32`
[INFO] [stdout]    --> src/object/function.rs:118:41
[INFO] [stdout]     |
[INFO] [stdout] 118 | ...                   .unwrap_or(-INFINITY),
[INFO] [stdout]     |                                   ^^^^^^^^
[INFO] [stdout] 
[INFO] [stdout] 
[INFO] [stdout] warning: use of deprecated constant `std::f32::INFINITY`: replaced by the `INFINITY` associated constant on `f32`
[INFO] [stdout]    --> src/object/function.rs:122:40
[INFO] [stdout]     |
[INFO] [stdout] 122 | ...                   .unwrap_or(INFINITY),
[INFO] [stdout]     |                                  ^^^^^^^^
[INFO] [stdout] 
[INFO] [stdout] 
[INFO] [stdout] warning: variable does not need to be mutable
[INFO] [stdout]    --> src/object/types/nametree.rs:156:13
[INFO] [stdout]     |
[INFO] [stdout] 156 |         let mut entries = VecDeque::from(entries);
[INFO] [stdout]     |             ----^^^^^^^
[INFO] [stdout]     |             |
[INFO] [stdout]     |             help: remove this `mut`
[INFO] [stdout]     |
[INFO] [stdout]     = note: `#[warn(unused_mut)]` (part of `#[warn(unused)]`) on by default
[INFO] [stdout] 
[INFO] [stdout] 
[INFO] [stdout] warning: unused variable: `root_levels`
[INFO] [stdout]    --> src/object/types/nametree.rs:154:13
[INFO] [stdout]     |
[INFO] [stdout] 154 |         let root_levels = IDEAL_LEVEL_SIZE.powf(root_levels_ln2).ceil() as usize;
[INFO] [stdout]     |             ^^^^^^^^^^^ help: if this is intentional, prefix it with an underscore: `_root_levels`
[INFO] [stdout]     |
[INFO] [stdout]     = note: `#[warn(unused_variables)]` (part of `#[warn(unused)]`) on by default
[INFO] [stdout] 
[INFO] [stdout] 
[INFO] [stdout] warning: unused variable: `entries`
[INFO] [stdout]    --> src/object/types/nametree.rs:156:13
[INFO] [stdout]     |
[INFO] [stdout] 156 |         let mut entries = VecDeque::from(entries);
[INFO] [stdout]     |             ^^^^^^^^^^^ help: if this is intentional, prefix it with an underscore: `_entries`
[INFO] [stdout] 
[INFO] [stdout] 
[INFO] [stderr]    Compiling pdf v0.10.0 (/opt/rustwide/workdir)
[INFO] [stdout] warning: enum `Counter` is never used
[INFO] [stdout]  --> src/object/types/nametree.rs:6:10
[INFO] [stdout]   |
[INFO] [stdout] 6 | pub enum Counter {
[INFO] [stdout]   |          ^^^^^^^
[INFO] [stdout]   |
[INFO] [stdout]   = note: `#[warn(dead_code)]` (part of `#[warn(unused)]`) on by default
[INFO] [stdout] 
[INFO] [stdout] 
[INFO] [stdout] warning: use of deprecated constant `std::f32::INFINITY`: replaced by the `INFINITY` associated constant on `f32`
[INFO] [stdout]   --> src/object/function.rs:99:23
[INFO] [stdout]    |
[INFO] [stdout] 99 |         use std::f32::INFINITY;
[INFO] [stdout]    |                       ^^^^^^^^
[INFO] [stdout]    |
[INFO] [stdout]    = note: `#[warn(deprecated)]` on by default
[INFO] [stdout] 
[INFO] [stdout] 
[INFO] [stdout] warning: use of deprecated constant `std::f32::INFINITY`: replaced by the `INFINITY` associated constant on `f32`
[INFO] [stdout]    --> src/object/function.rs:118:41
[INFO] [stdout]     |
[INFO] [stdout] 118 | ...                   .unwrap_or(-INFINITY),
[INFO] [stdout]     |                                   ^^^^^^^^
[INFO] [stdout] 
[INFO] [stdout] 
[INFO] [stdout] warning: use of deprecated constant `std::f32::INFINITY`: replaced by the `INFINITY` associated constant on `f32`
[INFO] [stdout]    --> src/object/function.rs:122:40
[INFO] [stdout]     |
[INFO] [stdout] 122 | ...                   .unwrap_or(INFINITY),
[INFO] [stdout]     |                                  ^^^^^^^^
[INFO] [stdout] 
[INFO] [stdout] 
[INFO] [stdout] warning: variable does not need to be mutable
[INFO] [stdout]    --> src/object/types/nametree.rs:156:13
[INFO] [stdout]     |
[INFO] [stdout] 156 |         let mut entries = VecDeque::from(entries);
[INFO] [stdout]     |             ----^^^^^^^
[INFO] [stdout]     |             |
[INFO] [stdout]     |             help: remove this `mut`
[INFO] [stdout]     |
[INFO] [stdout]     = note: `#[warn(unused_mut)]` (part of `#[warn(unused)]`) on by default
[INFO] [stdout] 
[INFO] [stdout] 
[INFO] [stdout] warning: unused variable: `root_levels`
[INFO] [stdout]    --> src/object/types/nametree.rs:154:13
[INFO] [stdout]     |
[INFO] [stdout] 154 |         let root_levels = IDEAL_LEVEL_SIZE.powf(root_levels_ln2).ceil() as usize;
[INFO] [stdout]     |             ^^^^^^^^^^^ help: if this is intentional, prefix it with an underscore: `_root_levels`
[INFO] [stdout]     |
[INFO] [stdout]     = note: `#[warn(unused_variables)]` (part of `#[warn(unused)]`) on by default
[INFO] [stdout] 
[INFO] [stdout] 
[INFO] [stdout] warning: unused variable: `entries`
[INFO] [stdout]    --> src/object/types/nametree.rs:156:13
[INFO] [stdout]     |
[INFO] [stdout] 156 |         let mut entries = VecDeque::from(entries);
[INFO] [stdout]     |             ^^^^^^^^^^^ help: if this is intentional, prefix it with an underscore: `_entries`
[INFO] [stdout] 
[INFO] [stdout] 
[INFO] [stdout] warning: enum `Counter` is never used
[INFO] [stdout]  --> src/object/types/nametree.rs:6:10
[INFO] [stdout]   |
[INFO] [stdout] 6 | pub enum Counter {
[INFO] [stdout]   |          ^^^^^^^
[INFO] [stdout]   |
[INFO] [stdout]   = note: `#[warn(dead_code)]` (part of `#[warn(unused)]`) on by default
[INFO] [stdout] 
[INFO] [stdout] 
[INFO] [stderr]     Finished `release` profile [optimized] target(s) in 1m 03s
[INFO] running `Command { std: "docker" "inspect" "d8b41f088601fd24e63b6c102be5a340f6510caaa0ace4c994f5e0118b62592d", kill_on_drop: false }`
[INFO] running `Command { std: "docker" "exec" "-e" "SOURCE_DIR=/opt/rustwide/workdir" "-e" "CARGO_HOME=/opt/rustwide/cargo-home" "-e" "RUSTUP_HOME=/opt/rustwide/rustup-home" "-e" "CARGO_TARGET_DIR=/opt/rustwide/target" "-e" "CARGO_INCREMENTAL=0" "-e" "RUST_BACKTRACE=full" "-e" "RUSTFLAGS=--cap-lints=warn" "-e" "RUSTDOCFLAGS=--cap-lints=warn" "-w" "/opt/rustwide/workdir" "--user" "0:0" "d8b41f088601fd24e63b6c102be5a340f6510caaa0ace4c994f5e0118b62592d" "/opt/rustwide/cargo-home/bin/cargo" "+1.99.0-beta.8" "test" "--frozen" "--release", kill_on_drop: false }`
[INFO] [stderr] warning: use of deprecated constant `std::f32::INFINITY`: replaced by the `INFINITY` associated constant on `f32`
[INFO] [stderr]   --> src/object/function.rs:99:23
[INFO] [stderr]    |
[INFO] [stderr] 99 |         use std::f32::INFINITY;
[INFO] [stderr]    |                       ^^^^^^^^
[INFO] [stderr]    |
[INFO] [stderr]    = note: `#[warn(deprecated)]` on by default
[INFO] [stderr] 
[INFO] [stderr] warning: use of deprecated constant `std::f32::INFINITY`: replaced by the `INFINITY` associated constant on `f32`
[INFO] [stderr]    --> src/object/function.rs:118:41
[INFO] [stderr]     |
[INFO] [stderr] 118 | ...                   .unwrap_or(-INFINITY),
[INFO] [stderr]     |                                   ^^^^^^^^
[INFO] [stderr] 
[INFO] [stderr] warning: use of deprecated constant `std::f32::INFINITY`: replaced by the `INFINITY` associated constant on `f32`
[INFO] [stderr]    --> src/object/function.rs:122:40
[INFO] [stderr]     |
[INFO] [stderr] 122 | ...                   .unwrap_or(INFINITY),
[INFO] [stderr]     |                                  ^^^^^^^^
[INFO] [stderr] 
[INFO] [stderr] warning: variable does not need to be mutable
[INFO] [stderr]    --> src/object/types/nametree.rs:156:13
[INFO] [stderr]     |
[INFO] [stderr] 156 |         let mut entries = VecDeque::from(entries);
[INFO] [stderr]     |             ----^^^^^^^
[INFO] [stderr]     |             |
[INFO] [stderr]     |             help: remove this `mut`
[INFO] [stderr]     |
[INFO] [stderr]     = note: `#[warn(unused_mut)]` (part of `#[warn(unused)]`) on by default
[INFO] [stderr] 
[INFO] [stderr] warning: unused variable: `root_levels`
[INFO] [stderr]    --> src/object/types/nametree.rs:154:13
[INFO] [stderr]     |
[INFO] [stderr] 154 |         let root_levels = IDEAL_LEVEL_SIZE.powf(root_levels_ln2).ceil() as usize;
[INFO] [stderr]     |             ^^^^^^^^^^^ help: if this is intentional, prefix it with an underscore: `_root_levels`
[INFO] [stderr]     |
[INFO] [stderr]     = note: `#[warn(unused_variables)]` (part of `#[warn(unused)]`) on by default
[INFO] [stderr] 
[INFO] [stderr] warning: unused variable: `entries`
[INFO] [stderr]    --> src/object/types/nametree.rs:156:13
[INFO] [stderr]     |
[INFO] [stderr] 156 |         let mut entries = VecDeque::from(entries);
[INFO] [stderr]     |             ^^^^^^^^^^^ help: if this is intentional, prefix it with an underscore: `_entries`
[INFO] [stderr] 
[INFO] [stderr] warning: enum `Counter` is never used
[INFO] [stderr]  --> src/object/types/nametree.rs:6:10
[INFO] [stderr]   |
[INFO] [stderr] 6 | pub enum Counter {
[INFO] [stderr]   |          ^^^^^^^
[INFO] [stderr]   |
[INFO] [stderr]   = note: `#[warn(dead_code)]` (part of `#[warn(unused)]`) on by default
[INFO] [stderr] 
[INFO] [stderr] warning: `pdf` (lib) generated 7 warnings (run `cargo fix --lib -p pdf` to apply 3 suggestions)
[INFO] [stderr] warning: `pdf` (lib test) generated 7 warnings (7 duplicates)
[INFO] [stderr]     Finished `release` profile [optimized] target(s) in 0.10s
[INFO] [stderr]      Running unittests src/lib.rs (/opt/rustwide/target/release/deps/pdf-213a6615f2a3d3d6)
[INFO] [stdout] 
[INFO] [stdout] running 26 tests
[INFO] [stdout] test content::tests::test_inline_image ... ok
[INFO] [stdout] test enc::tests::base_85 ... ok
[INFO] [stdout] test parser::tests::dict_with_empty_name_as_key ... ok
[INFO] [stdout] test error::tests::error_is_send_and_sync ... ok
[INFO] [stdout] test font::tests::utf16be_to_string_quick ... ok
[INFO] [stdout] test object::types::tests::parse_struct_type ... ok
[INFO] [stdout] test object::types::tests::test_field_type ... ok
[INFO] [stdout] test parser::lexer::str::tests::hex_test ... ok
[INFO] [stdout] test parser::tests::empty_array ... ok
[INFO] [stdout] test parser::lexer::tests::test_boundary_rev ... ok
[INFO] [stdout] test parser::lexer::str::tests::octal_escape ... ok
[INFO] [stdout] test primitive::tests::date ... ok
[INFO] [stdout] test parser::lexer::str::tests::tests ... ok
[INFO] [stdout] test parser::lexer::tests::test_boundary ... ok
[INFO] [stdout] test parser::lexer::str::tests::string_split_lines ... ok
[INFO] [stdout] test enc::tests::run_length_decode_test ... ok
[INFO] [stdout] test parser::lexer::tests::test_substr ... ok
[INFO] [stdout] test font::tests::test_to_char ... ok
[INFO] [stdout] test primitive::tests::utf16be_string ... ok
[INFO] [stdout] test parser::tests::dict_with_empty_name_as_value ... ok
[INFO] [stdout] test primitive::tests::pdfstring_lossy_vs_ascii ... ok
[INFO] [stdout] test primitive::tests::utf16be_invalid_bytelen ... ok
[INFO] [stdout] test parser::tests::compact_array ... ok
[INFO] [stdout] test primitive::test_name ... ok
[INFO] [stdout] test primitive::tests::utf16be_invalid_string ... ok
[INFO] [stdout] test crypt::tests::unencrypted_strings ... ok
[INFO] [stdout] 
[INFO] [stdout] test result: ok. 26 passed; 0 failed; 0 ignored; 0 measured; 0 filtered out; finished in 0.02s
[INFO] [stdout] 
[INFO] [stderr]      Running tests/integration.rs (/opt/rustwide/target/release/deps/integration-74d6f6d1141e887b)
[INFO] [stdout] 
[INFO] [stdout] running 6 tests
[INFO] [stdout] test open_file ... FAILED
[INFO] [stdout] test read_pages ... FAILED
[INFO] [stdout] test parse_objects_from_stream ... FAILED
[INFO] [stdout] test owner_password ... FAILED
[INFO] [stdout] test invalid_pdfs ... FAILED
[INFO] [stdout] test user_password ... FAILED
[INFO] [stdout] 
[INFO] [stdout] failures:
[INFO] [stdout] 
[INFO] [stdout] ---- open_file stdout ----
[INFO] [stdout] 
[INFO] [stdout] thread 'open_file' (1211) panicked at tests/integration.rs:37:13:
[INFO] [stdout] IO Error, caused by
[INFO] [stdout]   No such file or directory (os error 2)
[INFO] [stdout] stack backtrace:
[INFO] [stdout]    0:     0x63ac6bd78091 - <<std[70759c8f55707aa4]::sys::backtrace::BacktraceLock>::print::DisplayBacktrace as core[df12db4294e9bfd3]::fmt::Display>::fmt
[INFO] [stdout]    1:     0x63ac6bd8e6aa - core[df12db4294e9bfd3]::fmt::write
[INFO] [stdout]    2:     0x63ac6bd7c8ac - <alloc[2182bb758b4b3781]::vec::Vec<u8> as core[df12db4294e9bfd3]::io::write::Write>::write_fmt
[INFO] [stdout]    3:     0x63ac6bd53cd6 - std[70759c8f55707aa4]::panicking::default_hook::{closure#0}
[INFO] [stdout]    4:     0x63ac6bd702c9 - std[70759c8f55707aa4]::panicking::default_hook
[INFO] [stdout]    5:     0x63ac6bcad450 - test[9d35eded1c95d3be]::test_main_inner::<test[9d35eded1c95d3be]::test_main_static::{closure#0}>::{closure#0}
[INFO] [stdout]    6:     0x63ac6bd70482 - std[70759c8f55707aa4]::panicking::panic_with_hook
[INFO] [stdout]    7:     0x63ac6bd53d82 - std[70759c8f55707aa4]::panicking::panic_handler::{closure#0}
[INFO] [stdout]    8:     0x63ac6bd4c8a9 - std[70759c8f55707aa4]::sys::backtrace::__rust_end_short_backtrace::<std[70759c8f55707aa4]::panicking::panic_handler::{closure#0}, !>
[INFO] [stdout]    9:     0x63ac6bd5497d - __rustc[8fa7c3cbc660c2b3]::rust_begin_unwind
[INFO] [stdout]   10:     0x63ac6bd8eddc - core[df12db4294e9bfd3]::panicking::panic_fmt
[INFO] [stdout]   11:     0x63ac6bc45838 - <integration[947c92864b59f0f5]::open_file::{closure#0} as core[df12db4294e9bfd3]::ops::function::FnOnce<()>>::call_once
[INFO] [stdout]   12:     0x63ac6bca073b - test[9d35eded1c95d3be]::__rust_begin_short_backtrace::<core[df12db4294e9bfd3]::result::Result<(), alloc[2182bb758b4b3781]::string::String>, fn() -> core[df12db4294e9bfd3]::result::Result<(), alloc[2182bb758b4b3781]::string::String>>
[INFO] [stdout]   13:     0x63ac6bcadda5 - test[9d35eded1c95d3be]::run_test::{closure#0}
[INFO] [stdout]   14:     0x63ac6bca7664 - std[70759c8f55707aa4]::sys::backtrace::__rust_begin_short_backtrace::<test[9d35eded1c95d3be]::run_test::{closure#1}, ()>
[INFO] [stdout]   15:     0x63ac6bcb0f02 - <std[70759c8f55707aa4]::thread::lifecycle::spawn_unchecked<test[9d35eded1c95d3be]::run_test::{closure#1}, ()>::{closure#1} as core[df12db4294e9bfd3]::ops::function::FnOnce<()>>::call_once::{shim:vtable#0}
[INFO] [stdout]   16:     0x63ac6bd77649 - <std[70759c8f55707aa4]::sys::thread::unix::Thread>::new::thread_start
[INFO] [stdout]   17:     0x7989bf225dfa - <unknown>
[INFO] [stdout]   18:     0x7989bf2b93d4 - clone
[INFO] [stdout]   19:                0x0 - <unknown>
[INFO] [stdout] 
[INFO] [stdout] ---- read_pages stdout ----
[INFO] [stdout] 
[INFO] [stdout] thread 'read_pages' (1214) panicked at tests/integration.rs:29:10:
[INFO] [stdout] called `Result::unwrap()` on an `Err` value: Os { code: 2, kind: NotFound, message: "No such file or directory" }
[INFO] [stdout] stack backtrace:
[INFO] [stdout]    0:     0x63ac6bd78091 - <<std[70759c8f55707aa4]::sys::backtrace::BacktraceLock>::print::DisplayBacktrace as core[df12db4294e9bfd3]::fmt::Display>::fmt
[INFO] [stdout]    1:     0x63ac6bd8e6aa - core[df12db4294e9bfd3]::fmt::write
[INFO] [stdout]    2:     0x63ac6bd7c8ac - <alloc[2182bb758b4b3781]::vec::Vec<u8> as core[df12db4294e9bfd3]::io::write::Write>::write_fmt
[INFO] [stdout]    3:     0x63ac6bd53cd6 - std[70759c8f55707aa4]::panicking::default_hook::{closure#0}
[INFO] [stdout]    4:     0x63ac6bd702c9 - std[70759c8f55707aa4]::panicking::default_hook
[INFO] [stdout]    5:     0x63ac6bcad450 - test[9d35eded1c95d3be]::test_main_inner::<test[9d35eded1c95d3be]::test_main_static::{closure#0}>::{closure#0}
[INFO] [stdout]    6:     0x63ac6bd70482 - std[70759c8f55707aa4]::panicking::panic_with_hook
[INFO] [stdout]    7:     0x63ac6bd53d82 - std[70759c8f55707aa4]::panicking::panic_handler::{closure#0}
[INFO] [stdout]    8:     0x63ac6bd4c8a9 - std[70759c8f55707aa4]::sys::backtrace::__rust_end_short_backtrace::<std[70759c8f55707aa4]::panicking::panic_handler::{closure#0}, !>
[INFO] [stdout]    9:     0x63ac6bd5497d - __rustc[8fa7c3cbc660c2b3]::rust_begin_unwind
[INFO] [stdout]   10:     0x63ac6bd8eddc - core[df12db4294e9bfd3]::panicking::panic_fmt
[INFO] [stdout]   11:     0x63ac6bd8ebb2 - core[df12db4294e9bfd3]::result::unwrap_failed
[INFO] [stdout]   12:     0x63ac6bc43503 - integration[947c92864b59f0f5]::dir_pdfs
[INFO] [stdout]   13:     0x63ac6bc4410a - <integration[947c92864b59f0f5]::read_pages::{closure#0} as core[df12db4294e9bfd3]::ops::function::FnOnce<()>>::call_once
[INFO] [stdout]   14:     0x63ac6bca073b - test[9d35eded1c95d3be]::__rust_begin_short_backtrace::<core[df12db4294e9bfd3]::result::Result<(), alloc[2182bb758b4b3781]::string::String>, fn() -> core[df12db4294e9bfd3]::result::Result<(), alloc[2182bb758b4b3781]::string::String>>
[INFO] [stdout]   15:     0x63ac6bcadda5 - test[9d35eded1c95d3be]::run_test::{closure#0}
[INFO] [stdout]   16:     0x63ac6bca7664 - std[70759c8f55707aa4]::sys::backtrace::__rust_begin_short_backtrace::<test[9d35eded1c95d3be]::run_test::{closure#1}, ()>
[INFO] [stdout]   17:     0x63ac6bcb0f02 - <std[70759c8f55707aa4]::thread::lifecycle::spawn_unchecked<test[9d35eded1c95d3be]::run_test::{closure#1}, ()>::{closure#1} as core[df12db4294e9bfd3]::ops::function::FnOnce<()>>::call_once::{shim:vtable#0}
[INFO] [stdout]   18:     0x63ac6bd77649 - <std[70759c8f55707aa4]::sys::thread::unix::Thread>::new::thread_start
[INFO] [stdout]   19:     0x7989bf225dfa - <unknown>
[INFO] [stdout]   20:     0x7989bf2b93d4 - clone
[INFO] [stdout]   21:                0x0 - <unknown>
[INFO] [stdout] 
[INFO] [stdout] ---- parse_objects_from_stream stdout ----
[INFO] [stdout] 
[INFO] [stdout] thread 'parse_objects_from_stream' (1213) panicked at tests/integration.rs:118:16:
[INFO] [stdout] IO Error, caused by
[INFO] [stdout]   No such file or directory (os error 2)
[INFO] [stdout] stack backtrace:
[INFO] [stdout]    0:     0x63ac6bd78091 - <<std[70759c8f55707aa4]::sys::backtrace::BacktraceLock>::print::DisplayBacktrace as core[df12db4294e9bfd3]::fmt::Display>::fmt
[INFO] [stdout]    1:     0x63ac6bd8e6aa - core[df12db4294e9bfd3]::fmt::write
[INFO] [stdout]    2:     0x63ac6bd7c8ac - <alloc[2182bb758b4b3781]::vec::Vec<u8> as core[df12db4294e9bfd3]::io::write::Write>::write_fmt
[INFO] [stdout]    3:     0x63ac6bd53cd6 - std[70759c8f55707aa4]::panicking::default_hook::{closure#0}
[INFO] [stdout]    4:     0x63ac6bd702c9 - std[70759c8f55707aa4]::panicking::default_hook
[INFO] [stdout]    5:     0x63ac6bcad450 - test[9d35eded1c95d3be]::test_main_inner::<test[9d35eded1c95d3be]::test_main_static::{closure#0}>::{closure#0}
[INFO] [stdout]    6:     0x63ac6bd70482 - std[70759c8f55707aa4]::panicking::panic_with_hook
[INFO] [stdout]    7:     0x63ac6bd53d82 - std[70759c8f55707aa4]::panicking::panic_handler::{closure#0}
[INFO] [stdout]    8:     0x63ac6bd4c8a9 - std[70759c8f55707aa4]::sys::backtrace::__rust_end_short_backtrace::<std[70759c8f55707aa4]::panicking::panic_handler::{closure#0}, !>
[INFO] [stdout]    9:     0x63ac6bd5497d - __rustc[8fa7c3cbc660c2b3]::rust_begin_unwind
[INFO] [stdout]   10:     0x63ac6bd8eddc - core[df12db4294e9bfd3]::panicking::panic_fmt
[INFO] [stdout]   11:     0x63ac6bc45565 - <integration[947c92864b59f0f5]::parse_objects_from_stream::{closure#0} as core[df12db4294e9bfd3]::ops::function::FnOnce<()>>::call_once
[INFO] [stdout]   12:     0x63ac6bca073b - test[9d35eded1c95d3be]::__rust_begin_short_backtrace::<core[df12db4294e9bfd3]::result::Result<(), alloc[2182bb758b4b3781]::string::String>, fn() -> core[df12db4294e9bfd3]::result::Result<(), alloc[2182bb758b4b3781]::string::String>>
[INFO] [stdout]   13:     0x63ac6bcadda5 - test[9d35eded1c95d3be]::run_test::{closure#0}
[INFO] [stdout]   14:     0x63ac6bca7664 - std[70759c8f55707aa4]::sys::backtrace::__rust_begin_short_backtrace::<test[9d35eded1c95d3be]::run_test::{closure#1}, ()>
[INFO] [stdout]   15:     0x63ac6bcb0f02 - <std[70759c8f55707aa4]::thread::lifecycle::spawn_unchecked<test[9d35eded1c95d3be]::run_test::{closure#1}, ()>::{closure#1} as core[df12db4294e9bfd3]::ops::function::FnOnce<()>>::call_once::{shim:vtable#0}
[INFO] [stdout]   16:     0x63ac6bd77649 - <std[70759c8f55707aa4]::sys::thread::unix::Thread>::new::thread_start
[INFO] [stdout]   17:     0x7989bf225dfa - <unknown>
[INFO] [stdout]   18:     0x7989bf2b93d4 - clone
[INFO] [stdout]   19:                0x0 - <unknown>
[INFO] [stdout] 
[INFO] [stdout] ---- owner_password stdout ----
[INFO] [stdout] 
[INFO] [stdout] thread 'owner_password' (1212) panicked at tests/integration.rs:29:10:
[INFO] [stdout] called `Result::unwrap()` on an `Err` value: Os { code: 2, kind: NotFound, message: "No such file or directory" }
[INFO] [stdout] stack backtrace:
[INFO] [stdout]    0:     0x63ac6bd78091 - <<std[70759c8f55707aa4]::sys::backtrace::BacktraceLock>::print::DisplayBacktrace as core[df12db4294e9bfd3]::fmt::Display>::fmt
[INFO] [stdout]    1:     0x63ac6bd8e6aa - core[df12db4294e9bfd3]::fmt::write
[INFO] [stdout]    2:     0x63ac6bd7c8ac - <alloc[2182bb758b4b3781]::vec::Vec<u8> as core[df12db4294e9bfd3]::io::write::Write>::write_fmt
[INFO] [stdout]    3:     0x63ac6bd53cd6 - std[70759c8f55707aa4]::panicking::default_hook::{closure#0}
[INFO] [stdout]    4:     0x63ac6bd702c9 - std[70759c8f55707aa4]::panicking::default_hook
[INFO] [stdout]    5:     0x63ac6bcad450 - test[9d35eded1c95d3be]::test_main_inner::<test[9d35eded1c95d3be]::test_main_static::{closure#0}>::{closure#0}
[INFO] [stdout]    6:     0x63ac6bd70482 - std[70759c8f55707aa4]::panicking::panic_with_hook
[INFO] [stdout]    7:     0x63ac6bd53d82 - std[70759c8f55707aa4]::panicking::panic_handler::{closure#0}
[INFO] [stdout]    8:     0x63ac6bd4c8a9 - std[70759c8f55707aa4]::sys::backtrace::__rust_end_short_backtrace::<std[70759c8f55707aa4]::panicking::panic_handler::{closure#0}, !>
[INFO] [stdout]    9:     0x63ac6bd5497d - __rustc[8fa7c3cbc660c2b3]::rust_begin_unwind
[INFO] [stdout]   10:     0x63ac6bd8eddc - core[df12db4294e9bfd3]::panicking::panic_fmt
[INFO] [stdout]   11:     0x63ac6bd8ebb2 - core[df12db4294e9bfd3]::result::unwrap_failed
[INFO] [stdout]   12:     0x63ac6bc43503 - integration[947c92864b59f0f5]::dir_pdfs
[INFO] [stdout]   13:     0x63ac6bc44c57 - <integration[947c92864b59f0f5]::owner_password::{closure#0} as core[df12db4294e9bfd3]::ops::function::FnOnce<()>>::call_once
[INFO] [stdout]   14:     0x63ac6bca073b - test[9d35eded1c95d3be]::__rust_begin_short_backtrace::<core[df12db4294e9bfd3]::result::Result<(), alloc[2182bb758b4b3781]::string::String>, fn() -> core[df12db4294e9bfd3]::result::Result<(), alloc[2182bb758b4b3781]::string::String>>
[INFO] [stdout]   15:     0x63ac6bcadda5 - test[9d35eded1c95d3be]::run_test::{closure#0}
[INFO] [stdout]   16:     0x63ac6bca7664 - std[70759c8f55707aa4]::sys::backtrace::__rust_begin_short_backtrace::<test[9d35eded1c95d3be]::run_test::{closure#1}, ()>
[INFO] [stdout]   17:     0x63ac6bcb0f02 - <std[70759c8f55707aa4]::thread::lifecycle::spawn_unchecked<test[9d35eded1c95d3be]::run_test::{closure#1}, ()>::{closure#1} as core[df12db4294e9bfd3]::ops::function::FnOnce<()>>::call_once::{shim:vtable#0}
[INFO] [stdout]   18:     0x63ac6bd77649 - <std[70759c8f55707aa4]::sys::thread::unix::Thread>::new::thread_start
[INFO] [stdout]   19:     0x7989bf225dfa - <unknown>
[INFO] [stdout]   20:     0x7989bf2b93d4 - clone
[INFO] [stdout]   21:                0x0 - <unknown>
[INFO] [stdout] 
[INFO] [stdout] ---- invalid_pdfs stdout ----
[INFO] [stdout] 
[INFO] [stdout] thread 'invalid_pdfs' (1210) panicked at tests/integration.rs:29:10:
[INFO] [stdout] called `Result::unwrap()` on an `Err` value: Os { code: 2, kind: NotFound, message: "No such file or directory" }
[INFO] [stdout] stack backtrace:
[INFO] [stdout]    0:     0x63ac6bd78091 - <<std[70759c8f55707aa4]::sys::backtrace::BacktraceLock>::print::DisplayBacktrace as core[df12db4294e9bfd3]::fmt::Display>::fmt
[INFO] [stdout]    1:     0x63ac6bd8e6aa - core[df12db4294e9bfd3]::fmt::write
[INFO] [stdout]    2:     0x63ac6bd7c8ac - <alloc[2182bb758b4b3781]::vec::Vec<u8> as core[df12db4294e9bfd3]::io::write::Write>::write_fmt
[INFO] [stdout]    3:     0x63ac6bd53cd6 - std[70759c8f55707aa4]::panicking::default_hook::{closure#0}
[INFO] [stdout]    4:     0x63ac6bd702c9 - std[70759c8f55707aa4]::panicking::default_hook
[INFO] [stdout]    5:     0x63ac6bcad450 - test[9d35eded1c95d3be]::test_main_inner::<test[9d35eded1c95d3be]::test_main_static::{closure#0}>::{closure#0}
[INFO] [stdout]    6:     0x63ac6bd70482 - std[70759c8f55707aa4]::panicking::panic_with_hook
[INFO] [stdout]    7:     0x63ac6bd53d82 - std[70759c8f55707aa4]::panicking::panic_handler::{closure#0}
[INFO] [stdout]    8:     0x63ac6bd4c8a9 - std[70759c8f55707aa4]::sys::backtrace::__rust_end_short_backtrace::<std[70759c8f55707aa4]::panicking::panic_handler::{closure#0}, !>
[INFO] [stdout]    9:     0x63ac6bd5497d - __rustc[8fa7c3cbc660c2b3]::rust_begin_unwind
[INFO] [stdout]   10:     0x63ac6bd8eddc - core[df12db4294e9bfd3]::panicking::panic_fmt
[INFO] [stdout]   11:     0x63ac6bd8ebb2 - core[df12db4294e9bfd3]::result::unwrap_failed
[INFO] [stdout]   12:     0x63ac6bc43503 - integration[947c92864b59f0f5]::dir_pdfs
[INFO] [stdout]   13:     0x63ac6bc444ea - <integration[947c92864b59f0f5]::invalid_pdfs::{closure#0} as core[df12db4294e9bfd3]::ops::function::FnOnce<()>>::call_once
[INFO] [stdout]   14:     0x63ac6bca073b - test[9d35eded1c95d3be]::__rust_begin_short_backtrace::<core[df12db4294e9bfd3]::result::Result<(), alloc[2182bb758b4b3781]::string::String>, fn() -> core[df12db4294e9bfd3]::result::Result<(), alloc[2182bb758b4b3781]::string::String>>
[INFO] [stdout]   15:     0x63ac6bcadda5 - test[9d35eded1c95d3be]::run_test::{closure#0}
[INFO] [stdout]   16:     0x63ac6bca7664 - std[70759c8f55707aa4]::sys::backtrace::__rust_begin_short_backtrace::<test[9d35eded1c95d3be]::run_test::{closure#1}, ()>
[INFO] [stdout]   17:     0x63ac6bcb0f02 - <std[70759c8f55707aa4]::thread::lifecycle::spawn_unchecked<test[9d35eded1c95d3be]::run_test::{closure#1}, ()>::{closure#1} as core[df12db4294e9bfd3]::ops::function::FnOnce<()>>::call_once::{shim:vtable#0}
[INFO] [stdout]   18:     0x63ac6bd77649 - <std[70759c8f55707aa4]::sys::thread::unix::Thread>::new::thread_start
[INFO] [stdout]   19:     0x7989bf225dfa - <unknown>
[INFO] [stdout]   20:     0x7989bf2b93d4 - clone
[INFO] [stdout]   21:                0x0 - <unknown>
[INFO] [stdout] 
[INFO] [stdout] ---- user_password stdout ----
[INFO] [stdout] 
[INFO] [stdout] thread 'user_password' (1215) panicked at tests/integration.rs:29:10:
[INFO] [stdout] called `Result::unwrap()` on an `Err` value: Os { code: 2, kind: NotFound, message: "No such file or directory" }
[INFO] [stdout] stack backtrace:
[INFO] [stdout]    0:     0x63ac6bd78091 - <<std[70759c8f55707aa4]::sys::backtrace::BacktraceLock>::print::DisplayBacktrace as core[df12db4294e9bfd3]::fmt::Display>::fmt
[INFO] [stdout]    1:     0x63ac6bd8e6aa - core[df12db4294e9bfd3]::fmt::write
[INFO] [stdout]    2:     0x63ac6bd7c8ac - <alloc[2182bb758b4b3781]::vec::Vec<u8> as core[df12db4294e9bfd3]::io::write::Write>::write_fmt
[INFO] [stdout]    3:     0x63ac6bd53cd6 - std[70759c8f55707aa4]::panicking::default_hook::{closure#0}
[INFO] [stdout]    4:     0x63ac6bd702c9 - std[70759c8f55707aa4]::panicking::default_hook
[INFO] [stdout]    5:     0x63ac6bcad450 - test[9d35eded1c95d3be]::test_main_inner::<test[9d35eded1c95d3be]::test_main_static::{closure#0}>::{closure#0}
[INFO] [stdout]    6:     0x63ac6bd70482 - std[70759c8f55707aa4]::panicking::panic_with_hook
[INFO] [stdout]    7:     0x63ac6bd53d82 - std[70759c8f55707aa4]::panicking::panic_handler::{closure#0}
[INFO] [stdout]    8:     0x63ac6bd4c8a9 - std[70759c8f55707aa4]::sys::backtrace::__rust_end_short_backtrace::<std[70759c8f55707aa4]::panicking::panic_handler::{closure#0}, !>
[INFO] [stdout]    9:     0x63ac6bd5497d - __rustc[8fa7c3cbc660c2b3]::rust_begin_unwind
[INFO] [stdout]   10:     0x63ac6bd8eddc - core[df12db4294e9bfd3]::panicking::panic_fmt
[INFO] [stdout]   11:     0x63ac6bd8ebb2 - core[df12db4294e9bfd3]::result::unwrap_failed
[INFO] [stdout]   12:     0x63ac6bc43503 - integration[947c92864b59f0f5]::dir_pdfs
[INFO] [stdout]   13:     0x63ac6bc44817 - <integration[947c92864b59f0f5]::user_password::{closure#0} as core[df12db4294e9bfd3]::ops::function::FnOnce<()>>::call_once
[INFO] [stdout]   14:     0x63ac6bca073b - test[9d35eded1c95d3be]::__rust_begin_short_backtrace::<core[df12db4294e9bfd3]::result::Result<(), alloc[2182bb758b4b3781]::string::String>, fn() -> core[df12db4294e9bfd3]::result::Result<(), alloc[2182bb758b4b3781]::string::String>>
[INFO] [stdout]   15:     0x63ac6bcadda5 - test[9d35eded1c95d3be]::run_test::{closure#0}
[INFO] [stdout]   16:     0x63ac6bca7664 - std[70759c8f55707aa4]::sys::backtrace::__rust_begin_short_backtrace::<test[9d35eded1c95d3be]::run_test::{closure#1}, ()>
[INFO] [stdout]   17:     0x63ac6bcb0f02 - <std[70759c8f55707aa4]::thread::lifecycle::spawn_unchecked<test[9d35eded1c95d3be]::run_test::{closure#1}, ()>::{closure#1} as core[df12db4294e9bfd3]::ops::function::FnOnce<()>>::call_once::{shim:vtable#0}
[INFO] [stdout]   18:     0x63ac6bd77649 - <std[70759c8f55707aa4]::sys::thread::unix::Thread>::new::thread_start
[INFO] [stdout]   19:     0x7989bf225dfa - <unknown>
[INFO] [stdout]   20:     0x7989bf2b93d4 - clone
[INFO] [stdout]   21:                0x0 - <unknown>
[INFO] [stdout] 
[INFO] [stdout] 
[INFO] [stdout] failures:
[INFO] [stdout]     invalid_pdfs
[INFO] [stdout]     open_file
[INFO] [stdout]     owner_password
[INFO] [stdout]     parse_objects_from_stream
[INFO] [stdout]     read_pages
[INFO] [stdout]     user_password
[INFO] [stdout] 
[INFO] [stdout] test result: FAILED. 0 passed; 6 failed; 0 ignored; 0 measured; 0 filtered out; finished in 0.00s
[INFO] [stdout] 
[INFO] [stderr] error: test failed, to rerun pass `--test integration`
[INFO] running `Command { std: "docker" "inspect" "d8b41f088601fd24e63b6c102be5a340f6510caaa0ace4c994f5e0118b62592d", kill_on_drop: false }`
[INFO] running `Command { std: "docker" "rm" "-f" "d8b41f088601fd24e63b6c102be5a340f6510caaa0ace4c994f5e0118b62592d", kill_on_drop: false }`
[INFO] [stdout] d8b41f088601fd24e63b6c102be5a340f6510caaa0ace4c994f5e0118b62592d
