[INFO] fetching crate pd-vm-compat-frontends 0.1.0...
[INFO] testing pd-vm-compat-frontends-0.1.0 against 1.99.0-beta.8+cargoflags=--release for beta-release-1.100-2
[INFO] extracting crate pd-vm-compat-frontends 0.1.0 into /workspace/builds/worker-7-tc1/source
[INFO] started tweaking crates.io crate pd-vm-compat-frontends 0.1.0
[INFO] removed 0 missing tests
[INFO] finished tweaking crates.io crate pd-vm-compat-frontends 0.1.0
[INFO] tweaked toml for crates.io crate pd-vm-compat-frontends 0.1.0 written to /workspace/builds/worker-7-tc1/source/Cargo.toml
[INFO] validating manifest of crates.io crate pd-vm-compat-frontends 0.1.0 on toolchain 1.99.0-beta.8
[INFO] running `Command { std: CARGO_HOME="/workspace/cargo-home" RUSTUP_HOME="/workspace/rustup-home" "/workspace/cargo-home/bin/cargo" "+1.99.0-beta.8" "metadata" "--manifest-path" "Cargo.toml" "--no-deps", kill_on_drop: false }`
[INFO] crate crates.io crate pd-vm-compat-frontends 0.1.0 already has a lockfile, it will not be regenerated
[INFO] running `Command { std: CARGO_HOME="/workspace/cargo-home" RUSTUP_HOME="/workspace/rustup-home" "/workspace/cargo-home/bin/cargo" "+1.99.0-beta.8" "fetch" "--manifest-path" "Cargo.toml", kill_on_drop: false }`
[INFO] [stderr]     Updating crates.io index
[INFO] [stderr]  Downloading crates ...
[INFO] [stderr]   Downloaded rt-format v0.3.1
[INFO] [stderr]   Downloaded cranelift-bitset v0.129.2
[INFO] [stderr]   Downloaded rustyline v14.0.0
[INFO] [stderr]   Downloaded pd-host-function v0.22.2
[INFO] [stderr]   Downloaded cranelift-assembler-x64 v0.129.2
[INFO] [stderr]   Downloaded cranelift-native v0.129.2
[INFO] [stderr]   Downloaded cranelift-codegen-shared v0.129.2
[INFO] [stderr]   Downloaded wasmtime-internal-jit-icache-coherence v42.0.2
[INFO] [stderr]   Downloaded cranelift-srcgen v0.129.2
[INFO] [stderr]   Downloaded cranelift-module v0.129.2
[INFO] [stderr]   Downloaded pd-edge-abi v0.1.1
[INFO] [stderr]   Downloaded cranelift-control v0.129.2
[INFO] [stderr]   Downloaded cranelift-jit v0.129.2
[INFO] [stderr]   Downloaded region v3.0.2
[INFO] [stderr]   Downloaded cranelift-entity v0.129.2
[INFO] [stderr]   Downloaded cranelift-bforest v0.129.2
[INFO] [stderr]   Downloaded wasmtime-internal-core v42.0.2
[INFO] [stderr]   Downloaded cranelift-assembler-x64-meta v0.129.2
[INFO] [stderr]   Downloaded cranelift-frontend v0.129.2
[INFO] [stderr]   Downloaded cranelift-isle v0.129.2
[INFO] [stderr]   Downloaded cranelift-codegen-meta v0.129.2
[INFO] [stderr]   Downloaded regex v1.13.0
[INFO] [stderr]   Downloaded pd-vm v0.22.2
[INFO] [stderr]   Downloaded cranelift-codegen v0.129.2
[INFO] running `Command { std: "docker" "create" "-v" "/var/lib/crater-agent-workspace/builds/worker-7-tc1/source:/opt/rustwide/workdir:ro,Z" "-v" "/var/lib/crater-agent-workspace/builds/worker-7-tc1/target:/opt/rustwide/target:rw,Z" "-v" "/var/lib/crater-agent-workspace/cargo-home:/opt/rustwide/cargo-home:ro,Z" "-v" "/var/lib/crater-agent-workspace/rustup-home:/opt/rustwide/rustup-home:ro,Z" "-m" "1610612736" "--network" "none" "ghcr.io/rust-lang/crates-build-env/linux@sha256:77db811e55d90add9212f6832c23229e3de5f1c1f9905e8cb07319ea15df73ac" "sleep" "infinity", kill_on_drop: false }`
[INFO] [stdout] 24e6a9a9b12762a0fde693494469cd255ccfe86b8415e36db942985adfa05965
[INFO] running `Command { std: "docker" "start" "24e6a9a9b12762a0fde693494469cd255ccfe86b8415e36db942985adfa05965", kill_on_drop: false }`
[INFO] running `Command { std: "docker" "inspect" "24e6a9a9b12762a0fde693494469cd255ccfe86b8415e36db942985adfa05965", kill_on_drop: false }`
[INFO] running `Command { std: "docker" "exec" "-e" "SOURCE_DIR=/opt/rustwide/workdir" "-e" "CARGO_HOME=/opt/rustwide/cargo-home" "-e" "RUSTUP_HOME=/opt/rustwide/rustup-home" "-e" "CARGO_TARGET_DIR=/opt/rustwide/target" "-w" "/opt/rustwide/workdir" "--user" "0:0" "24e6a9a9b12762a0fde693494469cd255ccfe86b8415e36db942985adfa05965" "/opt/rustwide/cargo-home/bin/cargo" "+1.99.0-beta.8" "metadata" "--no-deps" "--format-version=1", kill_on_drop: false }`
[INFO] running `Command { std: "docker" "inspect" "24e6a9a9b12762a0fde693494469cd255ccfe86b8415e36db942985adfa05965", kill_on_drop: false }`
[INFO] running `Command { std: "docker" "exec" "-e" "SOURCE_DIR=/opt/rustwide/workdir" "-e" "CARGO_HOME=/opt/rustwide/cargo-home" "-e" "RUSTUP_HOME=/opt/rustwide/rustup-home" "-e" "CARGO_TARGET_DIR=/opt/rustwide/target" "-e" "CARGO_INCREMENTAL=0" "-e" "RUST_BACKTRACE=full" "-e" "RUSTFLAGS=--cap-lints=warn" "-e" "RUSTDOCFLAGS=--cap-lints=warn" "-w" "/opt/rustwide/workdir" "--user" "0:0" "24e6a9a9b12762a0fde693494469cd255ccfe86b8415e36db942985adfa05965" "/opt/rustwide/cargo-home/bin/cargo" "+1.99.0-beta.8" "build" "--frozen" "--message-format=json" "--release", kill_on_drop: false }`
[INFO] [stderr]    Compiling cranelift-srcgen v0.129.2
[INFO] [stderr]    Compiling wasmtime-internal-core v42.0.2
[INFO] [stderr]    Compiling quote v1.0.46
[INFO] [stderr]    Compiling smallvec v1.15.2
[INFO] [stderr]    Compiling cranelift-isle v0.129.2
[INFO] [stderr]    Compiling cranelift-codegen-shared v0.129.2
[INFO] [stderr]    Compiling libc v0.2.186
[INFO] [stderr]    Compiling log v0.4.33
[INFO] [stderr]    Compiling foldhash v0.1.5
[INFO] [stderr]    Compiling target-lexicon v0.13.5
[INFO] [stderr]    Compiling bumpalo v3.20.3
[INFO] [stderr]    Compiling indexmap v2.14.0
[INFO] [stderr]    Compiling arbitrary v1.4.2
[INFO] [stderr]    Compiling rustc-hash v2.1.3
[INFO] [stderr]    Compiling fnv v1.0.7
[INFO] [stderr]    Compiling cfg_aliases v0.1.1
[INFO] [stderr]    Compiling anyhow v1.0.103
[INFO] [stderr]    Compiling hashbrown v0.15.5
[INFO] [stderr]    Compiling nix v0.28.0
[INFO] [stderr]    Compiling aho-corasick v1.1.4
[INFO] [stderr]    Compiling cranelift-assembler-x64-meta v0.129.2
[INFO] [stderr]    Compiling regex-syntax v0.8.11
[INFO] [stderr]    Compiling rustix v1.1.4
[INFO] [stderr]    Compiling syn v2.0.118
[INFO] [stderr]    Compiling nibble_vec v0.1.0
[INFO] [stderr]    Compiling endian-type v0.1.2
[INFO] [stderr]    Compiling home v0.5.12
[INFO] [stderr]    Compiling futures-core v0.3.32
[INFO] [stderr]    Compiling radix_trie v0.2.1
[INFO] [stderr]    Compiling serde_json v1.0.150
[INFO] [stderr]    Compiling futures-channel v0.3.32
[INFO] [stderr]    Compiling cranelift-bitset v0.129.2
[INFO] [stderr]    Compiling regalloc2 v0.13.5
[INFO] [stderr]    Compiling cranelift-entity v0.129.2
[INFO] [stderr]    Compiling cranelift-bforest v0.129.2
[INFO] [stderr]    Compiling gimli v0.33.0
[INFO] [stderr]    Compiling cranelift-codegen-meta v0.129.2
[INFO] [stderr]    Compiling cranelift-control v0.129.2
[INFO] [stderr]    Compiling fd-lock v4.0.4
[INFO] [stderr]    Compiling regex-automata v0.4.15
[INFO] [stderr]    Compiling cranelift-assembler-x64 v0.129.2
[INFO] [stderr]    Compiling wasmtime-internal-jit-icache-coherence v42.0.2
[INFO] [stderr]    Compiling region v3.0.2
[INFO] [stderr]    Compiling cranelift-codegen v0.129.2
[INFO] [stderr]    Compiling pd-edge-abi v0.1.1
[INFO] [stderr]    Compiling pd-vm v0.22.2
[INFO] [stderr]    Compiling pd-host-function v0.22.2
[INFO] [stderr]    Compiling rustyline v14.0.0
[INFO] [stderr]    Compiling regex v1.13.0
[INFO] [stderr]    Compiling rt-format v0.3.1
[INFO] [stderr]    Compiling cranelift-module v0.129.2
[INFO] [stderr]    Compiling cranelift-native v0.129.2
[INFO] [stderr]    Compiling cranelift-frontend v0.129.2
[INFO] [stderr]    Compiling cranelift-jit v0.129.2
[INFO] [stderr]    Compiling pd-vm-compat-frontends v0.1.0 (/opt/rustwide/workdir)
[INFO] [stderr]     Finished `release` profile [optimized] target(s) in 2m 47s
[INFO] running `Command { std: "docker" "inspect" "24e6a9a9b12762a0fde693494469cd255ccfe86b8415e36db942985adfa05965", kill_on_drop: false }`
[INFO] running `Command { std: "docker" "exec" "-e" "SOURCE_DIR=/opt/rustwide/workdir" "-e" "CARGO_HOME=/opt/rustwide/cargo-home" "-e" "RUSTUP_HOME=/opt/rustwide/rustup-home" "-e" "CARGO_TARGET_DIR=/opt/rustwide/target" "-e" "CARGO_INCREMENTAL=0" "-e" "RUST_BACKTRACE=full" "-e" "RUSTFLAGS=--cap-lints=warn" "-e" "RUSTDOCFLAGS=--cap-lints=warn" "-w" "/opt/rustwide/workdir" "--user" "0:0" "24e6a9a9b12762a0fde693494469cd255ccfe86b8415e36db942985adfa05965" "/opt/rustwide/cargo-home/bin/cargo" "+1.99.0-beta.8" "test" "--frozen" "--no-run" "--message-format=json" "--release", kill_on_drop: false }`
[INFO] [stderr]    Compiling pd-vm-compat-frontends v0.1.0 (/opt/rustwide/workdir)
[INFO] [stderr]     Finished `release` profile [optimized] target(s) in 2.42s
[INFO] running `Command { std: "docker" "inspect" "24e6a9a9b12762a0fde693494469cd255ccfe86b8415e36db942985adfa05965", kill_on_drop: false }`
[INFO] running `Command { std: "docker" "exec" "-e" "SOURCE_DIR=/opt/rustwide/workdir" "-e" "CARGO_HOME=/opt/rustwide/cargo-home" "-e" "RUSTUP_HOME=/opt/rustwide/rustup-home" "-e" "CARGO_TARGET_DIR=/opt/rustwide/target" "-e" "CARGO_INCREMENTAL=0" "-e" "RUST_BACKTRACE=full" "-e" "RUSTFLAGS=--cap-lints=warn" "-e" "RUSTDOCFLAGS=--cap-lints=warn" "-w" "/opt/rustwide/workdir" "--user" "0:0" "24e6a9a9b12762a0fde693494469cd255ccfe86b8415e36db942985adfa05965" "/opt/rustwide/cargo-home/bin/cargo" "+1.99.0-beta.8" "test" "--frozen" "--release", kill_on_drop: false }`
[INFO] [stderr]     Finished `release` profile [optimized] target(s) in 0.11s
[INFO] [stderr]      Running unittests src/lib.rs (/opt/rustwide/target/release/deps/pd_vm_compat_frontends-083c65c82d61dda8)
[INFO] [stdout] 
[INFO] [stdout] running 0 tests
[INFO] [stdout] 
[INFO] [stdout] test result: ok. 0 passed; 0 failed; 0 ignored; 0 measured; 0 filtered out; finished in 0.00s
[INFO] [stdout] 
[INFO] [stderr]      Running unittests src/bin/pd-vm-compat-run.rs (/opt/rustwide/target/release/deps/pd_vm_compat_run-9a078cfaf426cb2d)
[INFO] [stderr]      Running tests/compiler_tests.rs (/opt/rustwide/target/release/deps/compiler_tests-3db30761f50e9a45)
[INFO] [stdout] 
[INFO] [stdout] running 0 tests
[INFO] [stdout] 
[INFO] [stdout] test result: ok. 0 passed; 0 failed; 0 ignored; 0 measured; 0 filtered out; finished in 0.00s
[INFO] [stdout] 
[INFO] [stdout] 
[INFO] [stdout] running 25 tests
[INFO] [stdout] test compiler_javascript_tests::javascript_print_alias_handles_mixed_call_arities ... ok
[INFO] [stdout] test compiler_javascript_tests::compile_source_file_js_replay_break_line_uses_original_source_lines ... ok
[INFO] [stdout] test compiler_javascript_tests::javascript_runtime_namespace_host_calls_are_supported ... ok
[INFO] [stdout] test compiler_lua_tests::common::common_helpers_are_referenced ... ok
[INFO] [stdout] test compiler_javascript_tests::javascript_runtime_namespace_custom_host_calls_are_supported ... ok
[INFO] [stdout] test compiler_javascript_tests::compile_source_file_with_javascript_complex_fixture ... FAILED
[INFO] [stdout] test compiler_javascript_tests::javascript_http_subnamespace_host_calls_are_supported ... ok
[INFO] [stdout] test compiler_javascript_tests::common::common_helpers_are_referenced ... ok
[INFO] [stdout] test compiler_javascript_tests::compile_source_file_js_complex_replay_break_line_resolves_non_executable_lines ... FAILED
[INFO] [stdout] test compiler_javascript_tests::javascript_module_declarations_are_ignored ... ok
[INFO] [stdout] test compiler_javascript_tests::compile_source_with_javascript_flavor ... ok
[INFO] [stdout] test compiler_lua_tests::lua_complex_fixture_runs ... FAILED
[INFO] [stdout] test compiler_javascript_tests::compile_source_file_js_supports_namespace_and_named_alias_imports ... ok
[INFO] [stdout] test compiler_lua_tests::lua_non_strict_comparisons_treat_nan_as_false ... ok
[INFO] [stdout] test compiler_javascript_tests::javascript_non_strict_comparisons_and_integer_edge_literals_work ... ok
[INFO] [stdout] test compiler_javascript_tests::javascript_allows_omitted_semicolons_with_multiline_calls ... ok
[INFO] [stdout] test compiler_lua_tests::lua_do_block_lowers_without_synthetic_true_guard ... ok
[INFO] [stdout] test compiler_lua_tests::lua_runtime_namespace_host_calls_are_supported ... ok
[INFO] [stdout] test compiler_javascript_tests::javascript_print_supports_multiple_arguments_without_decl ... ok
[INFO] [stdout] test compiler_javascript_tests::javascript_numeric_update_operators_reject_non_numeric_values ... ok
[INFO] [stdout] test compiler_lua_tests::lua_rejection_cases_work ... ok
[INFO] [stdout] test compiler_javascript_tests::javascript_runtime_cases_work ... ok
[INFO] [stdout] test compiler_javascript_tests::javascript_parse_rejection_cases_work ... ok
[INFO] [stdout] test compiler_javascript_tests::javascript_console_log_works_without_decl ... ok
[INFO] [stdout] test compiler_lua_tests::lua_runtime_cases_work ... ok
[INFO] [stdout] 
[INFO] [stdout] failures:
[INFO] [stdout] 
[INFO] [stdout] ---- compiler_javascript_tests::compile_source_file_with_javascript_complex_fixture stdout ----
[INFO] [stdout] 
[INFO] [stdout] thread 'compiler_javascript_tests::compile_source_file_with_javascript_complex_fixture' (1452) panicked at tests/compiler/compiler_javascript_tests.rs:443:14:
[INFO] [stdout] compile should succeed: Io(Os { code: 2, kind: NotFound, message: "No such file or directory" })
[INFO] [stdout] stack backtrace:
[INFO] [stdout]    0:     0x64f3cd69a7d1 - <<std[70759c8f55707aa4]::sys::backtrace::BacktraceLock>::print::DisplayBacktrace as core[df12db4294e9bfd3]::fmt::Display>::fmt
[INFO] [stdout]    1:     0x64f3cd6b1e0a - core[df12db4294e9bfd3]::fmt::write
[INFO] [stdout]    2:     0x64f3cd69f30c - <alloc[2182bb758b4b3781]::vec::Vec<u8> as core[df12db4294e9bfd3]::io::write::Write>::write_fmt
[INFO] [stdout]    3:     0x64f3cd6746b6 - std[70759c8f55707aa4]::panicking::default_hook::{closure#0}
[INFO] [stdout]    4:     0x64f3cd6924e9 - std[70759c8f55707aa4]::panicking::default_hook
[INFO] [stdout]    5:     0x64f3cd055460 - test[9d35eded1c95d3be]::test_main_inner::<test[9d35eded1c95d3be]::test_main_static::{closure#0}>::{closure#0}
[INFO] [stdout]    6:     0x64f3cd692812 - std[70759c8f55707aa4]::panicking::panic_with_hook
[INFO] [stdout]    7:     0x64f3cd674762 - std[70759c8f55707aa4]::panicking::panic_handler::{closure#0}
[INFO] [stdout]    8:     0x64f3cd66cc29 - std[70759c8f55707aa4]::sys::backtrace::__rust_end_short_backtrace::<std[70759c8f55707aa4]::panicking::panic_handler::{closure#0}, !>
[INFO] [stdout]    9:     0x64f3cd6754ed - __rustc[8fa7c3cbc660c2b3]::rust_begin_unwind
[INFO] [stdout]   10:     0x64f3cd6b25ec - core[df12db4294e9bfd3]::panicking::panic_fmt
[INFO] [stdout]   11:     0x64f3cd6b23c2 - core[df12db4294e9bfd3]::result::unwrap_failed
[INFO] [stdout]   12:     0x64f3ccff44b9 - compiler_tests[5ee4e3b413ba29eb]::compiler_javascript_tests::compile_source_file_with_javascript_complex_fixture
[INFO] [stdout]   13:     0x64f3cd00bf09 - <compiler_tests[5ee4e3b413ba29eb]::compiler_javascript_tests::compile_source_file_with_javascript_complex_fixture::{closure#0} as core[df12db4294e9bfd3]::ops::function::FnOnce<()>>::call_once
[INFO] [stdout]   14:     0x64f3cd04874b - test[9d35eded1c95d3be]::__rust_begin_short_backtrace::<core[df12db4294e9bfd3]::result::Result<(), alloc[2182bb758b4b3781]::string::String>, fn() -> core[df12db4294e9bfd3]::result::Result<(), alloc[2182bb758b4b3781]::string::String>>
[INFO] [stdout]   15:     0x64f3cd055db5 - test[9d35eded1c95d3be]::run_test::{closure#0}
[INFO] [stdout]   16:     0x64f3cd04f674 - std[70759c8f55707aa4]::sys::backtrace::__rust_begin_short_backtrace::<test[9d35eded1c95d3be]::run_test::{closure#1}, ()>
[INFO] [stdout]   17:     0x64f3cd058f12 - <std[70759c8f55707aa4]::thread::lifecycle::spawn_unchecked<test[9d35eded1c95d3be]::run_test::{closure#1}, ()>::{closure#1} as core[df12db4294e9bfd3]::ops::function::FnOnce<()>>::call_once::{shim:vtable#0}
[INFO] [stdout]   18:     0x64f3cd699b39 - <std[70759c8f55707aa4]::sys::thread::unix::Thread>::new::thread_start
[INFO] [stdout]   19:     0x70ccd9f64dfa - <unknown>
[INFO] [stdout]   20:     0x70ccd9ff83d4 - clone
[INFO] [stdout]   21:                0x0 - <unknown>
[INFO] [stdout] 
[INFO] [stdout] ---- compiler_javascript_tests::compile_source_file_js_complex_replay_break_line_resolves_non_executable_lines stdout ----
[INFO] [stderr] error: test failed, to rerun pass `--test compiler_tests`
[INFO] [stdout] 
[INFO] [stdout] thread 'compiler_javascript_tests::compile_source_file_js_complex_replay_break_line_resolves_non_executable_lines' (1449) panicked at tests/compiler/compiler_javascript_tests.rs:561:14:
[INFO] [stdout] compile should succeed: Io(Os { code: 2, kind: NotFound, message: "No such file or directory" })
[INFO] [stdout] stack backtrace:
[INFO] [stdout]    0:     0x64f3cd69a7d1 - <<std[70759c8f55707aa4]::sys::backtrace::BacktraceLock>::print::DisplayBacktrace as core[df12db4294e9bfd3]::fmt::Display>::fmt
[INFO] [stdout]    1:     0x64f3cd6b1e0a - core[df12db4294e9bfd3]::fmt::write
[INFO] [stdout]    2:     0x64f3cd69f30c - <alloc[2182bb758b4b3781]::vec::Vec<u8> as core[df12db4294e9bfd3]::io::write::Write>::write_fmt
[INFO] [stdout]    3:     0x64f3cd6746b6 - std[70759c8f55707aa4]::panicking::default_hook::{closure#0}
[INFO] [stdout]    4:     0x64f3cd6924e9 - std[70759c8f55707aa4]::panicking::default_hook
[INFO] [stdout]    5:     0x64f3cd055460 - test[9d35eded1c95d3be]::test_main_inner::<test[9d35eded1c95d3be]::test_main_static::{closure#0}>::{closure#0}
[INFO] [stdout]    6:     0x64f3cd692812 - std[70759c8f55707aa4]::panicking::panic_with_hook
[INFO] [stdout]    7:     0x64f3cd674762 - std[70759c8f55707aa4]::panicking::panic_handler::{closure#0}
[INFO] [stdout]    8:     0x64f3cd66cc29 - std[70759c8f55707aa4]::sys::backtrace::__rust_end_short_backtrace::<std[70759c8f55707aa4]::panicking::panic_handler::{closure#0}, !>
[INFO] [stdout]    9:     0x64f3cd6754ed - __rustc[8fa7c3cbc660c2b3]::rust_begin_unwind
[INFO] [stdout]   10:     0x64f3cd6b25ec - core[df12db4294e9bfd3]::panicking::panic_fmt
[INFO] [stdout]   11:     0x64f3cd6b23c2 - core[df12db4294e9bfd3]::result::unwrap_failed
[INFO] [stdout]   12:     0x64f3ccff77de - compiler_tests[5ee4e3b413ba29eb]::compiler_javascript_tests::compile_source_file_js_complex_replay_break_line_resolves_non_executable_lines
[INFO] [stdout]   13:     0x64f3cd00c049 - <compiler_tests[5ee4e3b413ba29eb]::compiler_javascript_tests::compile_source_file_js_complex_replay_break_line_resolves_non_executable_lines::{closure#0} as core[df12db4294e9bfd3]::ops::function::FnOnce<()>>::call_once
[INFO] [stdout]   14:     0x64f3cd04874b - test[9d35eded1c95d3be]::__rust_begin_short_backtrace::<core[df12db4294e9bfd3]::result::Result<(), alloc[2182bb758b4b3781]::string::String>, fn() -> core[df12db4294e9bfd3]::result::Result<(), alloc[2182bb758b4b3781]::string::String>>
[INFO] [stdout]   15:     0x64f3cd055db5 - test[9d35eded1c95d3be]::run_test::{closure#0}
[INFO] [stdout]   16:     0x64f3cd04f674 - std[70759c8f55707aa4]::sys::backtrace::__rust_begin_short_backtrace::<test[9d35eded1c95d3be]::run_test::{closure#1}, ()>
[INFO] [stdout]   17:     0x64f3cd058f12 - <std[70759c8f55707aa4]::thread::lifecycle::spawn_unchecked<test[9d35eded1c95d3be]::run_test::{closure#1}, ()>::{closure#1} as core[df12db4294e9bfd3]::ops::function::FnOnce<()>>::call_once::{shim:vtable#0}
[INFO] [stdout]   18:     0x64f3cd699b39 - <std[70759c8f55707aa4]::sys::thread::unix::Thread>::new::thread_start
[INFO] [stdout]   19:     0x70ccd9f64dfa - <unknown>
[INFO] [stdout]   20:     0x70ccd9ff83d4 - clone
[INFO] [stdout]   21:                0x0 - <unknown>
[INFO] [stdout] 
[INFO] [stdout] ---- compiler_lua_tests::lua_complex_fixture_runs stdout ----
[INFO] [stdout] 
[INFO] [stdout] thread 'compiler_lua_tests::lua_complex_fixture_runs' (1479) panicked at tests/compiler/compiler_lua_tests.rs:299:14:
[INFO] [stdout] compile should succeed: Io(Os { code: 2, kind: NotFound, message: "No such file or directory" })
[INFO] [stdout] stack backtrace:
[INFO] [stdout]    0:     0x64f3cd69a7d1 - <<std[70759c8f55707aa4]::sys::backtrace::BacktraceLock>::print::DisplayBacktrace as core[df12db4294e9bfd3]::fmt::Display>::fmt
[INFO] [stdout]    1:     0x64f3cd6b1e0a - core[df12db4294e9bfd3]::fmt::write
[INFO] [stdout]    2:     0x64f3cd69f30c - <alloc[2182bb758b4b3781]::vec::Vec<u8> as core[df12db4294e9bfd3]::io::write::Write>::write_fmt
[INFO] [stdout]    3:     0x64f3cd6746b6 - std[70759c8f55707aa4]::panicking::default_hook::{closure#0}
[INFO] [stdout]    4:     0x64f3cd6924e9 - std[70759c8f55707aa4]::panicking::default_hook
[INFO] [stdout]    5:     0x64f3cd055460 - test[9d35eded1c95d3be]::test_main_inner::<test[9d35eded1c95d3be]::test_main_static::{closure#0}>::{closure#0}
[INFO] [stdout]    6:     0x64f3cd692812 - std[70759c8f55707aa4]::panicking::panic_with_hook
[INFO] [stdout]    7:     0x64f3cd674762 - std[70759c8f55707aa4]::panicking::panic_handler::{closure#0}
[INFO] [stdout]    8:     0x64f3cd66cc29 - std[70759c8f55707aa4]::sys::backtrace::__rust_end_short_backtrace::<std[70759c8f55707aa4]::panicking::panic_handler::{closure#0}, !>
[INFO] [stdout]    9:     0x64f3cd6754ed - __rustc[8fa7c3cbc660c2b3]::rust_begin_unwind
[INFO] [stdout]   10:     0x64f3cd6b25ec - core[df12db4294e9bfd3]::panicking::panic_fmt
[INFO] [stdout]   11:     0x64f3cd6b23c2 - core[df12db4294e9bfd3]::result::unwrap_failed
[INFO] [stdout]   12:     0x64f3cd003045 - compiler_tests[5ee4e3b413ba29eb]::compiler_lua_tests::lua_complex_fixture_runs
[INFO] [stdout]   13:     0x64f3cd00bd59 - <compiler_tests[5ee4e3b413ba29eb]::compiler_lua_tests::lua_complex_fixture_runs::{closure#0} as core[df12db4294e9bfd3]::ops::function::FnOnce<()>>::call_once
[INFO] [stdout]   14:     0x64f3cd04874b - test[9d35eded1c95d3be]::__rust_begin_short_backtrace::<core[df12db4294e9bfd3]::result::Result<(), alloc[2182bb758b4b3781]::string::String>, fn() -> core[df12db4294e9bfd3]::result::Result<(), alloc[2182bb758b4b3781]::string::String>>
[INFO] [stdout]   15:     0x64f3cd055db5 - test[9d35eded1c95d3be]::run_test::{closure#0}
[INFO] [stdout]   16:     0x64f3cd04f674 - std[70759c8f55707aa4]::sys::backtrace::__rust_begin_short_backtrace::<test[9d35eded1c95d3be]::run_test::{closure#1}, ()>
[INFO] [stdout]   17:     0x64f3cd058f12 - <std[70759c8f55707aa4]::thread::lifecycle::spawn_unchecked<test[9d35eded1c95d3be]::run_test::{closure#1}, ()>::{closure#1} as core[df12db4294e9bfd3]::ops::function::FnOnce<()>>::call_once::{shim:vtable#0}
[INFO] [stdout]   18:     0x64f3cd699b39 - <std[70759c8f55707aa4]::sys::thread::unix::Thread>::new::thread_start
[INFO] [stdout]   19:     0x70ccd9f64dfa - <unknown>
[INFO] [stdout]   20:     0x70ccd9ff83d4 - clone
[INFO] [stdout]   21:                0x0 - <unknown>
[INFO] [stdout] 
[INFO] [stdout] 
[INFO] [stdout] failures:
[INFO] [stdout]     compiler_javascript_tests::compile_source_file_js_complex_replay_break_line_resolves_non_executable_lines
[INFO] [stdout]     compiler_javascript_tests::compile_source_file_with_javascript_complex_fixture
[INFO] [stdout]     compiler_lua_tests::lua_complex_fixture_runs
[INFO] [stdout] 
[INFO] [stdout] test result: FAILED. 22 passed; 3 failed; 0 ignored; 0 measured; 0 filtered out; finished in 0.04s
[INFO] [stdout] 
[INFO] running `Command { std: "docker" "inspect" "24e6a9a9b12762a0fde693494469cd255ccfe86b8415e36db942985adfa05965", kill_on_drop: false }`
[INFO] running `Command { std: "docker" "rm" "-f" "24e6a9a9b12762a0fde693494469cd255ccfe86b8415e36db942985adfa05965", kill_on_drop: false }`
[INFO] [stdout] 24e6a9a9b12762a0fde693494469cd255ccfe86b8415e36db942985adfa05965
