[INFO] fetching crate pcf-sig 0.0.9...
[INFO] testing pcf-sig-0.0.9 against 1.99.0-beta.8+cargoflags=--release for beta-release-1.100-2
[INFO] extracting crate pcf-sig 0.0.9 into /workspace/builds/worker-4-tc1/source
[INFO] started tweaking crates.io crate pcf-sig 0.0.9
[INFO] removed 0 missing examples
[INFO] removed 0 missing tests
[INFO] finished tweaking crates.io crate pcf-sig 0.0.9
[INFO] tweaked toml for crates.io crate pcf-sig 0.0.9 written to /workspace/builds/worker-4-tc1/source/Cargo.toml
[INFO] validating manifest of crates.io crate pcf-sig 0.0.9 on toolchain 1.99.0-beta.8
[INFO] running `Command { std: CARGO_HOME="/workspace/cargo-home" RUSTUP_HOME="/workspace/rustup-home" "/workspace/cargo-home/bin/cargo" "+1.99.0-beta.8" "metadata" "--manifest-path" "Cargo.toml" "--no-deps", kill_on_drop: false }`
[INFO] crate crates.io crate pcf-sig 0.0.9 already has a lockfile, it will not be regenerated
[INFO] running `Command { std: CARGO_HOME="/workspace/cargo-home" RUSTUP_HOME="/workspace/rustup-home" "/workspace/cargo-home/bin/cargo" "+1.99.0-beta.8" "fetch" "--manifest-path" "Cargo.toml", kill_on_drop: false }`
[INFO] [stderr]     Updating crates.io index
[INFO] [stderr]  Downloading crates ...
[INFO] [stderr]   Downloaded pcf v0.0.9
[INFO] running `Command { std: "docker" "create" "-v" "/var/lib/crater-agent-workspace/builds/worker-4-tc1/source:/opt/rustwide/workdir:ro,Z" "-v" "/var/lib/crater-agent-workspace/builds/worker-4-tc1/target:/opt/rustwide/target:rw,Z" "-v" "/var/lib/crater-agent-workspace/cargo-home:/opt/rustwide/cargo-home:ro,Z" "-v" "/var/lib/crater-agent-workspace/rustup-home:/opt/rustwide/rustup-home:ro,Z" "-m" "1610612736" "--network" "none" "ghcr.io/rust-lang/crates-build-env/linux@sha256:77db811e55d90add9212f6832c23229e3de5f1c1f9905e8cb07319ea15df73ac" "sleep" "infinity", kill_on_drop: false }`
[INFO] [stdout] ea03c30d013e055295551dbb6bc2639c5a1d3aed0a97af6a3fd127c8e77b3946
[INFO] running `Command { std: "docker" "start" "ea03c30d013e055295551dbb6bc2639c5a1d3aed0a97af6a3fd127c8e77b3946", kill_on_drop: false }`
[INFO] running `Command { std: "docker" "inspect" "ea03c30d013e055295551dbb6bc2639c5a1d3aed0a97af6a3fd127c8e77b3946", kill_on_drop: false }`
[INFO] running `Command { std: "docker" "exec" "-e" "SOURCE_DIR=/opt/rustwide/workdir" "-e" "CARGO_HOME=/opt/rustwide/cargo-home" "-e" "RUSTUP_HOME=/opt/rustwide/rustup-home" "-e" "CARGO_TARGET_DIR=/opt/rustwide/target" "-w" "/opt/rustwide/workdir" "--user" "0:0" "ea03c30d013e055295551dbb6bc2639c5a1d3aed0a97af6a3fd127c8e77b3946" "/opt/rustwide/cargo-home/bin/cargo" "+1.99.0-beta.8" "metadata" "--no-deps" "--format-version=1", kill_on_drop: false }`
[INFO] running `Command { std: "docker" "inspect" "ea03c30d013e055295551dbb6bc2639c5a1d3aed0a97af6a3fd127c8e77b3946", kill_on_drop: false }`
[INFO] running `Command { std: "docker" "exec" "-e" "SOURCE_DIR=/opt/rustwide/workdir" "-e" "CARGO_HOME=/opt/rustwide/cargo-home" "-e" "RUSTUP_HOME=/opt/rustwide/rustup-home" "-e" "CARGO_TARGET_DIR=/opt/rustwide/target" "-e" "CARGO_INCREMENTAL=0" "-e" "RUST_BACKTRACE=full" "-e" "RUSTFLAGS=--cap-lints=warn" "-e" "RUSTDOCFLAGS=--cap-lints=warn" "-w" "/opt/rustwide/workdir" "--user" "0:0" "ea03c30d013e055295551dbb6bc2639c5a1d3aed0a97af6a3fd127c8e77b3946" "/opt/rustwide/cargo-home/bin/cargo" "+1.99.0-beta.8" "build" "--frozen" "--message-format=json" "--release", kill_on_drop: false }`
[INFO] [stderr]    Compiling cc v1.2.63
[INFO] [stderr]    Compiling curve25519-dalek v4.1.3
[INFO] [stderr]    Compiling sha2 v0.10.9
[INFO] [stderr]    Compiling signature v2.2.0
[INFO] [stderr]    Compiling crc-catalog v2.5.0
[INFO] [stderr]    Compiling zeroize v1.8.2
[INFO] [stderr]    Compiling sha1 v0.10.6
[INFO] [stderr]    Compiling md-5 v0.10.6
[INFO] [stderr]    Compiling curve25519-dalek-derive v0.1.1
[INFO] [stderr]    Compiling crc v3.0.1
[INFO] [stderr]    Compiling ed25519 v2.2.3
[INFO] [stderr]    Compiling blake3 v1.5.5
[INFO] [stderr]    Compiling ed25519-dalek v2.1.1
[INFO] [stderr]    Compiling pcf v0.0.9
[INFO] [stderr]    Compiling pcf-sig v0.0.9 (/opt/rustwide/workdir)
[INFO] [stderr]     Finished `release` profile [optimized] target(s) in 7.36s
[INFO] running `Command { std: "docker" "inspect" "ea03c30d013e055295551dbb6bc2639c5a1d3aed0a97af6a3fd127c8e77b3946", kill_on_drop: false }`
[INFO] running `Command { std: "docker" "exec" "-e" "SOURCE_DIR=/opt/rustwide/workdir" "-e" "CARGO_HOME=/opt/rustwide/cargo-home" "-e" "RUSTUP_HOME=/opt/rustwide/rustup-home" "-e" "CARGO_TARGET_DIR=/opt/rustwide/target" "-e" "CARGO_INCREMENTAL=0" "-e" "RUST_BACKTRACE=full" "-e" "RUSTFLAGS=--cap-lints=warn" "-e" "RUSTDOCFLAGS=--cap-lints=warn" "-w" "/opt/rustwide/workdir" "--user" "0:0" "ea03c30d013e055295551dbb6bc2639c5a1d3aed0a97af6a3fd127c8e77b3946" "/opt/rustwide/cargo-home/bin/cargo" "+1.99.0-beta.8" "test" "--frozen" "--no-run" "--message-format=json" "--release", kill_on_drop: false }`
[INFO] [stderr]    Compiling pcf-sig v0.0.9 (/opt/rustwide/workdir)
[INFO] [stderr]     Finished `release` profile [optimized] target(s) in 4.71s
[INFO] running `Command { std: "docker" "inspect" "ea03c30d013e055295551dbb6bc2639c5a1d3aed0a97af6a3fd127c8e77b3946", kill_on_drop: false }`
[INFO] running `Command { std: "docker" "exec" "-e" "SOURCE_DIR=/opt/rustwide/workdir" "-e" "CARGO_HOME=/opt/rustwide/cargo-home" "-e" "RUSTUP_HOME=/opt/rustwide/rustup-home" "-e" "CARGO_TARGET_DIR=/opt/rustwide/target" "-e" "CARGO_INCREMENTAL=0" "-e" "RUST_BACKTRACE=full" "-e" "RUSTFLAGS=--cap-lints=warn" "-e" "RUSTDOCFLAGS=--cap-lints=warn" "-w" "/opt/rustwide/workdir" "--user" "0:0" "ea03c30d013e055295551dbb6bc2639c5a1d3aed0a97af6a3fd127c8e77b3946" "/opt/rustwide/cargo-home/bin/cargo" "+1.99.0-beta.8" "test" "--frozen" "--release", kill_on_drop: false }`
[INFO] [stderr]     Finished `release` profile [optimized] target(s) in 0.06s
[INFO] [stderr]      Running unittests src/lib.rs (/opt/rustwide/target/release/deps/pcf_sig-08d77f3694120843)
[INFO] [stdout] 
[INFO] [stdout] running 25 tests
[INFO] [stdout] test algo::tests::key_format_roundtrip_ids ... ok
[INFO] [stdout] test key::tests::rejects_truncated_record ... ok
[INFO] [stdout] test key::tests::rejects_unknown_major ... ok
[INFO] [stdout] test algo::tests::key_format_id_zero_is_reserved ... ok
[INFO] [stdout] test manifest::tests::manifest_roundtrip ... ok
[INFO] [stdout] test algo::tests::sig_algo_id_zero_is_reserved ... ok
[INFO] [stdout] test key::tests::metadata_roundtrip ... ok
[INFO] [stdout] test manifest::tests::rejects_weak_entry_hash ... ok
[INFO] [stdout] test manifest::tests::rejects_weak_manifest_hash ... ok
[INFO] [stdout] test sig::tests::rejects_non_zero_trailer ... ok
[INFO] [stdout] test manifest::tests::rejects_non_zero_reserved_entry_byte ... ok
[INFO] [stdout] test algo::tests::sig_algo_roundtrip_ids ... ok
[INFO] [stdout] test key::tests::rejects_bad_magic ... ok
[INFO] [stdout] test manifest::tests::rejects_empty_signed_count ... ok
[INFO] [stdout] test manifest::tests::rejects_non_zero_reserved_entry_tail ... ok
[INFO] [stdout] test sig::tests::rejects_truncated_after_manifest ... ok
[INFO] [stdout] test sig::tests::rejects_zero_sig_length ... ok
[INFO] [stdout] test sig::tests::signature_partition_roundtrip ... ok
[INFO] [stdout] test algo::tests::ed25519_requires_sha512_manifest_hash ... ok
[INFO] [stdout] test key::tests::rejects_fingerprint_mismatch ... ok
[INFO] [stdout] test key::tests::ed25519_record_roundtrip ... ok
[INFO] [stdout] test manifest::tests::rejects_hash_binding_mismatch ... ok
[INFO] [stdout] test manifest::tests::rejects_non_zero_flags ... ok
[INFO] [stdout] test manifest::tests::rejects_duplicate_uid ... ok
[INFO] [stdout] test key::tests::rejects_non_zero_reserved ... ok
[INFO] [stdout] 
[INFO] [stdout] test result: ok. 25 passed; 0 failed; 0 ignored; 0 measured; 0 filtered out; finished in 0.01s
[INFO] [stdout] 
[INFO] [stdout] 
[INFO] [stdout] running 4 tests
[INFO] [stdout] test reference_has_canonical_length ... ok
[INFO] [stdout] test php_port_testdata_matches_reference ... FAILED
[INFO] [stdout] test typescript_port_testdata_matches_reference ... FAILED
[INFO] [stdout] test dotnet_port_testdata_matches_reference ... FAILED
[INFO] [stdout] 
[INFO] [stdout] failures:
[INFO] [stdout] 
[INFO] [stdout] ---- php_port_testdata_matches_reference stdout ----
[INFO] [stdout] 
[INFO] [stdout] thread 'php_port_testdata_matches_reference' (672) panicked at tests/cross_port_testdata.rs:31:9:
[INFO] [stdout] failed to read /opt/implementations/php/pcf-sig/testdata/canonical.bin: No such file or directory (os error 2)
[INFO] [stdout] every PCF-SIG language port MUST ship a copy of the canonical test vector identical to reference/PCF-SIG-v1.0/testdata/canonical.bin
[INFO] [stdout] stack backtrace:
[INFO] [stdout]    0:     0x61811e2067b1 - <<std[70759c8f55707aa4]::sys::backtrace::BacktraceLock>::print::DisplayBacktrace as core[df12db4294e9bfd3]::fmt::Display>::fmt
[INFO] [stdout]    1:     0x61811e21a9da - core[df12db4294e9bfd3]::fmt::write
[INFO] [stdout]    2:     0x61811e20ac6c - <alloc[2182bb758b4b3781]::vec::Vec<u8> as core[df12db4294e9bfd3]::io::write::Write>::write_fmt
[INFO] [stdout]    3:     0x61811e1e27f6 - std[70759c8f55707aa4]::panicking::default_hook::{closure#0}
[INFO] [stdout]    4:     0x61811e1febf9 - std[70759c8f55707aa4]::panicking::default_hook
[INFO] [stdout]    5:     0x61811e19a8a0 - test[9d35eded1c95d3be]::test_main_inner::<test[9d35eded1c95d3be]::test_main_static::{closure#0}>::{closure#0}
[INFO] [stdout]    6:     0x61811e1fedb2 - std[70759c8f55707aa4]::panicking::panic_with_hook
[INFO] [stdout]    7:     0x61811e1e28a2 - std[70759c8f55707aa4]::panicking::panic_handler::{closure#0}
[INFO] [stdout]    8:     0x61811e1db499 - std[70759c8f55707aa4]::sys::backtrace::__rust_end_short_backtrace::<std[70759c8f55707aa4]::panicking::panic_handler::{closure#0}, !>
[INFO] [stdout]    9:     0x61811e1e349d - __rustc[8fa7c3cbc660c2b3]::rust_begin_unwind
[INFO] [stdout]   10:     0x61811e21b10c - core[df12db4294e9bfd3]::panicking::panic_fmt
[INFO] [stdout]   11:     0x61811e18d5c9 - cross_port_testdata[cb47fdd62311d2ce]::read_port_vector::{closure#0}
[INFO] [stdout]   12:     0x61811e18d74d - cross_port_testdata[cb47fdd62311d2ce]::read_port_vector
[INFO] [stdout]   13:     0x61811e18d99e - <cross_port_testdata[cb47fdd62311d2ce]::php_port_testdata_matches_reference::{closure#0} as core[df12db4294e9bfd3]::ops::function::FnOnce<()>>::call_once
[INFO] [stdout]   14:     0x61811e18db8b - test[9d35eded1c95d3be]::__rust_begin_short_backtrace::<core[df12db4294e9bfd3]::result::Result<(), alloc[2182bb758b4b3781]::string::String>, fn() -> core[df12db4294e9bfd3]::result::Result<(), alloc[2182bb758b4b3781]::string::String>>
[INFO] [stdout]   15:     0x61811e19b1f5 - test[9d35eded1c95d3be]::run_test::{closure#0}
[INFO] [stdout]   16:     0x61811e194ab4 - std[70759c8f55707aa4]::sys::backtrace::__rust_begin_short_backtrace::<test[9d35eded1c95d3be]::run_test::{closure#1}, ()>
[INFO] [stdout]   17:     0x61811e19e352 - <std[70759c8f55707aa4]::thread::lifecycle::spawn_unchecked<test[9d35eded1c95d3be]::run_test::{closure#1}, ()>::{closure#1} as core[df12db4294e9bfd3]::ops::function::FnOnce<()>>::call_once::{shim:vtable#0}
[INFO] [stdout]   18:     0x61811e205d69 - <std[70759c8f55707aa4]::sys::thread::unix::Thread>::new::thread_start
[INFO] [stdout]   19:     0x7cefc4e55dfa - <unknown>
[INFO] [stdout]   20:     0x7cefc4ee93d4 - clone
[INFO] [stdout]   21:                0x0 - <unknown>
[INFO] [stdout] 
[INFO] [stdout] ---- typescript_port_testdata_matches_reference stdout ----
[INFO] [stdout] 
[INFO] [stdout] thread 'typescript_port_testdata_matches_reference' (674) panicked at tests/cross_port_testdata.rs:31:9:
[INFO] [stdout] failed to read /opt/implementations/ts/pcf-sig/testdata/canonical.bin: No such file or directory (os error 2)
[INFO] [stdout] every PCF-SIG language port MUST ship a copy of the canonical test vector identical to reference/PCF-SIG-v1.0/testdata/canonical.bin
[INFO] [stdout] stack backtrace:
[INFO] [stdout]    0:     0x61811e2067b1 - <<std[70759c8f55707aa4]::sys::backtrace::BacktraceLock>::print::DisplayBacktrace as core[df12db4294e9bfd3]::fmt::Display>::fmt
[INFO] [stdout]    1:     0x61811e21a9da - core[df12db4294e9bfd3]::fmt::write
[INFO] [stdout]    2:     0x61811e20ac6c - <alloc[2182bb758b4b3781]::vec::Vec<u8> as core[df12db4294e9bfd3]::io::write::Write>::write_fmt
[INFO] [stdout]    3:     0x61811e1e27f6 - std[70759c8f55707aa4]::panicking::default_hook::{closure#0}
[INFO] [stdout]    4:     0x61811e1febf9 - std[70759c8f55707aa4]::panicking::default_hook
[INFO] [stdout]    5:     0x61811e19a8a0 - test[9d35eded1c95d3be]::test_main_inner::<test[9d35eded1c95d3be]::test_main_static::{closure#0}>::{closure#0}
[INFO] [stdout]    6:     0x61811e1fedb2 - std[70759c8f55707aa4]::panicking::panic_with_hook
[INFO] [stdout]    7:     0x61811e1e28a2 - std[70759c8f55707aa4]::panicking::panic_handler::{closure#0}
[INFO] [stdout]    8:     0x61811e1db499 - std[70759c8f55707aa4]::sys::backtrace::__rust_end_short_backtrace::<std[70759c8f55707aa4]::panicking::panic_handler::{closure#0}, !>
[INFO] [stdout]    9:     0x61811e1e349d - __rustc[8fa7c3cbc660c2b3]::rust_begin_unwind
[INFO] [stdout]   10:     0x61811e21b10c - core[df12db4294e9bfd3]::panicking::panic_fmt
[INFO] [stdout]   11:     0x61811e18d5c9 - cross_port_testdata[cb47fdd62311d2ce]::read_port_vector::{closure#0}
[INFO] [stdout]   12:     0x61811e18d74d - cross_port_testdata[cb47fdd62311d2ce]::read_port_vector
[INFO] [stdout]   13:     0x61811e18dabe - <cross_port_testdata[cb47fdd62311d2ce]::typescript_port_testdata_matches_reference::{closure#0} as core[df12db4294e9bfd3]::ops::function::FnOnce<()>>::call_once
[INFO] [stdout]   14:     0x61811e18db8b - test[9d35eded1c95d3be]::__rust_begin_short_backtrace::<core[df12db4294e9bfd3]::result::Result<(), alloc[2182bb758b4b3781]::string::String>, fn() -> core[df12db4294e9bfd3]::result::Result<(), alloc[2182bb758b4b3781]::string::String>>
[INFO] [stdout]   15:     0x61811e19b1f5 - test[9d35eded1c95d3be]::run_test::{closure#0}
[INFO] [stdout]   16:     0x61811e194ab4 - std[70759c8f55707aa4]::sys::backtrace::__rust_begin_short_backtrace::<test[9d35eded1c95d3be]::run_test::{closure#1}, ()>
[INFO] [stdout]   17:     0x61811e19e352 - <std[70759c8f55707aa4]::thread::lifecycle::spawn_unchecked<test[9d35eded1c95d3be]::run_test::{closure#1}, ()>::{closure#1} as core[df12db4294e9bfd3]::ops::function::FnOnce<()>>::call_once::{shim:vtable#0}
[INFO] [stdout]   18:     0x61811e205d69 - <std[70759c8f55707aa4]::sys::thread::unix::Thread>::new::thread_start
[INFO] [stdout]   19:     0x7cefc4e55dfa - <unknown>
[INFO] [stdout]   20:     0x7cefc4ee93d4 - clone
[INFO] [stdout]   21:                0x0 - <unknown>
[INFO] [stdout] 
[INFO] [stdout] ---- dotnet_port_testdata_matches_reference stdout ----
[INFO] [stdout] 
[INFO] [stdout] thread 'dotnet_port_testdata_matches_reference' (671) panicked at tests/cross_port_testdata.rs:31:9:
[INFO] [stdout] failed to read /opt/implementations/dotnet/pcf-sig/testdata/canonical.bin: No such file or directory (os error 2)
[INFO] [stdout] every PCF-SIG language port MUST ship a copy of the canonical test vector identical to reference/PCF-SIG-v1.0/testdata/canonical.bin
[INFO] [stdout] stack backtrace:
[INFO] [stdout]    0:     0x61811e2067b1 - <<std[70759c8f55707aa4]::sys::backtrace::BacktraceLock>::print::DisplayBacktrace as core[df12db4294e9bfd3]::fmt::Display>::fmt
[INFO] [stdout]    1:     0x61811e21a9da - core[df12db4294e9bfd3]::fmt::write
[INFO] [stdout]    2:     0x61811e20ac6c - <alloc[2182bb758b4b3781]::vec::Vec<u8> as core[df12db4294e9bfd3]::io::write::Write>::write_fmt
[INFO] [stdout]    3:     0x61811e1e27f6 - std[70759c8f55707aa4]::panicking::default_hook::{closure#0}
[INFO] [stdout]    4:     0x61811e1febf9 - std[70759c8f55707aa4]::panicking::default_hook
[INFO] [stdout]    5:     0x61811e19a8a0 - test[9d35eded1c95d3be]::test_main_inner::<test[9d35eded1c95d3be]::test_main_static::{closure#0}>::{closure#0}
[INFO] [stdout]    6:     0x61811e1fedb2 - std[70759c8f55707aa4]::panicking::panic_with_hook
[INFO] [stdout]    7:     0x61811e1e28a2 - std[70759c8f55707aa4]::panicking::panic_handler::{closure#0}
[INFO] [stdout]    8:     0x61811e1db499 - std[70759c8f55707aa4]::sys::backtrace::__rust_end_short_backtrace::<std[70759c8f55707aa4]::panicking::panic_handler::{closure#0}, !>
[INFO] [stdout]    9:     0x61811e1e349d - __rustc[8fa7c3cbc660c2b3]::rust_begin_unwind
[INFO] [stdout]   10:     0x61811e21b10c - core[df12db4294e9bfd3]::panicking::panic_fmt
[INFO] [stdout]   11:     0x61811e18d5c9 - cross_port_testdata[cb47fdd62311d2ce]::read_port_vector::{closure#0}
[INFO] [stdout]   12:     0x61811e18d74d - cross_port_testdata[cb47fdd62311d2ce]::read_port_vector
[INFO] [stdout]   13:     0x61811e18da2e - <cross_port_testdata[cb47fdd62311d2ce]::dotnet_port_testdata_matches_reference::{closure#0} as core[df12db4294e9bfd3]::ops::function::FnOnce<()>>::call_once
[INFO] [stdout]   14:     0x61811e18db8b - test[9d35eded1c95d3be]::__rust_begin_short_backtrace::<core[df12db4294e9bfd3]::result::Result<(), alloc[2182bb758b4b3781]::string::String>, fn() -> core[df12db4294e9bfd3]::result::Result<(), alloc[2182bb758b4b3781]::string::String>>
[INFO] [stdout]   15:     0x61811e19b1f5 - test[9d35eded1c95d3be]::run_test::{closure#0}
[INFO] [stdout]   16:     0x61811e194ab4 - std[70759c8f55707aa4]::sys::backtrace::__rust_begin_short_backtrace::<test[9d35eded1c95d3be]::run_test::{closure#1}, ()>
[INFO] [stdout]   17:     0x61811e19e352 - <std[70759c8f55707aa4]::thread::lifecycle::spawn_unchecked<test[9d35eded1c95d3be]::run_test::{closure#1}, ()>::{closure#1} as core[df12db4294e9bfd3]::ops::function::FnOnce<()>>::call_once::{shim:vtable#0}
[INFO] [stdout]   18:     0x61811e205d69 - <std[70759c8f55707aa4]::sys::thread::unix::Thread>::new::thread_start
[INFO] [stdout]   19:     0x7cefc4e55dfa - <unknown>
[INFO] [stdout]   20:     0x7cefc4ee93d4 - clone
[INFO] [stdout]   21:                0x0 - <unknown>
[INFO] [stdout] 
[INFO] [stdout] 
[INFO] [stdout] failures:
[INFO] [stdout]     dotnet_port_testdata_matches_reference
[INFO] [stdout]     php_port_testdata_matches_reference
[INFO] [stdout]     typescript_port_testdata_matches_reference
[INFO] [stdout] 
[INFO] [stdout] test result: FAILED. 1 passed; 3 failed; 0 ignored; 0 measured; 0 filtered out; finished in 0.00s
[INFO] [stdout] 
[INFO] [stderr]      Running tests/cross_port_testdata.rs (/opt/rustwide/target/release/deps/cross_port_testdata-b7a5fef057a084b4)
[INFO] [stderr] error: test failed, to rerun pass `--test cross_port_testdata`
[INFO] running `Command { std: "docker" "inspect" "ea03c30d013e055295551dbb6bc2639c5a1d3aed0a97af6a3fd127c8e77b3946", kill_on_drop: false }`
[INFO] running `Command { std: "docker" "rm" "-f" "ea03c30d013e055295551dbb6bc2639c5a1d3aed0a97af6a3fd127c8e77b3946", kill_on_drop: false }`
[INFO] [stdout] ea03c30d013e055295551dbb6bc2639c5a1d3aed0a97af6a3fd127c8e77b3946
